Report for MooX-ProtectedAttributes-0.03

Back
From: metabase:user:30f4dfbe-2aae-11df-837a-5e0a49663a4f
Subject: FAIL MooX-ProtectedAttributes-0.03 v5.8.8 Mac OS X
Date: 2017-01-29T17:52:53Z

This distribution has been tested as part of the CPAN Testers
project, supporting the Perl programming language.  See
http://wiki.cpantesters.org/ for more information or email
questions to cpan-testers-discuss@perl.org


--
Dear celogeek,

This is a computer-generated report for MooX-ProtectedAttributes-0.03
on perl 5.8.8, created by CPAN-Reporter-1.2018.

Thank you for uploading your work to CPAN.  However, there was a problem
testing your distribution.

If you think this report is invalid, please consult the CPAN Testers Wiki
for suggestions on how to avoid getting FAIL reports for missing library
or binary dependencies, unsupported operating systems, and so on:

http://wiki.cpantesters.org/wiki/CPANAuthorNotes

Sections of this report:

    * Tester comments
    * Program output
    * Prerequisites
    * Environment and other context

------------------------------
TESTER COMMENTS
------------------------------

Additional comments from tester:

this report is from an automated smoke testing program
and was not reviewed by a human for accuracy

------------------------------
PROGRAM OUTPUT
------------------------------

Output from './Build test':

t/00-compile.t ................ ok
# Testing with Perl 5.008008, /Users/hornenj/perl5/perlbrew/perls/perl-5.8.8/bin/perl
#     Carp version is 1.36
#     File::Spec version is 3.47
#     IO::Handle version is 1.28
#     IPC::Open3 version is 1.02
#     Module::Build version is 0.4214
#     Moo version is 2.000002
#     Moo::Role version is 2.000002
#     Moose version is 2.1603
#     Scalar::Util version is 1.41
#     Test::More version is 1.302062
#     Test::Trap version is 0.3.2
#     strict version is 1.03
#     warnings version is 1.05
t/000-report-versions.t ....... ok
t/author-critic.t ............. skipped: these tests are for testing by the author

    #   Failed test 'reading foo is forbidden'
    #   at t/moox-protectedattributes.t line 39.
    #                   'Can't locate object method "DOES" via package "main" at /Users/hornenj/.cpan/build/MooX-ProtectedAttributes-0.03-4/blib/lib/MooX/ProtectedAttributes.pm line 42.
    # '
    #     doesn't match '(?-xism:You\ can\'t\ use\ the\ attribute\ \<foo\>\ outside\ the\ package\ \<t\:\:lib\:\:moo\:\:myTestClass\>\ or\ anyone\ that\ consume\ it\!)'

    #   Failed test 'reading bar is forbidden'
    #   at t/moox-protectedattributes.t line 49.
    #                   'Can't locate object method "DOES" via package "main" at /Users/hornenj/.cpan/build/MooX-ProtectedAttributes-0.03-4/blib/lib/MooX/ProtectedAttributes.pm line 42.
    # '
    #     doesn't match '(?-xism:You\ can\'t\ use\ the\ attribute\ \<bar\>\ outside\ the\ package\ \<t\:\:lib\:\:moo\:\:myTestClassRole\>\ or\ anyone\ that\ consume\ it\!)'

    #   Failed test 'reading baz is forbidden even if redefined'
    #   at t/moox-protectedattributes.t line 54.
    #                   'Can't locate object method "DOES" via package "main" at /Users/hornenj/.cpan/build/MooX-ProtectedAttributes-0.03-4/blib/lib/MooX/ProtectedAttributes.pm line 42.
    # '
    #     doesn't match '(?-xism:You\ can\'t\ use\ the\ attribute\ \<baz\>\ outside\ the\ package\ \<t\:\:lib\:\:moo\:\:myTestClassRole\>\ or\ anyone\ that\ consume\ it\!)'
    # Looks like you failed 3 tests of 6.

#   Failed test 'moo class and direct role'
#   at t/moox-protectedattributes.t line 71.
Can't locate object method "DOES" via package "t::lib::moo::myTestClassRole" at /Users/hornenj/.cpan/build/MooX-ProtectedAttributes-0.03-4/blib/lib/MooX/ProtectedAttributes.pm line 42.
# Tests were run but no plan was declared and done_testing() was not seen.
# Looks like your test exited with 255 just after 1.
t/moox-protectedattributes.t .. 
Dubious, test returned 255 (wstat 65280, 0xff00)
Failed 1/1 subtests 
t/release-kwalitee.t .......... skipped: these tests are for release candidate testing
t/release-pod-coverage.t ...... skipped: these tests are for release candidate testing
t/release-unused-vars.t ....... skipped: these tests are for release candidate testing

Test Summary Report
-------------------
t/moox-protectedattributes.t (Wstat: 65280 Tests: 1 Failed: 1)
  Failed test:  1
  Non-zero exit status: 255
  Parse errors: No plan found in TAP output
Files=7, Tests=15,  0 wallclock secs ( 0.02 usr  0.02 sys +  0.54 cusr  0.10 csys =  0.68 CPU)
Result: FAIL
Failed 1/7 test programs. 1/15 subtests failed.

------------------------------
PREREQUISITES
------------------------------

Prerequisite modules loaded:

requires:

    Module        Need   Have    
    ------------- ------ --------
    Carp          0      1.36    
    perl          5.006  5.008008
    strict        0      1.03    
    warnings      0      1.05    

build_requires:

    Module        Need   Have    
    ------------- ------ --------
    File::Spec    0      3.47    
    IO::Handle    0      1.28    
    IPC::Open3    0      1.02    
    Module::Build 0.3601 0.4214  
    Moo           0      2.000002
    Moo::Role     0      2.000002
    Moose         0      2.1603  
    Moose::Role   0      2.1603  
    perl          5.004  5.008008
    Scalar::Util  0      1.41    
    Test::More    0.94   1.302062
    Test::Trap    0      0.3.2   

configure_requires:

    Module        Need   Have    
    ------------- ------ --------
    Module::Build 0.3601 0.4214  


------------------------------
ENVIRONMENT AND OTHER CONTEXT
------------------------------

Environment variables:

    AUTOMATED_TESTING = 1
    LANG = en_US.UTF-8
    LC_ALL = POSIX
    LDFLAGS = 
    PATH = /Users/hornenj/perl5/perlbrew/bin:/Users/hornenj/perl5/perlbrew/perls/perl-5.8.8/bin:/Users/hornenj/perl5/perlbrew/bin:/Users/hornenj/bin:/sw/lib/perl5/ExtUtils:/sw/bin:/am/ncbiapdata/bin:/usr/bin:/bin:/usr/X11R6/bin:/netopt/ncbi_tools/bin:/usr/local/ncbi/blast/bin:/net/traces01.be-md.ncbi.nlm.nih.gov/trace_software/vdb/mac/release/x86_64/bin
    PERL5LIB = /Users/hornenj/.cpan/build/Beam-Emitter-1.006-4/blib/arch:/Users/hornenj/.cpan/build/Beam-Emitter-1.006-4/blib/lib:/Users/hornenj/.cpan/build/Test-Lib-0.002-12/blib/arch:/Users/hornenj/.cpan/build/Test-Lib-0.002-12/blib/lib:/Users/hornenj/.cpan/build/Test-API-0.005-4/blib/arch:/Users/hornenj/.cpan/build/Test-API-0.005-4/blib/lib:/Users/hornenj/.cpan/build/Algorithm-Combinatorics-0.27-4/blib/arch:/Users/hornenj/.cpan/build/Algorithm-Combinatorics-0.27-4/blib/lib
    PERL5OPT = 
    PERL5_CPANPLUS_IS_RUNNING = 75792
    PERL5_CPAN_IS_RUNNING = 75792
    PERL5_MINISMOKEBOX = 0.58
    PERLBREW_BASHRC_VERSION = 0.77
    PERLBREW_HOME = /Users/hornenj/.perlbrew
    PERLBREW_LIB = 
    PERLBREW_MANPATH = /Users/hornenj/perl5/perlbrew/perls/perl-5.8.8/man
    PERLBREW_PATH = /Users/hornenj/perl5/perlbrew/bin:/Users/hornenj/perl5/perlbrew/perls/perl-5.8.8/bin
    PERLBREW_PERL = perl-5.8.8
    PERLBREW_ROOT = /Users/hornenj/perl5/perlbrew
    PERLBREW_VERSION = 0.77
    PERL_EXTUTILS_AUTOINSTALL = --defaultdeps
    PERL_LOCAL_LIB_ROOT = 
    PERL_MM_USE_DEFAULT = 1
    SHELL = /bin/sh
    TERM = xterm-256color
    TMPDIR = /var/folders/pz/pd7y1qjs6s3cbk170cw50fjc000c61/T/
    ac_cv_path_INTLTOOL_PERL = /usr/bin/perl

Perl special variables (and OS-specific diagnostics, for MSWin32):

    $^X = /Users/hornenj/perl5/perlbrew/perls/perl-5.8.8/bin/perl
    $UID/$EUID = 12481 / 12481
    $GID = 14 241 37223 527 37191 5344 14
    $EGID = 14 241 37223 527 37191 5344 14

Perl module toolchain versions installed:

    Module              Have    
    ------------------- --------
    CPAN                2.14    
    CPAN::Meta          2.150010
    Cwd                 3.47    
    ExtUtils::CBuilder  0.280224
    ExtUtils::Command   7.22    
    ExtUtils::Install   2.04    
    ExtUtils::MakeMaker 7.22    
    ExtUtils::Manifest  1.70    
    ExtUtils::ParseXS   3.30    
    File::Spec          3.47    
    JSON                2.90    
    JSON::PP            2.27400 
    Module::Build       0.4214  
    Module::Signature   n/a     
    Parse::CPAN::Meta   2.150010
    Test::Harness       3.36    
    Test::More          1.302062
    YAML                1.21    
    YAML::Syck          1.29    
    version             0.9912  


--

Summary of my perl5 (revision 5 version 8 subversion 8) configuration:
  Platform:
    osname=darwin, osvers=12.5.0, archname=darwin-thread-multi-2level
    uname='darwin ncbimac2008.ncbi.nlm.nih.gov 12.5.0 darwin kernel version 12.5.0: sun sep 29 13:33:47 pdt 2013; root:xnu-2050.48.12~1release_x86_64 x86_64 '
    config_args='-de -Dprefix=/Users/hornenj/perl5/perlbrew/perls/perl-5.8.8 -Duseithreads -Dusemultiplicity -Accflags=-O2 -W -Wformat=2 -Wswitch -Wshadow -Wwrite-strings -Wuninitialized -Wall -pipe -mtune=native -march=native -fomit-frame-pointer -msse2 -msse -mmmx -pedantic -D_FORTIFY_SOURCE=2 -Wpointer-arith -Wstrict-prototypes -fstack-protector -Wstack-protector -Wextra -Wbad-function-cast -Wcast-align -Wcast-qual -Wdisabled-optimization -Wendif-labels -Wfloat-equal -Wformat-nonliteral -Winline -Wmissing-declarations -Wmissing-prototypes -Wnested-externs -Wpointer-arith -Wundef -Wformat-security -fassociative-math -Acc=cc -Aeval:scriptdir=/Users/hornenj/perl5/perlbrew/perls/perl-5.8.8/bin'
    hint=recommended, useposix=true, d_sigaction=define
    usethreads=define use5005threads=undef useithreads=define usemultiplicity=define
    useperlio=define d_sfio=undef uselargefiles=define usesocks=undef
    use64bitint=define use64bitall=define uselongdouble=undef
    usemymalloc=n, bincompat5005=undef
  Compiler:
    cc=' cc', ccflags ='-fno-common -DPERL_DARWIN -O2 -W -Wformat=2 -Wswitch -Wshadow -Wwrite-strings -Wuninitialized -Wall -pipe -mtune=native -march=native -fomit-frame-pointer -msse2 -msse -mmmx -pedantic -D_FORTIFY_SOURCE=2 -Wpointer-arith -Wstrict-prototypes -fstack-protector -Wstack-protector -Wextra -Wbad-function-cast -Wcast-align -Wcast-qual -Wdisabled-optimization -Wendif-labels -Wfloat-equal -Wformat-nonliteral -Winline -Wmissing-declarations -Wmissing-prototypes -Wnested-externs -Wpointer-arith -Wundef -Wformat-security -fassociative-math -fno-strict-aliasing -Wdeclaration-after-statement -I/usr/local/include',
    optimize='-O3',
    cppflags='-fno-common -DPERL_DARWIN -O2 -W -Wformat=2 -Wswitch -Wshadow -Wwrite-strings -Wuninitialized -Wall -pipe -mtune=native -march=native -fomit-frame-pointer -msse2 -msse -mmmx -pedantic -D_FORTIFY_SOURCE=2 -Wpointer-arith -Wstrict-prototypes -fstack-protector -Wstack-protector -Wextra -Wbad-function-cast -Wcast-align -Wcast-qual -Wdisabled-optimization -Wendif-labels -Wfloat-equal -Wformat-nonliteral -Winline -Wmissing-declarations -Wmissing-prototypes -Wnested-externs -Wpointer-arith -Wundef -Wformat-security -fassociative-math -fno-strict-aliasing -Wdeclaration-after-statement -I/usr/local/include'
    ccversion='', gccversion='4.2.1 Compatible Apple LLVM 4.2 (clang-425.0.24)', gccosandvers=''
    intsize=4, longsize=8, ptrsize=8, doublesize=8, byteorder=12345678
    d_longlong=define, longlongsize=8, d_longdbl=define, longdblsize=16
    ivtype='long', ivsize=8, nvtype='double', nvsize=8, Off_t='off_t', lseeksize=8
    alignbytes=8, prototype=define
  Linker and Libraries:
    ld='env MACOSX_DEPLOYMENT_TARGET=10.3 cc', ldflags =' -L/usr/local/lib'
    libpth=/usr/local/lib /usr/lib
    libs=-ldbm -ldl -lm -lutil -lc
    perllibs=-ldl -lm -lutil -lc
    libc=, so=dylib, useshrplib=false, libperl=libperl.a
    gnulibc_version=''
  Dynamic Linking:
    dlsrc=dl_dlopen.xs, dlext=bundle, d_dlsymun=undef, ccdlflags=' '
    cccdlflags=' ', lddlflags=' -bundle -undefined dynamic_lookup -L/usr/local/lib'


Characteristics of this binary (from libperl): 
  Compile-time options: MULTIPLICITY PERL_IMPLICIT_CONTEXT
                        PERL_MALLOC_WRAP USE_64_BIT_ALL USE_64_BIT_INT
                        USE_ITHREADS USE_LARGE_FILES USE_PERLIO
                        USE_REENTRANT_API
  Built under darwin
  Compiled at Sep 17 2014 09:02:20
  %ENV:
    PERL5LIB="/Users/hornenj/.cpan/build/Beam-Emitter-1.006-4/blib/arch:/Users/hornenj/.cpan/build/Beam-Emitter-1.006-4/blib/lib:/Users/hornenj/.cpan/build/Test-Lib-0.002-12/blib/arch:/Users/hornenj/.cpan/build/Test-Lib-0.002-12/blib/lib:/Users/hornenj/.cpan/build/Test-API-0.005-4/blib/arch:/Users/hornenj/.cpan/build/Test-API-0.005-4/blib/lib:/Users/hornenj/.cpan/build/Algorithm-Combinatorics-0.27-4/blib/arch:/Users/hornenj/.cpan/build/Algorithm-Combinatorics-0.27-4/blib/lib"
    PERL5OPT=""
    PERL5_CPANPLUS_IS_RUNNING="75792"
    PERL5_CPAN_IS_RUNNING="75792"
    PERL5_MINISMOKEBOX="0.58"
    PERLBREW_BASHRC_VERSION="0.77"
    PERLBREW_HOME="/Users/hornenj/.perlbrew"
    PERLBREW_LIB=""
    PERLBREW_MANPATH="/Users/hornenj/perl5/perlbrew/perls/perl-5.8.8/man"
    PERLBREW_PATH="/Users/hornenj/perl5/perlbrew/bin:/Users/hornenj/perl5/perlbrew/perls/perl-5.8.8/bin"
    PERLBREW_PERL="perl-5.8.8"
    PERLBREW_ROOT="/Users/hornenj/perl5/perlbrew"
    PERLBREW_VERSION="0.77"
    PERL_EXTUTILS_AUTOINSTALL="--defaultdeps"
    PERL_LOCAL_LIB_ROOT=""
    PERL_MM_USE_DEFAULT="1"
  @INC:
    /Users/hornenj/.cpan/build/Beam-Emitter-1.006-4/blib/arch
    /Users/hornenj/.cpan/build/Beam-Emitter-1.006-4/blib/lib
    /Users/hornenj/.cpan/build/Test-Lib-0.002-12/blib/arch
    /Users/hornenj/.cpan/build/Test-Lib-0.002-12/blib/lib
    /Users/hornenj/.cpan/build/Test-API-0.005-4/blib/arch
    /Users/hornenj/.cpan/build/Test-API-0.005-4/blib/lib
    /Users/hornenj/.cpan/build/Algorithm-Combinatorics-0.27-4/blib/arch
    /Users/hornenj/.cpan/build/Algorithm-Combinatorics-0.27-4/blib/lib
    /Users/hornenj/perl5/perlbrew/perls/perl-5.8.8/lib/5.8.8/darwin-thread-multi-2level
    /Users/hornenj/perl5/perlbrew/perls/perl-5.8.8/lib/5.8.8
    /Users/hornenj/perl5/perlbrew/perls/perl-5.8.8/lib/site_perl/5.8.8/darwin-thread-multi-2level
    /Users/hornenj/perl5/perlbrew/perls/perl-5.8.8/lib/site_perl/5.8.8
    /Users/hornenj/perl5/perlbrew/perls/perl-5.8.8/lib/site_perl
    .