Data-Bind v0.30 Perl 5 v5.41.10 amd64-freebsd-thread-multi

Status
Fail
From
Carlos Guevara
Dist
Data-Bind v0.30
Platform
Perl 5 v5.41.10 amd64-freebsd-thread-multi
Date
2025-03-15 22:20:53
ID
c258653c-01eb-11f0-912c-8f967517e8fd
This distribution has been tested as part of the CPAN Testers
project, supporting the Perl programming language.  See
http://wiki.cpantesters.org/ for more information or email
questions to cpan-testers-discuss@perl.org


--
Dear Chia-liang Kao (Gao Jia Liang ),

This is a computer-generated report for Data-Bind-0.30
on perl 5.41.10, created by CPAN-Reporter-1.2020.

Thank you for uploading your work to CPAN.  However, there was a problem
testing your distribution.

If you think this report is invalid, please consult the CPAN Testers Wiki
for suggestions on how to avoid getting FAIL reports for missing library
or binary dependencies, unsupported operating systems, and so on:

http://wiki.cpantesters.org/wiki/CPANAuthorNotes

Sections of this report:

    * Tester comments
    * Program output
    * Prerequisites
    * Environment and other context

------------------------------
TESTER COMMENTS
------------------------------

Additional comments from tester:

this report is from an automated smoke testing program
and was not reviewed by a human for accuracy

------------------------------
PROGRAM OUTPUT
------------------------------

Output from '/usr/bin/make test':

"/home/cpan/bin/perl/bin/perl5.41.10" "-Iinc" -MExtUtils::Command::MM -e 'cp_nonempty' -- Bind.bs blib/arch/auto/Data/Bind/Bind.bs 644
PERL_DL_NONLAZY=1 "/home/cpan/bin/perl/bin/perl5.41.10" "-MExtUtils::Command::MM" "-MTest::Harness" "-e" "undef *Test::Harness::Switches; test_harness(0, 'inc', 'blib/lib', 'blib/arch')" t/*.t
t/arrays.t .......... ok
t/coderef.t ......... ok
t/compat.t .......... ok
t/highlevel.t ....... ok
t/multidimension.t .. ok
t/objects.t ......... ok
t/overload.t ........ ok
Use of uninitialized value $_[0] in string eq at (eval in cmp_ok) t/scalars.t line 100.

#   Failed test 'bound readonly sub param was bound correctly (1)'
#   at t/scalars.t line 100.
Use of uninitialized value in concatenation (.) or string at /home/cpan/bin/perl/lib/5.41.10/Test/Builder.pm line 843.
#          got: ''
#     expected: '42'
Use of uninitialized value $_[0] in string eq at (eval in cmp_ok) t/scalars.t line 102.

#   Failed test 'bound readonly sub param was bound correctly (2)'
#   at t/scalars.t line 102.
Use of uninitialized value in concatenation (.) or string at /home/cpan/bin/perl/lib/5.41.10/Test/Builder.pm line 843.
#          got: ''
#     expected: '43'
Use of uninitialized value $_[0] in string eq at (eval in cmp_ok) t/scalars.t line 107.

#   Failed test 'bound readonly sub param remains readonly (2)'
#   at t/scalars.t line 107.
Use of uninitialized value in concatenation (.) or string at /home/cpan/bin/perl/lib/5.41.10/Test/Builder.pm line 843.
#          got: ''
#     expected: '43'
Use of uninitialized value $_[0] in string eq at (eval in cmp_ok) t/scalars.t line 123.

#   Failed test 'bound rw sub param was bound correctly (1)'
#   at t/scalars.t line 123.
Use of uninitialized value in concatenation (.) or string at /home/cpan/bin/perl/lib/5.41.10/Test/Builder.pm line 843.
#          got: ''
#     expected: '42'
Use of uninitialized value $_[0] in string eq at (eval in cmp_ok) t/scalars.t line 125.

#   Failed test 'bound rw sub param was bound correctly (2)'
#   at t/scalars.t line 125.
Use of uninitialized value in concatenation (.) or string at /home/cpan/bin/perl/lib/5.41.10/Test/Builder.pm line 843.
#          got: ''
#     expected: '43'
Use of uninitialized value $_[0] in string eq at (eval in cmp_ok) t/scalars.t line 128.

#   Failed test 'bound rw sub param remains rw (2)'
#   at t/scalars.t line 128.
Use of uninitialized value in concatenation (.) or string at /home/cpan/bin/perl/lib/5.41.10/Test/Builder.pm line 843.
#          got: ''
#     expected: '23'
# Looks like you failed 6 tests of 28.
t/scalars.t ......... 
Dubious, test returned 6 (wstat 1536, 0x600)
Failed 6/28 subtests 
	(less 1 skipped subtest: 21 okay)
# Testing with positional arguments

#   Failed test 'Testing the value for positional'
#   at t/slurpy_param.t line 51.
Use of uninitialized value in concatenation (.) or string at /home/cpan/bin/perl/lib/5.41.10/Test/Builder.pm line 843.
#          got: ''
#     expected: '1'
# Testing without positional arguments

#   Failed test 'Testing the value for positional'
#   at t/slurpy_param.t line 70.
Use of uninitialized value in concatenation (.) or string at /home/cpan/bin/perl/lib/5.41.10/Test/Builder.pm line 843.
#          got: ''
#     expected: '20'
# Testing with named arguments (named param isn't required)

#   Failed test 'Testing the named argument'
#   at t/slurpy_param.t line 125.
Use of uninitialized value in concatenation (.) or string at /home/cpan/bin/perl/lib/5.41.10/Test/Builder.pm line 843.
#          got: ''
#     expected: '20'
# Testing with named arguments (named param is required) (++ version)
# Testing with named arguments (named param is required) (trait version)
# Testing with slurpy scalar

#   Failed test 'Testing the first slurpy scalar...'
#   at t/slurpy_param.t line 191.
Use of uninitialized value in concatenation (.) or string at /home/cpan/bin/perl/lib/5.41.10/Test/Builder.pm line 843.
#          got: ''
#     expected: '1'

#   Failed test 'Testing the second slurpy scalar...'
#   at t/slurpy_param.t line 193.
Use of uninitialized value in concatenation (.) or string at /home/cpan/bin/perl/lib/5.41.10/Test/Builder.pm line 843.
#          got: ''
#     expected: '2'
# Looks like you failed 5 tests of 26.
t/slurpy_param.t .... 
Dubious, test returned 5 (wstat 1280, 0x500)
Failed 5/26 subtests 
t/sub.t ............. ok

Test Summary Report
-------------------
t/scalars.t       (Wstat: 1536 (exited 6) Tests: 28 Failed: 6)
  Failed tests:  17-18, 20, 22-23, 25
  Non-zero exit status: 6
t/slurpy_param.t  (Wstat: 1280 (exited 5) Tests: 26 Failed: 5)
  Failed tests:  2, 7, 17, 24-25
  Non-zero exit status: 5
Files=10, Tests=140,  1 wallclock secs ( 0.02 usr  0.02 sys +  0.46 cusr  0.06 csys =  0.56 CPU)
Result: FAIL
Failed 2/10 test programs. 11/140 subtests failed.
*** Error code 255

Stop.
make: stopped in /home/cpan/.cpan/build/Data-Bind-0.30-0

------------------------------
PREREQUISITES
------------------------------

Prerequisite modules loaded:

requires:

    Module                Need Have
    --------------------- ---- ----
    Class::Accessor::Fast 0    0.51
    Data::Capture         0    0.27
    Devel::Caller         0.10 2.07
    Devel::LexAlias       0    0.05
    PadWalker             0    2.5 
    Test::Exception       0    0.43

build_requires:

    Module                Need Have
    --------------------- ---- ----
    ExtUtils::MakeMaker   0    7.72


------------------------------
ENVIRONMENT AND OTHER CONTEXT
------------------------------

Environment variables:

    AUTOMATED_TESTING = 1
    DATE_MANIP_TEST_DM5 = 1
    LANG = C.UTF-8
    LC_ALL = C
    NONINTERACTIVE_TESTING = 1
    NO_NETWORK_TESTING = 1
    PATH = /home/cpan/bin/perl/bin:/home/cpan/bin:/sbin:/bin:/usr/sbin:/usr/bin:/usr/local/sbin:/usr/local/bin:/home/cpan/bin
    PERL5LIB = 
    PERL5OPT = 
    PERL5_CPANPLUS_IS_RUNNING = 49773
    PERL5_CPAN_IS_RUNNING = 49773
    PERL_MM_USE_DEFAULT = 1
    PERL_USE_UNSAFE_INC = 1
    SHELL = /usr/local/bin/bash
    TERM = screen
    TMPDIR = /home/cpan/tmp

Perl special variables (and OS-specific diagnostics, for MSWin32):

    $^X = /home/cpan/bin/perl/bin/perl5.41.10
    $UID/$EUID = 1002 / 1002
    $GID = 1002 1002
    $EGID = 1002 1002

Perl module toolchain versions installed:

    Module              Have    
    ------------------- --------
    CPAN                2.38    
    CPAN::Meta          2.150010
    Cwd                 3.92    
    ExtUtils::CBuilder  0.280240
    ExtUtils::Command   7.72    
    ExtUtils::Install   2.22    
    ExtUtils::MakeMaker 7.72    
    ExtUtils::Manifest  1.75    
    ExtUtils::ParseXS   3.57    
    File::Spec          3.93    
    JSON                4.10    
    JSON::PP            4.16    
    Module::Build       0.4234  
    Module::Signature   0.89    
    Parse::CPAN::Meta   2.150010
    Test2               1.302209
    Test::Harness       3.50    
    Test::More          1.302209
    YAML                1.31    
    YAML::Syck          1.34    
    version             0.9933  


--

Summary of my perl5 (revision 5 version 41 subversion 10) configuration:
  Commit id: eb3dc27884c0efa40c20b9a88e94aefd785439b2
  Platform:
    osname=freebsd
    osvers=14.2-release-p1
    archname=amd64-freebsd-thread-multi
    uname='freebsd cjg-freebsd14 14.2-release-p1 freebsd 14.2-release-p1 generic amd64 '
    config_args='-des -Dprefix=/home/cpan/bin/perl -Dscriptdir=/home/cpan/bin/perl/bin -Dusedevel -Duse64bitall -Duseithreads'
    hint=recommended
    useposix=true
    d_sigaction=define
    useithreads=define
    usemultiplicity=define
    use64bitint=define
    use64bitall=define
    uselongdouble=undef
    usemymalloc=n
    default_inc_excludes_dot=define
  Compiler:
    cc='cc'
    ccflags ='-DHAS_FPSETMASK -DHAS_FLOATINGPOINT_H -DNO_POSIX_2008_LOCALE -fno-strict-aliasing -pipe -fstack-protector-strong -I/usr/local/include'
    optimize='-O2'
    cppflags='-DHAS_FPSETMASK -DHAS_FLOATINGPOINT_H -DNO_POSIX_2008_LOCALE -fno-strict-aliasing -pipe -fstack-protector-strong -I/usr/local/include'
    ccversion=''
    gccversion='FreeBSD Clang 18.1.6 (https://github.com/llvm/llvm-project.git llvmorg-18.1.6-0-g1118c2e05e67)'
    gccosandvers=''
    intsize=4
    longsize=8
    ptrsize=8
    doublesize=8
    byteorder=12345678
    doublekind=3
    d_longlong=define
    longlongsize=8
    d_longdbl=define
    longdblsize=16
    longdblkind=3
    ivtype='long'
    ivsize=8
    nvtype='double'
    nvsize=8
    Off_t='off_t'
    lseeksize=8
    alignbytes=8
    prototype=define
  Linker and Libraries:
    ld='cc'
    ldflags ='-pthread -Wl,-E  -fstack-protector-strong -L/usr/local/lib'
    libpth=/usr/lib /usr/local/lib /usr/lib/clang/18/lib
    libs=-lpthread -lgdbm -ldl -lm -lcrypt -lutil
    perllibs=-lpthread -ldl -lm -lcrypt -lutil
    libc=
    so=so
    useshrplib=false
    libperl=libperl.a
    gnulibc_version=''
  Dynamic Linking:
    dlsrc=dl_dlopen.xs
    dlext=so
    d_dlsymun=undef
    ccdlflags=' '
    cccdlflags='-DPIC -fPIC'
    lddlflags='-shared  -L/usr/local/lib -fstack-protector-strong'


Characteristics of this binary (from libperl): 
  Compile-time options:
    HAS_LONG_DOUBLE
    HAS_STRTOLD
    HAS_TIMES
    MULTIPLICITY
    PERLIO_LAYERS
    PERL_COPY_ON_WRITE
    PERL_DONT_CREATE_GVSV
    PERL_HASH_FUNC_SIPHASH13
    PERL_HASH_USE_SBOX32
    PERL_MALLOC_WRAP
    PERL_OP_PARENT
    PERL_PRESERVE_IVUV
    PERL_USE_DEVEL
    PERL_USE_SAFE_PUTENV
    USE_64_BIT_ALL
    USE_64_BIT_INT
    USE_ITHREADS
    USE_LARGE_FILES
    USE_LOCALE
    USE_LOCALE_COLLATE
    USE_LOCALE_CTYPE
    USE_LOCALE_NUMERIC
    USE_LOCALE_TIME
    USE_PERLIO
    USE_PERL_ATOF
    USE_REENTRANT_API
  Built under freebsd
  Compiled at Mar 15 2025 01:41:16
  %ENV:
    PERL5LIB=""
    PERL5OPT=""
    PERL5_CPANPLUS_IS_RUNNING="49773"
    PERL5_CPAN_IS_RUNNING="49773"
    PERL_MM_USE_DEFAULT="1"
    PERL_USE_UNSAFE_INC="1"
  @INC:
    /home/cpan/bin/perl/lib/site_perl/5.41.10/amd64-freebsd-thread-multi
    /home/cpan/bin/perl/lib/site_perl/5.41.10
    /home/cpan/bin/perl/lib/5.41.10/amd64-freebsd-thread-multi
    /home/cpan/bin/perl/lib/5.41.10
    .