Report for Catalyst-View-Excel-Template-Plus-0.03

Back
From: metabase:user:30ae4450-2aae-11df-837a-5e0a49663a4f
Subject: FAIL Catalyst-View-Excel-Template-Plus-0.03 v5.18.2 
Date: 2014-03-14T13:34:15Z

This distribution has been tested as part of the CPAN Testers
project, supporting the Perl programming language.  See
http://wiki.cpantesters.org/ for more information or email
questions to cpan-testers-discuss@perl.org


--
Dear Robert Bohne,

This is a computer-generated report for Catalyst-View-Excel-Template-Plus-0.03
on perl 5.18.2, created by CPAN-Reporter-1.2010_01.

Thank you for uploading your work to CPAN.  However, there was a problem
testing your distribution.

If you think this report is invalid, please consult the CPAN Testers Wiki
for suggestions on how to avoid getting FAIL reports for missing library
or binary dependencies, unsupported operating systems, and so on:

http://wiki.cpantesters.org/wiki/CPANAuthorNotes

Sections of this report:

    * Tester comments
    * Program output
    * Prerequisites
    * Environment and other context

------------------------------
TESTER COMMENTS
------------------------------

Additional comments from tester:

this report is from an automated smoke testing program
and was not reviewed by a human for accuracy

------------------------------
PROGRAM OUTPUT
------------------------------

Output from 'C:\strawberry182\perl\bin\perl.exe ./Build test':

no_plan takes no arguments at t/000_load.t line 6.
t/000_load.t ...... ok
Class::MOP::load_class is deprecated at C:/strawberry182/perl/site/lib/Class/MOP.pm line 73.
	Class::MOP::load_class("Excel::Template::Plus::TT") called at C:/strawberry182/perl/site/lib/Excel/Template/Plus.pm line 14
	eval {...} called at C:/strawberry182/perl/site/lib/Excel/Template/Plus.pm line 14
	Excel::Template::Plus::new("Excel::Template::Plus", "engine", "TT", "params", HASH(0x1f34f6c), "config", HASH(0x1ed885c), "template", "test_one.xml.tmpl", ...) called at C:\strawberry182\cpan\build\Catalyst-View-Excel-Template-Plus-0.03-guTH0w\blib\lib/Catalyst/View/Excel/Template/Plus.pm line 73
	Catalyst::View::Excel::Template::Plus::create_template_object(TestApp::View::Excel=HASH(0x22a3c34), TestApp=HASH(0x26871bc), "engine", "TT", "template", "test_one.xml.tmpl", "config", HASH(0x1ed885c), "params", ...) called at C:\strawberry182\cpan\build\Catalyst-View-Excel-Template-Plus-0.03-guTH0w\blib\lib/Catalyst/View/Excel/Template/Plus.pm line 58
	Catalyst::View::Excel::Template::Plus::process(TestApp::View::Excel=HASH(0x22a3c34), TestApp=HASH(0x26871bc)) called at C:/strawberry182/perl/site/lib/Catalyst/Action.pm line 65
	Catalyst::Action::execute(Catalyst::Action=HASH(0x26cbc84), TestApp::View::Excel=HASH(0x22a3c34), TestApp=HASH(0x26871bc)) called at C:/strawberry182/perl/site/lib/Catalyst.pm line 1734
	eval {...} called at C:/strawberry182/perl/site/lib/Catalyst.pm line 1734
	Catalyst::execute(TestApp=HASH(0x26871bc), "TestApp::View::Excel", Catalyst::Action=HASH(0x26cbc84)) called at C:/strawberry182/perl/site/lib/Catalyst/Action.pm line 60
	Catalyst::Action::dispatch(Catalyst::Action=HASH(0x26cbc84), TestApp=HASH(0x26871bc)) called at C:/strawberry182/perl/site/lib/Catalyst/Dispatcher.pm line 258
	Catalyst::Dispatcher::_do_forward(Catalyst::Dispatcher=HASH(0x20ac9c4), "forward", TestApp=HASH(0x26871bc), "TestApp::View::Excel") called at C:/strawberry182/perl/site/lib/Catalyst/Dispatcher.pm line 238
	Catalyst::Dispatcher::forward(Catalyst::Dispatcher=HASH(0x20ac9c4), TestApp=HASH(0x26871bc), "TestApp::View::Excel") called at C:/strawberry182/perl/site/lib/Catalyst.pm line 397
	Catalyst::forward(TestApp=HASH(0x26871bc), "TestApp::View::Excel") called at C:\strawberry182\cpan\build\Catalyst-View-Excel-Template-Plus-0.03-guTH0w\t\lib/TestApp/Controller/Root.pm line 14
	TestApp::Controller::Root::test_one(TestApp::Controller::Root=HASH(0x2336c54), TestApp=HASH(0x26871bc)) called at C:/strawberry182/perl/site/lib/Catalyst/Action.pm line 65
	Catalyst::Action::execute(Catalyst::Action=HASH(0x236b17c), TestApp::Controller::Root=HASH(0x2336c54), TestApp=HASH(0x26871bc)) called at C:/strawberry182/perl/site/lib/Catalyst.pm line 1734
	eval {...} called at C:/strawberry182/perl/site/lib/Catalyst.pm line 1734
	Catalyst::execute(TestApp=HASH(0x26871bc), "TestApp::Controller::Root", Catalyst::Action=HASH(0x236b17c)) called at C:/strawberry182/perl/site/lib/Catalyst/Action.pm line 60
	Catalyst::Action::dispatch(Catalyst::Action=HASH(0x236b17c), TestApp=HASH(0x26871bc)) called at C:/strawberry182/perl/site/lib/Catalyst/Controller.pm line 161
	Catalyst::Controller::_ACTION(TestApp::Controller::Root=HASH(0x2336c54), TestApp=HASH(0x26871bc)) called at C:/strawberry182/perl/site/lib/Catalyst/Action.pm line 65
	Catalyst::Action::execute(Catalyst::Action=HASH(0x2369fac), TestApp::Controller::Root=HASH(0x2336c54), TestApp=HASH(0x26871bc)) called at C:/strawberry182/perl/site/lib/Catalyst.pm line 1734
	eval {...} called at C:/strawberry182/perl/site/lib/Catalyst.pm line 1734
	Catalyst::execute(TestApp=HASH(0x26871bc), "TestApp::Controller::Root", Catalyst::Action=HASH(0x2369fac)) called at C:/strawberry182/perl/site/lib/Catalyst/Action.pm line 60
	Catalyst::Action::dispatch(Catalyst::Action=HASH(0x2369fac), TestApp=HASH(0x26871bc)) called at C:/strawberry182/perl/site/lib/Catalyst/Dispatcher.pm line 258
	Catalyst::Dispatcher::_do_forward(Catalyst::Dispatcher=HASH(0x20ac9c4), "forward", TestApp=HASH(0x26871bc), "_ACTION") called at C:/strawberry182/perl/site/lib/Catalyst/Dispatcher.pm line 238
	Catalyst::Dispatcher::forward(Catalyst::Dispatcher=HASH(0x20ac9c4), TestApp=HASH(0x26871bc), "_ACTION") called at C:/strawberry182/perl/site/lib/Catalyst.pm line 397
	Catalyst::forward(TestApp=HASH(0x26871bc), "_ACTION") called at C:/strawberry182/perl/site/lib/Catalyst/Controller.pm line 135
	Catalyst::Controller::_DISPATCH(TestApp::Controller::Root=HASH(0x2336c54), TestApp=HASH(0x26871bc)) called at C:/strawberry182/perl/site/lib/Catalyst/Action.pm line 65
	Catalyst::Action::execute(Catalyst::Action=HASH(0x236ad44), TestApp::Controller::Root=HASH(0x2336c54), TestApp=HASH(0x26871bc)) called at C:/strawberry182/perl/site/lib/Catalyst.pm line 1734
	eval {...} called at C:/strawberry182/perl/site/lib/Catalyst.pm line 1734
	Catalyst::execute(TestApp=HASH(0x26871bc), "TestApp::Controller::Root", Catalyst::Action=HASH(0x236ad44)) called at C:/strawberry182/perl/site/lib/Catalyst/Action.pm line 60
	Catalyst::Action::dispatch(Catalyst::Action=HASH(0x236ad44), TestApp=HASH(0x26871bc)) called at C:/strawberry182/perl/site/lib/Catalyst/Dispatcher.pm line 258
	Catalyst::Dispatcher::_do_forward(Catalyst::Dispatcher=HASH(0x20ac9c4), "forward", TestApp=HASH(0x26871bc), "/root/_DISPATCH") called at C:/strawberry182/perl/site/lib/Catalyst/Dispatcher.pm line 238
	Catalyst::Dispatcher::forward(Catalyst::Dispatcher=HASH(0x20ac9c4), TestApp=HASH(0x26871bc), "/root/_DISPATCH") called at C:/strawberry182/perl/site/lib/Catalyst.pm line 397
	Catalyst::forward(TestApp=HASH(0x26871bc), "/root/_DISPATCH") called at C:/strawberry182/perl/site/lib/Catalyst/Dispatcher.pm line 106
	Catalyst::Dispatcher::dispatch(Catalyst::Dispatcher=HASH(0x20ac9c4), TestApp=HASH(0x26871bc)) called at C:/strawberry182/perl/site/lib/Catalyst.pm line 1680
	Catalyst::dispatch(TestApp=HASH(0x26871bc)) called at C:/strawberry182/perl/site/lib/Catalyst.pm line 2015
	Catalyst::try {...} () called at C:/strawberry182/perl/vendor/lib/Try/Tiny.pm line 83
	eval {...} called at C:/strawberry182/perl/vendor/lib/Try/Tiny.pm line 74
	Try::Tiny::try(CODE(0x2686b14), Try::Tiny::Catch=REF(0x26869ac)) called at C:/strawberry182/perl/site/lib/Catalyst.pm line 2024
	Catalyst::handle_request("TestApp", "env", HASH(0x26834a4), "response_cb", CODE(0x2686a0c)) called at C:/strawberry182/perl/site/lib/Catalyst/Engine.pm line 797
	Catalyst::Engine::__ANON__(CODE(0x2686a0c)) called at C:/strawberry182/perl/site/lib/Plack/Middleware/HTTPExceptions.pm line 32
	Plack::Middleware::HTTPExceptions::try {...} () called at C:/strawberry182/perl/vendor/lib/Try/Tiny.pm line 83
	eval {...} called at C:/strawberry182/perl/vendor/lib/Try/Tiny.pm line 74
	Try::Tiny::try(CODE(0x2686844), Try::Tiny::Catch=REF(0x2683bc4)) called at C:/strawberry182/perl/site/lib/Plack/Middleware/HTTPExceptions.pm line 41
	Plack::Middleware::HTTPExceptions::__ANON__(CODE(0x268673c)) called at C:/strawberry182/perl/site/lib/Plack/Util.pm line 301
	Plack::Util::__ANON__(CODE(0x2686634)) called at C:/strawberry182/perl/site/lib/Plack/Util.pm line 301
	Plack::Util::__ANON__(CODE(0x268652c)) called at C:/strawberry182/perl/site/lib/Plack/Util.pm line 301
	Plack::Util::__ANON__(CODE(0x26864b4)) called at C:/strawberry182/perl/site/lib/HTTP/Message/PSGI.pm line 100
	HTTP::Message::PSGI::res_from_psgi(CODE(0x2683a8c)) called at C:/strawberry182/perl/site/lib/HTTP/Message/PSGI.pm line 155
	HTTP::Response::from_psgi("HTTP::Response", CODE(0x2683a8c)) called at C:/strawberry182/perl/site/lib/Plack/Test/MockHTTP.pm line 24
	Plack::Test::MockHTTP::try {...} () called at C:/strawberry182/perl/vendor/lib/Try/Tiny.pm line 78
	eval {...} called at C:/strawberry182/perl/vendor/lib/Try/Tiny.pm line 74
	Try::Tiny::try(CODE(0x26a4fe4), Try::Tiny::Catch=REF(0x234f72c)) called at C:/strawberry182/perl/site/lib/Plack/Test/MockHTTP.pm line 27
	Plack::Test::MockHTTP::request(Plack::Test::MockHTTP=HASH(0x266ed64), HTTP::Request=HASH(0x25a8c34)) called at C:/strawberry182/perl/site/lib/Plack/Test.pm line 38
	Plack::Test::__ANON__(HTTP::Request=HASH(0x25a8c34)) called at C:/strawberry182/perl/site/lib/Catalyst/Test.pm line 281
	Catalyst::Test::__ANON__(CODE(0x266ebe4)) called at C:/strawberry182/perl/site/lib/Plack/Test.pm line 38
	Plack::Test::test_psgi("app", CODE(0x25a885c), "mangle_response", CODE(0x18abee4), "app", CODE(0x266ea1c), "client", CODE(0x266eac4)) called at C:/strawberry182/perl/site/lib/Catalyst/Test.pm line 284
	Catalyst::Test::_request(HASH(0x3f837c), "http://localhost/test_one") called at C:/strawberry182/perl/site/lib/Catalyst/Test.pm line 327
	Catalyst::Test::_local_request("TestApp", "http://localhost/test_one") called at C:/strawberry182/perl/site/lib/Catalyst/Test.pm line 32
	Catalyst::Test::__ANON__("http://localhost/test_one") called at t/001_basic.t line 20
Class::MOP::load_class is deprecated at C:/strawberry182/perl/site/lib/Class/MOP.pm line 73.
	Class::MOP::load_class("Template") called at C:/strawberry182/perl/site/lib/Excel/Template/Plus/TT.pm line 45
	Excel::Template::Plus::TT::__ANON__(Excel::Template::Plus::TT=HASH(0x26cc6a4)) called at accessor Excel::Template::Plus::TT::_template_object (defined at C:/strawberry182/perl/site/lib/Excel/Template/Plus/TT.pm line 50) line 9
	Excel::Template::Plus::TT::_template_object(Excel::Template::Plus::TT=HASH(0x26cc6a4)) called at C:/strawberry182/perl/site/lib/Excel/Template/Plus/TT.pm line 80
	Excel::Template::Plus::TT::_prepare_excel_template(Excel::Template::Plus::TT=HASH(0x26cc6a4)) called at C:/strawberry182/perl/site/lib/Excel/Template/Plus/TT.pm line 70
	Excel::Template::Plus::TT::__ANON__(Excel::Template::Plus::TT=HASH(0x26cc6a4)) called at reader Excel::Template::Plus::TT::_excel_template (defined at C:/strawberry182/perl/site/lib/Excel/Template/Plus/TT.pm line 72) line 6
	Excel::Template::Plus::TT::_excel_template(Excel::Template::Plus::TT=HASH(0x26cc6a4)) called at C:/strawberry182/perl/site/lib/Moose/Meta/Method/Delegation.pm line 96
	Excel::Template::Plus::TT::output(Excel::Template::Plus::TT=HASH(0x26cc6a4)) called at C:\strawberry182\cpan\build\Catalyst-View-Excel-Template-Plus-0.03-guTH0w\blib\lib/Catalyst/View/Excel/Template/Plus.pm line 68
	Catalyst::View::Excel::Template::Plus::process(TestApp::View::Excel=HASH(0x22a3c34), TestApp=HASH(0x26871bc)) called at C:/strawberry182/perl/site/lib/Catalyst/Action.pm line 65
	Catalyst::Action::execute(Catalyst::Action=HASH(0x26cbc84), TestApp::View::Excel=HASH(0x22a3c34), TestApp=HASH(0x26871bc)) called at C:/strawberry182/perl/site/lib/Catalyst.pm line 1734
	eval {...} called at C:/strawberry182/perl/site/lib/Catalyst.pm line 1734
	Catalyst::execute(TestApp=HASH(0x26871bc), "TestApp::View::Excel", Catalyst::Action=HASH(0x26cbc84)) called at C:/strawberry182/perl/site/lib/Catalyst/Action.pm line 60
	Catalyst::Action::dispatch(Catalyst::Action=HASH(0x26cbc84), TestApp=HASH(0x26871bc)) called at C:/strawberry182/perl/site/lib/Catalyst/Dispatcher.pm line 258
	Catalyst::Dispatcher::_do_forward(Catalyst::Dispatcher=HASH(0x20ac9c4), "forward", TestApp=HASH(0x26871bc), "TestApp::View::Excel") called at C:/strawberry182/perl/site/lib/Catalyst/Dispatcher.pm line 238
	Catalyst::Dispatcher::forward(Catalyst::Dispatcher=HASH(0x20ac9c4), TestApp=HASH(0x26871bc), "TestApp::View::Excel") called at C:/strawberry182/perl/site/lib/Catalyst.pm line 397
	Catalyst::forward(TestApp=HASH(0x26871bc), "TestApp::View::Excel") called at C:\strawberry182\cpan\build\Catalyst-View-Excel-Template-Plus-0.03-guTH0w\t\lib/TestApp/Controller/Root.pm line 14
	TestApp::Controller::Root::test_one(TestApp::Controller::Root=HASH(0x2336c54), TestApp=HASH(0x26871bc)) called at C:/strawberry182/perl/site/lib/Catalyst/Action.pm line 65
	Catalyst::Action::execute(Catalyst::Action=HASH(0x236b17c), TestApp::Controller::Root=HASH(0x2336c54), TestApp=HASH(0x26871bc)) called at C:/strawberry182/perl/site/lib/Catalyst.pm line 1734
	eval {...} called at C:/strawberry182/perl/site/lib/Catalyst.pm line 1734
	Catalyst::execute(TestApp=HASH(0x26871bc), "TestApp::Controller::Root", Catalyst::Action=HASH(0x236b17c)) called at C:/strawberry182/perl/site/lib/Catalyst/Action.pm line 60
	Catalyst::Action::dispatch(Catalyst::Action=HASH(0x236b17c), TestApp=HASH(0x26871bc)) called at C:/strawberry182/perl/site/lib/Catalyst/Controller.pm line 161
	Catalyst::Controller::_ACTION(TestApp::Controller::Root=HASH(0x2336c54), TestApp=HASH(0x26871bc)) called at C:/strawberry182/perl/site/lib/Catalyst/Action.pm line 65
	Catalyst::Action::execute(Catalyst::Action=HASH(0x2369fac), TestApp::Controller::Root=HASH(0x2336c54), TestApp=HASH(0x26871bc)) called at C:/strawberry182/perl/site/lib/Catalyst.pm line 1734
	eval {...} called at C:/strawberry182/perl/site/lib/Catalyst.pm line 1734
	Catalyst::execute(TestApp=HASH(0x26871bc), "TestApp::Controller::Root", Catalyst::Action=HASH(0x2369fac)) called at C:/strawberry182/perl/site/lib/Catalyst/Action.pm line 60
	Catalyst::Action::dispatch(Catalyst::Action=HASH(0x2369fac), TestApp=HASH(0x26871bc)) called at C:/strawberry182/perl/site/lib/Catalyst/Dispatcher.pm line 258
	Catalyst::Dispatcher::_do_forward(Catalyst::Dispatcher=HASH(0x20ac9c4), "forward", TestApp=HASH(0x26871bc), "_ACTION") called at C:/strawberry182/perl/site/lib/Catalyst/Dispatcher.pm line 238
	Catalyst::Dispatcher::forward(Catalyst::Dispatcher=HASH(0x20ac9c4), TestApp=HASH(0x26871bc), "_ACTION") called at C:/strawberry182/perl/site/lib/Catalyst.pm line 397
	Catalyst::forward(TestApp=HASH(0x26871bc), "_ACTION") called at C:/strawberry182/perl/site/lib/Catalyst/Controller.pm line 135
	Catalyst::Controller::_DISPATCH(TestApp::Controller::Root=HASH(0x2336c54), TestApp=HASH(0x26871bc)) called at C:/strawberry182/perl/site/lib/Catalyst/Action.pm line 65
	Catalyst::Action::execute(Catalyst::Action=HASH(0x236ad44), TestApp::Controller::Root=HASH(0x2336c54), TestApp=HASH(0x26871bc)) called at C:/strawberry182/perl/site/lib/Catalyst.pm line 1734
	eval {...} called at C:/strawberry182/perl/site/lib/Catalyst.pm line 1734
	Catalyst::execute(TestApp=HASH(0x26871bc), "TestApp::Controller::Root", Catalyst::Action=HASH(0x236ad44)) called at C:/strawberry182/perl/site/lib/Catalyst/Action.pm line 60
	Catalyst::Action::dispatch(Catalyst::Action=HASH(0x236ad44), TestApp=HASH(0x26871bc)) called at C:/strawberry182/perl/site/lib/Catalyst/Dispatcher.pm line 258
	Catalyst::Dispatcher::_do_forward(Catalyst::Dispatcher=HASH(0x20ac9c4), "forward", TestApp=HASH(0x26871bc), "/root/_DISPATCH") called at C:/strawberry182/perl/site/lib/Catalyst/Dispatcher.pm line 238
	Catalyst::Dispatcher::forward(Catalyst::Dispatcher=HASH(0x20ac9c4), TestApp=HASH(0x26871bc), "/root/_DISPATCH") called at C:/strawberry182/perl/site/lib/Catalyst.pm line 397
	Catalyst::forward(TestApp=HASH(0x26871bc), "/root/_DISPATCH") called at C:/strawberry182/perl/site/lib/Catalyst/Dispatcher.pm line 106
	Catalyst::Dispatcher::dispatch(Catalyst::Dispatcher=HASH(0x20ac9c4), TestApp=HASH(0x26871bc)) called at C:/strawberry182/perl/site/lib/Catalyst.pm line 1680
	Catalyst::dispatch(TestApp=HASH(0x26871bc)) called at C:/strawberry182/perl/site/lib/Catalyst.pm line 2015
	Catalyst::try {...} () called at C:/strawberry182/perl/vendor/lib/Try/Tiny.pm line 83
	eval {...} called at C:/strawberry182/perl/vendor/lib/Try/Tiny.pm line 74
	Try::Tiny::try(CODE(0x2686b14), Try::Tiny::Catch=REF(0x26869ac)) called at C:/strawberry182/perl/site/lib/Catalyst.pm line 2024
	Catalyst::handle_request("TestApp", "env", HASH(0x26834a4), "response_cb", CODE(0x2686a0c)) called at C:/strawberry182/perl/site/lib/Catalyst/Engine.pm line 797
	Catalyst::Engine::__ANON__(CODE(0x2686a0c)) called at C:/strawberry182/perl/site/lib/Plack/Middleware/HTTPExceptions.pm line 32
	Plack::Middleware::HTTPExceptions::try {...} () called at C:/strawberry182/perl/vendor/lib/Try/Tiny.pm line 83
	eval {...} called at C:/strawberry182/perl/vendor/lib/Try/Tiny.pm line 74
	Try::Tiny::try(CODE(0x2686844), Try::Tiny::Catch=REF(0x2683bc4)) called at C:/strawberry182/perl/site/lib/Plack/Middleware/HTTPExceptions.pm line 41
	Plack::Middleware::HTTPExceptions::__ANON__(CODE(0x268673c)) called at C:/strawberry182/perl/site/lib/Plack/Util.pm line 301
	Plack::Util::__ANON__(CODE(0x2686634)) called at C:/strawberry182/perl/site/lib/Plack/Util.pm line 301
	Plack::Util::__ANON__(CODE(0x268652c)) called at C:/strawberry182/perl/site/lib/Plack/Util.pm line 301
	Plack::Util::__ANON__(CODE(0x26864b4)) called at C:/strawberry182/perl/site/lib/HTTP/Message/PSGI.pm line 100
	HTTP::Message::PSGI::res_from_psgi(CODE(0x2683a8c)) called at C:/strawberry182/perl/site/lib/HTTP/Message/PSGI.pm line 155
	HTTP::Response::from_psgi("HTTP::Response", CODE(0x2683a8c)) called at C:/strawberry182/perl/site/lib/Plack/Test/MockHTTP.pm line 24
	Plack::Test::MockHTTP::try {...} () called at C:/strawberry182/perl/vendor/lib/Try/Tiny.pm line 78
	eval {...} called at C:/strawberry182/perl/vendor/lib/Try/Tiny.pm line 74
	Try::Tiny::try(CODE(0x26a4fe4), Try::Tiny::Catch=REF(0x234f72c)) called at C:/strawberry182/perl/site/lib/Plack/Test/MockHTTP.pm line 27
	Plack::Test::MockHTTP::request(Plack::Test::MockHTTP=HASH(0x266ed64), HTTP::Request=HASH(0x25a8c34)) called at C:/strawberry182/perl/site/lib/Plack/Test.pm line 38
	Plack::Test::__ANON__(HTTP::Request=HASH(0x25a8c34)) called at C:/strawberry182/perl/site/lib/Catalyst/Test.pm line 281
	Catalyst::Test::__ANON__(CODE(0x266ebe4)) called at C:/strawberry182/perl/site/lib/Plack/Test.pm line 38
	Plack::Test::test_psgi("app", CODE(0x25a885c), "mangle_response", CODE(0x18abee4), "app", CODE(0x266ea1c), "client", CODE(0x266eac4)) called at C:/strawberry182/perl/site/lib/Catalyst/Test.pm line 284
	Catalyst::Test::_request(HASH(0x3f837c), "http://localhost/test_one") called at C:/strawberry182/perl/site/lib/Catalyst/Test.pm line 327
	Catalyst::Test::_local_request("TestApp", "http://localhost/test_one") called at C:/strawberry182/perl/site/lib/Catalyst/Test.pm line 32
	Catalyst::Test::__ANON__("http://localhost/test_one") called at t/001_basic.t line 20
Error PPS:0 
# Looks like you planned 6 tests but ran 5.
# Looks like your test exited with 255 just after 5.
t/001_basic.t ..... 
Dubious, test returned 255 (wstat 65280, 0xff00)
Failed 1/6 subtests 
t/pod.t ........... ok
t/pod_coverage.t .. ok

Test Summary Report
-------------------
t/001_basic.t   (Wstat: 65280 Tests: 5 Failed: 0)
  Non-zero exit status: 255
  Parse errors: Bad plan.  You planned 6 tests but ran 5.
Files=4, Tests=10,  6 wallclock secs ( 0.02 usr +  0.04 sys =  0.06 CPU)
Result: FAIL
Failed 1/4 test programs. 0/10 subtests failed.

------------------------------
PREREQUISITES
------------------------------

Prerequisite modules loaded:

requires:

    Module                Need Have    
    --------------------- ---- --------
    Catalyst::Runtime     0    5.90061 
    Excel::Template::Plus 0.05 0.05    

build_requires:

    Module                Need Have    
    --------------------- ---- --------
    parent                0    0.228   
    Test::Exception       0.21 0.32    
    Test::More            0.62 1.001002

configure_requires:

    Module                Need Have    
    --------------------- ---- --------
    Module::Build         0.36 0.4203  


------------------------------
ENVIRONMENT AND OTHER CONTEXT
------------------------------

Environment variables:

    AUTOMATED_TESTING = 1
    COMSPEC = C:\WINDOWS\system32\cmd.exe
    NUMBER_OF_PROCESSORS = 1
    PATH = C:\Program Files\Far Manager\;C:\WINDOWS\system32;C:\WINDOWS;C:\WINDOWS\System32\Wbem;C:\strawberry182\c\bin;C:\strawberry182\perl\site\bin;C:\strawberry182\perl\bin
    PERL5LIB = 
    PERL5OPT = 
    PERL5_CPANPLUS_IS_RUNNING = 1012
    PERL5_CPAN_IS_RUNNING = 1012
    PERL5_CPAN_IS_RUNNING_IN_RECURSION = 1572,1800,1012
    PERL_EXTUTILS_AUTOINSTALL = --defaultdeps
    PERL_MM_USE_DEFAULT = 1
    PROCESSOR_IDENTIFIER = x86 Family 16 Model 5 Stepping 3, AuthenticAMD
    TEMP = C:\DOCUME~1\c\LOCALS~1\Temp
    TERM = dumb

Perl special variables (and OS-specific diagnostics, for MSWin32):

    $^X = C:\strawberry182\perl\bin\perl.exe
    $UID/$EUID = 0 / 0
    $GID = 0
    $EGID = 0
    Win32::GetOSName = WinXP/.Net
    Win32::GetOSVersion = Service Pack 3, 5, 1, 2600, 2, 3, 0, 256, 1
    Win32::FsType = NTFS
    Win32::IsAdminUser = 1

Perl module toolchain versions installed:

    Module              Have    
    ------------------- --------
    CPAN                2.00    
    CPAN::Meta          2.133380
    Cwd                 3.40    
    ExtUtils::CBuilder  0.280212
    ExtUtils::Command   1.18    
    ExtUtils::Install   1.59    
    ExtUtils::MakeMaker 6.84    
    ExtUtils::Manifest  1.63    
    ExtUtils::ParseXS   3.22    
    File::Spec          3.40    
    JSON                2.90    
    JSON::PP            2.27203 
    Module::Build       0.4203  
    Module::Signature   n/a     
    Parse::CPAN::Meta   1.4414  
    Test::Harness       3.30    
    Test::More          1.001002
    YAML                0.90    
    YAML::Syck          1.27    
    version             0.9904  


--

Summary of my perl5 (revision 5 version 18 subversion 2) configuration:
   
  Platform:
    osname=MSWin32, osvers=6.2, archname=MSWin32-x86-multi-thread-64int
    uname='Win32 strawberry-perl 5.18.2.1 #1 Tue Jan  7 16:30:36 2014 i386'
    config_args='undef'
    hint=recommended, useposix=true, d_sigaction=undef
    useithreads=define, usemultiplicity=define
    useperlio=define, d_sfio=undef, uselargefiles=define, usesocks=undef
    use64bitint=define, use64bitall=undef, uselongdouble=undef
    usemymalloc=n, bincompat5005=undef
  Compiler:
    cc='gcc', ccflags =' -s -O2 -DWIN32  -DPERL_TEXTMODE_SCRIPTS -DPERL_IMPLICIT_CONTEXT -DPERL_IMPLICIT_SYS -DUSE_PERLIO -fno-strict-aliasing -mms-bitfields',
    optimize='-s -O2',
    cppflags='-DWIN32'
    ccversion='', gccversion='4.7.3', gccosandvers=''
    intsize=4, longsize=4, ptrsize=4, doublesize=8, byteorder=12345678
    d_longlong=define, longlongsize=8, d_longdbl=define, longdblsize=12
    ivtype='long long', ivsize=8, nvtype='double', nvsize=8, Off_t='long long', lseeksize=8
    alignbytes=8, prototype=define
  Linker and Libraries:
    ld='g++', ldflags ='-s -L"C:\strawberry182\perl\lib\CORE" -L"C:\strawberry182\c\lib"'
    libpth=C:\strawberry182\c\lib C:\strawberry182\c\i686-w64-mingw32\lib C:\strawberry182\c\lib\gcc\i686-w64-mingw32\4.7.3
    libs=-lmoldname -lkernel32 -luser32 -lgdi32 -lwinspool -lcomdlg32 -ladvapi32 -lshell32 -lole32 -loleaut32 -lnetapi32 -luuid -lws2_32 -lmpr -lwinmm -lversion -lodbc32 -lodbccp32 -lcomctl32
    perllibs=-lmoldname -lkernel32 -luser32 -lgdi32 -lwinspool -lcomdlg32 -ladvapi32 -lshell32 -lole32 -loleaut32 -lnetapi32 -luuid -lws2_32 -lmpr -lwinmm -lversion -lodbc32 -lodbccp32 -lcomctl32
    libc=, so=dll, useshrplib=true, libperl=libperl518.a
    gnulibc_version=''
  Dynamic Linking:
    dlsrc=dl_win32.xs, dlext=dll, d_dlsymun=undef, ccdlflags=' '
    cccdlflags=' ', lddlflags='-mdll -s -L"C:\strawberry182\perl\lib\CORE" -L"C:\strawberry182\c\lib"'


Characteristics of this binary (from libperl): 
  Compile-time options: HAS_TIMES HAVE_INTERP_INTERN MULTIPLICITY
                        PERLIO_LAYERS PERL_DONT_CREATE_GVSV
                        PERL_HASH_FUNC_ONE_AT_A_TIME_HARD
                        PERL_IMPLICIT_CONTEXT PERL_IMPLICIT_SYS
                        PERL_MALLOC_WRAP PERL_PRESERVE_IVUV PERL_SAWAMPERSAND
                        USE_64_BIT_INT USE_ITHREADS USE_LARGE_FILES
                        USE_LOCALE USE_LOCALE_COLLATE USE_LOCALE_CTYPE
                        USE_LOCALE_NUMERIC USE_PERLIO USE_PERL_ATOF
  Built under MSWin32
  Compiled at Jan  7 2014 16:39:31
  %ENV:
    PERL5_CPANPLUS_IS_RUNNING="1012"
    PERL5_CPAN_IS_RUNNING="1012"
    PERL5_CPAN_IS_RUNNING_IN_RECURSION="1572,1800,1012"
    PERL_EXTUTILS_AUTOINSTALL="--defaultdeps"
    PERL_MM_USE_DEFAULT="1"
  @INC:
    C:/strawberry182/perl/site/lib
    C:/strawberry182/perl/vendor/lib
    C:/strawberry182/perl/lib
    .