Report for DBIx-Class-Tree-Mobius-0.201

Back
From: metabase:user:71be5d02-998b-11e0-8b31-df1bc225fde4
Subject: FAIL DBIx-Class-Tree-Mobius-0.201 v5.10.1 GNU/Linux
Date: 2011-06-30T08:27:15Z

This distribution has been tested as part of the CPAN Testers
project, supporting the Perl programming language.  See
http://wiki.cpantesters.org/ for more information or email
questions to cpan-testers-discuss@perl.org


--
Dear Valentin D Guillois,

This is a computer-generated report for DBIx-Class-Tree-Mobius-0.201
on perl 5.10.1, created by CPAN-Reporter-1.1902.

Thank you for uploading your work to CPAN.  However, there was a problem
testing your distribution.

If you think this report is invalid, please consult the CPAN Testers Wiki
for suggestions on how to avoid getting FAIL reports for missing library
or binary dependencies, unsupported operating systems, and so on:

http://wiki.cpantesters.org/wiki/CPANAuthorNotes

Sections of this report:

    * Tester comments
    * Program output
    * Prerequisites
    * Environment and other context

------------------------------
TESTER COMMENTS
------------------------------

Additional comments from tester:

this report is from an automated smoke testing program
and was not reviewed by a human for accuracy

------------------------------
PROGRAM OUTPUT
------------------------------

Output from 'make test':

PERL_DL_NONLAZY=1 /usr/bin/perl "-MExtUtils::Command::MM" "-e" "test_harness(0, 'blib/lib', 'blib/arch')" t/*.t

#   Failed test 'use DBIx::Class::Tree::Mobius;'
#   at t/01load.t line 5.
#     Tried to use 'DBIx::Class::Tree::Mobius'.
#     Error:  Can't locate object method "mk_classdata" via package "DBIx::Class::Tree::Mobius" at /home/mrg/.local/share/.cpan/build/DBIx-Class-Tree-Mobius-0.201-w9fVzH/blib/lib/DBIx/Class/Tree/Mobius.pm line 9.
# Compilation failed in require at (eval 4) line 2.
# BEGIN failed--compilation aborted at (eval 4) line 2.
# Looks like you failed 1 test of 1.
t/01load.t ................ 
Dubious, test returned 1 (wstat 256, 0x100)
Failed 1/1 subtests 

#   Failed test 'use CdbiTreeTest;'
#   at t/02run.t line 17.
#     Tried to use 'CdbiTreeTest'.
#     Error:  Base class package "DBIx::Class::Schema" is empty.
#     (Perhaps you need to 'use' the module which defines that package first,
#     or make that module available in @INC (@INC contains: /home/mrg/.local/share/.cpan/build/DBIx-Class-Tree-Mobius-0.201-w9fVzH/t/lib /home/mrg/.local/share/.cpan/build/DBIx-Class-Tree-Mobius-0.201-w9fVzH/blib/lib /home/mrg/.local/share/.cpan/build/DBIx-Class-Tree-Mobius-0.201-w9fVzH/blib/arch /home/mrg/software/zeno/perl-modules /home/mrg/lib/perl5/site_map/5.10.1 /home/mrg /etc/perl /usr/local/lib/perl/5.10.1 /usr/local/share/perl/5.10.1 /usr/lib/perl5 /usr/share/perl5 /usr/lib/perl/5.10 /usr/share/perl/5.10 /usr/local/lib/site_perl .).
#  at /home/mrg/.local/share/.cpan/build/DBIx-Class-Tree-Mobius-0.201-w9fVzH/t/lib/CdbiTreeTest/Schema.pm line 4
# BEGIN failed--compilation aborted at /home/mrg/.local/share/.cpan/build/DBIx-Class-Tree-Mobius-0.201-w9fVzH/t/lib/CdbiTreeTest/Schema.pm line 4.
# Compilation failed in require at /home/mrg/.local/share/.cpan/build/DBIx-Class-Tree-Mobius-0.201-w9fVzH/t/lib/CdbiTreeTest.pm line 6.
# BEGIN failed--compilation aborted at /home/mrg/.local/share/.cpan/build/DBIx-Class-Tree-Mobius-0.201-w9fVzH/t/lib/CdbiTreeTest.pm line 6.
# Compilation failed in require at (eval 8) line 2.
# BEGIN failed--compilation aborted at (eval 8) line 2.
Can't locate object method "init_schema" via package "CdbiTreeTest" at t/02run.t line 19.
Undefined subroutine &CdbiTreeTest::clear called at t/02run.t line 194.
END failed--call queue aborted at t/02run.t line 19.
# Looks like you planned 86 tests but ran 1.
# Looks like you failed 1 test of 1 run.
# Looks like your test exited with 255 just after 1.
t/02run.t ................. 
Dubious, test returned 255 (wstat 65280, 0xff00)
Failed 86/86 subtests 

#   Failed test 'use CdbiTreeTest;'
#   at t/03update.t line 18.
#     Tried to use 'CdbiTreeTest'.
#     Error:  Base class package "DBIx::Class::Schema" is empty.
#     (Perhaps you need to 'use' the module which defines that package first,
#     or make that module available in @INC (@INC contains: /home/mrg/.local/share/.cpan/build/DBIx-Class-Tree-Mobius-0.201-w9fVzH/t/lib /home/mrg/.local/share/.cpan/build/DBIx-Class-Tree-Mobius-0.201-w9fVzH/blib/lib /home/mrg/.local/share/.cpan/build/DBIx-Class-Tree-Mobius-0.201-w9fVzH/blib/arch /home/mrg/software/zeno/perl-modules /home/mrg/lib/perl5/site_map/5.10.1 /home/mrg /etc/perl /usr/local/lib/perl/5.10.1 /usr/local/share/perl/5.10.1 /usr/lib/perl5 /usr/share/perl5 /usr/lib/perl/5.10 /usr/share/perl/5.10 /usr/local/lib/site_perl .).
#  at /home/mrg/.local/share/.cpan/build/DBIx-Class-Tree-Mobius-0.201-w9fVzH/t/lib/CdbiTreeTest/Schema.pm line 4
# BEGIN failed--compilation aborted at /home/mrg/.local/share/.cpan/build/DBIx-Class-Tree-Mobius-0.201-w9fVzH/t/lib/CdbiTreeTest/Schema.pm line 4.
# Compilation failed in require at /home/mrg/.local/share/.cpan/build/DBIx-Class-Tree-Mobius-0.201-w9fVzH/t/lib/CdbiTreeTest.pm line 6.
# BEGIN failed--compilation aborted at /home/mrg/.local/share/.cpan/build/DBIx-Class-Tree-Mobius-0.201-w9fVzH/t/lib/CdbiTreeTest.pm line 6.
# Compilation failed in require at (eval 8) line 2.
# BEGIN failed--compilation aborted at (eval 8) line 2.
Can't locate object method "init_schema" via package "CdbiTreeTest" at t/03update.t line 20.
Undefined subroutine &CdbiTreeTest::clear called at t/03update.t line 63.
END failed--call queue aborted at t/03update.t line 20.
# Looks like you failed 1 test of 1.
# Looks like your test exited with 255 just after 1.
t/03update.t .............. 
Dubious, test returned 255 (wstat 65280, 0xff00)
Failed 1/1 subtests 
t/author-critic.t ......... skipped: these tests are for testing by the author
t/release-pod-coverage.t .. skipped: these tests are for release candidate testing
t/release-pod-syntax.t .... skipped: these tests are for release candidate testing

Test Summary Report
-------------------
t/01load.t              (Wstat: 256 Tests: 1 Failed: 1)
  Failed test:  1
  Non-zero exit status: 1
t/02run.t               (Wstat: 65280 Tests: 1 Failed: 1)
  Failed test:  1
  Non-zero exit status: 255
  Parse errors: Bad plan.  You planned 86 tests but ran 1.
t/03update.t            (Wstat: 65280 Tests: 1 Failed: 1)
  Failed test:  1
  Non-zero exit status: 255
Files=6, Tests=3,  0 wallclock secs ( 0.04 usr  0.01 sys +  0.21 cusr  0.03 csys =  0.29 CPU)
Result: FAIL
Failed 3/6 test programs. 3/3 subtests failed.
make: *** [test_dynamic] Fehler 255

------------------------------
PREREQUISITES
------------------------------

Prerequisite modules loaded:

requires:

    Module              Need Have   
    ------------------- ---- -------
    Carp                0    1.11   
    Digest              0    1.16   
    ExtUtils::MakeMaker 0    6.55_02
    Test::More          0    0.92   

configure_requires:

    Module              Need Have   
    ------------------- ---- -------
    ExtUtils::MakeMaker 6.31 6.55_02


------------------------------
ENVIRONMENT AND OTHER CONTEXT
------------------------------

Environment variables:

    AUTOMATED_TESTING = 1
    LANG = de_DE.UTF-8
    LANGUAGE = de_DE:en
    PATH = /usr/local/sbin:/usr/local/bin:/usr/sbin:/usr/bin:/sbin:/bin:/usr/games
    PERL5LIB = /home/mrg/software/zeno/perl-modules:/home/mrg/lib/perl5/site_map/5.10.1:/home/mrg
    PERL5OPT = 
    PERL5_CPANPLUS_IS_RUNNING = 18918
    PERL5_CPAN_IS_RUNNING = 18918
    PERL5_CPAN_IS_RUNNING_IN_RECURSION = 20243,18918
    PERLLIB = /home/mrg/software/zeno/perl-modules:/home/mrg/lib/perl5/site_map/5.10.1:/home/mrg
    PERL_CR_SMOKER_CURRENT = DBIx-Class-Tree-Mobius-0.201
    PERL_EXTUTILS_AUTOINSTALL = --defaultdeps
    PERL_MM_USE_DEFAULT = 1
    SHELL = /bin/bash
    TERM = xterm

Perl special variables (and OS-specific diagnostics, for MSWin32):

    $^X = /usr/bin/perl
    $UID/$EUID = 1000 / 1000
    $GID = 1000 4 20 24 25 29 30 44 46 104 112 113 115 117 119 1000
    $EGID = 1000 4 20 24 25 29 30 44 46 104 112 113 115 117 119 1000

Perl module toolchain versions installed:

    Module              Have   
    ------------------- -------
    CPAN                1.9402 
    Cwd                 3.30   
    ExtUtils::CBuilder  0.27   
    ExtUtils::Command   1.16   
    ExtUtils::Install   1.54   
    ExtUtils::MakeMaker 6.55_02
    ExtUtils::Manifest  1.56   
    ExtUtils::ParseXS   2.2206 
    File::Spec          3.30   
    Module::Build       0.3800 
    Module::Signature   n/a    
    Test::Harness       3.17   
    Test::More          0.92   
    YAML                0.71   
    YAML::Syck          1.17   
    version             0.88   


--

Summary of my perl5 (revision 5 version 10 subversion 1) configuration:
   
  Platform:
    osname=linux, osvers=2.6.24-28-server, archname=i486-linux-gnu-thread-multi
    uname='linux roseapple 2.6.24-28-server #1 smp wed aug 18 21:17:51 utc 2010 i686 gnulinux '
    config_args='-Dusethreads -Duselargefiles -Dccflags=-DDEBIAN -Dcccdlflags=-fPIC -Darchname=i486-linux-gnu -Dprefix=/usr -Dprivlib=/usr/share/perl/5.10 -Darchlib=/usr/lib/perl/5.10 -Dvendorprefix=/usr -Dvendorlib=/usr/share/perl5 -Dvendorarch=/usr/lib/perl5 -Dsiteprefix=/usr/local -Dsitelib=/usr/local/share/perl/5.10.1 -Dsitearch=/usr/local/lib/perl/5.10.1 -Dman1dir=/usr/share/man/man1 -Dman3dir=/usr/share/man/man3 -Dsiteman1dir=/usr/local/man/man1 -Dsiteman3dir=/usr/local/man/man3 -Dman1ext=1 -Dman3ext=3perl -Dpager=/usr/bin/sensible-pager -Uafs -Ud_csh -Ud_ualarm -Uusesfio -Uusenm -DDEBUGGING=-g -Doptimize=-O2 -Duseshrplib -Dlibperl=libperl.so.5.10.1 -Dd_dosuid -des'
    hint=recommended, useposix=true, d_sigaction=define
    useithreads=define, usemultiplicity=define
    useperlio=define, d_sfio=undef, uselargefiles=define, usesocks=undef
    use64bitint=undef, use64bitall=undef, uselongdouble=undef
    usemymalloc=n, bincompat5005=undef
  Compiler:
    cc='cc', ccflags ='-D_REENTRANT -D_GNU_SOURCE -DDEBIAN -fno-strict-aliasing -pipe -fstack-protector -I/usr/local/include -D_LARGEFILE_SOURCE -D_FILE_OFFSET_BITS=64',
    optimize='-O2 -g',
    cppflags='-D_REENTRANT -D_GNU_SOURCE -DDEBIAN -fno-strict-aliasing -pipe -fstack-protector -I/usr/local/include'
    ccversion='', gccversion='4.4.3', gccosandvers=''
    intsize=4, longsize=4, ptrsize=4, doublesize=8, byteorder=1234
    d_longlong=define, longlongsize=8, d_longdbl=define, longdblsize=12
    ivtype='long', ivsize=4, nvtype='double', nvsize=8, Off_t='off_t', lseeksize=8
    alignbytes=4, prototype=define
  Linker and Libraries:
    ld='cc', ldflags =' -fstack-protector -L/usr/local/lib'
    libpth=/usr/local/lib /lib /usr/lib /usr/lib64
    libs=-lgdbm -lgdbm_compat -ldb -ldl -lm -lpthread -lc -lcrypt
    perllibs=-ldl -lm -lpthread -lc -lcrypt
    libc=/lib/libc-2.11.1.so, so=so, useshrplib=true, libperl=libperl.so.5.10.1
    gnulibc_version='2.11.1'
  Dynamic Linking:
    dlsrc=dl_dlopen.xs, dlext=so, d_dlsymun=undef, ccdlflags='-Wl,-E'
    cccdlflags='-fPIC', lddlflags='-shared -O2 -g -L/usr/local/lib -fstack-protector'


Characteristics of this binary (from libperl): 
  Compile-time options: MULTIPLICITY PERL_DONT_CREATE_GVSV
                        PERL_IMPLICIT_CONTEXT PERL_MALLOC_WRAP USE_ITHREADS
                        USE_LARGE_FILES USE_PERLIO USE_REENTRANT_API
  Built under linux
  Compiled at Apr 22 2011 18:17:20
  %ENV:
    PERL5LIB="/home/mrg/software/zeno/perl-modules:/home/mrg/lib/perl5/site_map/5.10.1:/home/mrg"
    PERL5OPT=""
    PERL5_CPANPLUS_IS_RUNNING="18918"
    PERL5_CPAN_IS_RUNNING="18918"
    PERL5_CPAN_IS_RUNNING_IN_RECURSION="20243,18918"
    PERLLIB="/home/mrg/software/zeno/perl-modules:/home/mrg/lib/perl5/site_map/5.10.1:/home/mrg"
    PERL_CR_SMOKER_CURRENT="DBIx-Class-Tree-Mobius-0.201"
    PERL_EXTUTILS_AUTOINSTALL="--defaultdeps"
    PERL_MM_USE_DEFAULT="1"
  @INC:
    /home/mrg/software/zeno/perl-modules
    /home/mrg/lib/perl5/site_map/5.10.1
    /home/mrg
    /etc/perl
    /usr/local/lib/perl/5.10.1
    /usr/local/share/perl/5.10.1
    /usr/lib/perl5
    /usr/share/perl5
    /usr/lib/perl/5.10
    /usr/share/perl/5.10
    /usr/local/lib/site_perl
    .