Report for Google-AJAX-Library-0.022

Back
From: metabase:user:320bfe00-2aae-11df-837a-5e0a49663a4f
Subject: FAIL Google-AJAX-Library-0.022 v5.21.2 GNU/Linux
Date: 2014-07-07T11:20:55Z

This distribution has been tested as part of the CPAN Testers
project, supporting the Perl programming language.  See
http://wiki.cpantesters.org/ for more information or email
questions to cpan-testers-discuss@perl.org


--
Dear Robert Krimen,

This is a computer-generated report for Google-AJAX-Library-0.022
on perl 5.21.2, created by CPAN-Reporter-1.2011.

Thank you for uploading your work to CPAN.  However, there was a problem
testing your distribution.

If you think this report is invalid, please consult the CPAN Testers Wiki
for suggestions on how to avoid getting FAIL reports for missing library
or binary dependencies, unsupported operating systems, and so on:

http://wiki.cpantesters.org/wiki/CPANAuthorNotes

Sections of this report:

    * Tester comments
    * Program output
    * Prerequisites
    * Environment and other context

------------------------------
TESTER COMMENTS
------------------------------

Additional comments from tester:

this report is from an automated smoke testing program
and was not reviewed by a human for accuracy

------------------------------
PROGRAM OUTPUT
------------------------------

Output from '/usr/bin/make test':

PERL_DL_NONLAZY=1 /tmp/basesmoker-reloperl-PDcD/bin/perl "-MExtUtils::Command::MM" "-MTest::Harness" "-e" "undef *Test::Harness::Switches; test_harness(0, 'blib/lib', 'blib/arch')" t/*.t
\C is deprecated in regex; marked by <-- HERE in m/(\C <-- HERE )/ at /home/sand/src/perl/repoperls/installed-perls/perl/v5.21.1-115-gedd0583/9980/lib/site_perl/5.21.2/URI/Escape.pm line 205.
You are overwriting a locally defined function (file) with an accessor at /home/sand/src/perl/repoperls/installed-perls/perl/v5.21.1-115-gedd0583/9980/lib/site_perl/5.21.2/x86_64-linux-thread-multi/Moose/Meta/Attribute.pm line 1050.
	Moose::Meta::Attribute::_process_accessors(Moose::Meta::Attribute=HASH(0x27fe528), "reader", "file", undef) called at /home/sand/src/perl/repoperls/installed-perls/perl/v5.21.1-115-gedd0583/9980/lib/site_perl/5.21.2/x86_64-linux-thread-multi/Class/MOP/Attribute.pm line 452
	Class::MOP::Attribute::install_accessors(Moose::Meta::Attribute=HASH(0x27fe528)) called at /home/sand/src/perl/repoperls/installed-perls/perl/v5.21.1-115-gedd0583/9980/lib/site_perl/5.21.2/x86_64-linux-thread-multi/Moose/Meta/Attribute.pm line 997
	Moose::Meta::Attribute::install_accessors(Moose::Meta::Attribute=HASH(0x27fe528)) called at /home/sand/src/perl/repoperls/installed-perls/perl/v5.21.1-115-gedd0583/9980/lib/site_perl/5.21.2/x86_64-linux-thread-multi/Class/MOP/Class.pm line 900
	Class::MOP::Class::try {...} () called at /home/sand/src/perl/repoperls/installed-perls/perl/v5.21.1-115-gedd0583/9980/lib/site_perl/5.21.2/Try/Tiny.pm line 81
	eval {...} called at /home/sand/src/perl/repoperls/installed-perls/perl/v5.21.1-115-gedd0583/9980/lib/site_perl/5.21.2/Try/Tiny.pm line 72
	Try::Tiny::try(CODE(0x27fdda8), Try::Tiny::Catch=REF(0x27fdeb0)) called at /home/sand/src/perl/repoperls/installed-perls/perl/v5.21.1-115-gedd0583/9980/lib/site_perl/5.21.2/x86_64-linux-thread-multi/Class/MOP/Class.pm line 905
	Class::MOP::Class::_post_add_attribute(Moose::Meta::Class=HASH(0x3533f90), Moose::Meta::Attribute=HASH(0x27fe528)) called at /home/sand/src/perl/repoperls/installed-perls/perl/v5.21.1-115-gedd0583/9980/lib/site_perl/5.21.2/x86_64-linux-thread-multi/Class/MOP/Mixin/HasAttributes.pm line 41
	Class::MOP::Mixin::HasAttributes::add_attribute(Moose::Meta::Class=HASH(0x3533f90), Moose::Meta::Attribute=HASH(0x27fe528)) called at /home/sand/src/perl/repoperls/installed-perls/perl/v5.21.1-115-gedd0583/9980/lib/site_perl/5.21.2/x86_64-linux-thread-multi/Moose/Meta/Class.pm line 576
	Moose::Meta::Class::add_attribute(Moose::Meta::Class=HASH(0x3533f90), "file", "definition_context", HASH(0x3df6178), "is", "ro") called at /home/sand/src/perl/repoperls/installed-perls/perl/v5.21.1-115-gedd0583/9980/lib/site_perl/5.21.2/x86_64-linux-thread-multi/Moose.pm line 77
	Moose::has(Moose::Meta::Class=HASH(0x3533f90), "file", "is", "ro") called at /home/sand/src/perl/repoperls/installed-perls/perl/v5.21.1-115-gedd0583/9980/lib/site_perl/5.21.2/x86_64-linux-thread-multi/Moose/Exporter.pm line 405
	Moose::has("file", "is", "ro") called at /tmp/loop_over_bdir-31694-BEvm1P/Google-AJAX-Library-0.022-XflpaH/blib/lib/Google/AJAX/Library.pm line 32
	require Google/AJAX/Library.pm called at t/01-basic.t line 5
	main::BEGIN() called at /tmp/loop_over_bdir-31694-BEvm1P/Google-AJAX-Library-0.022-XflpaH/blib/lib/Google/AJAX/Library.pm line 0
	eval {...} called at /tmp/loop_over_bdir-31694-BEvm1P/Google-AJAX-Library-0.022-XflpaH/blib/lib/Google/AJAX/Library.pm line 0

#   Failed test at t/01-basic.t line 13.
#          got: '<script type="text/javascript" src="http://ajax.googleapis.com/ajax/libs/jquery/1/jquery.min.js"></script>'
#     expected: '<script src="http://ajax.googleapis.com/ajax/libs/jquery/1/jquery.min.js" type="text/javascript"></script>'
# Looks like you failed 1 test of 25.
t/01-basic.t .... 
Dubious, test returned 1 (wstat 256, 0x100)
Failed 1/25 subtests 
\C is deprecated in regex; marked by <-- HERE in m/(\C <-- HERE )/ at /home/sand/src/perl/repoperls/installed-perls/perl/v5.21.1-115-gedd0583/9980/lib/site_perl/5.21.2/URI/Escape.pm line 205.
You are overwriting a locally defined function (file) with an accessor at /home/sand/src/perl/repoperls/installed-perls/perl/v5.21.1-115-gedd0583/9980/lib/site_perl/5.21.2/x86_64-linux-thread-multi/Moose/Meta/Attribute.pm line 1050.
	Moose::Meta::Attribute::_process_accessors(Moose::Meta::Attribute=HASH(0xf257e0), "reader", "file", undef) called at /home/sand/src/perl/repoperls/installed-perls/perl/v5.21.1-115-gedd0583/9980/lib/site_perl/5.21.2/x86_64-linux-thread-multi/Class/MOP/Attribute.pm line 452
	Class::MOP::Attribute::install_accessors(Moose::Meta::Attribute=HASH(0xf257e0)) called at /home/sand/src/perl/repoperls/installed-perls/perl/v5.21.1-115-gedd0583/9980/lib/site_perl/5.21.2/x86_64-linux-thread-multi/Moose/Meta/Attribute.pm line 997
	Moose::Meta::Attribute::install_accessors(Moose::Meta::Attribute=HASH(0xf257e0)) called at /home/sand/src/perl/repoperls/installed-perls/perl/v5.21.1-115-gedd0583/9980/lib/site_perl/5.21.2/x86_64-linux-thread-multi/Class/MOP/Class.pm line 900
	Class::MOP::Class::try {...} () called at /home/sand/src/perl/repoperls/installed-perls/perl/v5.21.1-115-gedd0583/9980/lib/site_perl/5.21.2/Try/Tiny.pm line 81
	eval {...} called at /home/sand/src/perl/repoperls/installed-perls/perl/v5.21.1-115-gedd0583/9980/lib/site_perl/5.21.2/Try/Tiny.pm line 72
	Try::Tiny::try(CODE(0xf250a8), Try::Tiny::Catch=REF(0xf251e0)) called at /home/sand/src/perl/repoperls/installed-perls/perl/v5.21.1-115-gedd0583/9980/lib/site_perl/5.21.2/x86_64-linux-thread-multi/Class/MOP/Class.pm line 905
	Class::MOP::Class::_post_add_attribute(Moose::Meta::Class=HASH(0x1c5ab80), Moose::Meta::Attribute=HASH(0xf257e0)) called at /home/sand/src/perl/repoperls/installed-perls/perl/v5.21.1-115-gedd0583/9980/lib/site_perl/5.21.2/x86_64-linux-thread-multi/Class/MOP/Mixin/HasAttributes.pm line 41
	Class::MOP::Mixin::HasAttributes::add_attribute(Moose::Meta::Class=HASH(0x1c5ab80), Moose::Meta::Attribute=HASH(0xf257e0)) called at /home/sand/src/perl/repoperls/installed-perls/perl/v5.21.1-115-gedd0583/9980/lib/site_perl/5.21.2/x86_64-linux-thread-multi/Moose/Meta/Class.pm line 576
	Moose::Meta::Class::add_attribute(Moose::Meta::Class=HASH(0x1c5ab80), "file", "definition_context", HASH(0x251c8c8), "is", "ro") called at /home/sand/src/perl/repoperls/installed-perls/perl/v5.21.1-115-gedd0583/9980/lib/site_perl/5.21.2/x86_64-linux-thread-multi/Moose.pm line 77
	Moose::has(Moose::Meta::Class=HASH(0x1c5ab80), "file", "is", "ro") called at /home/sand/src/perl/repoperls/installed-perls/perl/v5.21.1-115-gedd0583/9980/lib/site_perl/5.21.2/x86_64-linux-thread-multi/Moose/Exporter.pm line 405
	Moose::has("file", "is", "ro") called at /tmp/loop_over_bdir-31694-BEvm1P/Google-AJAX-Library-0.022-XflpaH/blib/lib/Google/AJAX/Library.pm line 32
	require Google/AJAX/Library.pm called at t/02-library.t line 5
	main::BEGIN() called at /tmp/loop_over_bdir-31694-BEvm1P/Google-AJAX-Library-0.022-XflpaH/blib/lib/Google/AJAX/Library.pm line 0
	eval {...} called at /tmp/loop_over_bdir-31694-BEvm1P/Google-AJAX-Library-0.022-XflpaH/blib/lib/Google/AJAX/Library.pm line 0
t/02-library.t .. ok
\C is deprecated in regex; marked by <-- HERE in m/(\C <-- HERE )/ at /home/sand/src/perl/repoperls/installed-perls/perl/v5.21.1-115-gedd0583/9980/lib/site_perl/5.21.2/URI/Escape.pm line 205.
You are overwriting a locally defined function (file) with an accessor at /home/sand/src/perl/repoperls/installed-perls/perl/v5.21.1-115-gedd0583/9980/lib/site_perl/5.21.2/x86_64-linux-thread-multi/Moose/Meta/Attribute.pm line 1050.
	Moose::Meta::Attribute::_process_accessors(Moose::Meta::Attribute=HASH(0xede358), "reader", "file", undef) called at /home/sand/src/perl/repoperls/installed-perls/perl/v5.21.1-115-gedd0583/9980/lib/site_perl/5.21.2/x86_64-linux-thread-multi/Class/MOP/Attribute.pm line 452
	Class::MOP::Attribute::install_accessors(Moose::Meta::Attribute=HASH(0xede358)) called at /home/sand/src/perl/repoperls/installed-perls/perl/v5.21.1-115-gedd0583/9980/lib/site_perl/5.21.2/x86_64-linux-thread-multi/Moose/Meta/Attribute.pm line 997
	Moose::Meta::Attribute::install_accessors(Moose::Meta::Attribute=HASH(0xede358)) called at /home/sand/src/perl/repoperls/installed-perls/perl/v5.21.1-115-gedd0583/9980/lib/site_perl/5.21.2/x86_64-linux-thread-multi/Class/MOP/Class.pm line 900
	Class::MOP::Class::try {...} () called at /home/sand/src/perl/repoperls/installed-perls/perl/v5.21.1-115-gedd0583/9980/lib/site_perl/5.21.2/Try/Tiny.pm line 81
	eval {...} called at /home/sand/src/perl/repoperls/installed-perls/perl/v5.21.1-115-gedd0583/9980/lib/site_perl/5.21.2/Try/Tiny.pm line 72
	Try::Tiny::try(CODE(0xeddba8), Try::Tiny::Catch=REF(0xeddcb0)) called at /home/sand/src/perl/repoperls/installed-perls/perl/v5.21.1-115-gedd0583/9980/lib/site_perl/5.21.2/x86_64-linux-thread-multi/Class/MOP/Class.pm line 905
	Class::MOP::Class::_post_add_attribute(Moose::Meta::Class=HASH(0x1c139c0), Moose::Meta::Attribute=HASH(0xede358)) called at /home/sand/src/perl/repoperls/installed-perls/perl/v5.21.1-115-gedd0583/9980/lib/site_perl/5.21.2/x86_64-linux-thread-multi/Class/MOP/Mixin/HasAttributes.pm line 41
	Class::MOP::Mixin::HasAttributes::add_attribute(Moose::Meta::Class=HASH(0x1c139c0), Moose::Meta::Attribute=HASH(0xede358)) called at /home/sand/src/perl/repoperls/installed-perls/perl/v5.21.1-115-gedd0583/9980/lib/site_perl/5.21.2/x86_64-linux-thread-multi/Moose/Meta/Class.pm line 576
	Moose::Meta::Class::add_attribute(Moose::Meta::Class=HASH(0x1c139c0), "file", "definition_context", HASH(0x24d5878), "is", "ro") called at /home/sand/src/perl/repoperls/installed-perls/perl/v5.21.1-115-gedd0583/9980/lib/site_perl/5.21.2/x86_64-linux-thread-multi/Moose.pm line 77
	Moose::has(Moose::Meta::Class=HASH(0x1c139c0), "file", "is", "ro") called at /home/sand/src/perl/repoperls/installed-perls/perl/v5.21.1-115-gedd0583/9980/lib/site_perl/5.21.2/x86_64-linux-thread-multi/Moose/Exporter.pm line 405
	Moose::has("file", "is", "ro") called at /tmp/loop_over_bdir-31694-BEvm1P/Google-AJAX-Library-0.022-XflpaH/blib/lib/Google/AJAX/Library.pm line 32
	require Google/AJAX/Library.pm called at t/03-fetch.t line 5
	main::BEGIN() called at /tmp/loop_over_bdir-31694-BEvm1P/Google-AJAX-Library-0.022-XflpaH/blib/lib/Google/AJAX/Library.pm line 0
	eval {...} called at /tmp/loop_over_bdir-31694-BEvm1P/Google-AJAX-Library-0.022-XflpaH/blib/lib/Google/AJAX/Library.pm line 0
t/03-fetch.t .... skipped: Not going out to http://ajax.googleapis.com to test fetching/writing

Test Summary Report
-------------------
t/01-basic.t  (Wstat: 256 Tests: 25 Failed: 1)
  Failed test:  4
  Non-zero exit status: 1
Files=3, Tests=61,  0 wallclock secs ( 0.03 usr  0.01 sys +  0.72 cusr  0.05 csys =  0.81 CPU)
Result: FAIL
Failed 1/3 test programs. 1/61 subtests failed.
Makefile:849: recipe for target 'test_dynamic' failed
make: *** [test_dynamic] Error 255

------------------------------
PREREQUISITES
------------------------------

Prerequisite modules loaded:

requires:

    Module              Need Have  
    ------------------- ---- ------
    Carp::Clan::Share   0    0.013 
    HTML::Declare       0    2.4   
    LWP::UserAgent      0    6.06  
    Moose               0    2.1210
    Path::Class         0    0.33  
    URI                 0    1.61  

build_requires:

    Module              Need Have  
    ------------------- ---- ------
    File::Temp          0    0.2304
    Test::Most          0    0.33  

configure_requires:

    Module              Need Have  
    ------------------- ---- ------
    ExtUtils::MakeMaker 6.31 6.98  


------------------------------
ENVIRONMENT AND OTHER CONTEXT
------------------------------

Environment variables:

    AUTOMATED_TESTING = 1
    LANG = en_US.UTF-8
    LANGUAGE = en_US:en
    PATH = /usr/lib/ccache:/home/sand/bin:/usr/local/bin:/usr/bin:/bin:/usr/games:/usr/local/perl/bin:/usr/X11/bin:/sbin:/usr/sbin
    PERL5LIB = 
    PERL5OPT = 
    PERL5_CPANPLUS_IS_RUNNING = 4295
    PERL5_CPAN_IS_RUNNING = 4295
    PERL_MM_USE_DEFAULT = 1
    SHELL = /usr/bin/zsh
    TERM = screen

Perl special variables (and OS-specific diagnostics, for MSWin32):

    $^X = /tmp/basesmoker-reloperl-PDcD/bin/perl
    $UID/$EUID = 1005 / 1005
    $GID = 1005 1005
    $EGID = 1005 1005

Perl module toolchain versions installed:

    Module              Have    
    ------------------- --------
    CPAN                2.05    
    CPAN::Meta          2.141520
    Cwd                 3.48    
    ExtUtils::CBuilder  0.280216
    ExtUtils::Command   1.18    
    ExtUtils::Install   1.68    
    ExtUtils::MakeMaker 6.98    
    ExtUtils::Manifest  1.63    
    ExtUtils::ParseXS   3.25    
    File::Spec          3.48    
    JSON                2.90    
    JSON::PP            2.27203 
    Module::Build       0.4205  
    Module::Signature   0.73    
    Parse::CPAN::Meta   1.4414  
    Test::Harness       3.32    
    Test::More          1.001003
    YAML                0.94    
    YAML::Syck          1.27    
    version             0.9908  


--

Summary of my perl5 (revision 5 version 21 subversion 2) configuration:
  Commit id: edd0583e505bf8be15700db63562c98bdf8be40c
  Platform:
    osname=linux, osvers=3.14-1-amd64, archname=x86_64-linux-thread-multi
    uname='linux k83 3.14-1-amd64 #1 smp debian 3.14.5-1 (2014-06-05) x86_64 gnulinux '
    config_args='-Dprefix=/home/sand/src/perl/repoperls/installed-perls/perl/v5.21.1-115-gedd0583/9980 -Dmyhostname=k83 -Dinstallusrbinperl=n -Uversiononly -Dusedevel -des -Ui_db -Duseithreads -Uuselongdouble -DDEBUGGING=-g'
    hint=recommended, useposix=true, d_sigaction=define
    useithreads=define, usemultiplicity=define
    use64bitint=define, use64bitall=define, uselongdouble=undef
    usemymalloc=n, bincompat5005=undef
  Compiler:
    cc='cc', ccflags ='-D_REENTRANT -D_GNU_SOURCE -fwrapv -fno-strict-aliasing -pipe -fstack-protector -I/usr/local/include -D_LARGEFILE_SOURCE -D_FILE_OFFSET_BITS=64 -D_FORTIFY_SOURCE=2',
    optimize='-O2 -g',
    cppflags='-D_REENTRANT -D_GNU_SOURCE -fwrapv -fno-strict-aliasing -pipe -fstack-protector -I/usr/local/include'
    ccversion='', gccversion='4.8.3', gccosandvers=''
    intsize=4, longsize=8, ptrsize=8, doublesize=8, byteorder=12345678
    d_longlong=define, longlongsize=8, d_longdbl=define, longdblsize=16
    ivtype='long', ivsize=8, nvtype='double', nvsize=8, Off_t='off_t', lseeksize=8
    alignbytes=8, prototype=define
  Linker and Libraries:
    ld='cc', ldflags =' -fstack-protector -L/usr/local/lib'
    libpth=/usr/local/lib /usr/lib/gcc/x86_64-linux-gnu/4.8/include-fixed /usr/include/x86_64-linux-gnu /usr/lib /lib/x86_64-linux-gnu /lib/../lib /usr/lib/x86_64-linux-gnu /usr/lib/../lib /lib
    libs=-lnsl -lgdbm -ldb -ldl -lm -lcrypt -lutil -lpthread -lc -lgdbm_compat
    perllibs=-lnsl -ldl -lm -lcrypt -lutil -lpthread -lc
    libc=libc-2.19.so, so=so, useshrplib=false, libperl=libperl.a
    gnulibc_version='2.19'
  Dynamic Linking:
    dlsrc=dl_dlopen.xs, dlext=so, d_dlsymun=undef, ccdlflags='-Wl,-E'
    cccdlflags='-fPIC', lddlflags='-shared -O2 -g -L/usr/local/lib -fstack-protector'


Characteristics of this binary (from libperl): 
  Compile-time options: HAS_TIMES MULTIPLICITY PERLIO_LAYERS
                        PERL_DONT_CREATE_GVSV
                        PERL_HASH_FUNC_ONE_AT_A_TIME_HARD
                        PERL_IMPLICIT_CONTEXT PERL_MALLOC_WRAP
                        PERL_NEW_COPY_ON_WRITE PERL_PRESERVE_IVUV
                        PERL_USE_DEVEL USE_64_BIT_ALL USE_64_BIT_INT
                        USE_ITHREADS USE_LARGE_FILES USE_LOCALE
                        USE_LOCALE_COLLATE USE_LOCALE_CTYPE
                        USE_LOCALE_NUMERIC USE_PERLIO USE_PERL_ATOF
                        USE_REENTRANT_API
  Built under linux
  Compiled at Jul  6 2014 13:46:29
  %ENV:
    PERL5LIB=""
    PERL5OPT=""
    PERL5_CPANPLUS_IS_RUNNING="4295"
    PERL5_CPAN_IS_RUNNING="4295"
    PERL_MM_USE_DEFAULT="1"
  @INC:
    /home/sand/src/perl/repoperls/installed-perls/perl/v5.21.1-115-gedd0583/9980/lib/site_perl/5.21.2/x86_64-linux-thread-multi
    /home/sand/src/perl/repoperls/installed-perls/perl/v5.21.1-115-gedd0583/9980/lib/site_perl/5.21.2
    /home/sand/src/perl/repoperls/installed-perls/perl/v5.21.1-115-gedd0583/9980/lib/5.21.2/x86_64-linux-thread-multi
    /home/sand/src/perl/repoperls/installed-perls/perl/v5.21.1-115-gedd0583/9980/lib/5.21.2
    .