Report for Algorithm-SAT-Backtracking-0.03

Back
From: metabase:user:30f4dfbe-2aae-11df-837a-5e0a49663a4f
Subject: FAIL Algorithm-SAT-Backtracking-0.03 v5.8.8 Mac OS X
Date: 2014-12-11T02:23:58Z

This distribution has been tested as part of the CPAN Testers
project, supporting the Perl programming language.  See
http://wiki.cpantesters.org/ for more information or email
questions to cpan-testers-discuss@perl.org


--
Dear Ettore Di Giacinto,

This is a computer-generated report for Algorithm-SAT-Backtracking-0.03
on perl 5.8.8, created by CPAN-Reporter-1.2011.

Thank you for uploading your work to CPAN.  However, there was a problem
testing your distribution.

If you think this report is invalid, please consult the CPAN Testers Wiki
for suggestions on how to avoid getting FAIL reports for missing library
or binary dependencies, unsupported operating systems, and so on:

http://wiki.cpantesters.org/wiki/CPANAuthorNotes

Sections of this report:

    * Tester comments
    * Program output
    * Prerequisites
    * Environment and other context

------------------------------
TESTER COMMENTS
------------------------------

Additional comments from tester:

this report is from an automated smoke testing program
and was not reviewed by a human for accuracy

------------------------------
PROGRAM OUTPUT
------------------------------

Output from './Build test':

Warning: Use of "shift" without parentheses is ambiguous at /Users/hornenj/.cpan/build/Algorithm-SAT-Backtracking-0.03-pwQ6VJ/blib/lib/Algorithm/SAT/Backtracking.pm line 34.

#   Failed test 'use Algorithm::SAT::Backtracking;'
#   at t/00_compile.t line 4.
#     Tried to use 'Algorithm::SAT::Backtracking'.
#     Error:  syntax error at /Users/hornenj/.cpan/build/Algorithm-SAT-Backtracking-0.03-pwQ6VJ/blib/lib/Algorithm/SAT/Backtracking.pm line 34, near "// {"
# Global symbol "$model" requires explicit package name at /Users/hornenj/.cpan/build/Algorithm-SAT-Backtracking-0.03-pwQ6VJ/blib/lib/Algorithm/SAT/Backtracking.pm line 39.
# Global symbol "$self" requires explicit package name at /Users/hornenj/.cpan/build/Algorithm-SAT-Backtracking-0.03-pwQ6VJ/blib/lib/Algorithm/SAT/Backtracking.pm line 41.
# Global symbol "$model" requires explicit package name at /Users/hornenj/.cpan/build/Algorithm-SAT-Backtracking-0.03-pwQ6VJ/blib/lib/Algorithm/SAT/Backtracking.pm line 41.
# Global symbol "$self" requires explicit package name at /Users/hornenj/.cpan/build/Algorithm-SAT-Backtracking-0.03-pwQ6VJ/blib/lib/Algorithm/SAT/Backtracking.pm line 42.
# Global symbol "$model" requires explicit package name at /Users/hornenj/.cpan/build/Algorithm-SAT-Backtracking-0.03-pwQ6VJ/blib/lib/Algorithm/SAT/Backtracking.pm line 42.
# Global symbol "$clauses" requires explicit package name at /Users/hornenj/.cpan/build/Algorithm-SAT-Backtracking-0.03-pwQ6VJ/blib/lib/Algorithm/SAT/Backtracking.pm line 45.
# Global symbol "$self" requires explicit package name at /Users/hornenj/.cpan/build/Algorithm-SAT-Backtracking-0.03-pwQ6VJ/blib/lib/Algorithm/SAT/Backtracking.pm line 54.
# Global symbol "$model" requires explicit package name at /Users/hornenj/.cpan/build/Algorithm-SAT-Backtracking-0.03-pwQ6VJ/blib/lib/Algorithm/SAT/Backtracking.pm line 54.
# Global symbol "$self" requires explicit package name at /Users/hornenj/.cpan/build/Algorithm-SAT-Backtracking-0.03-pwQ6VJ/blib/lib/Algorithm/SAT/Backtracking.pm line 55.
# Global symbol "$model" requires explicit package name at /Users/hornenj/.cpan/build/Algorithm-SAT-Backtracking-0.03-pwQ6VJ/blib/lib/Algorithm/SAT/Backtracking.pm line 55.
# Global symbol "$clauses" requires explicit package name at /Users/hornenj/.cpan/build/Algorithm-SAT-Backtracking-0.03-pwQ6VJ/blib/lib/Algorithm/SAT/Backtracking.pm line 58.
# Global symbol "$variables" requires explicit package name at /Users/hornenj/.cpan/build/Algorithm-SAT-Backtracking-0.03-pwQ6VJ/blib/lib/Algorithm/SAT/Backtracking.pm line 66.
# Global symbol "$model" requires explicit package name at /Users/hornenj/.cpan/build/Algorithm-SAT-Backtracking-0.03-pwQ6VJ/blib/lib/Algorithm/SAT/Backtracking.pm line 67.
# Global symbol "$self" requires explicit package name at /Users/hornenj/.cpan/build/Algorithm-SAT-Backtracking-0.03-pwQ6VJ/blib/lib/Algorithm/SAT/Backtracking.pm line 76.
# Global symbol "$variables" requires explicit package name at /Users/hornenj/.cpan/build/Algorithm-SAT-Backtracking-0.03-pwQ6VJ/blib/lib/Algorithm/SAT/Backtracking.pm line 76.
# Global symbol "$clauses" requires explicit package name at /Users/hornenj/.cpan/build/Algorithm-SAT-Backtracking-0.03-pwQ6VJ/blib/lib/Algorithm/SAT/Backtracking.pm line 76.
# Global symbol "$self" requires explicit package name at /Users/hornenj/.cpan/build/Algorithm-SAT-Backtracking-0.03-pwQ6VJ/blib/lib/Algorithm/SAT/Backtracking.pm line 77.
# Global symbol "$model" requires explicit package name at /Users/hornenj/.cpan/build/Algorithm-SAT-Backtracking-0.03-pwQ6VJ/blib/lib/Algorithm/SAT/Backtracking.pm line 77.
# Global symbol "$self" requires explicit package name at /Users/hornenj/.cpan/build/Algorithm-SAT-Backtracking-0.03-pwQ6VJ/blib/lib/Algorithm/SAT/Backtracking.pm line 78.
# Global symbol "$variables" requires explicit package name at /Users/hornenj/.cpan/build/Algorithm-SAT-Backtracking-0.03-pwQ6VJ/blib/lib/Algorithm/SAT/Backtracking.pm line 78.
# Global symbol "$clauses" requires explicit package name at /Users/hornenj/.cpan/build/Algorithm-SAT-Backtracking-0.03-pwQ6VJ/blib/lib/Algorithm/SAT/Backtracking.pm line 78.
# Global symbol "$self" requires explicit package name at /Users/hornenj/.cpan/build/Algorithm-SAT-Backtracking-0.03-pwQ6VJ/blib/lib/Algorithm/SAT/Backtracking.pm line 79.
# Global symbol "$model" requires explicit package name at /Users/hornenj/.cpan/build/Algorithm-SAT-Backtracking-0.03-pwQ6VJ/blib/lib/Algorithm/SAT/Backtracking.pm line 79.
# syntax error at /Users/hornenj/.cpan/build/Algorithm-SAT-Backtracking-0.03-pwQ6VJ/blib/lib/Algorithm/SAT/Backtracking.pm line 80, near "}"
# /Users/hornenj/.cpan/build/Algorithm-SAT-Backtracking-0.03-pwQ6VJ/blib/lib/Algorithm/SAT/Backtracking.pm has too many errors.
# Compilation failed in require at t/00_compile.t line 4.
# BEGIN failed--compilation aborted at t/00_compile.t line 4.
# Looks like you failed 1 test of 1.
t/00_compile.t ..... 
Dubious, test returned 1 (wstat 256, 0x100)
Failed 1/1 subtests 
Warning: Use of "shift" without parentheses is ambiguous at /Users/hornenj/.cpan/build/Algorithm-SAT-Backtracking-0.03-pwQ6VJ/blib/lib/Algorithm/SAT/Backtracking.pm line 34.

#   Failed test 'use Algorithm::SAT::Backtracking;'
#   at t/01_backtrack.t line 5.
#     Tried to use 'Algorithm::SAT::Backtracking'.
#     Error:  syntax error at /Users/hornenj/.cpan/build/Algorithm-SAT-Backtracking-0.03-pwQ6VJ/blib/lib/Algorithm/SAT/Backtracking.pm line 34, near "// {"
# Global symbol "$model" requires explicit package name at /Users/hornenj/.cpan/build/Algorithm-SAT-Backtracking-0.03-pwQ6VJ/blib/lib/Algorithm/SAT/Backtracking.pm line 39.
# Global symbol "$self" requires explicit package name at /Users/hornenj/.cpan/build/Algorithm-SAT-Backtracking-0.03-pwQ6VJ/blib/lib/Algorithm/SAT/Backtracking.pm line 41.
# Global symbol "$model" requires explicit package name at /Users/hornenj/.cpan/build/Algorithm-SAT-Backtracking-0.03-pwQ6VJ/blib/lib/Algorithm/SAT/Backtracking.pm line 41.
# Global symbol "$self" requires explicit package name at /Users/hornenj/.cpan/build/Algorithm-SAT-Backtracking-0.03-pwQ6VJ/blib/lib/Algorithm/SAT/Backtracking.pm line 42.
# Global symbol "$model" requires explicit package name at /Users/hornenj/.cpan/build/Algorithm-SAT-Backtracking-0.03-pwQ6VJ/blib/lib/Algorithm/SAT/Backtracking.pm line 42.
# Global symbol "$clauses" requires explicit package name at /Users/hornenj/.cpan/build/Algorithm-SAT-Backtracking-0.03-pwQ6VJ/blib/lib/Algorithm/SAT/Backtracking.pm line 45.
# Global symbol "$self" requires explicit package name at /Users/hornenj/.cpan/build/Algorithm-SAT-Backtracking-0.03-pwQ6VJ/blib/lib/Algorithm/SAT/Backtracking.pm line 54.
# Global symbol "$model" requires explicit package name at /Users/hornenj/.cpan/build/Algorithm-SAT-Backtracking-0.03-pwQ6VJ/blib/lib/Algorithm/SAT/Backtracking.pm line 54.
# Global symbol "$self" requires explicit package name at /Users/hornenj/.cpan/build/Algorithm-SAT-Backtracking-0.03-pwQ6VJ/blib/lib/Algorithm/SAT/Backtracking.pm line 55.
# Global symbol "$model" requires explicit package name at /Users/hornenj/.cpan/build/Algorithm-SAT-Backtracking-0.03-pwQ6VJ/blib/lib/Algorithm/SAT/Backtracking.pm line 55.
# Global symbol "$clauses" requires explicit package name at /Users/hornenj/.cpan/build/Algorithm-SAT-Backtracking-0.03-pwQ6VJ/blib/lib/Algorithm/SAT/Backtracking.pm line 58.
# Global symbol "$variables" requires explicit package name at /Users/hornenj/.cpan/build/Algorithm-SAT-Backtracking-0.03-pwQ6VJ/blib/lib/Algorithm/SAT/Backtracking.pm line 66.
# Global symbol "$model" requires explicit package name at /Users/hornenj/.cpan/build/Algorithm-SAT-Backtracking-0.03-pwQ6VJ/blib/lib/Algorithm/SAT/Backtracking.pm line 67.
# Global symbol "$self" requires explicit package name at /Users/hornenj/.cpan/build/Algorithm-SAT-Backtracking-0.03-pwQ6VJ/blib/lib/Algorithm/SAT/Backtracking.pm line 76.
# Global symbol "$variables" requires explicit package name at /Users/hornenj/.cpan/build/Algorithm-SAT-Backtracking-0.03-pwQ6VJ/blib/lib/Algorithm/SAT/Backtracking.pm line 76.
# Global symbol "$clauses" requires explicit package name at /Users/hornenj/.cpan/build/Algorithm-SAT-Backtracking-0.03-pwQ6VJ/blib/lib/Algorithm/SAT/Backtracking.pm line 76.
# Global symbol "$self" requires explicit package name at /Users/hornenj/.cpan/build/Algorithm-SAT-Backtracking-0.03-pwQ6VJ/blib/lib/Algorithm/SAT/Backtracking.pm line 77.
# Global symbol "$model" requires explicit package name at /Users/hornenj/.cpan/build/Algorithm-SAT-Backtracking-0.03-pwQ6VJ/blib/lib/Algorithm/SAT/Backtracking.pm line 77.
# Global symbol "$self" requires explicit package name at /Users/hornenj/.cpan/build/Algorithm-SAT-Backtracking-0.03-pwQ6VJ/blib/lib/Algorithm/SAT/Backtracking.pm line 78.
# Global symbol "$variables" requires explicit package name at /Users/hornenj/.cpan/build/Algorithm-SAT-Backtracking-0.03-pwQ6VJ/blib/lib/Algorithm/SAT/Backtracking.pm line 78.
# Global symbol "$clauses" requires explicit package name at /Users/hornenj/.cpan/build/Algorithm-SAT-Backtracking-0.03-pwQ6VJ/blib/lib/Algorithm/SAT/Backtracking.pm line 78.
# Global symbol "$self" requires explicit package name at /Users/hornenj/.cpan/build/Algorithm-SAT-Backtracking-0.03-pwQ6VJ/blib/lib/Algorithm/SAT/Backtracking.pm line 79.
# Global symbol "$model" requires explicit package name at /Users/hornenj/.cpan/build/Algorithm-SAT-Backtracking-0.03-pwQ6VJ/blib/lib/Algorithm/SAT/Backtracking.pm line 79.
# syntax error at /Users/hornenj/.cpan/build/Algorithm-SAT-Backtracking-0.03-pwQ6VJ/blib/lib/Algorithm/SAT/Backtracking.pm line 80, near "}"
# /Users/hornenj/.cpan/build/Algorithm-SAT-Backtracking-0.03-pwQ6VJ/blib/lib/Algorithm/SAT/Backtracking.pm has too many errors.
# Compilation failed in require at t/01_backtrack.t line 5.
# BEGIN failed--compilation aborted at t/01_backtrack.t line 5.
Can't locate object method "resolve" via package "Algorithm::SAT::Backtracking" at t/01_backtrack.t line 13.
    # Child (resolve()) exited without calling finalize()

#   Failed test 'resolve()'
#   at t/01_backtrack.t line 0.
# Tests were run but no plan was declared and done_testing() was not seen.
# Looks like your test exited with 255 just after 2.
t/01_backtrack.t ... 
Dubious, test returned 255 (wstat 65280, 0xff00)
Failed 2/2 subtests 
Warning: Use of "shift" without parentheses is ambiguous at /Users/hornenj/.cpan/build/Algorithm-SAT-Backtracking-0.03-pwQ6VJ/blib/lib/Algorithm/SAT/Backtracking.pm line 34.
syntax error at /Users/hornenj/.cpan/build/Algorithm-SAT-Backtracking-0.03-pwQ6VJ/blib/lib/Algorithm/SAT/Backtracking.pm line 34, near "// {"
Global symbol "$model" requires explicit package name at /Users/hornenj/.cpan/build/Algorithm-SAT-Backtracking-0.03-pwQ6VJ/blib/lib/Algorithm/SAT/Backtracking.pm line 39.
Global symbol "$self" requires explicit package name at /Users/hornenj/.cpan/build/Algorithm-SAT-Backtracking-0.03-pwQ6VJ/blib/lib/Algorithm/SAT/Backtracking.pm line 41.
Global symbol "$model" requires explicit package name at /Users/hornenj/.cpan/build/Algorithm-SAT-Backtracking-0.03-pwQ6VJ/blib/lib/Algorithm/SAT/Backtracking.pm line 41.
Global symbol "$self" requires explicit package name at /Users/hornenj/.cpan/build/Algorithm-SAT-Backtracking-0.03-pwQ6VJ/blib/lib/Algorithm/SAT/Backtracking.pm line 42.
Global symbol "$model" requires explicit package name at /Users/hornenj/.cpan/build/Algorithm-SAT-Backtracking-0.03-pwQ6VJ/blib/lib/Algorithm/SAT/Backtracking.pm line 42.
Global symbol "$clauses" requires explicit package name at /Users/hornenj/.cpan/build/Algorithm-SAT-Backtracking-0.03-pwQ6VJ/blib/lib/Algorithm/SAT/Backtracking.pm line 45.
Global symbol "$self" requires explicit package name at /Users/hornenj/.cpan/build/Algorithm-SAT-Backtracking-0.03-pwQ6VJ/blib/lib/Algorithm/SAT/Backtracking.pm line 54.
Global symbol "$model" requires explicit package name at /Users/hornenj/.cpan/build/Algorithm-SAT-Backtracking-0.03-pwQ6VJ/blib/lib/Algorithm/SAT/Backtracking.pm line 54.
Global symbol "$self" requires explicit package name at /Users/hornenj/.cpan/build/Algorithm-SAT-Backtracking-0.03-pwQ6VJ/blib/lib/Algorithm/SAT/Backtracking.pm line 55.
Global symbol "$model" requires explicit package name at /Users/hornenj/.cpan/build/Algorithm-SAT-Backtracking-0.03-pwQ6VJ/blib/lib/Algorithm/SAT/Backtracking.pm line 55.
Global symbol "$clauses" requires explicit package name at /Users/hornenj/.cpan/build/Algorithm-SAT-Backtracking-0.03-pwQ6VJ/blib/lib/Algorithm/SAT/Backtracking.pm line 58.
Global symbol "$variables" requires explicit package name at /Users/hornenj/.cpan/build/Algorithm-SAT-Backtracking-0.03-pwQ6VJ/blib/lib/Algorithm/SAT/Backtracking.pm line 66.
Global symbol "$model" requires explicit package name at /Users/hornenj/.cpan/build/Algorithm-SAT-Backtracking-0.03-pwQ6VJ/blib/lib/Algorithm/SAT/Backtracking.pm line 67.
Global symbol "$self" requires explicit package name at /Users/hornenj/.cpan/build/Algorithm-SAT-Backtracking-0.03-pwQ6VJ/blib/lib/Algorithm/SAT/Backtracking.pm line 76.
Global symbol "$variables" requires explicit package name at /Users/hornenj/.cpan/build/Algorithm-SAT-Backtracking-0.03-pwQ6VJ/blib/lib/Algorithm/SAT/Backtracking.pm line 76.
Global symbol "$clauses" requires explicit package name at /Users/hornenj/.cpan/build/Algorithm-SAT-Backtracking-0.03-pwQ6VJ/blib/lib/Algorithm/SAT/Backtracking.pm line 76.
Global symbol "$self" requires explicit package name at /Users/hornenj/.cpan/build/Algorithm-SAT-Backtracking-0.03-pwQ6VJ/blib/lib/Algorithm/SAT/Backtracking.pm line 77.
Global symbol "$model" requires explicit package name at /Users/hornenj/.cpan/build/Algorithm-SAT-Backtracking-0.03-pwQ6VJ/blib/lib/Algorithm/SAT/Backtracking.pm line 77.
Global symbol "$self" requires explicit package name at /Users/hornenj/.cpan/build/Algorithm-SAT-Backtracking-0.03-pwQ6VJ/blib/lib/Algorithm/SAT/Backtracking.pm line 78.
Global symbol "$variables" requires explicit package name at /Users/hornenj/.cpan/build/Algorithm-SAT-Backtracking-0.03-pwQ6VJ/blib/lib/Algorithm/SAT/Backtracking.pm line 78.
Global symbol "$clauses" requires explicit package name at /Users/hornenj/.cpan/build/Algorithm-SAT-Backtracking-0.03-pwQ6VJ/blib/lib/Algorithm/SAT/Backtracking.pm line 78.
Global symbol "$self" requires explicit package name at /Users/hornenj/.cpan/build/Algorithm-SAT-Backtracking-0.03-pwQ6VJ/blib/lib/Algorithm/SAT/Backtracking.pm line 79.
Global symbol "$model" requires explicit package name at /Users/hornenj/.cpan/build/Algorithm-SAT-Backtracking-0.03-pwQ6VJ/blib/lib/Algorithm/SAT/Backtracking.pm line 79.
syntax error at /Users/hornenj/.cpan/build/Algorithm-SAT-Backtracking-0.03-pwQ6VJ/blib/lib/Algorithm/SAT/Backtracking.pm line 80, near "}"
/Users/hornenj/.cpan/build/Algorithm-SAT-Backtracking-0.03-pwQ6VJ/blib/lib/Algorithm/SAT/Backtracking.pm has too many errors.
Compilation failed in require at t/02_expression.t line 3.
BEGIN failed--compilation aborted at t/02_expression.t line 3.
t/02_expression.t .. 
Dubious, test returned 255 (wstat 65280, 0xff00)
No subtests run 

Test Summary Report
-------------------
t/00_compile.t   (Wstat: 256 Tests: 1 Failed: 1)
  Failed test:  1
  Non-zero exit status: 1
t/01_backtrack.t (Wstat: 65280 Tests: 2 Failed: 2)
  Failed tests:  1-2
  Non-zero exit status: 255
  Parse errors: No plan found in TAP output
t/02_expression.t (Wstat: 65280 Tests: 0 Failed: 0)
  Non-zero exit status: 255
  Parse errors: No plan found in TAP output
Files=3, Tests=3,  0 wallclock secs ( 0.02 usr  0.01 sys +  0.06 cusr  0.01 csys =  0.10 CPU)
Result: FAIL

------------------------------
PREREQUISITES
------------------------------

Prerequisite modules loaded:

requires:

    Module              Need     Have    
    ------------------- -------- --------
    perl                5.008001 5.008008

build_requires:

    Module              Need     Have    
    ------------------- -------- --------
    Test::More          0.98     1.001009

configure_requires:

    Module              Need     Have    
    ------------------- -------- --------
    Module::Build::Tiny 0.035    0.039   


------------------------------
ENVIRONMENT AND OTHER CONTEXT
------------------------------

Environment variables:

    AUTOMATED_TESTING = 1
    LANG = en_US.UTF-8
    LC_ALL = POSIX
    LD_LIBRARY_PATH = :/net/traces01.be-md.ncbi.nlm.nih.gov/trace_software/vdb/mac/release/x86_64/lib
    PATH = /Users/hornenj/perl5/perlbrew/bin:/Users/hornenj/perl5/perlbrew/perls/perl-5.6.2/bin:/Users/hornenj/perl5/perlbrew/bin:/Users/hornenj/perl5/perlbrew/perls/perl-5.8.8/bin:/Users/hornenj/bin:/sw/lib/perl5/ExtUtils:/sw/bin:/am/ncbiapdata/bin:/usr/bin:/bin:/usr/X11R6/bin:/netopt/ncbi_tools/bin:/usr/local/ncbi/blast/bin:/net/traces01.be-md.ncbi.nlm.nih.gov/trace_software/vdb/mac/release/x86_64/bin
    PERL5LIB = 
    PERL5OPT = 
    PERL5_CPANPLUS_IS_RUNNING = 92744
    PERL5_CPAN_IS_RUNNING = 92744
    PERL5_MINISMOKEBOX = 0.58
    PERLBREW_BASHRC_VERSION = 0.69
    PERLBREW_HOME = /Users/hornenj/.perlbrew
    PERLBREW_MANPATH = /Users/hornenj/perl5/perlbrew/perls/perl-5.6.2/man
    PERLBREW_PATH = /Users/hornenj/perl5/perlbrew/bin:/Users/hornenj/perl5/perlbrew/perls/perl-5.6.2/bin
    PERLBREW_PERL = perl-5.6.2
    PERLBREW_ROOT = /Users/hornenj/perl5/perlbrew
    PERLBREW_VERSION = 0.69
    PERL_EXTUTILS_AUTOINSTALL = --defaultdeps
    PERL_MM_USE_DEFAULT = 1
    SHELL = /bin/bash
    TERM = xterm-256color
    TMPDIR = /var/folders/pz/pd7y1qjs6s3cbk170cw50fjc000c61/T/
    VERSIONER_PERL_PREFER_32_BIT = no
    VERSIONER_PERL_VERSION = 5.16
    ac_cv_path_INTLTOOL_PERL = /usr/bin/perl

Perl special variables (and OS-specific diagnostics, for MSWin32):

    $^X = /Users/hornenj/perl5/perlbrew/perls/perl-5.8.8/bin/perl
    $UID/$EUID = 12481 / 12481
    $GID = 14 241 527 5344 14
    $EGID = 14 241 527 5344 14

Perl module toolchain versions installed:

    Module              Have    
    ------------------- --------
    CPAN                2.05    
    CPAN::Meta          2.143240
    Cwd                 3.47    
    ExtUtils::CBuilder  0.280220
    ExtUtils::Command   1.18    
    ExtUtils::Install   2.04    
    ExtUtils::MakeMaker 7.04    
    ExtUtils::Manifest  1.69    
    ExtUtils::ParseXS   3.24    
    File::Spec          3.47    
    JSON                2.90    
    JSON::PP            2.27300 
    Module::Build       0.4210  
    Module::Signature   n/a     
    Parse::CPAN::Meta   1.4414  
    Test::Harness       3.34    
    Test::More          1.001009
    YAML                1.13    
    YAML::Syck          1.27    
    version             0.9909  


--

Summary of my perl5 (revision 5 version 8 subversion 8) configuration:
  Platform:
    osname=darwin, osvers=12.5.0, archname=darwin-thread-multi-2level
    uname='darwin ncbimac2008.ncbi.nlm.nih.gov 12.5.0 darwin kernel version 12.5.0: sun sep 29 13:33:47 pdt 2013; root:xnu-2050.48.12~1release_x86_64 x86_64 '
    config_args='-de -Dprefix=/Users/hornenj/perl5/perlbrew/perls/perl-5.8.8 -Duseithreads -Dusemultiplicity -Accflags=-O2 -W -Wformat=2 -Wswitch -Wshadow -Wwrite-strings -Wuninitialized -Wall -pipe -mtune=native -march=native -fomit-frame-pointer -msse2 -msse -mmmx -pedantic -D_FORTIFY_SOURCE=2 -Wpointer-arith -Wstrict-prototypes -fstack-protector -Wstack-protector -Wextra -Wbad-function-cast -Wcast-align -Wcast-qual -Wdisabled-optimization -Wendif-labels -Wfloat-equal -Wformat-nonliteral -Winline -Wmissing-declarations -Wmissing-prototypes -Wnested-externs -Wpointer-arith -Wundef -Wformat-security -fassociative-math -Acc=cc -Aeval:scriptdir=/Users/hornenj/perl5/perlbrew/perls/perl-5.8.8/bin'
    hint=recommended, useposix=true, d_sigaction=define
    usethreads=define use5005threads=undef useithreads=define usemultiplicity=define
    useperlio=define d_sfio=undef uselargefiles=define usesocks=undef
    use64bitint=define use64bitall=define uselongdouble=undef
    usemymalloc=n, bincompat5005=undef
  Compiler:
    cc=' cc', ccflags ='-fno-common -DPERL_DARWIN -O2 -W -Wformat=2 -Wswitch -Wshadow -Wwrite-strings -Wuninitialized -Wall -pipe -mtune=native -march=native -fomit-frame-pointer -msse2 -msse -mmmx -pedantic -D_FORTIFY_SOURCE=2 -Wpointer-arith -Wstrict-prototypes -fstack-protector -Wstack-protector -Wextra -Wbad-function-cast -Wcast-align -Wcast-qual -Wdisabled-optimization -Wendif-labels -Wfloat-equal -Wformat-nonliteral -Winline -Wmissing-declarations -Wmissing-prototypes -Wnested-externs -Wpointer-arith -Wundef -Wformat-security -fassociative-math -fno-strict-aliasing -Wdeclaration-after-statement -I/usr/local/include',
    optimize='-O3',
    cppflags='-fno-common -DPERL_DARWIN -O2 -W -Wformat=2 -Wswitch -Wshadow -Wwrite-strings -Wuninitialized -Wall -pipe -mtune=native -march=native -fomit-frame-pointer -msse2 -msse -mmmx -pedantic -D_FORTIFY_SOURCE=2 -Wpointer-arith -Wstrict-prototypes -fstack-protector -Wstack-protector -Wextra -Wbad-function-cast -Wcast-align -Wcast-qual -Wdisabled-optimization -Wendif-labels -Wfloat-equal -Wformat-nonliteral -Winline -Wmissing-declarations -Wmissing-prototypes -Wnested-externs -Wpointer-arith -Wundef -Wformat-security -fassociative-math -fno-strict-aliasing -Wdeclaration-after-statement -I/usr/local/include'
    ccversion='', gccversion='4.2.1 Compatible Apple LLVM 4.2 (clang-425.0.24)', gccosandvers=''
    intsize=4, longsize=8, ptrsize=8, doublesize=8, byteorder=12345678
    d_longlong=define, longlongsize=8, d_longdbl=define, longdblsize=16
    ivtype='long', ivsize=8, nvtype='double', nvsize=8, Off_t='off_t', lseeksize=8
    alignbytes=8, prototype=define
  Linker and Libraries:
    ld='env MACOSX_DEPLOYMENT_TARGET=10.3 cc', ldflags =' -L/usr/local/lib'
    libpth=/usr/local/lib /usr/lib
    libs=-ldbm -ldl -lm -lutil -lc
    perllibs=-ldl -lm -lutil -lc
    libc=, so=dylib, useshrplib=false, libperl=libperl.a
    gnulibc_version=''
  Dynamic Linking:
    dlsrc=dl_dlopen.xs, dlext=bundle, d_dlsymun=undef, ccdlflags=' '
    cccdlflags=' ', lddlflags=' -bundle -undefined dynamic_lookup -L/usr/local/lib'


Characteristics of this binary (from libperl): 
  Compile-time options: MULTIPLICITY PERL_IMPLICIT_CONTEXT
                        PERL_MALLOC_WRAP USE_64_BIT_ALL USE_64_BIT_INT
                        USE_ITHREADS USE_LARGE_FILES USE_PERLIO
                        USE_REENTRANT_API
  Built under darwin
  Compiled at Sep 17 2014 09:02:20
  %ENV:
    PERL5LIB=""
    PERL5OPT=""
    PERL5_CPANPLUS_IS_RUNNING="92744"
    PERL5_CPAN_IS_RUNNING="92744"
    PERL5_MINISMOKEBOX="0.58"
    PERLBREW_BASHRC_VERSION="0.69"
    PERLBREW_HOME="/Users/hornenj/.perlbrew"
    PERLBREW_MANPATH="/Users/hornenj/perl5/perlbrew/perls/perl-5.6.2/man"
    PERLBREW_PATH="/Users/hornenj/perl5/perlbrew/bin:/Users/hornenj/perl5/perlbrew/perls/perl-5.6.2/bin"
    PERLBREW_PERL="perl-5.6.2"
    PERLBREW_ROOT="/Users/hornenj/perl5/perlbrew"
    PERLBREW_VERSION="0.69"
    PERL_EXTUTILS_AUTOINSTALL="--defaultdeps"
    PERL_MM_USE_DEFAULT="1"
  @INC:
    /Users/hornenj/perl5/perlbrew/perls/perl-5.8.8/lib/5.8.8/darwin-thread-multi-2level
    /Users/hornenj/perl5/perlbrew/perls/perl-5.8.8/lib/5.8.8
    /Users/hornenj/perl5/perlbrew/perls/perl-5.8.8/lib/site_perl/5.8.8/darwin-thread-multi-2level
    /Users/hornenj/perl5/perlbrew/perls/perl-5.8.8/lib/site_perl/5.8.8
    /Users/hornenj/perl5/perlbrew/perls/perl-5.8.8/lib/site_perl
    .