HTML-WikiConverter-MediaWiki v0.59 Perl 5 v5.26.1 x86_64-linux-thread-multi

Status
Fail
From
Slaven Rezić (SREZIC)
Dist
HTML-WikiConverter-MediaWiki v0.59
Platform
Perl 5 v5.26.1 x86_64-linux-thread-multi
Date
2018-03-30 09:57:32
ID
c39d1e4e-3400-11e8-a38c-c002a35f4120
This distribution has been tested as part of the CPAN Testers
project, supporting the Perl programming language.  See
http://wiki.cpantesters.org/ for more information or email
questions to cpan-testers-discuss@perl.org


--
Dear David Iberri,

This is a computer-generated report for HTML-WikiConverter-MediaWiki-0.59
on perl 5.26.1, created by CPAN-Reporter-1.2018.

Thank you for uploading your work to CPAN.  However, there was a problem
testing your distribution.

If you think this report is invalid, please consult the CPAN Testers Wiki
for suggestions on how to avoid getting FAIL reports for missing library
or binary dependencies, unsupported operating systems, and so on:

http://wiki.cpantesters.org/wiki/CPANAuthorNotes

Sections of this report:

    * Tester comments
    * Program output
    * Prerequisites
    * Environment and other context

------------------------------
TESTER COMMENTS
------------------------------

Additional comments from tester:

none provided

------------------------------
PROGRAM OUTPUT
------------------------------

Output from 'make test':

PERL_DL_NONLAZY=1 "/opt/perl-5.26.1t/bin/perl" "-MExtUtils::Command::MM" "-MTest::Harness" "-e" "undef *Test::Harness::Switches; test_harness(0, 'blib/lib', 'blib/arch')" t/*.t

#   Failed test 'use HTML::WikiConverter::MediaWiki;'
#   at t/00-load.t line 6.
#     Tried to use 'HTML::WikiConverter::MediaWiki'.
#     Error:  Unescaped left brace in regex is illegal here in regex; marked by <-- HERE in m/{{ <-- HERE / at /home/cpansand/.cpan/build/2018033006/HTML-WikiConverter-MediaWiki-0.59-0/blib/lib/HTML/WikiConverter/MediaWiki.pm line 347.
# Compilation failed in require at t/00-load.t line 6.
# BEGIN failed--compilation aborted at t/00-load.t line 6.
# Testing HTML::WikiConverter::MediaWiki , Perl 5.026001, /opt/perl-5.26.1t/bin/perl
# Looks like you failed 1 test of 1.
t/00-load.t ............. 
Dubious, test returned 1 (wstat 256, 0x100)
Failed 1/1 subtests 
Can't locate method '_strip_extra' in package HTML::WikiConverter::MediaWiki at t/runtests.pl line 108.
# Looks like your test exited with 255 before it could output anything.
t/01-mediawiki.t ........ 
Dubious, test returned 255 (wstat 65280, 0xff00)
Failed 116/116 subtests 
t/boilerplate.t ......... ok
Can't locate method '_strip_extra' in package HTML::WikiConverter::MediaWiki at t/runtests.pl line 108.
# Looks like your test exited with 255 before it could output anything.
t/mediawiki.preserve.t .. 
Dubious, test returned 255 (wstat 65280, 0xff00)
Failed 10/10 subtests 
t/pod-coverage.t ........ skipped: Test::Pod::Coverage 1.04 required for testing POD coverage
t/pod.t ................. ok

Test Summary Report
-------------------
t/00-load.t           (Wstat: 256 Tests: 1 Failed: 1)
  Failed test:  1
  Non-zero exit status: 1
t/01-mediawiki.t      (Wstat: 65280 Tests: 0 Failed: 0)
  Non-zero exit status: 255
  Parse errors: Bad plan.  You planned 116 tests but ran 0.
t/mediawiki.preserve.t (Wstat: 65280 Tests: 0 Failed: 0)
  Non-zero exit status: 255
  Parse errors: Bad plan.  You planned 10 tests but ran 0.
Files=6, Tests=5,  1 wallclock secs ( 0.02 usr  0.04 sys +  0.90 cusr  0.22 csys =  1.18 CPU)
Result: FAIL
Failed 3/6 test programs. 1/5 subtests failed.
make: *** [test_dynamic] Error 255

------------------------------
PREREQUISITES
------------------------------

Prerequisite modules loaded:

requires:

    Module              Need Have    
    ------------------- ---- --------
    HTML::WikiConverter 0.63 0.68    
    Test::More          0    1.302133
    URI                 1.35 1.73    

build_requires:

    Module              Need Have    
    ------------------- ---- --------
    ExtUtils::MakeMaker 0    7.24    

configure_requires:

    Module              Need Have    
    ------------------- ---- --------
    ExtUtils::MakeMaker 0    7.24    


------------------------------
ENVIRONMENT AND OTHER CONTEXT
------------------------------

Environment variables:

    LANG = en_US.UTF-8
    PATH = /usr/local/bin:/usr/bin:/bin:/usr/local/sbin:/usr/sbin:/sbin:/home/cpansand/bin/linux-gnu:/home/cpansand/bin/sh:/home/cpansand/bin:/usr/games:/home/cpansand/devel:/home/eserte/src/srezic-misc/scripts
    PERL5LIB = /home/cpansand/.cpan/build/2018033006/HTML-WikiConverter-0.68-0/blib/arch:/home/cpansand/.cpan/build/2018033006/HTML-WikiConverter-0.68-0/blib/lib:/home/cpansand/.cpan/build/2018033006/HTML-Tree-5.07-0/blib/arch:/home/cpansand/.cpan/build/2018033006/HTML-Tree-5.07-0/blib/lib:/home/cpansand/.cpan/build/2018033006/CSS-1.09-0/blib/arch:/home/cpansand/.cpan/build/2018033006/CSS-1.09-0/blib/lib:/home/cpansand/.cpan/build/2018033006/Parse-RecDescent-1.967015-0/blib/arch:/home/cpansand/.cpan/build/2018033006/Parse-RecDescent-1.967015-0/blib/lib
    PERL5OPT = 
    PERL5_CPANPLUS_IS_RUNNING = 31213
    PERL5_CPAN_IS_RUNNING = 31213
    PERL5_CPAN_IS_RUNNING_IN_RECURSION = 31174,31213
    PERLDOC = -MPod::Perldoc::ToTextOverstrike
    PERL_BATCH = yes
    PERL_CANARY_STABILITY_NOPROMPT = 1
    PERL_CPAN_REPORTER_CONFIG = /var/tmp/cpansmoker-1023/2018033006/cpanreporter_002_config.ini
    PERL_EXTUTILS_AUTOINSTALL = --defaultdeps
    PERL_USE_UNSAFE_INC = 1
    SHELL = /bin/zsh
    TERM = screen
    TMPDIR = /var/tmp/cpansmoker-1023/2018033006

Perl special variables (and OS-specific diagnostics, for MSWin32):

    $^X = /opt/perl-5.26.1t/bin/perl
    $UID/$EUID = 1023 / 1023
    $GID = 1023 1023
    $EGID = 1023 1023

Perl module toolchain versions installed:

    Module              Have      
    ------------------- ----------
    CPAN                2.18      
    CPAN::Meta          2.150010  
    Cwd                 3.67      
    ExtUtils::CBuilder  0.280225  
    ExtUtils::Command   7.24      
    ExtUtils::Install   2.04      
    ExtUtils::MakeMaker 7.24      
    ExtUtils::Manifest  1.70      
    ExtUtils::ParseXS   3.34      
    File::Spec          3.67      
    JSON                2.97001   
    JSON::PP            2.27400_02
    Module::Build       0.4224    
    Module::Signature   n/a       
    Parse::CPAN::Meta   2.150010  
    Test::Harness       3.38      
    Test::More          1.302133  
    YAML                1.24      
    YAML::Syck          1.30      
    version             0.9917    


--

Summary of my perl5 (revision 5 version 26 subversion 1) configuration:
   
  Platform:
    osname=linux
    osvers=2.6.32-696.3.1.el6.x86_64
    archname=x86_64-linux-thread-multi
    uname='linux centos6 2.6.32-696.3.1.el6.x86_64 #1 smp tue may 30 19:52:55 utc 2017 x86_64 x86_64 x86_64 gnulinux '
    config_args='-ds -e -Dprefix=/opt/perl-5.26.1t -Dusethreads -Dcf_email=srezic@cpan.org'
    hint=recommended
    useposix=true
    d_sigaction=define
    useithreads=define
    usemultiplicity=define
    use64bitint=define
    use64bitall=define
    uselongdouble=undef
    usemymalloc=n
    default_inc_excludes_dot=define
    bincompat5005=undef
  Compiler:
    cc='cc'
    ccflags ='-D_REENTRANT -D_GNU_SOURCE -fwrapv -fno-strict-aliasing -pipe -fstack-protector -I/usr/local/include -D_LARGEFILE_SOURCE -D_FILE_OFFSET_BITS=64 -D_FORTIFY_SOURCE=2'
    optimize='-O2'
    cppflags='-D_REENTRANT -D_GNU_SOURCE -fwrapv -fno-strict-aliasing -pipe -fstack-protector -I/usr/local/include'
    ccversion=''
    gccversion='4.4.7 20120313 (Red Hat 4.4.7-18)'
    gccosandvers=''
    intsize=4
    longsize=8
    ptrsize=8
    doublesize=8
    byteorder=12345678
    doublekind=3
    d_longlong=define
    longlongsize=8
    d_longdbl=define
    longdblsize=16
    longdblkind=3
    ivtype='long'
    ivsize=8
    nvtype='double'
    nvsize=8
    Off_t='off_t'
    lseeksize=8
    alignbytes=8
    prototype=define
  Linker and Libraries:
    ld='cc'
    ldflags =' -fstack-protector -L/usr/local/lib'
    libpth=/usr/local/lib /usr/lib /lib/../lib64 /usr/lib/../lib64 /lib /lib64 /usr/lib64 /usr/local/lib64
    libs=-lpthread -lnsl -lgdbm -ldb -ldl -lm -lcrypt -lutil -lc
    perllibs=-lpthread -lnsl -ldl -lm -lcrypt -lutil -lc
    libc=libc-2.12.so
    so=so
    useshrplib=false
    libperl=libperl.a
    gnulibc_version='2.12'
  Dynamic Linking:
    dlsrc=dl_dlopen.xs
    dlext=so
    d_dlsymun=undef
    ccdlflags='-Wl,-E'
    cccdlflags='-fPIC'
    lddlflags='-shared -O2 -L/usr/local/lib -fstack-protector'


Characteristics of this binary (from libperl): 
  Compile-time options:
    HAS_TIMES
    MULTIPLICITY
    PERLIO_LAYERS
    PERL_COPY_ON_WRITE
    PERL_DONT_CREATE_GVSV
    PERL_IMPLICIT_CONTEXT
    PERL_MALLOC_WRAP
    PERL_OP_PARENT
    PERL_PRESERVE_IVUV
    USE_64_BIT_ALL
    USE_64_BIT_INT
    USE_ITHREADS
    USE_LARGE_FILES
    USE_LOCALE
    USE_LOCALE_COLLATE
    USE_LOCALE_CTYPE
    USE_LOCALE_NUMERIC
    USE_LOCALE_TIME
    USE_PERLIO
    USE_PERL_ATOF
    USE_REENTRANT_API
  Built under linux
  Compiled at Jan 19 2018 22:12:16
  %ENV:
    PERL5LIB="/home/cpansand/.cpan/build/2018033006/HTML-WikiConverter-0.68-0/blib/arch:/home/cpansand/.cpan/build/2018033006/HTML-WikiConverter-0.68-0/blib/lib:/home/cpansand/.cpan/build/2018033006/HTML-Tree-5.07-0/blib/arch:/home/cpansand/.cpan/build/2018033006/HTML-Tree-5.07-0/blib/lib:/home/cpansand/.cpan/build/2018033006/CSS-1.09-0/blib/arch:/home/cpansand/.cpan/build/2018033006/CSS-1.09-0/blib/lib:/home/cpansand/.cpan/build/2018033006/Parse-RecDescent-1.967015-0/blib/arch:/home/cpansand/.cpan/build/2018033006/Parse-RecDescent-1.967015-0/blib/lib"
    PERL5OPT=""
    PERL5_CPANPLUS_IS_RUNNING="31213"
    PERL5_CPAN_IS_RUNNING="31213"
    PERL5_CPAN_IS_RUNNING_IN_RECURSION="31174,31213"
    PERLDOC="-MPod::Perldoc::ToTextOverstrike"
    PERL_BATCH="yes"
    PERL_CANARY_STABILITY_NOPROMPT="1"
    PERL_CPAN_REPORTER_CONFIG="/var/tmp/cpansmoker-1023/2018033006/cpanreporter_002_config.ini"
    PERL_EXTUTILS_AUTOINSTALL="--defaultdeps"
    PERL_USE_UNSAFE_INC="1"
  @INC:
    /home/cpansand/.cpan/build/2018033006/HTML-WikiConverter-0.68-0/blib/arch
    /home/cpansand/.cpan/build/2018033006/HTML-WikiConverter-0.68-0/blib/lib
    /home/cpansand/.cpan/build/2018033006/HTML-Tree-5.07-0/blib/arch
    /home/cpansand/.cpan/build/2018033006/HTML-Tree-5.07-0/blib/lib
    /home/cpansand/.cpan/build/2018033006/CSS-1.09-0/blib/arch
    /home/cpansand/.cpan/build/2018033006/CSS-1.09-0/blib/lib
    /home/cpansand/.cpan/build/2018033006/Parse-RecDescent-1.967015-0/blib/arch
    /home/cpansand/.cpan/build/2018033006/Parse-RecDescent-1.967015-0/blib/lib
    /opt/perl-5.26.1t/lib/site_perl/5.26.1/x86_64-linux-thread-multi
    /opt/perl-5.26.1t/lib/site_perl/5.26.1
    /opt/perl-5.26.1t/lib/5.26.1/x86_64-linux-thread-multi
    /opt/perl-5.26.1t/lib/5.26.1
    .