Report for Net-OAuth-LP-0.015_01

Back
From: metabase:user:31d414ea-2aae-11df-837a-5e0a49663a4f
Subject: FAIL Net-OAuth-LP-0.015_01 v5.16.3 GNU/Linux
Date: 2013-06-27T12:26:17Z

This distribution has been tested as part of the CPAN Testers
project, supporting the Perl programming language.  See
http://wiki.cpantesters.org/ for more information or email
questions to cpan-testers-discuss@perl.org


--
Dear Adam Stokes,

This is a computer-generated report for Net-OAuth-LP-0.015_01
on perl 5.16.3, created by CPAN-Reporter-1.2009.

Thank you for uploading your work to CPAN.  However, there was a problem
testing your distribution.

If you think this report is invalid, please consult the CPAN Testers Wiki
for suggestions on how to avoid getting FAIL reports for missing library
or binary dependencies, unsupported operating systems, and so on:

http://wiki.cpantesters.org/wiki/CPANAuthorNotes

Sections of this report:

    * Tester comments
    * Program output
    * Prerequisites
    * Environment and other context

------------------------------
TESTER COMMENTS
------------------------------

Additional comments from tester:

this report is from an automated smoke testing program
and was not reviewed by a human for accuracy

------------------------------
PROGRAM OUTPUT
------------------------------

Output from '/usr/bin/make test':

PERL_DL_NONLAZY=1 /home/david/cpantesting/perl-5.16.3/bin/perl "-MExtUtils::Command::MM" "-e" "test_harness(0, 'blib/lib', 'blib/arch')" t/*.t
t/00-load.t ............ ok
# Testing LP Bug methods
Can't connect to api.staging.launchpad.net:443 (certificate verify failed)

LWP::Protocol::https::Socket: SSL connect attempt failed with unknown error error:14090086:SSL routines:SSL3_GET_SERVER_CERTIFICATE:certificate verify failed at /home/david/cpantesting/perl-5.16.3/lib/site_perl/5.16.3/LWP/Protocol/http.pm line 51.
# Tests were run but no plan was declared and done_testing() was not seen.
t/01-bug.t ............. 
Dubious, test returned 255 (wstat 65280, 0xff00)
All 2 subtests passed 
# Testing LP Person,Team methods
Can't connect to api.staging.launchpad.net:443 (certificate verify failed)

LWP::Protocol::https::Socket: SSL connect attempt failed with unknown error error:14090086:SSL routines:SSL3_GET_SERVER_CERTIFICATE:certificate verify failed at /home/david/cpantesting/perl-5.16.3/lib/site_perl/5.16.3/LWP/Protocol/http.pm line 51.
# Tests were run but no plan was declared and done_testing() was not seen.
t/02-person.t .......... 
Dubious, test returned 255 (wstat 65280, 0xff00)
All 2 subtests passed 
# Testing LP General Client methods
t/03-client.t .......... ok
# Testing LP Tasks methods
Can't connect to api.staging.launchpad.net:443 (certificate verify failed)

LWP::Protocol::https::Socket: SSL connect attempt failed with unknown error error:14090086:SSL routines:SSL3_GET_SERVER_CERTIFICATE:certificate verify failed at /home/david/cpantesting/perl-5.16.3/lib/site_perl/5.16.3/LWP/Protocol/http.pm line 51.
# Tests were run but no plan was declared and done_testing() was not seen.
t/04-tasks.t ........... 
Dubious, test returned 255 (wstat 65280, 0xff00)
All 2 subtests passed 
# Testing LP Messages methods
Can't connect to api.staging.launchpad.net:443 (certificate verify failed)

LWP::Protocol::https::Socket: SSL connect attempt failed with unknown error error:14090086:SSL routines:SSL3_GET_SERVER_CERTIFICATE:certificate verify failed at /home/david/cpantesting/perl-5.16.3/lib/site_perl/5.16.3/LWP/Protocol/http.pm line 51.
# Tests were run but no plan was declared and done_testing() was not seen.
t/05-messages.t ........ 
Dubious, test returned 255 (wstat 65280, 0xff00)
All 2 subtests passed 
# Testing LP Activity methods
Can't connect to api.staging.launchpad.net:443 (certificate verify failed)

LWP::Protocol::https::Socket: SSL connect attempt failed with unknown error error:14090086:SSL routines:SSL3_GET_SERVER_CERTIFICATE:certificate verify failed at /home/david/cpantesting/perl-5.16.3/lib/site_perl/5.16.3/LWP/Protocol/http.pm line 51.
# Tests were run but no plan was declared and done_testing() was not seen.
t/06-activity.t ........ 
Dubious, test returned 255 (wstat 65280, 0xff00)
All 2 subtests passed 
# Testing LP Attachments methods
Can't connect to api.staging.launchpad.net:443 (certificate verify failed)

LWP::Protocol::https::Socket: SSL connect attempt failed with unknown error error:14090086:SSL routines:SSL3_GET_SERVER_CERTIFICATE:certificate verify failed at /home/david/cpantesting/perl-5.16.3/lib/site_perl/5.16.3/LWP/Protocol/http.pm line 51.
# Tests were run but no plan was declared and done_testing() was not seen.
t/07-attachments.t ..... 
Dubious, test returned 255 (wstat 65280, 0xff00)
All 2 subtests passed 
# Testing LP Watches methods
Can't connect to api.staging.launchpad.net:443 (certificate verify failed)

LWP::Protocol::https::Socket: SSL connect attempt failed with unknown error error:14090086:SSL routines:SSL3_GET_SERVER_CERTIFICATE:certificate verify failed at /home/david/cpantesting/perl-5.16.3/lib/site_perl/5.16.3/LWP/Protocol/http.pm line 51.
# Tests were run but no plan was declared and done_testing() was not seen.
t/08-watches.t ......... 
Dubious, test returned 255 (wstat 65280, 0xff00)
All 2 subtests passed 
# Testing LP Linkedbranches methods
Can't connect to api.staging.launchpad.net:443 (certificate verify failed)

LWP::Protocol::https::Socket: SSL connect attempt failed with unknown error error:14090086:SSL routines:SSL3_GET_SERVER_CERTIFICATE:certificate verify failed at /home/david/cpantesting/perl-5.16.3/lib/site_perl/5.16.3/LWP/Protocol/http.pm line 51.
# Tests were run but no plan was declared and done_testing() was not seen.
t/09-linkedbranches.t .. 
Dubious, test returned 255 (wstat 65280, 0xff00)
All 2 subtests passed 
# Testing LP Cves methods
Can't connect to api.staging.launchpad.net:443 (certificate verify failed)

LWP::Protocol::https::Socket: SSL connect attempt failed with unknown error error:14090086:SSL routines:SSL3_GET_SERVER_CERTIFICATE:certificate verify failed at /home/david/cpantesting/perl-5.16.3/lib/site_perl/5.16.3/LWP/Protocol/http.pm line 51.
# Tests were run but no plan was declared and done_testing() was not seen.
t/10-cves.t ............ 
Dubious, test returned 255 (wstat 65280, 0xff00)
All 2 subtests passed 
t/manifest.t ........... skipped: Author tests not required for installation
t/pod-coverage.t ....... skipped: Test::Pod::Coverage 1.08 required for testing POD coverage
t/pod.t ................ skipped: Test::Pod 1.22 required for testing POD

Test Summary Report
-------------------
t/01-bug.t           (Wstat: 65280 Tests: 2 Failed: 0)
  Non-zero exit status: 255
  Parse errors: No plan found in TAP output
t/02-person.t        (Wstat: 65280 Tests: 2 Failed: 0)
  Non-zero exit status: 255
  Parse errors: No plan found in TAP output
t/04-tasks.t         (Wstat: 65280 Tests: 2 Failed: 0)
  Non-zero exit status: 255
  Parse errors: No plan found in TAP output
t/05-messages.t      (Wstat: 65280 Tests: 2 Failed: 0)
  Non-zero exit status: 255
  Parse errors: No plan found in TAP output
t/06-activity.t      (Wstat: 65280 Tests: 2 Failed: 0)
  Non-zero exit status: 255
  Parse errors: No plan found in TAP output
t/07-attachments.t   (Wstat: 65280 Tests: 2 Failed: 0)
  Non-zero exit status: 255
  Parse errors: No plan found in TAP output
t/08-watches.t       (Wstat: 65280 Tests: 2 Failed: 0)
  Non-zero exit status: 255
  Parse errors: No plan found in TAP output
t/09-linkedbranches.t (Wstat: 65280 Tests: 2 Failed: 0)
  Non-zero exit status: 255
  Parse errors: No plan found in TAP output
t/10-cves.t          (Wstat: 65280 Tests: 2 Failed: 0)
  Non-zero exit status: 255
  Parse errors: No plan found in TAP output
Files=14, Tests=21,  7 wallclock secs ( 0.04 usr  0.05 sys +  2.58 cusr  0.46 csys =  3.13 CPU)
Result: FAIL
Failed 9/14 test programs. 0/21 subtests failed.
make: *** [test_dynamic] Error 255

------------------------------
PREREQUISITES
------------------------------

Prerequisite modules loaded:

requires:

    Module                   Need Have    
    ------------------------ ---- --------
    Hash::AsObject           0    0.13    
    HTTP::Request            0    6.00    
    HTTP::Request::Common    0    6.04    
    JSON                     0    2.53    
    List::Objects::WithUtils 0    1.006001
    LWP::UserAgent           0    6.05    
    Method::Signatures       0    20130505
    Moo                      0    1.002000
    Moo::Role                0    0       
    Net::OAuth               0    0.28    
    strictures               1    1.004004
    Types::Standard          0    0.012   
    URI                      0    1.60    
    URI::Encode              0    0.09    
    URI::QueryParam          0    0       

build_requires:

    Module                   Need Have    
    ------------------------ ---- --------
    Test::More               0    0.98    

configure_requires:

    Module                   Need Have    
    ------------------------ ---- --------
    ExtUtils::MakeMaker      6.30 6.63_02 


------------------------------
ENVIRONMENT AND OTHER CONTEXT
------------------------------

Environment variables:

    AUTOMATED_TESTING = 1
    PATH = /usr/local/bin:/usr/bin:/bin:/usr/games
    PERL = 5.16.3
    PERL5LIB = 
    PERL5OPT = 
    PERL5_CPANPLUS_IS_RUNNING = 29284
    PERL5_CPAN_IS_RUNNING = 29284
    PERLVER = 5.16.3
    PERL_INLINE_DIRECTORY = /home/david/.Inline-5.16.3
    PERL_MM_USE_DEFAULT = 1
    SHELL = /bin/bash
    TERM = screen

Perl special variables (and OS-specific diagnostics, for MSWin32):

    $^X = /home/david/cpantesting/perl-5.16.3/bin/perl
    $UID/$EUID = 1000 / 1000
    $GID = 1000 1000
    $EGID = 1000 1000

Perl module toolchain versions installed:

    Module              Have    
    ------------------- --------
    CPAN                1.9800  
    CPAN::Meta          2.120630
    Cwd                 3.39_02 
    ExtUtils::CBuilder  0.280206
    ExtUtils::Command   1.17    
    ExtUtils::Install   1.58    
    ExtUtils::MakeMaker 6.63_02 
    ExtUtils::Manifest  1.61    
    ExtUtils::ParseXS   3.16    
    File::Spec          3.39_02 
    JSON                2.53    
    JSON::PP            2.27200 
    Module::Build       0.39_01 
    Module::Signature   n/a     
    Parse::CPAN::Meta   1.4402  
    Test::Harness       3.23    
    Test::More          0.98    
    YAML                n/a     
    YAML::Syck          n/a     
    version             0.99    


--

Summary of my perl5 (revision 5 version 16 subversion 3) configuration:
   
  Platform:
    osname=linux, osvers=3.2.0-4-amd64, archname=x86_64-linux-thread-multi
    uname='linux pigsty.barnyard.co.uk 3.2.0-4-amd64 #1 smp debian 3.2.35-2 x86_64 gnulinux '
    config_args='-de -Dprefix=/home/david/cpantesting/perl-5.16.3 -Dusethreads -Duse64bitall'
    hint=recommended, useposix=true, d_sigaction=define
    useithreads=define, usemultiplicity=define
    useperlio=define, d_sfio=undef, uselargefiles=define, usesocks=undef
    use64bitint=define, use64bitall=define, uselongdouble=undef
    usemymalloc=n, bincompat5005=undef
  Compiler:
    cc='cc', ccflags ='-D_REENTRANT -D_GNU_SOURCE -fno-strict-aliasing -pipe -fstack-protector -I/usr/local/include -D_LARGEFILE_SOURCE -D_FILE_OFFSET_BITS=64',
    optimize='-O2',
    cppflags='-D_REENTRANT -D_GNU_SOURCE -fno-strict-aliasing -pipe -fstack-protector -I/usr/local/include'
    ccversion='', gccversion='4.1.2 20061115 (prerelease) (Debian 4.1.1-21)', gccosandvers=''
    intsize=4, longsize=8, ptrsize=8, doublesize=8, byteorder=12345678
    d_longlong=define, longlongsize=8, d_longdbl=define, longdblsize=16
    ivtype='long', ivsize=8, nvtype='double', nvsize=8, Off_t='off_t', lseeksize=8
    alignbytes=8, prototype=define
  Linker and Libraries:
    ld='cc', ldflags =' -fstack-protector -L/usr/local/lib'
    libpth=/usr/local/lib /lib /usr/lib /lib64 /usr/lib64
    libs=-lnsl -lgdbm -ldb -ldl -lm -lcrypt -lutil -lpthread -lc -lgdbm_compat
    perllibs=-lnsl -ldl -lm -lcrypt -lutil -lpthread -lc
    libc=/lib/libc-2.3.6.so, so=so, useshrplib=false, libperl=libperl.a
    gnulibc_version='2.3.6'
  Dynamic Linking:
    dlsrc=dl_dlopen.xs, dlext=so, d_dlsymun=undef, ccdlflags='-Wl,-E'
    cccdlflags='-fPIC', lddlflags='-shared -O2 -L/usr/local/lib -fstack-protector'


Characteristics of this binary (from libperl): 
  Compile-time options: HAS_TIMES MULTIPLICITY PERLIO_LAYERS
                        PERL_DONT_CREATE_GVSV PERL_IMPLICIT_CONTEXT
                        PERL_MALLOC_WRAP PERL_PRESERVE_IVUV USE_64_BIT_ALL
                        USE_64_BIT_INT USE_ITHREADS USE_LARGE_FILES
                        USE_LOCALE USE_LOCALE_COLLATE USE_LOCALE_CTYPE
                        USE_LOCALE_NUMERIC USE_PERLIO USE_PERL_ATOF
                        USE_REENTRANT_API
  Built under linux
  Compiled at Mar 22 2013 21:25:26
  %ENV:
    PERL="5.16.3"
    PERL5LIB=""
    PERL5OPT=""
    PERL5_CPANPLUS_IS_RUNNING="29284"
    PERL5_CPAN_IS_RUNNING="29284"
    PERLVER="5.16.3"
    PERL_INLINE_DIRECTORY="/home/david/.Inline-5.16.3"
    PERL_MM_USE_DEFAULT="1"
  @INC:
    /home/david/cpantesting/perl-5.16.3/lib/site_perl/5.16.3/x86_64-linux-thread-multi
    /home/david/cpantesting/perl-5.16.3/lib/site_perl/5.16.3
    /home/david/cpantesting/perl-5.16.3/lib/5.16.3/x86_64-linux-thread-multi
    /home/david/cpantesting/perl-5.16.3/lib/5.16.3
    .