WWW-SFDC v0.37 Perl 5 v5.36.3 x86_64-linux

Status
Fail
From
Andreas J. König (ANDK)
Dist
WWW-SFDC v0.37
Platform
Perl 5 v5.36.3 x86_64-linux
Date
2023-12-30 08:09:33
ID
c3c7c802-a6ea-11ee-9c70-6472907133a2
This distribution has been tested as part of the CPAN Testers
project, supporting the Perl programming language.  See
http://wiki.cpantesters.org/ for more information or email
questions to cpan-testers-discuss@perl.org


--
Dear Thomas Minney,

This is a computer-generated report for WWW-SFDC-0.37
on perl 5.36.3, created by CPAN-Reporter-1.2019.

Thank you for uploading your work to CPAN.  However, there was a problem
testing your distribution.

If you think this report is invalid, please consult the CPAN Testers Wiki
for suggestions on how to avoid getting FAIL reports for missing library
or binary dependencies, unsupported operating systems, and so on:

http://wiki.cpantesters.org/wiki/CPANAuthorNotes

Sections of this report:

    * Tester comments
    * Program output
    * Prerequisites
    * Environment and other context

------------------------------
TESTER COMMENTS
------------------------------

Additional comments from tester:

this report is from an automated smoke testing program
and was not reviewed by a human for accuracy

------------------------------
PROGRAM OUTPUT
------------------------------

Output from '/usr/bin/make test':

PERL_DL_NONLAZY=1 "/tmp/basesmoker-reloperl-WBQd/bin/perl" "-MExtUtils::Command::MM" "-MTest::Harness" "-e" "undef *Test::Harness::Switches; test_harness(0, 'blib/lib', 'blib/arch')" t/*.t t/WWW/*.t t/WWW/SFDC/*.t
t/release-pod-syntax.t .. skipped: these tests are for release candidate testing
t/WWW/SFDC.t ............ ok

#   Failed test 'use WWW::SFDC::Constants;'
#   at t/WWW/SFDC/Constants.t line 10.
#     Tried to use 'WWW::SFDC::Constants'.
#     Error:  Experimental values on scalar is now forbidden at /tmp/loop_over_bdir-7119-Mar9S2/WWW-SFDC-0.37-0/blib/lib/WWW/SFDC/Constants.pm line 50.
# Type of arg 1 to values must be hash or array (not subroutine entry) at /tmp/loop_over_bdir-7119-Mar9S2/WWW-SFDC-0.37-0/blib/lib/WWW/SFDC/Constants.pm line 50, near "->TYPES]"
# Type of arg 1 to List::Util::first must be block or sub {} (not reference constructor) at /tmp/loop_over_bdir-7119-Mar9S2/WWW-SFDC-0.37-0/blib/lib/WWW/SFDC/Constants.pm line 99, near "};"
# Compilation failed in require at t/WWW/SFDC/Constants.t line 10.
# BEGIN failed--compilation aborted at t/WWW/SFDC/Constants.t line 10.
# Skipping online tests: No t/test.config file found7
Attempt to reload WWW/SFDC/Constants.pm aborted.
Compilation failed in require at /tmp/loop_over_bdir-7119-Mar9S2/WWW-SFDC-0.37-0/blib/lib/WWW/SFDC.pm line 71.
# Tests were run but no plan was declared and done_testing() was not seen.
# Looks like your test exited with 2 just after 1.
t/WWW/SFDC/Constants.t .. 
Dubious, test returned 2 (wstat 512, 0x200)
Failed 1/1 subtests 
Experimental values on scalar is now forbidden at /tmp/loop_over_bdir-7119-Mar9S2/WWW-SFDC-0.37-0/blib/lib/WWW/SFDC/Constants.pm line 50.
Type of arg 1 to values must be hash or array (not subroutine entry) at /tmp/loop_over_bdir-7119-Mar9S2/WWW-SFDC-0.37-0/blib/lib/WWW/SFDC/Constants.pm line 50, near "->TYPES]"
Type of arg 1 to List::Util::first must be block or sub {} (not reference constructor) at /tmp/loop_over_bdir-7119-Mar9S2/WWW-SFDC-0.37-0/blib/lib/WWW/SFDC/Constants.pm line 99, near "};"
Compilation failed in require at t/WWW/SFDC/Manifest.t line 12.
BEGIN failed--compilation aborted at t/WWW/SFDC/Manifest.t line 12.
t/WWW/SFDC/Manifest.t ... 
Dubious, test returned 255 (wstat 65280, 0xff00)
No subtests run 
t/WWW/SFDC/Metadata.t ... ok
t/WWW/SFDC/Partner.t .... ok
t/WWW/SFDC/Tooling.t .... ok
t/WWW/SFDC/Zip.t ........ ok

Test Summary Report
-------------------
t/WWW/SFDC/Constants.t (Wstat: 512 (exited 2) Tests: 1 Failed: 1)
  Failed test:  1
  Non-zero exit status: 2
  Parse errors: No plan found in TAP output
t/WWW/SFDC/Manifest.t (Wstat: 65280 (exited 255) Tests: 0 Failed: 0)
  Non-zero exit status: 255
  Parse errors: No plan found in TAP output
Files=8, Tests=23,  2 wallclock secs ( 0.03 usr  0.01 sys +  1.45 cusr  0.27 csys =  1.76 CPU)
Result: FAIL
Failed 2/8 test programs. 1/23 subtests failed.
make: *** [Makefile:953: test_dynamic] Error 255

------------------------------
PREREQUISITES
------------------------------

Prerequisite modules loaded:

requires:

    Module                Need     Have    
    --------------------- -------- --------
    Data::Dumper          0        2.184   
    Exporter              0        5.77    
    File::Path            0        2.18    
    File::Spec::Functions 0        3.84    
    IO::Compress::Zip     0        2.206   
    IO::File              0        1.48    
    IO::Uncompress::Unzip 0        2.206   
    List::NSect           0        0.07    
    List::Util            1.29     1.63    
    Log::Log4perl         0        1.57    
    Method::Signatures    0        20170211
    MIME::Base64          0        3.16    
    Module::Loaded        0        0.08    
    Moo                   0        2.005005
    Moo::Role             0        2.005005
    overload              0        1.35    
    perl                  5.012000 5.036003
    Scalar::Util          0        1.63    
    SOAP::Lite            0        1.27    
    strict                0        1.12    
    warnings              0        1.58    
    XML::Parser           0        2.47    

build_requires:

    Module                Need     Have    
    --------------------- -------- --------
    Config::Properties    0        1.80    
    ExtUtils::MakeMaker   0        7.70    
    File::Slurp           0        9999.32 
    lib                   0        0.65    
    Test::Exception       0        0.43    
    Test::More            0        1.302197

configure_requires:

    Module                Need     Have    
    --------------------- -------- --------
    ExtUtils::MakeMaker   0        7.70    


------------------------------
ENVIRONMENT AND OTHER CONTEXT
------------------------------

Environment variables:

    AUTOMATED_TESTING = 1
    LANG = en_US.UTF-8
    LC_ADDRESS = de_DE.UTF-8
    LC_IDENTIFICATION = de_DE.UTF-8
    LC_MEASUREMENT = de_DE.UTF-8
    LC_MONETARY = de_DE.UTF-8
    LC_NAME = de_DE.UTF-8
    LC_NUMERIC = de_DE.UTF-8
    LC_PAPER = de_DE.UTF-8
    LC_TELEPHONE = de_DE.UTF-8
    LC_TIME = de_DE.UTF-8
    PATH = /home/sand/bin:/usr/local/bin:/usr/local/sbin:/usr/sbin:/usr/bin:/sbin:/bin:/usr/games:/usr/local/games:/snap/bin:/usr/local/perl/bin:/usr/X11/bin
    PERL = /tmp/basesmoker-reloperl-WBQd/bin/perl
    PERL5LIB = /tmp/loop_over_bdir-7119-Mar9S2/Sysync-0.35-0/blib/arch:/tmp/loop_over_bdir-7119-Mar9S2/Sysync-0.35-0/blib/lib:/tmp/loop_over_bdir-7119-Mar9S2/Net-Async-WebService-lxd-0.03-0/blib/arch:/tmp/loop_over_bdir-7119-Mar9S2/Net-Async-WebService-lxd-0.03-0/blib/lib
    PERL5OPT = 
    PERL5_CPANPLUS_IS_RUNNING = 7127
    PERL5_CPAN_IS_RUNNING = 7127
    PERL_CANARY_STABILITY_NOPROMPT = 1
    PERL_MM_USE_DEFAULT = 1
    PERL_USE_UNSAFE_INC = 1
    SHELL = /usr/bin/zsh
    TERM = screen

Perl special variables (and OS-specific diagnostics, for MSWin32):

    $^X = /tmp/basesmoker-reloperl-WBQd/bin/perl
    $UID/$EUID = 1005 / 1005
    $GID = 1005 1005
    $EGID = 1005 1005

Perl module toolchain versions installed:

    Module              Have    
    ------------------- --------
    CPAN                2.36    
    CPAN::Meta          2.150010
    Cwd                 3.84    
    ExtUtils::CBuilder  0.280236
    ExtUtils::Command   7.70    
    ExtUtils::Install   2.20    
    ExtUtils::MakeMaker 7.70    
    ExtUtils::Manifest  1.73    
    ExtUtils::ParseXS   3.51    
    File::Spec          3.84    
    JSON                4.10    
    JSON::PP            4.16    
    Module::Build       0.4234  
    Module::Signature   0.88    
    Parse::CPAN::Meta   2.150010
    Test2               1.302197
    Test::Harness       3.48    
    Test::More          1.302197
    YAML                1.30    
    YAML::Syck          1.34    
    version             0.9930  


--

Summary of my perl5 (revision 5 version 36 subversion 3) configuration:
  Commit id: d456446ba5b8fba87f3f26fa700eb749c622e434
  Platform:
    osname=linux
    osvers=6.2.0-37-generic
    archname=x86_64-linux
    uname='linux k93jammy 6.2.0-37-generic #38~22.04.1-ubuntu smp preempt_dynamic thu nov 2 18:01:13 utc 2 x86_64 x86_64 x86_64 gnulinux '
    config_args='-Dprefix=/home/sand/src/perl/repoperls/installed-perls/host/k93jammy/v5.36.3/6567 -Dmyhostname=k93jammy -Dinstallusrbinperl=n -Uversiononly -Dusedevel -des -Ui_db -Dlibswanted=cl pthread socket inet nsl gdbm dbm malloc dl ld sun m crypt sec util c cposix posix ucb BSD gdbm_compat -Uuseithreads -Uuselongdouble -DEBUGGING=-g'
    hint=recommended
    useposix=true
    d_sigaction=define
    useithreads=undef
    usemultiplicity=undef
    use64bitint=define
    use64bitall=define
    uselongdouble=undef
    usemymalloc=n
    default_inc_excludes_dot=define
  Compiler:
    cc='cc'
    ccflags ='-fwrapv -fno-strict-aliasing -pipe -fstack-protector-strong -I/usr/local/include -D_LARGEFILE_SOURCE -D_FILE_OFFSET_BITS=64'
    optimize='-O2 -g'
    cppflags='-fwrapv -fno-strict-aliasing -pipe -fstack-protector-strong -I/usr/local/include'
    ccversion=''
    gccversion='11.4.0'
    gccosandvers=''
    intsize=4
    longsize=8
    ptrsize=8
    doublesize=8
    byteorder=12345678
    doublekind=3
    d_longlong=define
    longlongsize=8
    d_longdbl=define
    longdblsize=16
    longdblkind=3
    ivtype='long'
    ivsize=8
    nvtype='double'
    nvsize=8
    Off_t='off_t'
    lseeksize=8
    alignbytes=8
    prototype=define
  Linker and Libraries:
    ld='cc'
    ldflags =' -fstack-protector-strong -L/usr/local/lib'
    libpth=/usr/local/lib /usr/lib/x86_64-linux-gnu /usr/lib /usr/lib64
    libs=-lpthread -lnsl -ldl -lm -lcrypt -lutil -lc
    perllibs=-lpthread -lnsl -ldl -lm -lcrypt -lutil -lc
    libc=/lib/x86_64-linux-gnu/libc.so.6
    so=so
    useshrplib=false
    libperl=libperl.a
    gnulibc_version='2.35'
  Dynamic Linking:
    dlsrc=dl_dlopen.xs
    dlext=so
    d_dlsymun=undef
    ccdlflags='-Wl,-E'
    cccdlflags='-fPIC'
    lddlflags='-shared -O2 -g -L/usr/local/lib -fstack-protector-strong'


Characteristics of this binary (from libperl): 
  Compile-time options:
    HAS_TIMES
    PERLIO_LAYERS
    PERL_COPY_ON_WRITE
    PERL_DONT_CREATE_GVSV
    PERL_MALLOC_WRAP
    PERL_OP_PARENT
    PERL_PRESERVE_IVUV
    PERL_USE_DEVEL
    USE_64_BIT_ALL
    USE_64_BIT_INT
    USE_LARGE_FILES
    USE_LOCALE
    USE_LOCALE_COLLATE
    USE_LOCALE_CTYPE
    USE_LOCALE_NUMERIC
    USE_LOCALE_TIME
    USE_PERLIO
    USE_PERL_ATOF
  Built under linux
  Compiled at Nov 29 2023 21:00:37
  %ENV:
    PERL="/tmp/basesmoker-reloperl-WBQd/bin/perl"
    PERL5LIB="/tmp/loop_over_bdir-7119-Mar9S2/Sysync-0.35-0/blib/arch:/tmp/loop_over_bdir-7119-Mar9S2/Sysync-0.35-0/blib/lib:/tmp/loop_over_bdir-7119-Mar9S2/Net-Async-WebService-lxd-0.03-0/blib/arch:/tmp/loop_over_bdir-7119-Mar9S2/Net-Async-WebService-lxd-0.03-0/blib/lib"
    PERL5OPT=""
    PERL5_CPANPLUS_IS_RUNNING="7127"
    PERL5_CPAN_IS_RUNNING="7127"
    PERL_CANARY_STABILITY_NOPROMPT="1"
    PERL_MM_USE_DEFAULT="1"
    PERL_USE_UNSAFE_INC="1"
  @INC:
    /tmp/loop_over_bdir-7119-Mar9S2/Sysync-0.35-0/blib/arch
    /tmp/loop_over_bdir-7119-Mar9S2/Sysync-0.35-0/blib/lib
    /tmp/loop_over_bdir-7119-Mar9S2/Net-Async-WebService-lxd-0.03-0/blib/arch
    /tmp/loop_over_bdir-7119-Mar9S2/Net-Async-WebService-lxd-0.03-0/blib/lib
    /home/sand/src/perl/repoperls/installed-perls/host/k93jammy/v5.36.3/6567/lib/site_perl/5.36.3/x86_64-linux
    /home/sand/src/perl/repoperls/installed-perls/host/k93jammy/v5.36.3/6567/lib/site_perl/5.36.3
    /home/sand/src/perl/repoperls/installed-perls/host/k93jammy/v5.36.3/6567/lib/5.36.3/x86_64-linux
    /home/sand/src/perl/repoperls/installed-perls/host/k93jammy/v5.36.3/6567/lib/5.36.3
    .