Back
From: metabase:user:9820532a-708b-1014-9a05-b18a96298da1
Subject: FAIL Module-Build-Kwalitee-0.24 v5.15.5 GNU/Linux
Date: 2011-11-28T12:30:32Z
This distribution has been tested as part of the CPAN Testers
project, supporting the Perl programming language. See
http://wiki.cpantesters.org/ for more information or email
questions to cpan-testers-discuss@perl.org
--
Dear Fotango Ltd,
This is a computer-generated report for Module-Build-Kwalitee-0.24
on perl 5.15.5, created by CPAN-Reporter-1.2002.
Thank you for uploading your work to CPAN. However, there was a problem
testing your distribution.
If you think this report is invalid, please consult the CPAN Testers Wiki
for suggestions on how to avoid getting FAIL reports for missing library
or binary dependencies, unsupported operating systems, and so on:
http://wiki.cpantesters.org/wiki/CPANAuthorNotes
Sections of this report:
* Tester comments
* Program output
* Prerequisites
* Environment and other context
------------------------------
TESTER COMMENTS
------------------------------
Additional comments from tester:
this report is from an automated smoke testing program
and was not reviewed by a human for accuracy
------------------------------
PROGRAM OUTPUT
------------------------------
Output from './Build test':
main::path_to_pkg() called too early to check prototype at t/000compile.t line 15.
t/000compile.t .. ok
t/001pragmas.t .. ok
t/003pod.t ...... ok
t/004uselib.t ... ok
No 'module_name' was provided and it could not be inferred
from other properties. This will prevent a packlist from
being written for this file. Please set either 'module_name'
or 'dist_version_from' in Build.PL.
Creating t/ dir for tests...
File 'MANIFEST.SKIP' does not exist: Creating a temporary 'MANIFEST.SKIP'
Added to MANIFEST: MANIFEST
Added to MANIFEST: t/000compile.t
Added to MANIFEST: t/001pragmas.t
Added to MANIFEST: t/003pod.t
Added to MANIFEST: t/004uselib.t
Module::Build was not found in configure_requires! Adding it now
automatically as: configure_requires => { 'Module::Build' => 0.38 }
*** Did you forget to add META.yml to the MANIFEST?
cannot remove path when cwd is /tmp/kq_fsmOjvz for /tmp/kq_fsmOjvz: at /home/bri/perl5/perlbrew/perls/perl-5.15.5/lib/5.15.5/File/Temp.pm line 902
t/build.t ....... ok
# Failed test 'passed t/000compile.t'
# at t/mbk.t line 25.
# main::path_to_pkg() called too early to check prototype at t/000compile.t line 15.
# 1..1
#
# # Failed test 'use MBKFail;'
# # at t/000compile.t line 64.
# # Tried to use 'MBKFail'.
# # Error: Can't locate MBKFail.pm in @INC (@INC contains: _build/lib /home/bri/.cpan/build/Module-Build-Kwalitee-0.24-O9CeRd/blib/lib /home/bri/.cpan/build/Module-Build-Kwalitee-0.24-O9CeRd/blib/arch /home/bri/.cpan/build/Module-Build-Kwalitee-0.24-O9CeRd/lib /home/bri/.cpan/build/Module-Build-Kwalitee-0.24-O9CeRd /home/bri/.cpan/build/Module-Build-Kwalitee-0.24-O9CeRd/blib/lib /home/bri/.cpan/build/Module-Build-Kwalitee-0.24-O9CeRd/blib/arch /home/bri/.cpan/build/Module-Build-Kwalitee-0.24-O9CeRd/lib /home/bri/.cpan/build/Module-Build-Kwalitee-0.24-O9CeRd /home/bri/perl5/perlbrew/perls/perl-5.15.5/lib/site_perl/5.15.5/i686-linux /home/bri/perl5/perlbrew/perls/perl-5.15.5/lib/site_perl/5.15.5 /home/bri/perl5/perlbrew/perls/perl-5.15.5/lib/5.15.5/i686-linux /home/bri/perl5/perlbrew/perls/perl-5.15.5/lib/5.15.5 .) at (eval 85) line 2.
# # BEGIN failed--compilation aborted at (eval 85) line 2.
# not ok 1 - use MBKFail
#
# # Failed test 'use MBKFail'
# # at t/000compile.t line 70.
# # Looks like you failed 1 test of 1.
# Failed test 'passed t/000compile.t'
# at t/mbk.t line 25.
# main::path_to_pkg() called too early to check prototype at t/000compile.t line 15.
# 1..1
#
# # Failed test 'use MBKFail;'
# # at t/000compile.t line 64.
# # Tried to use 'MBKFail'.
# # Error: Can't locate MBKFail.pm in @INC (@INC contains: _build/lib /home/bri/.cpan/build/Module-Build-Kwalitee-0.24-O9CeRd/blib/lib /home/bri/.cpan/build/Module-Build-Kwalitee-0.24-O9CeRd/blib/arch /home/bri/.cpan/build/Module-Build-Kwalitee-0.24-O9CeRd/lib /home/bri/.cpan/build/Module-Build-Kwalitee-0.24-O9CeRd /home/bri/.cpan/build/Module-Build-Kwalitee-0.24-O9CeRd/blib/lib /home/bri/.cpan/build/Module-Build-Kwalitee-0.24-O9CeRd/blib/arch /home/bri/.cpan/build/Module-Build-Kwalitee-0.24-O9CeRd/lib /home/bri/.cpan/build/Module-Build-Kwalitee-0.24-O9CeRd /home/bri/perl5/perlbrew/perls/perl-5.15.5/lib/site_perl/5.15.5/i686-linux /home/bri/perl5/perlbrew/perls/perl-5.15.5/lib/site_perl/5.15.5 /home/bri/perl5/perlbrew/perls/perl-5.15.5/lib/5.15.5/i686-linux /home/bri/perl5/perlbrew/perls/perl-5.15.5/lib/5.15.5 .) at (eval 85) line 2.
# # BEGIN failed--compilation aborted at (eval 85) line 2.
# not ok 1 - use MBKFail
#
# # Failed test 'use MBKFail'
# # at t/000compile.t line 70.
# # Looks like you failed 1 test of 1.
# Failed test 'failed t/003pod.t'
# at t/mbk.t line 25.
# 1..4
# ok 1 - POD test for lib/MBKFail.pm (no pod)
# ok 2 - lib/MBKFail.pm has POD
# ok 3 # skip lib/MBKFail.pm has no subs
# ok 4 # skip no files with pod
# Failed test 'passed t/000compile.t'
# at t/mbk.t line 25.
# main::path_to_pkg() called too early to check prototype at t/000compile.t line 15.
# 1..1
#
# # Failed test 'use MBKFail;'
# # at t/000compile.t line 64.
# # Tried to use 'MBKFail'.
# # Error: Can't locate MBKFail.pm in @INC (@INC contains: _build/lib /home/bri/.cpan/build/Module-Build-Kwalitee-0.24-O9CeRd/blib/lib /home/bri/.cpan/build/Module-Build-Kwalitee-0.24-O9CeRd/blib/arch /home/bri/.cpan/build/Module-Build-Kwalitee-0.24-O9CeRd/lib /home/bri/.cpan/build/Module-Build-Kwalitee-0.24-O9CeRd /home/bri/.cpan/build/Module-Build-Kwalitee-0.24-O9CeRd/blib/lib /home/bri/.cpan/build/Module-Build-Kwalitee-0.24-O9CeRd/blib/arch /home/bri/.cpan/build/Module-Build-Kwalitee-0.24-O9CeRd/lib /home/bri/.cpan/build/Module-Build-Kwalitee-0.24-O9CeRd /home/bri/perl5/perlbrew/perls/perl-5.15.5/lib/site_perl/5.15.5/i686-linux /home/bri/perl5/perlbrew/perls/perl-5.15.5/lib/site_perl/5.15.5 /home/bri/perl5/perlbrew/perls/perl-5.15.5/lib/5.15.5/i686-linux /home/bri/perl5/perlbrew/perls/perl-5.15.5/lib/5.15.5 .) at (eval 85) line 2.
# # BEGIN failed--compilation aborted at (eval 85) line 2.
# not ok 1 - use MBKFail
#
# # Failed test 'use MBKFail'
# # at t/000compile.t line 70.
# # Looks like you failed 1 test of 1.
# Looks like you failed 4 tests of 30.
t/mbk.t .........
Dubious, test returned 4 (wstat 1024, 0x400)
Failed 4/30 subtests
Test Summary Report
-------------------
t/mbk.t (Wstat: 1024 Tests: 30 Failed: 4)
Failed tests: 15, 21, 23, 27
Non-zero exit status: 4
Files=6, Tests=59, 6 wallclock secs ( 0.05 usr 0.00 sys + 4.97 cusr 0.57 csys = 5.59 CPU)
Result: FAIL
Failed 1/6 test programs. 4/59 subtests failed.
------------------------------
PREREQUISITES
------------------------------
Prerequisite modules loaded:
requires:
Module Need Have
--------------------------- ------ --------
File::Find::Rule 0 0.33
Module::Build 0.2609 0.3800
perl 5.8.1 5.015005
Pod::Coverage::CountParents 0 0
Test::More 0 0.98
Test::Pod 0 1.45
YAML 0 0.73
build_requires:
Module Need Have
--------------------------- ------ --------
File::Find::Rule 0 0.33
IPC::Open3 0 1.12
Test::More 0 0.98
------------------------------
ENVIRONMENT AND OTHER CONTEXT
------------------------------
Environment variables:
AUTOMATED_TESTING = 1
LANG = C
LANGUAGE = en_GB:en
LC_ALL = C
PATH = /home/bri/bin:/home/bri/perl5/perlbrew/bin:/home/bri/perl5/perlbrew/perls/perl-5.15.5/bin:~/bin:/usr/local/sbin:/usr/local/bin:/usr/sbin:/usr/bin:/sbin:/bin:/usr/games
PATH_WITHOUT_PERLBREW = ~/bin:/usr/local/sbin:/usr/local/bin:/usr/sbin:/usr/bin:/sbin:/bin:/usr/games
PERL5LIB =
PERL5OPT =
PERL5_CPANPLUS_IS_RUNNING = 2073
PERL5_CPAN_IS_RUNNING = 2073
PERL5_CPAN_IS_RUNNING_IN_RECURSION = 2010,2073
PERLBREW_BASHRC_VERSION = 0.33
PERLBREW_HOME = /home/bri/.perlbrew
PERLBREW_PATH = /home/bri/perl5/perlbrew/bin:/home/bri/perl5/perlbrew/perls/perl-5.15.5/bin
PERLBREW_PERL = perl-5.15.5
PERLBREW_ROOT = /home/bri/perl5/perlbrew
PERLBREW_VERSION = 0.33
PERL_CPANM_OPT = --prompt --mirror http://172.16.1.3/cpan/
PERL_CR_SMOKER_CURRENT = Module-Build-Kwalitee-0.24
PERL_EXTUTILS_AUTOINSTALL = --defaultdeps
PERL_MM_USE_DEFAULT = 1
SHELL = /bin/bash
TERM = linux
Perl special variables (and OS-specific diagnostics, for MSWin32):
$^X = /home/bri/perl5/perlbrew/perls/perl-5.15.5/bin/perl5.15.5
$UID/$EUID = 1000 / 1000
$GID = 1000 4 20 24 46 112 120 122 1000
$EGID = 1000 4 20 24 46 112 120 122 1000
Perl module toolchain versions installed:
Module Have
------------------- --------
CPAN 1.9800
CPAN::Meta 2.112621
Cwd 3.33
ExtUtils::CBuilder 0.280202
ExtUtils::Command 1.17
ExtUtils::Install 1.52
ExtUtils::MakeMaker 6.62
ExtUtils::Manifest 1.60
ExtUtils::ParseXS 3.05
File::Spec 3.33
JSON 2.53
JSON::PP 2.27008
Module::Build 0.3800
Module::Signature n/a
Parse::CPAN::Meta 1.4401
Test::Harness 3.23
Test::More 0.98
YAML 0.73
YAML::Syck 1.19
version 0.95
--
Summary of my perl5 (revision 5 version 15 subversion 5) configuration:
Platform:
osname=linux, osvers=2.6.38-11-generic, archname=i686-linux
uname='linux lappy 2.6.38-11-generic #48-ubuntu smp fri jul 29 19:05:14 utc 2011 i686 i686 i386 gnulinux '
config_args='-de -Dprefix=/home/bri/perl5/perlbrew/perls/perl-5.15.5 -Dusedevel'
hint=recommended, useposix=true, d_sigaction=define
useithreads=undef, usemultiplicity=undef
useperlio=define, d_sfio=undef, uselargefiles=define, usesocks=undef
use64bitint=undef, use64bitall=undef, uselongdouble=undef
usemymalloc=n, bincompat5005=undef
Compiler:
cc='cc', ccflags ='-fno-strict-aliasing -pipe -fstack-protector -I/usr/local/include -D_LARGEFILE_SOURCE -D_FILE_OFFSET_BITS=64',
optimize='-O2',
cppflags='-fno-strict-aliasing -pipe -fstack-protector -I/usr/local/include'
ccversion='', gccversion='4.5.2', gccosandvers=''
intsize=4, longsize=4, ptrsize=4, doublesize=8, byteorder=1234
d_longlong=define, longlongsize=8, d_longdbl=define, longdblsize=12
ivtype='long', ivsize=4, nvtype='double', nvsize=8, Off_t='off_t', lseeksize=8
alignbytes=4, prototype=define
Linker and Libraries:
ld='cc', ldflags =' -fstack-protector -L/usr/local/lib'
libpth=/usr/local/lib /lib /usr/lib /usr/lib/i386-linux-gnu /usr/lib64
libs=-lnsl -ldl -lm -lcrypt -lutil -lc
perllibs=-lnsl -ldl -lm -lcrypt -lutil -lc
libc=, so=so, useshrplib=false, libperl=libperl.a
gnulibc_version='2.13'
Dynamic Linking:
dlsrc=dl_dlopen.xs, dlext=so, d_dlsymun=undef, ccdlflags='-Wl,-E'
cccdlflags='-fPIC', lddlflags='-shared -O2 -L/usr/local/lib -fstack-protector'
Characteristics of this binary (from libperl):
Compile-time options: HAS_TIMES PERLIO_LAYERS PERL_DONT_CREATE_GVSV
PERL_MALLOC_WRAP PERL_PRESERVE_IVUV PERL_USE_DEVEL
USE_LARGE_FILES USE_LOCALE USE_LOCALE_COLLATE
USE_LOCALE_CTYPE USE_LOCALE_NUMERIC USE_PERLIO
USE_PERL_ATOF
Built under linux
Compiled at Nov 22 2011 23:37:11
%ENV:
PERL5LIB=""
PERL5OPT=""
PERL5_CPANPLUS_IS_RUNNING="2073"
PERL5_CPAN_IS_RUNNING="2073"
PERL5_CPAN_IS_RUNNING_IN_RECURSION="2010,2073"
PERLBREW_BASHRC_VERSION="0.33"
PERLBREW_HOME="/home/bri/.perlbrew"
PERLBREW_PATH="/home/bri/perl5/perlbrew/bin:/home/bri/perl5/perlbrew/perls/perl-5.15.5/bin"
PERLBREW_PERL="perl-5.15.5"
PERLBREW_ROOT="/home/bri/perl5/perlbrew"
PERLBREW_VERSION="0.33"
PERL_CPANM_OPT="--prompt --mirror http://172.16.1.3/cpan/"
PERL_CR_SMOKER_CURRENT="Module-Build-Kwalitee-0.24"
PERL_EXTUTILS_AUTOINSTALL="--defaultdeps"
PERL_MM_USE_DEFAULT="1"
@INC:
/home/bri/perl5/perlbrew/perls/perl-5.15.5/lib/site_perl/5.15.5/i686-linux
/home/bri/perl5/perlbrew/perls/perl-5.15.5/lib/site_perl/5.15.5
/home/bri/perl5/perlbrew/perls/perl-5.15.5/lib/5.15.5/i686-linux
/home/bri/perl5/perlbrew/perls/perl-5.15.5/lib/5.15.5
.