Back
From: metabase:user:30977d10-2aae-11df-837a-5e0a49663a4f
Subject: FAIL Data-Serializable-0.03 v5.13.5
Date: 2010-09-27T18:21:14Z
This distribution has been tested as part of the CPAN Testers
project, supporting the Perl programming language. See
http://wiki.cpantesters.org/ for more information or email
questions to cpan-testers-discuss@perl.org
--
Dear Robin Smidsrod,
This is a computer-generated report for Data-Serializable-0.03
on perl 5.13.5, created by CPAN-Reporter-1.1801.
Thank you for uploading your work to CPAN. However, there was a problem
testing your distribution.
If you think this report is invalid, please consult the CPAN Testers Wiki
for suggestions on how to avoid getting FAIL reports for missing library
or binary dependencies, unsupported operating systems, and so on:
http://wiki.cpantesters.org/wiki/CPANAuthorNotes
Sections of this report:
* Tester comments
* Program output
* Prerequisites
* Environment and other context
------------------------------
TESTER COMMENTS
------------------------------
Additional comments from tester:
this report is from an automated smoke testing program
and was not reviewed by a human for accuracy
------------------------------
PROGRAM OUTPUT
------------------------------
Output from 'C:\bin\dev\perl\site\bin\dmake.EXE test':
C:\home\stro\perl\perl5135\bin\perl.exe "-MExtUtils::Command::MM" "-e" "test_harness(0, 'inc', 'blib\lib', 'blib\arch')" t/*.t
# Testing Data::Serializable 0.03, Perl 5.013005, C:\home\stro\perl\perl5135\bin\perl.exe
t/00-load.t ............. ok
Couldn't serialize data: MyClass does not support builder method '_build_serializer' for attribute 'serializer' at C:\home\stro\cpan\build\5.13.5\Data-Serializable-0.03-_eevha\blib\lib/Data/Serializable.pm line 216
eval {...} called at C:\home\stro\cpan\build\5.13.5\Data-Serializable-0.03-_eevha\blib\lib/Data/Serializable.pm line 216
Data::Serializable::serialize('MyClass=HASH(0xa4a7dc)', 'Foo') called at t/10-example_1.t line 14
at t/10-example_1.t line 14
# Looks like your test exited with 255 before it could output anything.
t/10-example_1.t ........
Dubious, test returned 255 (wstat 65280, 0xff00)
Failed 2/2 subtests
# Failed test '_wrap_invalid is not private'
# at t/20-visibility.t line 15.
# Failed test '_unwrap_invalid is not private'
# at t/20-visibility.t line 16.
# Failed test '_build_serializer is not private'
# at t/20-visibility.t line 17.
# Failed test '_build_deserializer is not private'
# at t/20-visibility.t line 18.
# Looks like you failed 4 tests of 9.
t/20-visibility.t .......
Dubious, test returned 4 (wstat 1024, 0x400)
Failed 4/9 subtests
Couldn't serialize data: MyClass does not support builder method '_build_serializer' for attribute 'serializer' at C:\home\stro\cpan\build\5.13.5\Data-Serializable-0.03-_eevha\blib\lib/Data/Serializable.pm line 216
eval {...} called at C:\home\stro\cpan\build\5.13.5\Data-Serializable-0.03-_eevha\blib\lib/Data/Serializable.pm line 216
Data::Serializable::serialize('MyClass=HASH(0x3f8d24)', 'Test') called at t/30-convert_default.t line 18
at t/30-convert_default.t line 18
# Looks like your test exited with 255 before it could output anything.
t/30-convert_default.t ..
Dubious, test returned 255 (wstat 65280, 0xff00)
Failed 5/5 subtests
Couldn't serialize data: MyClass does not support builder method '_build_serializer' for attribute 'serializer' at C:\home\stro\cpan\build\5.13.5\Data-Serializable-0.03-_eevha\blib\lib/Data/Serializable.pm line 216
eval {...} called at C:\home\stro\cpan\build\5.13.5\Data-Serializable-0.03-_eevha\blib\lib/Data/Serializable.pm line 216
Data::Serializable::serialize('MyClass=HASH(0xa4a7dc)', 'Test') called at t/31-convert_json.t line 18
at t/31-convert_json.t line 18
# Looks like your test exited with 255 before it could output anything.
t/31-convert_json.t .....
Dubious, test returned 255 (wstat 65280, 0xff00)
Failed 6/6 subtests
t/boilerplate.t ......... ok
t/pod-coverage.t ........ ok
t/pod.t ................. ok
Test Summary Report
-------------------
t/10-example_1.t (Wstat: 65280 Tests: 0 Failed: 0)
Non-zero exit status: 255
Parse errors: Bad plan. You planned 2 tests but ran 0.
t/20-visibility.t (Wstat: 1024 Tests: 9 Failed: 4)
Failed tests: 1-4
Non-zero exit status: 4
t/30-convert_default.t (Wstat: 65280 Tests: 0 Failed: 0)
Non-zero exit status: 255
Parse errors: Bad plan. You planned 5 tests but ran 0.
t/31-convert_json.t (Wstat: 65280 Tests: 0 Failed: 0)
Non-zero exit status: 255
Parse errors: Bad plan. You planned 6 tests but ran 0.
t/boilerplate.t (Wstat: 0 Tests: 3 Failed: 0)
TODO passed: 1-3
Files=8, Tests=15, 15 wallclock secs ( 0.06 usr + 0.02 sys = 0.08 CPU)
Result: FAIL
Failed 4/8 test programs. 4/15 subtests failed.
dmake.EXE: Error code 255, while making 'test_dynamic'
------------------------------
PREREQUISITES
------------------------------
Prerequisite modules loaded:
requires:
Module Need Have
---------------------- ----- --------
Carp 0 1.18
Class::MOP 0 1.08
Moose::Role 0 1.14
namespace::autoclean 0 0.11
perl 5.006 5.013005
Storable 0 2.22
build_requires:
Module Need Have
---------------------- ----- --------
Data::Serializer::JSON 0 0.03
ExtUtils::MakeMaker 6.42 6.57_05
JSON 0 2.24
Moose 0 1.14
Test::More 0 0.97_01
configure_requires:
Module Need Have
---------------------- ----- --------
ExtUtils::MakeMaker 6.42 6.57_05
------------------------------
ENVIRONMENT AND OTHER CONTEXT
------------------------------
Environment variables:
ACTIVEPERL_CONFIG_SILENT = 1
AUTOMATED_TESTING = 1
COMSPEC = C:\WINDOWS\system32\cmd.exe
NUMBER_OF_PROCESSORS = 2
PATH = C:\bin\dev\python\;C:\bin\dev\svn;C:\Program Files\Common Files\Microsoft Shared\Windows Live;C:\bin\dev\perl\site\bin;C:\bin\dev\perl\bin;C:\WINDOWS\system32;C:\WINDOWS;C:\WINDOWS\System32\Wbem;C:\WINDOWS\system32\WindowsPowerShell\v1.0;C:\bin\arc;C:\bin\dev\TortoiseSVN\bin;C:\bin\dev\Mercurial;C:\bin\dev\TortoiseHg;c:\bin\sys\gnuwin32\bin;C:\bin\dev\oracle\instantclient_11_1;C:\Program Files\Common Files\Microsoft Shared\Windows Live
PERL5LIB =
PERL5OPT =
PERL5_CPANPLUS_IS_RUNNING = 3204
PERL5_CPAN_IS_RUNNING = 3204
PERL5_CPAN_IS_RUNNING_IN_RECURSION = 6048,3204
PERL_CR_SMOKER_CURRENT = Log-UDP-Client-0.20.0
PERL_EXTUTILS_AUTOINSTALL = --defaultdeps
PERL_MM_USE_DEFAULT = 1
PROCESSOR_IDENTIFIER = x86 Family 6 Model 15 Stepping 11, GenuineIntel
TEMP = C:\WINDOWS\Temp
Perl special variables (and OS-specific diagnostics, for MSWin32):
$^X = C:\home\stro\perl\perl5135\bin\perl.exe
$UID/$EUID = 0 / 0
$GID = 0
$EGID = 0
Win32::GetOSName = WinXP/.Net
Win32::GetOSVersion = Service Pack 3, 5, 1, 2600, 2, 3, 0, 256, 1
Win32::FsType = NTFS
Win32::IsAdminUser = 1
Perl module toolchain versions installed:
Module Have
------------------- -------
CPAN 1.94_57
Cwd 3.31
ExtUtils::CBuilder 0.2703
ExtUtils::Command 1.16
ExtUtils::Install 1.55
ExtUtils::MakeMaker 6.57_05
ExtUtils::Manifest 1.58
ExtUtils::ParseXS 2.2207
File::Spec 3.31_01
Module::Build 0.3607
Module::Signature n/a
Test::Harness 3.22
Test::More 0.97_01
YAML 0.72
YAML::Syck 1.15
version 0.82
--
Summary of my perl5 (revision 5 version 13 subversion 5) configuration:
Platform:
osname=MSWin32, osvers=5.1, archname=MSWin32-x86-multi-thread
uname=''
config_args='undef'
hint=recommended, useposix=true, d_sigaction=undef
useithreads=define, usemultiplicity=define
useperlio=define, d_sfio=undef, uselargefiles=define, usesocks=undef
use64bitint=undef, use64bitall=undef, uselongdouble=undef
usemymalloc=n, bincompat5005=undef
Compiler:
cc='gcc', ccflags =' -s -O2 -DWIN32 -DHAVE_DES_FCRYPT -DPERL_IMPLICIT_CONTEXT -DPERL_IMPLICIT_SYS -fno-strict-aliasing -mms-bitfields -DPERL_MSVCRT_READFIX',
optimize='-s -O2',
cppflags='-DWIN32'
ccversion='', gccversion='3.4.5', gccosandvers=''
intsize=4, longsize=4, ptrsize=4, doublesize=8, byteorder=1234
d_longlong=undef, longlongsize=8, d_longdbl=define, longdblsize=12
ivtype='long', ivsize=4, nvtype='double', nvsize=8, Off_t='long long', lseeksize=8
alignbytes=8, prototype=define
Linker and Libraries:
ld='g++', ldflags ='-s -L"c:\home\stro\perl\perl5135\lib\CORE" -L"C:\MinGW\lib"'
libpth=C:\MinGW\lib
libs=-lmoldname -lkernel32 -luser32 -lgdi32 -lwinspool -lcomdlg32 -ladvapi32 -lshell32 -lole32 -loleaut32 -lnetapi32 -luuid -lws2_32 -lmpr -lwinmm -lversion -lodbc32 -lodbccp32 -lcomctl32
perllibs=-lmoldname -lkernel32 -luser32 -lgdi32 -lwinspool -lcomdlg32 -ladvapi32 -lshell32 -lole32 -loleaut32 -lnetapi32 -luuid -lws2_32 -lmpr -lwinmm -lversion -lodbc32 -lodbccp32 -lcomctl32
libc=, so=dll, useshrplib=true, libperl=libperl513.a
gnulibc_version=''
Dynamic Linking:
dlsrc=dl_win32.xs, dlext=dll, d_dlsymun=undef, ccdlflags=' '
cccdlflags=' ', lddlflags='-mdll -s -L"c:\home\stro\perl\perl5135\lib\CORE" -L"C:\MinGW\lib"'
Characteristics of this binary (from libperl):
Compile-time options: MULTIPLICITY PERL_DONT_CREATE_GVSV
PERL_IMPLICIT_CONTEXT PERL_IMPLICIT_SYS
PERL_MALLOC_WRAP PL_OP_SLAB_ALLOC USE_ITHREADS
USE_LARGE_FILES USE_PERLIO USE_PERL_ATOF
Built under MSWin32
Compiled at Sep 20 2010 16:52:02
%ENV:
PERL5_CPANPLUS_IS_RUNNING="3204"
PERL5_CPAN_IS_RUNNING="3204"
PERL5_CPAN_IS_RUNNING_IN_RECURSION="6048,3204"
PERL_CR_SMOKER_CURRENT="Log-UDP-Client-0.20.0"
PERL_EXTUTILS_AUTOINSTALL="--defaultdeps"
PERL_MM_USE_DEFAULT="1"
@INC:
C:/home/stro/perl/perl5135/site/lib
C:/home/stro/perl/perl5135/lib
.