Report for Dancer-Plugin-FontSubset-0.1.0

Back
From: metabase:user:314402c4-2aae-11df-837a-5e0a49663a4f
Subject: FAIL Dancer-Plugin-FontSubset-0.1.0 v5.14.0 FreeBSD
Date: 2013-06-22T17:54:21Z

This distribution has been tested as part of the CPAN Testers
project, supporting the Perl programming language.  See
http://wiki.cpantesters.org/ for more information or email
questions to cpan-testers-discuss@perl.org


--
Dear Yanick Champoux,

This is a computer-generated report for Dancer-Plugin-FontSubset-0.1.0
on perl 5.14.0, created by CPAN-Reporter-1.2007.

Thank you for uploading your work to CPAN.  However, there was a problem
testing your distribution.

If you think this report is invalid, please consult the CPAN Testers Wiki
for suggestions on how to avoid getting FAIL reports for missing library
or binary dependencies, unsupported operating systems, and so on:

http://wiki.cpantesters.org/wiki/CPANAuthorNotes

Sections of this report:

    * Tester comments
    * Program output
    * Prerequisites
    * Environment and other context

------------------------------
TESTER COMMENTS
------------------------------

Additional comments from tester:

none provided

------------------------------
PROGRAM OUTPUT
------------------------------

Output from './Build test':

You cannot overwrite a locally defined method (config) with a reader at /home/cpansand/var/ctps/5140_1/install/perl-5.14.0/lib/site_perl/5.14.0/Method/Generate/Accessor.pm line 24, <DATA> line 1000.
Compilation failed in require at -e line 1, <DATA> line 1000.

#   Failed test 'Dancer::Plugin::FontSubset loaded ok'
#   at t/00-compile.t line 62.
#                   ''
#     doesn't match '(?^s:^\s*Dancer::Plugin::FontSubset ok)'
# Looks like you failed 1 test of 1.
t/00-compile.t ................ 
Dubious, test returned 1 (wstat 256, 0x100)
Failed 1/1 subtests 
# 
# 
# Generated by Dist::Zilla::Plugin::ReportVersions::Tiny v1.08
# perl: 5.014000 (wanted any version) on freebsd from /home2/cpansand/var/ctps/5140_1/install/perl-5.14.0/bin/perl5.14.0
# 
# Dancer                                        => 1.311      (want any version)
# Dancer::Plugin                                => <undef>    (want any version)
# Dancer::Plugin::Cache::CHI                    => 1.2.0      (want any version)
# Dancer::Test                                  => <undef>    (want any version)
# File::Find                                    => 1.19       (want any version)
# File::Temp                                    => 0.2301     (want any version)
# Font::TTF::Font                               => 0.39       (want any version)
# Font::TTF::Scripts::Name                      => <undef>    (want any version)
# List::AllUtils                                => 0.03       (want any version)
# Module::Build                                 => 0.4005     (want 0.3601) 
# Moo                                           => 1.002      (want any version)
# MooX::Singleton                               => 1.20       (want any version)
# Test::More                                    => 0.98       (want 0.88)   
# strict                                        => 1.04       (want any version)
# version                                       => 0.9901     (want 0.9901) 
# warnings                                      => 1.12       (want any version)
# 
# Thanks for using my code.  I hope it works for you.
# If not, please try and include this output in the bug report.
# That will help me reproduce the issue and solve your problem.
# 
t/000-report-versions-tiny.t .. ok
You cannot overwrite a locally defined method (config) with a reader at /home/cpansand/var/ctps/5140_1/install/perl-5.14.0/lib/site_perl/5.14.0/Method/Generate/Accessor.pm line 24, <DATA> line 1000.
Compilation failed in require at t/basic.t line 16, <DATA> line 1000.
BEGIN failed--compilation aborted at t/basic.t line 16, <DATA> line 1000.
# Looks like your test exited with 255 before it could output anything.
t/basic.t ..................... 
Dubious, test returned 255 (wstat 65280, 0xff00)
Failed 5/5 subtests 
You cannot overwrite a locally defined method (config) with a reader at /home/cpansand/var/ctps/5140_1/install/perl-5.14.0/lib/site_perl/5.14.0/Method/Generate/Accessor.pm line 24.
Compilation failed in require at t/cache.t line 28.
BEGIN failed--compilation aborted at t/cache.t line 28.
t/cache.t ..................... 
Dubious, test returned 255 (wstat 65280, 0xff00)
No subtests run 

Test Summary Report
-------------------
t/00-compile.t              (Wstat: 256 Tests: 1 Failed: 1)
  Failed test:  1
  Non-zero exit status: 1
t/basic.t                   (Wstat: 65280 Tests: 0 Failed: 0)
  Non-zero exit status: 255
  Parse errors: Bad plan.  You planned 5 tests but ran 0.
t/cache.t                   (Wstat: 65280 Tests: 0 Failed: 0)
  Non-zero exit status: 255
  Parse errors: No plan found in TAP output
Files=4, Tests=2,  2 wallclock secs ( 0.03 usr  0.02 sys +  1.58 cusr  0.38 csys =  2.00 CPU)
Result: FAIL
Failed 3/4 test programs. 1/2 subtests failed.

------------------------------
PREREQUISITES
------------------------------

Prerequisite modules loaded:

requires:

    Module                     Need   Have    
    -------------------------- ------ --------
    Dancer                     0      1.3110  
    Dancer::Plugin             0      0       
    Font::TTF::Font            0      0.39    
    Font::TTF::Scripts::Name   0      0       
    List::AllUtils             0      0.03    
    Moo                        0      1.002000
    MooX::Singleton            0      1.20    
    warnings                   0      1.12    

build_requires:

    Module                     Need   Have    
    -------------------------- ------ --------
    Dancer::Plugin::Cache::CHI 0      1.2.0   
    Dancer::Test               0      0       
    File::Find                 0      1.19    
    File::Temp                 0      0.2301  
    Module::Build              0.3601 0.4005  
    strict                     0      1.04    
    Test::More                 0.88   0.98    

configure_requires:

    Module                     Need   Have    
    -------------------------- ------ --------
    Module::Build              0.3601 0.4005  


------------------------------
ENVIRONMENT AND OTHER CONTEXT
------------------------------

Environment variables:

    DBIC_NO_WARN_BAD_PERL = 1
    PATH = /usr/local/bin:/usr/X11R6/bin:/usr/X11/bin:/usr/perl5.8.0/bin:/usr/bin:/bin:/usr/local/sbin:/usr/sbin:/sbin:/usr/local/pilot/bin:/home/cpansand/bin/freebsd8.0:/home/cpansand/bin/sh:/home/cpansand/bin:/usr/X386/bin:/usr/games:/home/cpansand/devel:/usr/home/e/eserte/work/srezic-misc/scripts
    PERL5LIB = /usr/local/src/CPAN/build/MooX-Singleton-1.20-MfQZeQ/blib/arch:/usr/local/src/CPAN/build/MooX-Singleton-1.20-MfQZeQ/blib/lib:/usr/local/src/CPAN/build/Nephia-Lite-0.03-wqyr_u/blib/arch:/usr/local/src/CPAN/build/Nephia-Lite-0.03-wqyr_u/blib/lib
    PERL5OPT = 
    PERL5_CPANPLUS_IS_RUNNING = 80969
    PERL5_CPAN_IS_RUNNING = 80969
    PERL5_CPAN_IS_RUNNING_IN_RECURSION = 80946,80969
    PERL_BATCH = yes
    PERL_CPAN_REPORTER_CONFIG = /var/tmp/cpansmoker-1023/tvtNxEvgXr_config.ini
    PERL_CPAN_REPORTER_DIR = /home/cpansand/var/ctps/5140_1/config/perl-5.14.0/cpanreporter
    PERL_EXTUTILS_AUTOINSTALL = --defaultdeps
    PERL_HTML_DISPLAY_CLASS = HTML::Display::Mozilla
    SHELL = /usr/local/bin/zsh
    TERM = screen
    TMPDIR = /var/tmp/cpansmoker-1023

Perl special variables (and OS-specific diagnostics, for MSWin32):

    $^X = /home2/cpansand/var/ctps/5140_1/install/perl-5.14.0/bin/perl5.14.0
    $UID/$EUID = 1023 / 1023
    $GID = 1023 1023
    $EGID = 1023 1023

Perl module toolchain versions installed:

    Module              Have    
    ------------------- --------
    CPAN                2.00    
    CPAN::Meta          2.131560
    Cwd                 3.40    
    ExtUtils::CBuilder  0.280205
    ExtUtils::Command   1.17    
    ExtUtils::Install   1.56    
    ExtUtils::MakeMaker 6.64    
    ExtUtils::Manifest  1.60    
    ExtUtils::ParseXS   3.18    
    File::Spec          3.40    
    JSON                2.59    
    JSON::PP            2.27200 
    Module::Build       0.4005  
    Module::Signature   0.73    
    Parse::CPAN::Meta   1.4404  
    Test::Harness       3.28    
    Test::More          0.98    
    YAML                0.84    
    YAML::Syck          1.23    
    version             0.9901  


--

Summary of my perl5 (revision 5 version 14 subversion 0) configuration:
   
  Platform:
    osname=freebsd, osvers=8.0-release, archname=i386-freebsd
    uname='freebsd biokovo.herceg.de 8.0-release freebsd 8.0-release #0: sat nov 21 15:48:17 utc 2009 root@almeida.cse.buffalo.edu:usrobjusrsrcsysgeneric i386 '
    config_args='-ds -e -Uversiononly -Dinstallusrbinperl=n -Dusedevel -Dprefix=/home/cpansand/var/ctps/5140_1/install/perl-5.14.0'
    hint=recommended, useposix=true, d_sigaction=define
    useithreads=undef, usemultiplicity=undef
    useperlio=define, d_sfio=undef, uselargefiles=define, usesocks=undef
    use64bitint=undef, use64bitall=undef, uselongdouble=undef
    usemymalloc=n, bincompat5005=undef
  Compiler:
    cc='cc', ccflags ='-DHAS_FPSETMASK -DHAS_FLOATINGPOINT_H -fno-strict-aliasing -pipe -fstack-protector -I/usr/local/include',
    optimize='-O',
    cppflags='-DHAS_FPSETMASK -DHAS_FLOATINGPOINT_H -fno-strict-aliasing -pipe -fstack-protector -I/usr/local/include'
    ccversion='', gccversion='4.2.1 20070719  [FreeBSD]', gccosandvers=''
    intsize=4, longsize=4, ptrsize=4, doublesize=8, byteorder=1234
    d_longlong=define, longlongsize=8, d_longdbl=define, longdblsize=12
    ivtype='long', ivsize=4, nvtype='double', nvsize=8, Off_t='off_t', lseeksize=8
    alignbytes=4, prototype=define
  Linker and Libraries:
    ld='cc', ldflags ='-Wl,-E  -fstack-protector -L/usr/local/lib'
    libpth=/usr/lib /usr/local/lib
    libs=-lgdbm -lm -lcrypt -lutil -lc
    perllibs=-lm -lcrypt -lutil -lc
    libc=, so=so, useshrplib=false, libperl=libperl.a
    gnulibc_version=''
  Dynamic Linking:
    dlsrc=dl_dlopen.xs, dlext=so, d_dlsymun=undef, ccdlflags=' '
    cccdlflags='-DPIC -fPIC', lddlflags='-shared  -L/usr/local/lib -fstack-protector'


Characteristics of this binary (from libperl): 
  Compile-time options: PERL_DONT_CREATE_GVSV PERL_MALLOC_WRAP
                        PERL_PRESERVE_IVUV PERL_USE_DEVEL USE_LARGE_FILES
                        USE_PERLIO USE_PERL_ATOF
  Built under freebsd
  Compiled at May 16 2011 22:19:43
  %ENV:
    PERL5LIB="/usr/local/src/CPAN/build/MooX-Singleton-1.20-MfQZeQ/blib/arch:/usr/local/src/CPAN/build/MooX-Singleton-1.20-MfQZeQ/blib/lib:/usr/local/src/CPAN/build/Nephia-Lite-0.03-wqyr_u/blib/arch:/usr/local/src/CPAN/build/Nephia-Lite-0.03-wqyr_u/blib/lib"
    PERL5OPT=""
    PERL5_CPANPLUS_IS_RUNNING="80969"
    PERL5_CPAN_IS_RUNNING="80969"
    PERL5_CPAN_IS_RUNNING_IN_RECURSION="80946,80969"
    PERL_BATCH="yes"
    PERL_CPAN_REPORTER_CONFIG="/var/tmp/cpansmoker-1023/tvtNxEvgXr_config.ini"
    PERL_CPAN_REPORTER_DIR="/home/cpansand/var/ctps/5140_1/config/perl-5.14.0/cpanreporter"
    PERL_EXTUTILS_AUTOINSTALL="--defaultdeps"
    PERL_HTML_DISPLAY_CLASS="HTML::Display::Mozilla"
  @INC:
    /usr/local/src/CPAN/build/MooX-Singleton-1.20-MfQZeQ/blib/arch
    /usr/local/src/CPAN/build/MooX-Singleton-1.20-MfQZeQ/blib/lib
    /usr/local/src/CPAN/build/Nephia-Lite-0.03-wqyr_u/blib/arch
    /usr/local/src/CPAN/build/Nephia-Lite-0.03-wqyr_u/blib/lib
    /home/cpansand/var/ctps/5140_1/install/perl-5.14.0/lib/site_perl/5.14.0/i386-freebsd
    /home/cpansand/var/ctps/5140_1/install/perl-5.14.0/lib/site_perl/5.14.0
    /home/cpansand/var/ctps/5140_1/install/perl-5.14.0/lib/5.14.0/i386-freebsd
    /home/cpansand/var/ctps/5140_1/install/perl-5.14.0/lib/5.14.0
    .