Report for Dancer2-Plugin-REST-0.21

Back
From: metabase:user:30ae4450-2aae-11df-837a-5e0a49663a4f
Subject: FAIL Dancer2-Plugin-REST-0.21 v5.19.11 GNU/Linux
Date: 2014-05-09T09:53:26Z

This distribution has been tested as part of the CPAN Testers
project, supporting the Perl programming language.  See
http://wiki.cpantesters.org/ for more information or email
questions to cpan-testers-discuss@perl.org


--
Dear Yanick Champoux,

This is a computer-generated report for Dancer2-Plugin-REST-0.21
on perl 5.19.11, created by CPAN-Reporter-1.2011.

Thank you for uploading your work to CPAN.  However, there was a problem
testing your distribution.

If you think this report is invalid, please consult the CPAN Testers Wiki
for suggestions on how to avoid getting FAIL reports for missing library
or binary dependencies, unsupported operating systems, and so on:

http://wiki.cpantesters.org/wiki/CPANAuthorNotes

Sections of this report:

    * Tester comments
    * Program output
    * Prerequisites
    * Environment and other context

------------------------------
TESTER COMMENTS
------------------------------

Additional comments from tester:

none provided

------------------------------
PROGRAM OUTPUT
------------------------------

Output from './Build test':

t/00-compile.t ........................ ok
# Prerequisite Report:
#    Version Module                
#   -------- ----------------------
#     1.3301 Carp                  
#       0.21 Class::Load           
#       0.13 Dancer2               
#       0.13 Dancer2::Core::Request
#       0.13 Dancer2::Plugin       
#       0.13 Dancer2::Test         
#      2.151 Data::Dumper          
#       6.94 ExtUtils::MakeMaker   
#       3.47 File::Spec            
#       3.47 File::Spec::Functions 
#       1.35 IO::Handle            
#       1.16 IPC::Open3            
#       2.90 JSON                  
#       6.06 LWP::UserAgent        
#       1.38 List::Util            
#     0.4205 Module::Build         
#   1.004002 Moo::Role             
#   1.001003 Test::More            
#       2.02 Test::TCP             
#       1.08 strict                
#       1.23 warnings              
t/00-report-prereqs.t ................. ok

#   Failed test 'headers have content_type set to (?^:text/x-data-dumper; charset=UTF-8)'
#   at t/02_prepare_serializer_for_format.t line 66.
#                   'text/x-data-dumper'
#     doesn't match '(?^:text/x-data-dumper; charset=UTF-8)'
# Looks like you failed 1 test of 10.
t/02_prepare_serializer_for_format.t .. 
Dubious, test returned 1 (wstat 256, 0x100)
Failed 1/10 subtests 
t/03_resource.t ....................... ok
t/04_helpers.t ........................ ok
t/04_plugin_settings.t ................ ok
t/05_named_captures.t ................. ok
>> Dancer2 v0.13 server 12933 listening on http://0.0.0.0:50231
>> Dancer2::Plugin::REST (0.21)
t/06_tcp_server.t ..................... ok
t/release-distmeta.t .................. skipped: these tests are for release candidate testing
t/release-no-tabs.t ................... skipped: these tests are for release candidate testing
t/release-pod-syntax.t ................ skipped: these tests are for release candidate testing

Test Summary Report
-------------------
t/02_prepare_serializer_for_format.t (Wstat: 256 Tests: 10 Failed: 1)
  Failed test:  5
  Non-zero exit status: 1
Files=11, Tests=51,  3 wallclock secs ( 0.07 usr  0.04 sys +  2.24 cusr  0.47 csys =  2.82 CPU)
Result: FAIL
Failed 1/11 test programs. 1/51 subtests failed.

------------------------------
PREREQUISITES
------------------------------

Prerequisite modules loaded:

requires:

    Module                 Need   Have    
    ---------------------- ------ --------
    Carp                   0      1.3301  
    Class::Load            0      0.21    
    Dancer2                0      0.13    
    Dancer2::Plugin        0      0.13    
    Moo::Role              0      1.004002
    strict                 0      1.08    
    warnings               0      1.23    

build_requires:

    Module                 Need   Have    
    ---------------------- ------ --------
    Dancer2::Core::Request 0      0.13    
    Dancer2::Test          0      0.13    
    Data::Dumper           0      2.151   
    ExtUtils::MakeMaker    0      6.94    
    File::Spec             0      3.47    
    File::Spec::Functions  0      3.47    
    IO::Handle             0      1.35    
    IPC::Open3             0      1.16    
    JSON                   0      2.90    
    List::Util             0      1.38    
    LWP::UserAgent         0      6.06    
    Module::Build          0.3601 0.4205  
    Test::More             0      1.001003
    Test::TCP              0      2.02    

configure_requires:

    Module                 Need   Have    
    ---------------------- ------ --------
    ExtUtils::MakeMaker    6.30   6.94    
    Module::Build          0.3601 0.4205  


------------------------------
ENVIRONMENT AND OTHER CONTEXT
------------------------------

Environment variables:

    LANG = ru_RU.utf8
    PATH = /home/c/perl5/perlbrew/bin:/home/c/perl5/perlbrew/perls/5.19.11i/bin:/usr/local/bin:/usr/bin:/bin:/usr/local/games:/usr/games
    PERL5LIB = 
    PERL5OPT = 
    PERL5_CPANPLUS_IS_RUNNING = 12884
    PERL5_CPAN_IS_RUNNING = 12884
    PERLBREW_MANPATH = /home/c/perl5/perlbrew/perls/5.19.11i/man
    PERLBREW_PATH = /home/c/perl5/perlbrew/bin:/home/c/perl5/perlbrew/perls/5.19.11i/bin
    PERLBREW_PERL = 5.19.11i
    PERLBREW_ROOT = /home/c/perl5/perlbrew
    PERLBREW_SKIP_INIT = 1
    PERLBREW_VERSION = 0.67
    SHELL = /bin/bash
    TERM = xterm

Perl special variables (and OS-specific diagnostics, for MSWin32):

    $^X = /home/c/perl5/perlbrew/perls/5.19.11i/bin/perl5.19.11
    $UID/$EUID = 1000 / 1000
    $GID = 1000 24 25 29 30 44 46 103 105 108 110 1000
    $EGID = 1000 24 25 29 30 44 46 103 105 108 110 1000

Perl module toolchain versions installed:

    Module              Have    
    ------------------- --------
    CPAN                2.05    
    CPAN::Meta          2.140640
    Cwd                 3.47    
    ExtUtils::CBuilder  0.280216
    ExtUtils::Command   1.18    
    ExtUtils::Install   1.67    
    ExtUtils::MakeMaker 6.94    
    ExtUtils::Manifest  1.63    
    ExtUtils::ParseXS   3.24    
    File::Spec          3.47    
    JSON                2.90    
    JSON::PP            2.27203 
    Module::Build       0.4205  
    Module::Signature   n/a     
    Parse::CPAN::Meta   1.4414  
    Test::Harness       3.30    
    Test::More          1.001003
    YAML                0.90    
    YAML::Syck          1.27    
    version             0.9908  


--

Summary of my perl5 (revision 5 version 19 subversion 11) configuration:
   
  Platform:
    osname=linux, osvers=3.2.0-4-486, archname=i686-linux-thread-multi-64int
    uname='linux deb7 3.2.0-4-486 #1 debian 3.2.51-1 i686 gnulinux '
    config_args='-de -Dprefix=/home/c/perl5/perlbrew/perls/5.19.11i -Dusethreads -Duse64bitint -Dusedevel -Aeval:scriptdir=/home/c/perl5/perlbrew/perls/5.19.11i/bin'
    hint=recommended, useposix=true, d_sigaction=define
    useithreads=define, usemultiplicity=define
    use64bitint=define, use64bitall=undef, uselongdouble=undef
    usemymalloc=n, bincompat5005=undef
  Compiler:
    cc='cc', ccflags ='-D_REENTRANT -D_GNU_SOURCE -fwrapv -fno-strict-aliasing -pipe -fstack-protector -I/usr/local/include -D_LARGEFILE_SOURCE -D_FILE_OFFSET_BITS=64',
    optimize='-O2',
    cppflags='-D_REENTRANT -D_GNU_SOURCE -fwrapv -fno-strict-aliasing -pipe -fstack-protector -I/usr/local/include'
    ccversion='', gccversion='4.7.2', gccosandvers=''
    intsize=4, longsize=4, ptrsize=4, doublesize=8, byteorder=12345678
    d_longlong=define, longlongsize=8, d_longdbl=define, longdblsize=12
    ivtype='long long', ivsize=8, nvtype='double', nvsize=8, Off_t='off_t', lseeksize=8
    alignbytes=4, prototype=define
  Linker and Libraries:
    ld='cc', ldflags =' -fstack-protector -L/usr/local/lib'
    libpth=/usr/local/lib /usr/lib/gcc/i486-linux-gnu/4.7/include-fixed /usr/include/i386-linux-gnu /usr/lib /lib/i386-linux-gnu /lib/../lib /usr/lib/i386-linux-gnu /usr/lib/../lib /lib
    libs=-lnsl -lgdbm -ldb -ldl -lm -lcrypt -lutil -lpthread -lc -lgdbm_compat
    perllibs=-lnsl -ldl -lm -lcrypt -lutil -lpthread -lc
    libc=, so=so, useshrplib=false, libperl=libperl.a
    gnulibc_version='2.13'
  Dynamic Linking:
    dlsrc=dl_dlopen.xs, dlext=so, d_dlsymun=undef, ccdlflags='-Wl,-E'
    cccdlflags='-fPIC', lddlflags='-shared -O2 -L/usr/local/lib -fstack-protector'


Characteristics of this binary (from libperl): 
  Compile-time options: HAS_TIMES MULTIPLICITY PERLIO_LAYERS
                        PERL_DONT_CREATE_GVSV
                        PERL_HASH_FUNC_ONE_AT_A_TIME_HARD
                        PERL_IMPLICIT_CONTEXT PERL_MALLOC_WRAP
                        PERL_NEW_COPY_ON_WRITE PERL_PRESERVE_IVUV
                        PERL_USE_DEVEL USE_64_BIT_INT USE_ITHREADS
                        USE_LARGE_FILES USE_LOCALE USE_LOCALE_COLLATE
                        USE_LOCALE_CTYPE USE_LOCALE_NUMERIC USE_PERLIO
                        USE_PERL_ATOF USE_REENTRANT_API
  Built under linux
  Compiled at Apr 25 2014 15:40:41
  %ENV:
    PERL5LIB=""
    PERL5OPT=""
    PERL5_CPANPLUS_IS_RUNNING="12884"
    PERL5_CPAN_IS_RUNNING="12884"
    PERLBREW_MANPATH="/home/c/perl5/perlbrew/perls/5.19.11i/man"
    PERLBREW_PATH="/home/c/perl5/perlbrew/bin:/home/c/perl5/perlbrew/perls/5.19.11i/bin"
    PERLBREW_PERL="5.19.11i"
    PERLBREW_ROOT="/home/c/perl5/perlbrew"
    PERLBREW_SKIP_INIT="1"
    PERLBREW_VERSION="0.67"
  @INC:
    /home/c/perl5/perlbrew/perls/5.19.11i/lib/site_perl/5.19.11/i686-linux-thread-multi-64int
    /home/c/perl5/perlbrew/perls/5.19.11i/lib/site_perl/5.19.11
    /home/c/perl5/perlbrew/perls/5.19.11i/lib/5.19.11/i686-linux-thread-multi-64int
    /home/c/perl5/perlbrew/perls/5.19.11i/lib/5.19.11
    .