Back
From: metabase:user:9820532a-708b-1014-9a05-b18a96298da1
Subject: FAIL XML-Filter-Dispatcher-0.52 v5.12.4 GNU/Linux
Date: 2011-06-29T05:29:32Z
This distribution has been tested as part of the CPAN Testers
project, supporting the Perl programming language. See
http://wiki.cpantesters.org/ for more information or email
questions to cpan-testers-discuss@perl.org
--
Dear Barrie Slaymaker,
This is a computer-generated report for XML-Filter-Dispatcher-0.52
on perl 5.12.4, created by CPAN-Reporter-1.1902.
Thank you for uploading your work to CPAN. However, there was a problem
testing your distribution.
If you think this report is invalid, please consult the CPAN Testers Wiki
for suggestions on how to avoid getting FAIL reports for missing library
or binary dependencies, unsupported operating systems, and so on:
http://wiki.cpantesters.org/wiki/CPANAuthorNotes
Sections of this report:
* Tester comments
* Program output
* Prerequisites
* Environment and other context
------------------------------
TESTER COMMENTS
------------------------------
Additional comments from tester:
this report is from an automated smoke testing program
and was not reviewed by a human for accuracy
------------------------------
PROGRAM OUTPUT
------------------------------
Output from '/usr/bin/make test':
PERL_DL_NONLAZY=1 /home/test/perl5/perlbrew/perls/perl-5.12.4/bin/perl5.12.4 "-MExtUtils::Command::MM" "-e" "test_harness(0, 'blib/lib', 'blib/arch')" t/*.t
Runaway prototype at /home/test/.cpan/build/XML-Filter-Dispatcher-0.52-gq6_jF/blib/lib/XML/Filter/Dispatcher/Runtime.pm line 33.
Prototype mismatch:: none vs () at /home/test/.cpan/build/XML-Filter-Dispatcher-0.52-gq6_jF/blib/lib/XML/Filter/Dispatcher/Runtime.pm line 33.
Undefined subroutine &XFD::is_tracing called at (eval 37) line 17.
t/builder.t ........
Dubious, test returned 255 (wstat 65280, 0xff00)
Failed 25/25 subtests
Use of uninitialized value in numeric gt (>) at /home/test/.cpan/build/XML-Filter-Dispatcher-0.52-gq6_jF/blib/lib/XML/Filter/Dispatcher/Compiler.pm line 288.
Use of uninitialized value in numeric gt (>) at /home/test/.cpan/build/XML-Filter-Dispatcher-0.52-gq6_jF/blib/lib/XML/Filter/Dispatcher/Compiler.pm line 288.
Runaway prototype at /home/test/.cpan/build/XML-Filter-Dispatcher-0.52-gq6_jF/blib/lib/XML/Filter/Dispatcher/Runtime.pm line 33.
Prototype mismatch:: none vs () at /home/test/.cpan/build/XML-Filter-Dispatcher-0.52-gq6_jF/blib/lib/XML/Filter/Dispatcher/Runtime.pm line 33.
t/compiler.t ....... ok
Runaway prototype at /home/test/.cpan/build/XML-Filter-Dispatcher-0.52-gq6_jF/blib/lib/XML/Filter/Dispatcher/Runtime.pm line 33.
Prototype mismatch:: none vs () at /home/test/.cpan/build/XML-Filter-Dispatcher-0.52-gq6_jF/blib/lib/XML/Filter/Dispatcher/Runtime.pm line 33.
Undefined subroutine &XFD::is_tracing called at (eval 39) line 122.
t/filter.t .........
Dubious, test returned 255 (wstat 65280, 0xff00)
Failed 21/21 subtests
Runaway prototype at /home/test/.cpan/build/XML-Filter-Dispatcher-0.52-gq6_jF/blib/lib/XML/Filter/Dispatcher/Runtime.pm line 33.
Prototype mismatch:: none vs () at /home/test/.cpan/build/XML-Filter-Dispatcher-0.52-gq6_jF/blib/lib/XML/Filter/Dispatcher/Runtime.pm line 33.
Undefined subroutine &XFD::is_tracing called at (eval 37) line 12.
t/hash.t ...........
Dubious, test returned 255 (wstat 65280, 0xff00)
Failed 21/27 subtests
t/helpfulerrors.t .. ok
Runaway prototype at /home/test/.cpan/build/XML-Filter-Dispatcher-0.52-gq6_jF/blib/lib/XML/Filter/Dispatcher/Runtime.pm line 33.
Prototype mismatch:: none vs () at /home/test/.cpan/build/XML-Filter-Dispatcher-0.52-gq6_jF/blib/lib/XML/Filter/Dispatcher/Runtime.pm line 33.
Undefined subroutine &XFD::is_tracing called at (eval 39) line 41.
t/namespaces.t .....
Dubious, test returned 255 (wstat 65280, 0xff00)
Failed 16/16 subtests
t/nothing.t ........ ok
Runaway prototype at /home/test/.cpan/build/XML-Filter-Dispatcher-0.52-gq6_jF/blib/lib/XML/Filter/Dispatcher/Runtime.pm line 33.
Prototype mismatch:: none vs () at /home/test/.cpan/build/XML-Filter-Dispatcher-0.52-gq6_jF/blib/lib/XML/Filter/Dispatcher/Runtime.pm line 33.
Undefined subroutine &XFD::is_tracing called at (eval 37) line 14.
t/order.t ..........
Dubious, test returned 255 (wstat 65280, 0xff00)
Failed 4/4 subtests
Runaway prototype at /home/test/.cpan/build/XML-Filter-Dispatcher-0.52-gq6_jF/blib/lib/XML/Filter/Dispatcher/Runtime.pm line 33.
Prototype mismatch:: none vs () at /home/test/.cpan/build/XML-Filter-Dispatcher-0.52-gq6_jF/blib/lib/XML/Filter/Dispatcher/Runtime.pm line 33.
Undefined subroutine &XFD::is_tracing called at (eval 37) line 14.
t/postponements.t ..
Dubious, test returned 255 (wstat 65280, 0xff00)
Failed 9/9 subtests
Runaway prototype at /home/test/.cpan/build/XML-Filter-Dispatcher-0.52-gq6_jF/blib/lib/XML/Filter/Dispatcher/Runtime.pm line 33.
Prototype mismatch:: none vs () at /home/test/.cpan/build/XML-Filter-Dispatcher-0.52-gq6_jF/blib/lib/XML/Filter/Dispatcher/Runtime.pm line 33.
Undefined subroutine &XFD::is_tracing called at (eval 37) line 14.
t/stooges.t ........
Dubious, test returned 255 (wstat 65280, 0xff00)
Failed 9/9 subtests
Runaway prototype at /home/test/.cpan/build/XML-Filter-Dispatcher-0.52-gq6_jF/blib/lib/XML/Filter/Dispatcher/Runtime.pm line 33.
Prototype mismatch:: none vs () at /home/test/.cpan/build/XML-Filter-Dispatcher-0.52-gq6_jF/blib/lib/XML/Filter/Dispatcher/Runtime.pm line 33.
Undefined subroutine &XFD::is_tracing called at (eval 37) line 12.
t/struct.t .........
Dubious, test returned 255 (wstat 65280, 0xff00)
Failed 22/29 subtests
Runaway prototype at /home/test/.cpan/build/XML-Filter-Dispatcher-0.52-gq6_jF/blib/lib/XML/Filter/Dispatcher/Runtime.pm line 33.
Prototype mismatch:: none vs () at /home/test/.cpan/build/XML-Filter-Dispatcher-0.52-gq6_jF/blib/lib/XML/Filter/Dispatcher/Runtime.pm line 33.
Undefined subroutine &XFD::is_tracing called at (eval 38) line 83.
t/synopsis.t .......
Dubious, test returned 255 (wstat 65280, 0xff00)
Failed 8/8 subtests
t/useless.t ........ ok
Runaway prototype at /home/test/.cpan/build/XML-Filter-Dispatcher-0.52-gq6_jF/blib/lib/XML/Filter/Dispatcher/Runtime.pm line 33.
Prototype mismatch:: none vs () at /home/test/.cpan/build/XML-Filter-Dispatcher-0.52-gq6_jF/blib/lib/XML/Filter/Dispatcher/Runtime.pm line 33.
Undefined subroutine &XFD::is_tracing called at (eval 36) line 12.
t/vars.t ...........
Dubious, test returned 255 (wstat 65280, 0xff00)
Failed 11/13 subtests
Runaway prototype at /home/test/.cpan/build/XML-Filter-Dispatcher-0.52-gq6_jF/blib/lib/XML/Filter/Dispatcher/Runtime.pm line 33.
Prototype mismatch:: none vs () at /home/test/.cpan/build/XML-Filter-Dispatcher-0.52-gq6_jF/blib/lib/XML/Filter/Dispatcher/Runtime.pm line 33.
Undefined subroutine &XFD::is_tracing called at (eval 39) line 13.
t/xpath.t ..........
Dubious, test returned 255 (wstat 65280, 0xff00)
Failed 542/542 subtests
Runaway prototype at /home/test/.cpan/build/XML-Filter-Dispatcher-0.52-gq6_jF/blib/lib/XML/Filter/Dispatcher/Runtime.pm line 33.
Prototype mismatch:: none vs () at /home/test/.cpan/build/XML-Filter-Dispatcher-0.52-gq6_jF/blib/lib/XML/Filter/Dispatcher/Runtime.pm line 33.
Undefined subroutine &XFD::is_tracing called at (eval 28) line 16.
t/xstack.t .........
Dubious, test returned 25 (wstat 6400, 0x1900)
Failed 16/16 subtests
Test Summary Report
-------------------
t/builder.t (Wstat: 65280 Tests: 0 Failed: 0)
Non-zero exit status: 255
Parse errors: Bad plan. You planned 25 tests but ran 0.
t/filter.t (Wstat: 65280 Tests: 0 Failed: 0)
Non-zero exit status: 255
Parse errors: Bad plan. You planned 21 tests but ran 0.
t/hash.t (Wstat: 65280 Tests: 6 Failed: 0)
Non-zero exit status: 255
Parse errors: Bad plan. You planned 27 tests but ran 6.
t/namespaces.t (Wstat: 65280 Tests: 0 Failed: 0)
Non-zero exit status: 255
Parse errors: Bad plan. You planned 16 tests but ran 0.
t/order.t (Wstat: 65280 Tests: 0 Failed: 0)
Non-zero exit status: 255
Parse errors: Bad plan. You planned 4 tests but ran 0.
t/postponements.t (Wstat: 65280 Tests: 0 Failed: 0)
Non-zero exit status: 255
Parse errors: Bad plan. You planned 9 tests but ran 0.
t/stooges.t (Wstat: 65280 Tests: 0 Failed: 0)
Non-zero exit status: 255
Parse errors: Bad plan. You planned 9 tests but ran 0.
t/struct.t (Wstat: 65280 Tests: 7 Failed: 0)
Non-zero exit status: 255
Parse errors: Bad plan. You planned 29 tests but ran 7.
t/synopsis.t (Wstat: 65280 Tests: 0 Failed: 0)
Non-zero exit status: 255
Parse errors: Bad plan. You planned 8 tests but ran 0.
t/vars.t (Wstat: 65280 Tests: 2 Failed: 0)
Non-zero exit status: 255
Parse errors: Bad plan. You planned 13 tests but ran 2.
t/xpath.t (Wstat: 65280 Tests: 0 Failed: 0)
Non-zero exit status: 255
Parse errors: Bad plan. You planned 542 tests but ran 0.
t/xstack.t (Wstat: 6400 Tests: 0 Failed: 0)
Non-zero exit status: 25
Parse errors: Bad plan. You planned 16 tests but ran 0.
Files=16, Tests=37, 5 wallclock secs ( 0.06 usr 0.06 sys + 1.96 cusr 0.51 csys = 2.59 CPU)
Result: FAIL
Failed 12/16 test programs. 0/37 subtests failed.
make: *** [test_dynamic] Error 25
------------------------------
PREREQUISITES
------------------------------
Prerequisite modules loaded:
requires:
Module Need Have
-------------------------- ---- ----
XML::NamespaceSupport 0 1.11
XML::SAX::Base 0 1.04
XML::SAX::EventMethodMaker 0 0.1
XML::SAX::ParserFactory 0 1.01
------------------------------
ENVIRONMENT AND OTHER CONTEXT
------------------------------
Environment variables:
AUTOMATED_TESTING = 1
LANG = C
LC_ALL = C
PATH = /home/test/bin:/home/test/perl5/perlbrew/bin:/home/test/perl5/perlbrew/perls/perl-5.12.4/bin:~/bin:/usr/bin:/bin
PATH_WITHOUT_PERLBREW = ~/bin:/usr/bin:/bin
PERL5LIB = /home/test/.cpan/build/XML-SAX-Machines-0.42-2FOFn2/blib/arch:/home/test/.cpan/build/XML-SAX-Machines-0.42-2FOFn2/blib/lib:/home/test/.cpan/build/XML-SAX-Writer-0.53-qKurlo/blib/arch:/home/test/.cpan/build/XML-SAX-Writer-0.53-qKurlo/blib/lib:/home/test/.cpan/build/XML-Filter-BufferText-1.01-krzjRl/blib/arch:/home/test/.cpan/build/XML-Filter-BufferText-1.01-krzjRl/blib/lib
PERL5OPT =
PERL5_CPANPLUS_IS_RUNNING = 25914
PERL5_CPAN_IS_RUNNING = 25914
PERL5_CPAN_IS_RUNNING_IN_RECURSION = 27261,25914
PERLBREW_HOME = /home/test/.perlbrew
PERLBREW_PATH = /home/test/perl5/perlbrew/bin:/home/test/perl5/perlbrew/perls/perl-5.12.4/bin
PERLBREW_PERL = perl-5.12.4
PERLBREW_ROOT = /home/test/perl5/perlbrew
PERLBREW_VERSION = 0.24
PERL_CR_SMOKER_CURRENT = XML-Filter-Dispatcher-0.52
PERL_EXTUTILS_AUTOINSTALL = --defaultdeps
PERL_MM_USE_DEFAULT = 1
SHELL = /bin/bash
TERM = linux
Perl special variables (and OS-specific diagnostics, for MSWin32):
$^X = /home/test/perl5/perlbrew/perls/perl-5.12.4/bin/perl5.12.4
$UID/$EUID = 1001 / 1001
$GID = 1001 1001
$EGID = 1001 1001
Perl module toolchain versions installed:
Module Have
------------------- --------
CPAN 1.9600
Cwd 3.33
ExtUtils::CBuilder 0.280202
ExtUtils::Command 1.17
ExtUtils::Install 1.55
ExtUtils::MakeMaker 6.56
ExtUtils::Manifest 1.58
ExtUtils::ParseXS 2.2206
File::Spec 3.33
Module::Build 0.3800
Module::Signature n/a
Test::Harness 3.23
Test::More 0.98
YAML 0.73
YAML::Syck 1.17
version 0.91
--
Summary of my perl5 (revision 5 version 12 subversion 4) configuration:
Platform:
osname=linux, osvers=2.6.35-28-generic, archname=x86_64-linux-thread-multi-ld
uname='linux zippy 2.6.35-28-generic #50-ubuntu smp fri mar 18 18:42:20 utc 2011 x86_64 gnulinux '
config_args='-de -Dprefix=/home/test/perl5/perlbrew/perls/perl-5.12.4 -Duselongdouble -Duse64bitall -Dusethreads'
hint=recommended, useposix=true, d_sigaction=define
useithreads=define, usemultiplicity=define
useperlio=define, d_sfio=undef, uselargefiles=define, usesocks=undef
use64bitint=define, use64bitall=define, uselongdouble=define
usemymalloc=n, bincompat5005=undef
Compiler:
cc='cc', ccflags ='-D_REENTRANT -D_GNU_SOURCE -fno-strict-aliasing -pipe -fstack-protector -I/usr/local/include -D_LARGEFILE_SOURCE -D_FILE_OFFSET_BITS=64',
optimize='-O2',
cppflags='-D_REENTRANT -D_GNU_SOURCE -fno-strict-aliasing -pipe -fstack-protector -I/usr/local/include'
ccversion='', gccversion='4.4.5', gccosandvers=''
intsize=4, longsize=8, ptrsize=8, doublesize=8, byteorder=12345678
d_longlong=define, longlongsize=8, d_longdbl=define, longdblsize=16
ivtype='long', ivsize=8, nvtype='long double', nvsize=16, Off_t='off_t', lseeksize=8
alignbytes=16, prototype=define
Linker and Libraries:
ld='cc', ldflags =' -fstack-protector -L/usr/local/lib'
libpth=/usr/local/lib /lib/../lib /usr/lib/../lib /lib /usr/lib /usr/lib/x86_64-linux-gnu /lib64 /usr/lib64
libs=-lnsl -ldl -lm -lcrypt -lutil -lpthread -lc
perllibs=-lnsl -ldl -lm -lcrypt -lutil -lpthread -lc
libc=/lib/libc-2.12.1.so, so=so, useshrplib=false, libperl=libperl.a
gnulibc_version='2.12.1'
Dynamic Linking:
dlsrc=dl_dlopen.xs, dlext=so, d_dlsymun=undef, ccdlflags='-Wl,-E'
cccdlflags='-fPIC', lddlflags='-shared -O2 -L/usr/local/lib -fstack-protector'
Characteristics of this binary (from libperl):
Compile-time options: MULTIPLICITY PERL_DONT_CREATE_GVSV
PERL_IMPLICIT_CONTEXT PERL_MALLOC_WRAP USE_64_BIT_ALL
USE_64_BIT_INT USE_ITHREADS USE_LARGE_FILES
USE_LONG_DOUBLE USE_PERLIO USE_PERL_ATOF
USE_REENTRANT_API
Built under linux
Compiled at Jun 20 2011 12:20:29
%ENV:
PERL5LIB="/home/test/.cpan/build/XML-SAX-Machines-0.42-2FOFn2/blib/arch:/home/test/.cpan/build/XML-SAX-Machines-0.42-2FOFn2/blib/lib:/home/test/.cpan/build/XML-SAX-Writer-0.53-qKurlo/blib/arch:/home/test/.cpan/build/XML-SAX-Writer-0.53-qKurlo/blib/lib:/home/test/.cpan/build/XML-Filter-BufferText-1.01-krzjRl/blib/arch:/home/test/.cpan/build/XML-Filter-BufferText-1.01-krzjRl/blib/lib"
PERL5OPT=""
PERL5_CPANPLUS_IS_RUNNING="25914"
PERL5_CPAN_IS_RUNNING="25914"
PERL5_CPAN_IS_RUNNING_IN_RECURSION="27261,25914"
PERLBREW_HOME="/home/test/.perlbrew"
PERLBREW_PATH="/home/test/perl5/perlbrew/bin:/home/test/perl5/perlbrew/perls/perl-5.12.4/bin"
PERLBREW_PERL="perl-5.12.4"
PERLBREW_ROOT="/home/test/perl5/perlbrew"
PERLBREW_VERSION="0.24"
PERL_CR_SMOKER_CURRENT="XML-Filter-Dispatcher-0.52"
PERL_EXTUTILS_AUTOINSTALL="--defaultdeps"
PERL_MM_USE_DEFAULT="1"
@INC:
/home/test/.cpan/build/XML-SAX-Machines-0.42-2FOFn2/blib/arch
/home/test/.cpan/build/XML-SAX-Machines-0.42-2FOFn2/blib/lib
/home/test/.cpan/build/XML-SAX-Writer-0.53-qKurlo/blib/arch
/home/test/.cpan/build/XML-SAX-Writer-0.53-qKurlo/blib/lib
/home/test/.cpan/build/XML-Filter-BufferText-1.01-krzjRl/blib/arch
/home/test/.cpan/build/XML-Filter-BufferText-1.01-krzjRl/blib/lib
/home/test/perl5/perlbrew/perls/perl-5.12.4/lib/site_perl/5.12.4/x86_64-linux-thread-multi-ld
/home/test/perl5/perlbrew/perls/perl-5.12.4/lib/site_perl/5.12.4
/home/test/perl5/perlbrew/perls/perl-5.12.4/lib/5.12.4/x86_64-linux-thread-multi-ld
/home/test/perl5/perlbrew/perls/perl-5.12.4/lib/5.12.4
.