HTML-CalendarMonth v2.04 Perl 5 v5.30.3 amd64-freebsd
- Status
- Fail
- From
- Slaven Rezić
- Dist
-
HTML-CalendarMonth v2.04
- Platform
- Perl 5 v5.30.3 amd64-freebsd
- Date
- 2022-05-30 06:14:31
- ID
- c4b2e52c-dfdf-11ec-a1dd-90ce2cbfd570
This distribution has been tested as part of the CPAN Testers
project, supporting the Perl programming language. See
http://wiki.cpantesters.org/ for more information or email
questions to cpan-testers-discuss@perl.org
--
Dear Matt Sisk,
This is a computer-generated report for HTML-CalendarMonth-2.04
on perl 5.30.3, created by CPAN-Reporter-1.2018.
Thank you for uploading your work to CPAN. However, there was a problem
testing your distribution.
If you think this report is invalid, please consult the CPAN Testers Wiki
for suggestions on how to avoid getting FAIL reports for missing library
or binary dependencies, unsupported operating systems, and so on:
http://wiki.cpantesters.org/wiki/CPANAuthorNotes
Sections of this report:
* Tester comments
* Program output
* Prerequisites
* Environment and other context
------------------------------
TESTER COMMENTS
------------------------------
Additional comments from tester:
none provided
------------------------------
PROGRAM OUTPUT
------------------------------
Output from '/usr/bin/make test':
PERL_DL_NONLAZY=1 "/usr/perl5.30.3p/bin/perl" "-MExtUtils::Command::MM" "-MTest::Harness" "-e" "undef *Test::Harness::Switches; test_harness(0, 'blib/lib', 'blib/arch')" t/*.t
t/00_basic.t ....... ok
t/01_autodetect.t .. ok
t/02_timelocal.t ... ok
t/03_datetime.t .... ok
t/04_datemanip.t ... ok
t/05_datecalc.t .... ok
t/06_cal.t ......... ok
t/07_ncal.t ........ ok
# Failed test '(2010/03 i8n) Irish Ireland (wb:2) using auto-detect'
# at /usr/home/cpansand/.cpan/build/2022052920/HTML-CalendarMonth-2.04-2/t/testload.pm line 246.
# got: '<table class="hcm-table"><tr><td class="hcm-month-head" colspan=5>Márta</td><td class="hcm-year-head" colspan=2>2010</td></tr><tr><td class="hcm-day-head">Luan</td><td class="hcm-day-head">Máirt</td><td class="hcm-day-head">Céad</td><td class="hcm-day-head">Déar</td><td class="hcm-day-head">Aoine</td><td class="hcm-day-head">Sath</td><td class="hcm-day-head">Domh</td></tr><tr><td>1</td><td>2</td><td>3</td><td>4</td><td>5</td><td>6</td><td>7</td></tr><tr><td>8</td><td>9</td><td>10</td><td>11</td><td>12</td><td>13</td><td>14</td></tr><tr><td>15</td><td>16</td><td>17</td><td>18</td><td>19</td><td>20</td><td>21</td></tr><tr><td>22</td><td>23</td><td>24</td><td>25</td><td>26</td><td>27</td><td>28</td></tr><tr><td>29</td><td>30</td><td>31</td><td></td><td></td><td></td><td></td></tr></table>'
# expected: '<table class="hcm-table"><tr><td class="hcm-month-head" colspan=5>Márta</td><td class="hcm-year-head" colspan=2>2010</td></tr><tr><td class="hcm-day-head">Domh</td><td class="hcm-day-head">Luan</td><td class="hcm-day-head">Máirt</td><td class="hcm-day-head">Céad</td><td class="hcm-day-head">Déar</td><td class="hcm-day-head">Aoine</td><td class="hcm-day-head">Sath</td></tr><tr><td></td><td>1</td><td>2</td><td>3</td><td>4</td><td>5</td><td>6</td></tr><tr><td>7</td><td>8</td><td>9</td><td>10</td><td>11</td><td>12</td><td>13</td></tr><tr><td>14</td><td>15</td><td>16</td><td>17</td><td>18</td><td>19</td><td>20</td></tr><tr><td>21</td><td>22</td><td>23</td><td>24</td><td>25</td><td>26</td><td>27</td></tr><tr><td>28</td><td>29</td><td>30</td><td>31</td><td></td><td></td><td></td></tr></table>'
# Failed test '(2010/03 i8n) Portuguese Brazil (wb:1) using auto-detect'
# at /usr/home/cpansand/.cpan/build/2022052920/HTML-CalendarMonth-2.04-2/t/testload.pm line 246.
# got: '<table class="hcm-table"><tr><td class="hcm-month-head" colspan=5>março</td><td class="hcm-year-head" colspan=2>2010</td></tr><tr><td class="hcm-day-head">dom.</td><td class="hcm-day-head">seg.</td><td class="hcm-day-head">ter.</td><td class="hcm-day-head">qua.</td><td class="hcm-day-head">qui.</td><td class="hcm-day-head">sex.</td><td class="hcm-day-head">sáb.</td></tr><tr><td></td><td>1</td><td>2</td><td>3</td><td>4</td><td>5</td><td>6</td></tr><tr><td>7</td><td>8</td><td>9</td><td>10</td><td>11</td><td>12</td><td>13</td></tr><tr><td>14</td><td>15</td><td>16</td><td>17</td><td>18</td><td>19</td><td>20</td></tr><tr><td>21</td><td>22</td><td>23</td><td>24</td><td>25</td><td>26</td><td>27</td></tr><tr><td>28</td><td>29</td><td>30</td><td>31</td><td></td><td></td><td></td></tr></table>'
# expected: '<table class="hcm-table"><tr><td class="hcm-month-head" colspan=5>março</td><td class="hcm-year-head" colspan=2>2010</td></tr><tr><td class="hcm-day-head">dom</td><td class="hcm-day-head">seg</td><td class="hcm-day-head">ter</td><td class="hcm-day-head">qua</td><td class="hcm-day-head">qui</td><td class="hcm-day-head">sex</td><td class="hcm-day-head">sáb</td></tr><tr><td></td><td>1</td><td>2</td><td>3</td><td>4</td><td>5</td><td>6</td></tr><tr><td>7</td><td>8</td><td>9</td><td>10</td><td>11</td><td>12</td><td>13</td></tr><tr><td>14</td><td>15</td><td>16</td><td>17</td><td>18</td><td>19</td><td>20</td></tr><tr><td>21</td><td>22</td><td>23</td><td>24</td><td>25</td><td>26</td><td>27</td></tr><tr><td>28</td><td>29</td><td>30</td><td>31</td><td></td><td></td><td></td></tr></table>'
# Looks like you failed 2 tests of 8.
t/20_i8n.t .........
Dubious, test returned 2 (wstat 512, 0x200)
Failed 2/8 subtests
t/21_narrow.t ...... ok
Test Summary Report
-------------------
t/20_i8n.t (Wstat: 512 (exited 2) Tests: 8 Failed: 2)
Failed tests: 2, 7
Non-zero exit status: 2
Files=10, Tests=1096, 8 wallclock secs ( 0.16 usr 0.02 sys + 7.16 cusr 0.20 csys = 7.55 CPU)
Result: FAIL
Failed 1/10 test programs. 2/1096 subtests failed.
*** Error code 255
Stop.
make: stopped in /usr/home/cpansand/.cpan/build/2022052920/HTML-CalendarMonth-2.04-2
------------------------------
PREREQUISITES
------------------------------
Prerequisite modules loaded:
requires:
Module Need Have
------------------- ---- ----
Class::Accessor 0 0.51
DateTime::Locale 0.45 1.32
File::Which 0 1.27
HTML::ElementTable 1.18 1.18
Time::Local 0 1.28
build_requires:
Module Need Have
------------------- ---- ----
ExtUtils::MakeMaker 0 7.64
configure_requires:
Module Need Have
------------------- ---- ----
ExtUtils::MakeMaker 0 7.64
------------------------------
ENVIRONMENT AND OTHER CONTEXT
------------------------------
Environment variables:
PATH = /usr/local/bin:/usr/bin:/bin:/usr/local/sbin:/usr/sbin:/sbin:/home/cpansand/bin/sh:/home/cpansand/bin:/usr/games:/home/cpansand/devel:/usr/home/eserte/src/srezic-misc/scripts
PERL5LIB = /home/cpansand/.cpan/build/2022052920/HTML-Element-Extended-1.18-2/blib/arch:/home/cpansand/.cpan/build/2022052920/HTML-Element-Extended-1.18-2/blib/lib:/home/cpansand/.cpan/build/2022052920/Class-DBI-utf8-0.2-2/blib/arch:/home/cpansand/.cpan/build/2022052920/Class-DBI-utf8-0.2-2/blib/lib:/home/cpansand/.cpan/build/2022052920/Class-DBI-AbstractSearch-0.07-2/blib/arch:/home/cpansand/.cpan/build/2022052920/Class-DBI-AbstractSearch-0.07-2/blib/lib:/home/cpansand/.cpan/build/2022052920/SQL-Abstract-Limit-0.143-2/blib/arch:/home/cpansand/.cpan/build/2022052920/SQL-Abstract-Limit-0.143-2/blib/lib:/home/cpansand/.cpan/build/2022052920/Class-DBI-v3.0.17-2/blib/arch:/home/cpansand/.cpan/build/2022052920/Class-DBI-v3.0.17-2/blib/lib:/home/cpansand/.cpan/build/2022052920/UNIVERSAL-moniker-0.08-2/blib/arch:/home/cpansand/.cpan/build/2022052920/UNIVERSAL-moniker-0.08-2/blib/lib:/home/cpansand/.cpan/build/2022052920/Ima-DBI-0.35-2/blib/arch:/home/cpansand/.cpan/build/2022052920/Ima-DBI-0.35-2/blib/lib:/home/cpansand/.cpan/build/2022052920/DBIx-ContextualFetch-1.03-2/blib/arch:/home/cpansand/.cpan/build/2022052920/DBIx-ContextualFetch-1.03-2/blib/lib
PERL5OPT =
PERL5_CPANPLUS_IS_RUNNING = 34423
PERL5_CPAN_IS_RUNNING = 34423
PERL5_CPAN_IS_RUNNING_IN_RECURSION = 28914,34423
PERL_BATCH = yes
PERL_CANARY_STABILITY_NOPROMPT = 1
PERL_CPAN_REPORTER_CONFIG = /var/tmp/cpansmoker-1023/2022052920/cpanreporter_000_config.ini
PERL_EXTUTILS_AUTOINSTALL = --defaultdeps
PERL_USE_UNSAFE_INC = 1
SHELL = /bin/sh
TMPDIR = /var/tmp/cpansmoker-1023/2022052920
Perl special variables (and OS-specific diagnostics, for MSWin32):
$^X = /usr/perl5.30.3p/bin/perl
$UID/$EUID = 1023 / 1023
$GID = 1023 1023
$EGID = 1023 1023
Perl module toolchain versions installed:
Module Have
------------------- --------
CPAN 2.34
CPAN::Meta 2.150010
Cwd 3.78
ExtUtils::CBuilder 0.280236
ExtUtils::Command 7.64
ExtUtils::Install 2.20
ExtUtils::MakeMaker 7.64
ExtUtils::Manifest 1.72
ExtUtils::ParseXS 3.40
File::Spec 3.78
JSON 4.06
JSON::PP 4.08
Module::Build 0.4231
Module::Signature 0.88
Parse::CPAN::Meta 2.150010
Test::Harness 3.44
Test::More 1.302190
YAML 1.30
YAML::Syck 1.34
version 0.9924
--
Summary of my perl5 (revision 5 version 30 subversion 3) configuration:
Platform:
osname=freebsd
osvers=13.0-stable
archname=amd64-freebsd
uname='freebsd cloud10.bbbike.org 13.0-stable freebsd 13.0-stable #0 stable13-n245623-e2872019983d: thu may 13 16:04:27 utc 2021 root@cloud10.bbbike.org:usrobjusrhomeprojectsfreebsdamd64.amd64sysgeneric amd64 '
config_args='-ds -e -Dprefix=/usr/perl5.30.3p -Dcf_email=srezic@cpan.org -Doptimize=-O2 -pipe'
hint=recommended
useposix=true
d_sigaction=define
useithreads=undef
usemultiplicity=undef
use64bitint=define
use64bitall=define
uselongdouble=undef
usemymalloc=n
default_inc_excludes_dot=define
bincompat5005=undef
Compiler:
cc='cc'
ccflags ='-DHAS_FPSETMASK -DHAS_FLOATINGPOINT_H -fno-strict-aliasing -pipe -fstack-protector-strong -I/usr/local/include'
optimize='-O2 -pipe'
cppflags='-DHAS_FPSETMASK -DHAS_FLOATINGPOINT_H -fno-strict-aliasing -pipe -fstack-protector-strong -I/usr/local/include'
ccversion=''
gccversion='FreeBSD Clang 11.0.1 (git@github.com:llvm/llvm-project.git llvmorg-11.0.1-0-g43ff75f2c3fe)'
gccosandvers=''
intsize=4
longsize=8
ptrsize=8
doublesize=8
byteorder=12345678
doublekind=3
d_longlong=define
longlongsize=8
d_longdbl=define
longdblsize=16
longdblkind=3
ivtype='long'
ivsize=8
nvtype='double'
nvsize=8
Off_t='off_t'
lseeksize=8
alignbytes=8
prototype=define
Linker and Libraries:
ld='cc'
ldflags ='-pthread -Wl,-E -fstack-protector-strong -L/usr/local/lib'
libpth=/usr/lib /usr/local/lib /usr/lib/clang/11.0.1/lib /usr/lib
libs=-lpthread -lgdbm -ldl -lm -lcrypt -lutil -lc
perllibs=-lpthread -ldl -lm -lcrypt -lutil -lc
libc=
so=so
useshrplib=false
libperl=libperl.a
gnulibc_version=''
Dynamic Linking:
dlsrc=dl_dlopen.xs
dlext=so
d_dlsymun=undef
ccdlflags=' '
cccdlflags='-DPIC -fPIC'
lddlflags='-shared -L/usr/local/lib -fstack-protector-strong'
Characteristics of this binary (from libperl):
Compile-time options:
HAS_TIMES
PERLIO_LAYERS
PERL_COPY_ON_WRITE
PERL_DONT_CREATE_GVSV
PERL_MALLOC_WRAP
PERL_OP_PARENT
PERL_PRESERVE_IVUV
USE_64_BIT_ALL
USE_64_BIT_INT
USE_LARGE_FILES
USE_LOCALE
USE_LOCALE_COLLATE
USE_LOCALE_CTYPE
USE_LOCALE_NUMERIC
USE_LOCALE_TIME
USE_PERLIO
USE_PERL_ATOF
Built under freebsd
Compiled at May 14 2021 19:47:18
%ENV:
PERL5LIB="/home/cpansand/.cpan/build/2022052920/HTML-Element-Extended-1.18-2/blib/arch:/home/cpansand/.cpan/build/2022052920/HTML-Element-Extended-1.18-2/blib/lib:/home/cpansand/.cpan/build/2022052920/Class-DBI-utf8-0.2-2/blib/arch:/home/cpansand/.cpan/build/2022052920/Class-DBI-utf8-0.2-2/blib/lib:/home/cpansand/.cpan/build/2022052920/Class-DBI-AbstractSearch-0.07-2/blib/arch:/home/cpansand/.cpan/build/2022052920/Class-DBI-AbstractSearch-0.07-2/blib/lib:/home/cpansand/.cpan/build/2022052920/SQL-Abstract-Limit-0.143-2/blib/arch:/home/cpansand/.cpan/build/2022052920/SQL-Abstract-Limit-0.143-2/blib/lib:/home/cpansand/.cpan/build/2022052920/Class-DBI-v3.0.17-2/blib/arch:/home/cpansand/.cpan/build/2022052920/Class-DBI-v3.0.17-2/blib/lib:/home/cpansand/.cpan/build/2022052920/UNIVERSAL-moniker-0.08-2/blib/arch:/home/cpansand/.cpan/build/2022052920/UNIVERSAL-moniker-0.08-2/blib/lib:/home/cpansand/.cpan/build/2022052920/Ima-DBI-0.35-2/blib/arch:/home/cpansand/.cpan/build/2022052920/Ima-DBI-0.35-2/blib/lib:/home/cpansand/.cpan/build/2022052920/DBIx-ContextualFetch-1.03-2/blib/arch:/home/cpansand/.cpan/build/2022052920/DBIx-ContextualFetch-1.03-2/blib/lib"
PERL5OPT=""
PERL5_CPANPLUS_IS_RUNNING="34423"
PERL5_CPAN_IS_RUNNING="34423"
PERL5_CPAN_IS_RUNNING_IN_RECURSION="28914,34423"
PERL_BATCH="yes"
PERL_CANARY_STABILITY_NOPROMPT="1"
PERL_CPAN_REPORTER_CONFIG="/var/tmp/cpansmoker-1023/2022052920/cpanreporter_000_config.ini"
PERL_EXTUTILS_AUTOINSTALL="--defaultdeps"
PERL_USE_UNSAFE_INC="1"
@INC:
/home/cpansand/.cpan/build/2022052920/HTML-Element-Extended-1.18-2/blib/arch
/home/cpansand/.cpan/build/2022052920/HTML-Element-Extended-1.18-2/blib/lib
/home/cpansand/.cpan/build/2022052920/Class-DBI-utf8-0.2-2/blib/arch
/home/cpansand/.cpan/build/2022052920/Class-DBI-utf8-0.2-2/blib/lib
/home/cpansand/.cpan/build/2022052920/Class-DBI-AbstractSearch-0.07-2/blib/arch
/home/cpansand/.cpan/build/2022052920/Class-DBI-AbstractSearch-0.07-2/blib/lib
/home/cpansand/.cpan/build/2022052920/SQL-Abstract-Limit-0.143-2/blib/arch
/home/cpansand/.cpan/build/2022052920/SQL-Abstract-Limit-0.143-2/blib/lib
/home/cpansand/.cpan/build/2022052920/Class-DBI-v3.0.17-2/blib/arch
/home/cpansand/.cpan/build/2022052920/Class-DBI-v3.0.17-2/blib/lib
/home/cpansand/.cpan/build/2022052920/UNIVERSAL-moniker-0.08-2/blib/arch
/home/cpansand/.cpan/build/2022052920/UNIVERSAL-moniker-0.08-2/blib/lib
/home/cpansand/.cpan/build/2022052920/Ima-DBI-0.35-2/blib/arch
/home/cpansand/.cpan/build/2022052920/Ima-DBI-0.35-2/blib/lib
/home/cpansand/.cpan/build/2022052920/DBIx-ContextualFetch-1.03-2/blib/arch
/home/cpansand/.cpan/build/2022052920/DBIx-ContextualFetch-1.03-2/blib/lib
/usr/perl5.30.3p/lib/site_perl/5.30.3/amd64-freebsd
/usr/perl5.30.3p/lib/site_perl/5.30.3
/usr/perl5.30.3p/lib/5.30.3/amd64-freebsd
/usr/perl5.30.3p/lib/5.30.3
.