DBD-SQLcipher v0.02 Perl 5 v5.26.0 x86_64-linux-thread-multi

Status
Fail
From
Slaven Rezić (SREZIC)
Dist
DBD-SQLcipher v0.02
Platform
Perl 5 v5.26.0 x86_64-linux-thread-multi
Date
2018-01-25 20:24:39
ID
c4c33a1c-020d-11e8-bc25-b1628631d076
This distribution has been tested as part of the CPAN Testers
project, supporting the Perl programming language.  See
http://wiki.cpantesters.org/ for more information or email
questions to cpan-testers-discuss@perl.org


--
Dear Tiago Espinha Gasiba,

This is a computer-generated report for DBD-SQLcipher-0.02
on perl 5.26.0, created by CPAN-Reporter-1.2018.

Thank you for uploading your work to CPAN.  However, there was a problem
testing your distribution.

If you think this report is invalid, please consult the CPAN Testers Wiki
for suggestions on how to avoid getting FAIL reports for missing library
or binary dependencies, unsupported operating systems, and so on:

http://wiki.cpantesters.org/wiki/CPANAuthorNotes

Sections of this report:

    * Tester comments
    * Program output
    * Prerequisites
    * Environment and other context

------------------------------
TESTER COMMENTS
------------------------------

Additional comments from tester:

none provided

------------------------------
PROGRAM OUTPUT
------------------------------

Output from '/usr/bin/make test':

"/opt/perl-5.26.0t/bin/perl" -MExtUtils::Command::MM -e 'cp_nonempty' -- SQLcipher.bs blib/arch/auto/DBD/SQLcipher/SQLcipher.bs 644
PERL_DL_NONLAZY=1 "/opt/perl-5.26.0t/bin/perl" "-MExtUtils::Command::MM" "-MTest::Harness" "-e" "undef *Test::Harness::Switches; test_harness(0, 'blib/lib', 'blib/arch')" t/*.t t/**/*.t

#   Failed test 'use DBD::SQLcipher;'
#   at t/01_compile.t line 15.
#     Tried to use 'DBD::SQLcipher'.
#     Error:  Can't load '/home/cpansand/.cpan/build/2018012518/DBD-SQLcipher-2/blib/arch/auto/DBD/SQLcipher/SQLcipher.so' for module DBD::SQLcipher: /home/cpansand/.cpan/build/2018012518/DBD-SQLcipher-2/blib/arch/auto/DBD/SQLcipher/SQLcipher.so: undefined symbol: EVP_CipherInit at /opt/perl-5.26.0t/lib/5.26.0/x86_64-linux-thread-multi/DynaLoader.pm line 193.
#  at t/01_compile.t line 15.
# Compilation failed in require at t/01_compile.t line 15.
# BEGIN failed--compilation aborted at t/01_compile.t line 15.

#   Failed test 'use t::lib::Test;'
#   at t/01_compile.t line 16.
#     Tried to use 't::lib::Test'.
#     Error:  Attempt to reload DBD/SQLcipher.pm aborted.
# Compilation failed in require at t/lib/Test.pm line 163.
# BEGIN failed--compilation aborted at t/lib/Test.pm line 163.
# Compilation failed in require at t/01_compile.t line 16.
# BEGIN failed--compilation aborted at t/01_compile.t line 16.
# $DBI::VERSION=1.636
Undefined subroutine &DBD::SQLcipher::compile_options called at t/01_compile.t line 20.
# Looks like your test exited with 255 just after 3.
t/01_compile.t ........................................ 
Dubious, test returned 255 (wstat 65280, 0xff00)
Failed 2/3 subtests 
Can't load '/home/cpansand/.cpan/build/2018012518/DBD-SQLcipher-2/blib/arch/auto/DBD/SQLcipher/SQLcipher.so' for module DBD::SQLcipher: /home/cpansand/.cpan/build/2018012518/DBD-SQLcipher-2/blib/arch/auto/DBD/SQLcipher/SQLcipher.so: undefined symbol: EVP_CipherInit at /opt/perl-5.26.0t/lib/5.26.0/x86_64-linux-thread-multi/DynaLoader.pm line 193.
 at t/lib/Test.pm line 163.
Compilation failed in require at t/lib/Test.pm line 163.
BEGIN failed--compilation aborted at t/lib/Test.pm line 163.
Compilation failed in require at t/02_logon.t line 11.
BEGIN failed--compilation aborted at t/02_logon.t line 11.
t/02_logon.t .......................................... 
Dubious, test returned 2 (wstat 512, 0x200)
No subtests run 
Can't load '/home/cpansand/.cpan/build/2018012518/DBD-SQLcipher-2/blib/arch/auto/DBD/SQLcipher/SQLcipher.so' for module DBD::SQLcipher: /home/cpansand/.cpan/build/2018012518/DBD-SQLcipher-2/blib/arch/auto/DBD/SQLcipher/SQLcipher.so: undefined symbol: EVP_CipherInit at /opt/perl-5.26.0t/lib/5.26.0/x86_64-linux-thread-multi/DynaLoader.pm line 193.
 at t/lib/Test.pm line 163.
Compilation failed in require at t/lib/Test.pm line 163.
BEGIN failed--compilation aborted at t/lib/Test.pm line 163.
Compilation failed in require at t/03_create_table.t line 11.
BEGIN failed--compilation aborted at t/03_create_table.t line 11.
t/03_create_table.t ................................... 
Dubious, test returned 2 (wstat 512, 0x200)
No subtests run 
Can't load '/home/cpansand/.cpan/build/2018012518/DBD-SQLcipher-2/blib/arch/auto/DBD/SQLcipher/SQLcipher.so' for module DBD::SQLcipher: /home/cpansand/.cpan/build/2018012518/DBD-SQLcipher-2/blib/arch/auto/DBD/SQLcipher/SQLcipher.so: undefined symbol: EVP_CipherInit at /opt/perl-5.26.0t/lib/5.26.0/x86_64-linux-thread-multi/DynaLoader.pm line 193.
 at t/lib/Test.pm line 163.
Compilation failed in require at t/lib/Test.pm line 163.
BEGIN failed--compilation aborted at t/lib/Test.pm line 163.
Compilation failed in require at t/04_insert.t line 9.
BEGIN failed--compilation aborted at t/04_insert.t line 9.
t/04_insert.t ......................................... 
Dubious, test returned 2 (wstat 512, 0x200)
No subtests run 
Can't load '/home/cpansand/.cpan/build/2018012518/DBD-SQLcipher-2/blib/arch/auto/DBD/SQLcipher/SQLcipher.so' for module DBD::SQLcipher: /home/cpansand/.cpan/build/2018012518/DBD-SQLcipher-2/blib/arch/auto/DBD/SQLcipher/SQLcipher.so: undefined symbol: EVP_CipherInit at /opt/perl-5.26.0t/lib/5.26.0/x86_64-linux-thread-multi/DynaLoader.pm line 193.
 at t/lib/Test.pm line 163.
Compilation failed in require at t/lib/Test.pm line 163.
BEGIN failed--compilation aborted at t/lib/Test.pm line 163.
Compilation failed in require at t/05_select.t line 9.
BEGIN failed--compilation aborted at t/05_select.t line 9.
t/05_select.t ......................................... 
Dubious, test returned 2 (wstat 512, 0x200)
No subtests run 
Can't load '/home/cpansand/.cpan/build/2018012518/DBD-SQLcipher-2/blib/arch/auto/DBD/SQLcipher/SQLcipher.so' for module DBD::SQLcipher: /home/cpansand/.cpan/build/2018012518/DBD-SQLcipher-2/blib/arch/auto/DBD/SQLcipher/SQLcipher.so: undefined symbol: EVP_CipherInit at /opt/perl-5.26.0t/lib/5.26.0/x86_64-linux-thread-multi/DynaLoader.pm line 193.
 at t/lib/Test.pm line 163.
Compilation failed in require at t/lib/Test.pm line 163.
BEGIN failed--compilation aborted at t/lib/Test.pm line 163.
Compilation failed in require at t/06_tran.t line 9.
BEGIN failed--compilation aborted at t/06_tran.t line 9.
t/06_tran.t ........................................... 
Dubious, test returned 2 (wstat 512, 0x200)
No subtests run 
Can't load '/home/cpansand/.cpan/build/2018012518/DBD-SQLcipher-2/blib/arch/auto/DBD/SQLcipher/SQLcipher.so' for module DBD::SQLcipher: /home/cpansand/.cpan/build/2018012518/DBD-SQLcipher-2/blib/arch/auto/DBD/SQLcipher/SQLcipher.so: undefined symbol: EVP_CipherInit at /opt/perl-5.26.0t/lib/5.26.0/x86_64-linux-thread-multi/DynaLoader.pm line 193.
 at t/lib/Test.pm line 163.
Compilation failed in require at t/lib/Test.pm line 163.
BEGIN failed--compilation aborted at t/lib/Test.pm line 163.
Compilation failed in require at t/07_error.t line 9.
BEGIN failed--compilation aborted at t/07_error.t line 9.
t/07_error.t .......................................... 
Dubious, test returned 2 (wstat 512, 0x200)
No subtests run 
Can't load '/home/cpansand/.cpan/build/2018012518/DBD-SQLcipher-2/blib/arch/auto/DBD/SQLcipher/SQLcipher.so' for module DBD::SQLcipher: /home/cpansand/.cpan/build/2018012518/DBD-SQLcipher-2/blib/arch/auto/DBD/SQLcipher/SQLcipher.so: undefined symbol: EVP_CipherInit at /opt/perl-5.26.0t/lib/5.26.0/x86_64-linux-thread-multi/DynaLoader.pm line 193.
 at t/lib/Test.pm line 163.
Compilation failed in require at t/lib/Test.pm line 163.
BEGIN failed--compilation aborted at t/lib/Test.pm line 163.
Compilation failed in require at t/08_busy.t line 11.
BEGIN failed--compilation aborted at t/08_busy.t line 11.
t/08_busy.t ........................................... 
Dubious, test returned 2 (wstat 512, 0x200)
No subtests run 
Can't load '/home/cpansand/.cpan/build/2018012518/DBD-SQLcipher-2/blib/arch/auto/DBD/SQLcipher/SQLcipher.so' for module DBD::SQLcipher: /home/cpansand/.cpan/build/2018012518/DBD-SQLcipher-2/blib/arch/auto/DBD/SQLcipher/SQLcipher.so: undefined symbol: EVP_CipherInit at /opt/perl-5.26.0t/lib/5.26.0/x86_64-linux-thread-multi/DynaLoader.pm line 193.
 at t/lib/Test.pm line 163.
Compilation failed in require at t/lib/Test.pm line 163.
BEGIN failed--compilation aborted at t/lib/Test.pm line 163.
Compilation failed in require at t/09_create_function.t line 10.
BEGIN failed--compilation aborted at t/09_create_function.t line 10.
t/09_create_function.t ................................ 
Dubious, test returned 2 (wstat 512, 0x200)
No subtests run 
Can't load '/home/cpansand/.cpan/build/2018012518/DBD-SQLcipher-2/blib/arch/auto/DBD/SQLcipher/SQLcipher.so' for module DBD::SQLcipher: /home/cpansand/.cpan/build/2018012518/DBD-SQLcipher-2/blib/arch/auto/DBD/SQLcipher/SQLcipher.so: undefined symbol: EVP_CipherInit at /opt/perl-5.26.0t/lib/5.26.0/x86_64-linux-thread-multi/DynaLoader.pm line 193.
 at t/lib/Test.pm line 163.
Compilation failed in require at t/lib/Test.pm line 163.
BEGIN failed--compilation aborted at t/lib/Test.pm line 163.
Compilation failed in require at t/10_create_aggregate.t line 9.
BEGIN failed--compilation aborted at t/10_create_aggregate.t line 9.
t/10_create_aggregate.t ............................... 
Dubious, test returned 2 (wstat 512, 0x200)
No subtests run 
Can't load '/home/cpansand/.cpan/build/2018012518/DBD-SQLcipher-2/blib/arch/auto/DBD/SQLcipher/SQLcipher.so' for module DBD::SQLcipher: /home/cpansand/.cpan/build/2018012518/DBD-SQLcipher-2/blib/arch/auto/DBD/SQLcipher/SQLcipher.so: undefined symbol: EVP_CipherInit at /opt/perl-5.26.0t/lib/5.26.0/x86_64-linux-thread-multi/DynaLoader.pm line 193.
 at t/lib/Test.pm line 163.
Compilation failed in require at t/lib/Test.pm line 163.
BEGIN failed--compilation aborted at t/lib/Test.pm line 163.
Compilation failed in require at t/12_unicode.t line 12.
BEGIN failed--compilation aborted at t/12_unicode.t line 12.
t/12_unicode.t ........................................ 
Dubious, test returned 2 (wstat 512, 0x200)
No subtests run 
Can't load '/home/cpansand/.cpan/build/2018012518/DBD-SQLcipher-2/blib/arch/auto/DBD/SQLcipher/SQLcipher.so' for module DBD::SQLcipher: /home/cpansand/.cpan/build/2018012518/DBD-SQLcipher-2/blib/arch/auto/DBD/SQLcipher/SQLcipher.so: undefined symbol: EVP_CipherInit at /opt/perl-5.26.0t/lib/5.26.0/x86_64-linux-thread-multi/DynaLoader.pm line 193.
 at t/lib/Test.pm line 163.
Compilation failed in require at t/lib/Test.pm line 163.
BEGIN failed--compilation aborted at t/lib/Test.pm line 163.
Compilation failed in require at t/13_create_collation.t line 9.
BEGIN failed--compilation aborted at t/13_create_collation.t line 9.
t/13_create_collation.t ............................... 
Dubious, test returned 2 (wstat 512, 0x200)
No subtests run 
Can't load '/home/cpansand/.cpan/build/2018012518/DBD-SQLcipher-2/blib/arch/auto/DBD/SQLcipher/SQLcipher.so' for module DBD::SQLcipher: /home/cpansand/.cpan/build/2018012518/DBD-SQLcipher-2/blib/arch/auto/DBD/SQLcipher/SQLcipher.so: undefined symbol: EVP_CipherInit at /opt/perl-5.26.0t/lib/5.26.0/x86_64-linux-thread-multi/DynaLoader.pm line 193.
 at t/lib/Test.pm line 163.
Compilation failed in require at t/lib/Test.pm line 163.
BEGIN failed--compilation aborted at t/lib/Test.pm line 163.
Compilation failed in require at t/14_progress_handler.t line 9.
BEGIN failed--compilation aborted at t/14_progress_handler.t line 9.
t/14_progress_handler.t ............................... 
Dubious, test returned 2 (wstat 512, 0x200)
No subtests run 
Can't load '/home/cpansand/.cpan/build/2018012518/DBD-SQLcipher-2/blib/arch/auto/DBD/SQLcipher/SQLcipher.so' for module DBD::SQLcipher: /home/cpansand/.cpan/build/2018012518/DBD-SQLcipher-2/blib/arch/auto/DBD/SQLcipher/SQLcipher.so: undefined symbol: EVP_CipherInit at /opt/perl-5.26.0t/lib/5.26.0/x86_64-linux-thread-multi/DynaLoader.pm line 193.
 at t/lib/Test.pm line 163.
Compilation failed in require at t/lib/Test.pm line 163.
BEGIN failed--compilation aborted at t/lib/Test.pm line 163.
Compilation failed in require at t/15_ak_dbd.t line 9.
BEGIN failed--compilation aborted at t/15_ak_dbd.t line 9.
t/15_ak_dbd.t ......................................... 
Dubious, test returned 2 (wstat 512, 0x200)
No subtests run 
Can't load '/home/cpansand/.cpan/build/2018012518/DBD-SQLcipher-2/blib/arch/auto/DBD/SQLcipher/SQLcipher.so' for module DBD::SQLcipher: /home/cpansand/.cpan/build/2018012518/DBD-SQLcipher-2/blib/arch/auto/DBD/SQLcipher/SQLcipher.so: undefined symbol: EVP_CipherInit at /opt/perl-5.26.0t/lib/5.26.0/x86_64-linux-thread-multi/DynaLoader.pm line 193.
 at t/lib/Test.pm line 163.
Compilation failed in require at t/lib/Test.pm line 163.
BEGIN failed--compilation aborted at t/lib/Test.pm line 163.
Compilation failed in require at t/16_column_info.t line 9.
BEGIN failed--compilation aborted at t/16_column_info.t line 9.
t/16_column_info.t .................................... 
Dubious, test returned 2 (wstat 512, 0x200)
No subtests run 
Can't load '/home/cpansand/.cpan/build/2018012518/DBD-SQLcipher-2/blib/arch/auto/DBD/SQLcipher/SQLcipher.so' for module DBD::SQLcipher: /home/cpansand/.cpan/build/2018012518/DBD-SQLcipher-2/blib/arch/auto/DBD/SQLcipher/SQLcipher.so: undefined symbol: EVP_CipherInit at /opt/perl-5.26.0t/lib/5.26.0/x86_64-linux-thread-multi/DynaLoader.pm line 193.
 at t/lib/Test.pm line 163.
Compilation failed in require at t/lib/Test.pm line 163.
BEGIN failed--compilation aborted at t/lib/Test.pm line 163.
Compilation failed in require at t/17_createdrop.t line 12.
BEGIN failed--compilation aborted at t/17_createdrop.t line 12.
t/17_createdrop.t ..................................... 
Dubious, test returned 2 (wstat 512, 0x200)
No subtests run 
Can't load '/home/cpansand/.cpan/build/2018012518/DBD-SQLcipher-2/blib/arch/auto/DBD/SQLcipher/SQLcipher.so' for module DBD::SQLcipher: /home/cpansand/.cpan/build/2018012518/DBD-SQLcipher-2/blib/arch/auto/DBD/SQLcipher/SQLcipher.so: undefined symbol: EVP_CipherInit at /opt/perl-5.26.0t/lib/5.26.0/x86_64-linux-thread-multi/DynaLoader.pm line 193.
 at t/lib/Test.pm line 163.
Compilation failed in require at t/lib/Test.pm line 163.
BEGIN failed--compilation aborted at t/lib/Test.pm line 163.
Compilation failed in require at t/18_insertfetch.t line 11.
BEGIN failed--compilation aborted at t/18_insertfetch.t line 11.
t/18_insertfetch.t .................................... 
Dubious, test returned 2 (wstat 512, 0x200)
No subtests run 
Can't load '/home/cpansand/.cpan/build/2018012518/DBD-SQLcipher-2/blib/arch/auto/DBD/SQLcipher/SQLcipher.so' for module DBD::SQLcipher: /home/cpansand/.cpan/build/2018012518/DBD-SQLcipher-2/blib/arch/auto/DBD/SQLcipher/SQLcipher.so: undefined symbol: EVP_CipherInit at /opt/perl-5.26.0t/lib/5.26.0/x86_64-linux-thread-multi/DynaLoader.pm line 193.
 at t/lib/Test.pm line 163.
Compilation failed in require at t/lib/Test.pm line 163.
BEGIN failed--compilation aborted at t/lib/Test.pm line 163.
Compilation failed in require at t/19_bindparam.t line 9.
BEGIN failed--compilation aborted at t/19_bindparam.t line 9.
t/19_bindparam.t ...................................... 
Dubious, test returned 2 (wstat 512, 0x200)
No subtests run 
Can't load '/home/cpansand/.cpan/build/2018012518/DBD-SQLcipher-2/blib/arch/auto/DBD/SQLcipher/SQLcipher.so' for module DBD::SQLcipher: /home/cpansand/.cpan/build/2018012518/DBD-SQLcipher-2/blib/arch/auto/DBD/SQLcipher/SQLcipher.so: undefined symbol: EVP_CipherInit at /opt/perl-5.26.0t/lib/5.26.0/x86_64-linux-thread-multi/DynaLoader.pm line 193.
 at t/lib/Test.pm line 163.
Compilation failed in require at t/lib/Test.pm line 163.
BEGIN failed--compilation aborted at t/lib/Test.pm line 163.
Compilation failed in require at t/20_blobs.t line 12.
BEGIN failed--compilation aborted at t/20_blobs.t line 12.
t/20_blobs.t .......................................... 
Dubious, test returned 2 (wstat 512, 0x200)
No subtests run 
Can't load '/home/cpansand/.cpan/build/2018012518/DBD-SQLcipher-2/blib/arch/auto/DBD/SQLcipher/SQLcipher.so' for module DBD::SQLcipher: /home/cpansand/.cpan/build/2018012518/DBD-SQLcipher-2/blib/arch/auto/DBD/SQLcipher/SQLcipher.so: undefined symbol: EVP_CipherInit at /opt/perl-5.26.0t/lib/5.26.0/x86_64-linux-thread-multi/DynaLoader.pm line 193.
 at t/lib/Test.pm line 163.
Compilation failed in require at t/lib/Test.pm line 163.
BEGIN failed--compilation aborted at t/lib/Test.pm line 163.
Compilation failed in require at t/21_blobtext.t line 9.
BEGIN failed--compilation aborted at t/21_blobtext.t line 9.
t/21_blobtext.t ....................................... 
Dubious, test returned 2 (wstat 512, 0x200)
No subtests run 
Can't load '/home/cpansand/.cpan/build/2018012518/DBD-SQLcipher-2/blib/arch/auto/DBD/SQLcipher/SQLcipher.so' for module DBD::SQLcipher: /home/cpansand/.cpan/build/2018012518/DBD-SQLcipher-2/blib/arch/auto/DBD/SQLcipher/SQLcipher.so: undefined symbol: EVP_CipherInit at /opt/perl-5.26.0t/lib/5.26.0/x86_64-linux-thread-multi/DynaLoader.pm line 193.
 at t/lib/Test.pm line 163.
Compilation failed in require at t/lib/Test.pm line 163.
BEGIN failed--compilation aborted at t/lib/Test.pm line 163.
Compilation failed in require at t/22_listfields.t line 11.
BEGIN failed--compilation aborted at t/22_listfields.t line 11.
t/22_listfields.t ..................................... 
Dubious, test returned 2 (wstat 512, 0x200)
No subtests run 
Can't load '/home/cpansand/.cpan/build/2018012518/DBD-SQLcipher-2/blib/arch/auto/DBD/SQLcipher/SQLcipher.so' for module DBD::SQLcipher: /home/cpansand/.cpan/build/2018012518/DBD-SQLcipher-2/blib/arch/auto/DBD/SQLcipher/SQLcipher.so: undefined symbol: EVP_CipherInit at /opt/perl-5.26.0t/lib/5.26.0/x86_64-linux-thread-multi/DynaLoader.pm line 193.
 at t/lib/Test.pm line 163.
Compilation failed in require at t/lib/Test.pm line 163.
BEGIN failed--compilation aborted at t/lib/Test.pm line 163.
Compilation failed in require at t/23_nulls.t line 11.
BEGIN failed--compilation aborted at t/23_nulls.t line 11.
t/23_nulls.t .......................................... 
Dubious, test returned 2 (wstat 512, 0x200)
No subtests run 
Can't load '/home/cpansand/.cpan/build/2018012518/DBD-SQLcipher-2/blib/arch/auto/DBD/SQLcipher/SQLcipher.so' for module DBD::SQLcipher: /home/cpansand/.cpan/build/2018012518/DBD-SQLcipher-2/blib/arch/auto/DBD/SQLcipher/SQLcipher.so: undefined symbol: EVP_CipherInit at /opt/perl-5.26.0t/lib/5.26.0/x86_64-linux-thread-multi/DynaLoader.pm line 193.
 at t/lib/Test.pm line 163.
Compilation failed in require at t/lib/Test.pm line 163.
BEGIN failed--compilation aborted at t/lib/Test.pm line 163.
Compilation failed in require at t/24_numrows.t line 11.
BEGIN failed--compilation aborted at t/24_numrows.t line 11.
t/24_numrows.t ........................................ 
Dubious, test returned 2 (wstat 512, 0x200)
No subtests run 
Can't load '/home/cpansand/.cpan/build/2018012518/DBD-SQLcipher-2/blib/arch/auto/DBD/SQLcipher/SQLcipher.so' for module DBD::SQLcipher: /home/cpansand/.cpan/build/2018012518/DBD-SQLcipher-2/blib/arch/auto/DBD/SQLcipher/SQLcipher.so: undefined symbol: EVP_CipherInit at /opt/perl-5.26.0t/lib/5.26.0/x86_64-linux-thread-multi/DynaLoader.pm line 193.
 at t/lib/Test.pm line 163.
Compilation failed in require at t/lib/Test.pm line 163.
BEGIN failed--compilation aborted at t/lib/Test.pm line 163.
Compilation failed in require at t/25_chopblanks.t line 11.
BEGIN failed--compilation aborted at t/25_chopblanks.t line 11.
t/25_chopblanks.t ..................................... 
Dubious, test returned 2 (wstat 512, 0x200)
No subtests run 
Can't load '/home/cpansand/.cpan/build/2018012518/DBD-SQLcipher-2/blib/arch/auto/DBD/SQLcipher/SQLcipher.so' for module DBD::SQLcipher: /home/cpansand/.cpan/build/2018012518/DBD-SQLcipher-2/blib/arch/auto/DBD/SQLcipher/SQLcipher.so: undefined symbol: EVP_CipherInit at /opt/perl-5.26.0t/lib/5.26.0/x86_64-linux-thread-multi/DynaLoader.pm line 193.
 at t/lib/Test.pm line 163.
Compilation failed in require at t/lib/Test.pm line 163.
BEGIN failed--compilation aborted at t/lib/Test.pm line 163.
Compilation failed in require at t/26_commit.t line 11.
BEGIN failed--compilation aborted at t/26_commit.t line 11.
t/26_commit.t ......................................... 
Dubious, test returned 2 (wstat 512, 0x200)
No subtests run 
Can't load '/home/cpansand/.cpan/build/2018012518/DBD-SQLcipher-2/blib/arch/auto/DBD/SQLcipher/SQLcipher.so' for module DBD::SQLcipher: /home/cpansand/.cpan/build/2018012518/DBD-SQLcipher-2/blib/arch/auto/DBD/SQLcipher/SQLcipher.so: undefined symbol: EVP_CipherInit at /opt/perl-5.26.0t/lib/5.26.0/x86_64-linux-thread-multi/DynaLoader.pm line 193.
 at t/lib/Test.pm line 163.
Compilation failed in require at t/lib/Test.pm line 163.
BEGIN failed--compilation aborted at t/lib/Test.pm line 163.
Compilation failed in require at t/27_metadata.t line 10.
BEGIN failed--compilation aborted at t/27_metadata.t line 10.
# Looks like your test exited with 2 before it could output anything.
t/27_metadata.t ....................................... 
Dubious, test returned 2 (wstat 512, 0x200)
Failed 21/21 subtests 
Can't load '/home/cpansand/.cpan/build/2018012518/DBD-SQLcipher-2/blib/arch/auto/DBD/SQLcipher/SQLcipher.so' for module DBD::SQLcipher: /home/cpansand/.cpan/build/2018012518/DBD-SQLcipher-2/blib/arch/auto/DBD/SQLcipher/SQLcipher.so: undefined symbol: EVP_CipherInit at /opt/perl-5.26.0t/lib/5.26.0/x86_64-linux-thread-multi/DynaLoader.pm line 193.
 at t/lib/Test.pm line 163.
Compilation failed in require at t/lib/Test.pm line 163.
BEGIN failed--compilation aborted at t/lib/Test.pm line 163.
Compilation failed in require at t/28_schemachange.t line 13.
BEGIN failed--compilation aborted at t/28_schemachange.t line 13.
# Looks like your test exited with 2 before it could output anything.
t/28_schemachange.t ................................... 
Dubious, test returned 2 (wstat 512, 0x200)
Failed 9/9 subtests 
Can't load '/home/cpansand/.cpan/build/2018012518/DBD-SQLcipher-2/blib/arch/auto/DBD/SQLcipher/SQLcipher.so' for module DBD::SQLcipher: /home/cpansand/.cpan/build/2018012518/DBD-SQLcipher-2/blib/arch/auto/DBD/SQLcipher/SQLcipher.so: undefined symbol: EVP_CipherInit at /opt/perl-5.26.0t/lib/5.26.0/x86_64-linux-thread-multi/DynaLoader.pm line 193.
 at t/lib/Test.pm line 163.
Compilation failed in require at t/lib/Test.pm line 163.
BEGIN failed--compilation aborted at t/lib/Test.pm line 163.
Compilation failed in require at t/30_auto_rollback.t line 11.
BEGIN failed--compilation aborted at t/30_auto_rollback.t line 11.
t/30_auto_rollback.t .................................. 
Dubious, test returned 2 (wstat 512, 0x200)
No subtests run 
Can't load '/home/cpansand/.cpan/build/2018012518/DBD-SQLcipher-2/blib/arch/auto/DBD/SQLcipher/SQLcipher.so' for module DBD::SQLcipher: /home/cpansand/.cpan/build/2018012518/DBD-SQLcipher-2/blib/arch/auto/DBD/SQLcipher/SQLcipher.so: undefined symbol: EVP_CipherInit at /opt/perl-5.26.0t/lib/5.26.0/x86_64-linux-thread-multi/DynaLoader.pm line 193.
 at t/lib/Test.pm line 163.
Compilation failed in require at t/lib/Test.pm line 163.
BEGIN failed--compilation aborted at t/lib/Test.pm line 163.
Compilation failed in require at t/31_bind_weird_number_param.t line 13.
BEGIN failed--compilation aborted at t/31_bind_weird_number_param.t line 13.
# Looks like your test exited with 2 before it could output anything.
t/31_bind_weird_number_param.t ........................ 
Dubious, test returned 2 (wstat 512, 0x200)
Failed 3/3 subtests 
Can't load '/home/cpansand/.cpan/build/2018012518/DBD-SQLcipher-2/blib/arch/auto/DBD/SQLcipher/SQLcipher.so' for module DBD::SQLcipher: /home/cpansand/.cpan/build/2018012518/DBD-SQLcipher-2/blib/arch/auto/DBD/SQLcipher/SQLcipher.so: undefined symbol: EVP_CipherInit at /opt/perl-5.26.0t/lib/5.26.0/x86_64-linux-thread-multi/DynaLoader.pm line 193.
 at t/lib/Test.pm line 163.
Compilation failed in require at t/lib/Test.pm line 163.
BEGIN failed--compilation aborted at t/lib/Test.pm line 163.
Compilation failed in require at t/32_inactive_error.t line 10.
BEGIN failed--compilation aborted at t/32_inactive_error.t line 10.
# Looks like your test exited with 2 before it could output anything.
t/32_inactive_error.t ................................. 
Dubious, test returned 2 (wstat 512, 0x200)
Failed 4/4 subtests 
Can't load '/home/cpansand/.cpan/build/2018012518/DBD-SQLcipher-2/blib/arch/auto/DBD/SQLcipher/SQLcipher.so' for module DBD::SQLcipher: /home/cpansand/.cpan/build/2018012518/DBD-SQLcipher-2/blib/arch/auto/DBD/SQLcipher/SQLcipher.so: undefined symbol: EVP_CipherInit at /opt/perl-5.26.0t/lib/5.26.0/x86_64-linux-thread-multi/DynaLoader.pm line 193.
 at t/lib/Test.pm line 163.
Compilation failed in require at t/lib/Test.pm line 163.
BEGIN failed--compilation aborted at t/lib/Test.pm line 163.
Compilation failed in require at t/33_non_latin_path.t line 12.
BEGIN failed--compilation aborted at t/33_non_latin_path.t line 12.
t/33_non_latin_path.t ................................. 
Dubious, test returned 2 (wstat 512, 0x200)
No subtests run 
Can't load '/home/cpansand/.cpan/build/2018012518/DBD-SQLcipher-2/blib/arch/auto/DBD/SQLcipher/SQLcipher.so' for module DBD::SQLcipher: /home/cpansand/.cpan/build/2018012518/DBD-SQLcipher-2/blib/arch/auto/DBD/SQLcipher/SQLcipher.so: undefined symbol: EVP_CipherInit at /opt/perl-5.26.0t/lib/5.26.0/x86_64-linux-thread-multi/DynaLoader.pm line 193.
 at t/lib/Test.pm line 163.
Compilation failed in require at t/lib/Test.pm line 163.
BEGIN failed--compilation aborted at t/lib/Test.pm line 163.
Compilation failed in require at t/34_online_backup.t line 7.
BEGIN failed--compilation aborted at t/34_online_backup.t line 7.
t/34_online_backup.t .................................. 
Dubious, test returned 2 (wstat 512, 0x200)
No subtests run 
Can't load '/home/cpansand/.cpan/build/2018012518/DBD-SQLcipher-2/blib/arch/auto/DBD/SQLcipher/SQLcipher.so' for module DBD::SQLcipher: /home/cpansand/.cpan/build/2018012518/DBD-SQLcipher-2/blib/arch/auto/DBD/SQLcipher/SQLcipher.so: undefined symbol: EVP_CipherInit at /opt/perl-5.26.0t/lib/5.26.0/x86_64-linux-thread-multi/DynaLoader.pm line 193.
 at t/lib/Test.pm line 163.
Compilation failed in require at t/lib/Test.pm line 163.
BEGIN failed--compilation aborted at t/lib/Test.pm line 163.
Compilation failed in require at t/35_table_info.t line 9.
BEGIN failed--compilation aborted at t/35_table_info.t line 9.
t/35_table_info.t ..................................... 
Dubious, test returned 2 (wstat 512, 0x200)
No subtests run 
Can't load '/home/cpansand/.cpan/build/2018012518/DBD-SQLcipher-2/blib/arch/auto/DBD/SQLcipher/SQLcipher.so' for module DBD::SQLcipher: /home/cpansand/.cpan/build/2018012518/DBD-SQLcipher-2/blib/arch/auto/DBD/SQLcipher/SQLcipher.so: undefined symbol: EVP_CipherInit at /opt/perl-5.26.0t/lib/5.26.0/x86_64-linux-thread-multi/DynaLoader.pm line 193.
 at t/lib/Test.pm line 163.
Compilation failed in require at t/lib/Test.pm line 163.
BEGIN failed--compilation aborted at t/lib/Test.pm line 163.
Compilation failed in require at t/36_hooks.t line 9.
BEGIN failed--compilation aborted at t/36_hooks.t line 9.
t/36_hooks.t .......................................... 
Dubious, test returned 2 (wstat 512, 0x200)
No subtests run 
Can't load '/home/cpansand/.cpan/build/2018012518/DBD-SQLcipher-2/blib/arch/auto/DBD/SQLcipher/SQLcipher.so' for module DBD::SQLcipher: /home/cpansand/.cpan/build/2018012518/DBD-SQLcipher-2/blib/arch/auto/DBD/SQLcipher/SQLcipher.so: undefined symbol: EVP_CipherInit at /opt/perl-5.26.0t/lib/5.26.0/x86_64-linux-thread-multi/DynaLoader.pm line 193.
 at t/lib/Test.pm line 163.
Compilation failed in require at t/lib/Test.pm line 163.
BEGIN failed--compilation aborted at t/lib/Test.pm line 163.
Compilation failed in require at t/37_regexp.t line 9.
BEGIN failed--compilation aborted at t/37_regexp.t line 9.
t/37_regexp.t ......................................... 
Dubious, test returned 2 (wstat 512, 0x200)
No subtests run 
Can't load '/home/cpansand/.cpan/build/2018012518/DBD-SQLcipher-2/blib/arch/auto/DBD/SQLcipher/SQLcipher.so' for module DBD::SQLcipher: /home/cpansand/.cpan/build/2018012518/DBD-SQLcipher-2/blib/arch/auto/DBD/SQLcipher/SQLcipher.so: undefined symbol: EVP_CipherInit at /opt/perl-5.26.0t/lib/5.26.0/x86_64-linux-thread-multi/DynaLoader.pm line 193.
 at t/lib/Test.pm line 163.
Compilation failed in require at t/lib/Test.pm line 163.
BEGIN failed--compilation aborted at t/lib/Test.pm line 163.
Compilation failed in require at t/38_empty_statement.t line 9.
BEGIN failed--compilation aborted at t/38_empty_statement.t line 9.
t/38_empty_statement.t ................................ 
Dubious, test returned 2 (wstat 512, 0x200)
No subtests run 
Can't load '/home/cpansand/.cpan/build/2018012518/DBD-SQLcipher-2/blib/arch/auto/DBD/SQLcipher/SQLcipher.so' for module DBD::SQLcipher: /home/cpansand/.cpan/build/2018012518/DBD-SQLcipher-2/blib/arch/auto/DBD/SQLcipher/SQLcipher.so: undefined symbol: EVP_CipherInit at /opt/perl-5.26.0t/lib/5.26.0/x86_64-linux-thread-multi/DynaLoader.pm line 193.
 at t/lib/Test.pm line 163.
Compilation failed in require at t/lib/Test.pm line 163.
BEGIN failed--compilation aborted at t/lib/Test.pm line 163.
Compilation failed in require at t/39_foreign_keys.t line 9.
BEGIN failed--compilation aborted at t/39_foreign_keys.t line 9.
t/39_foreign_keys.t ................................... 
Dubious, test returned 2 (wstat 512, 0x200)
No subtests run 
Can't load '/home/cpansand/.cpan/build/2018012518/DBD-SQLcipher-2/blib/arch/auto/DBD/SQLcipher/SQLcipher.so' for module DBD::SQLcipher: /home/cpansand/.cpan/build/2018012518/DBD-SQLcipher-2/blib/arch/auto/DBD/SQLcipher/SQLcipher.so: undefined symbol: EVP_CipherInit at /opt/perl-5.26.0t/lib/5.26.0/x86_64-linux-thread-multi/DynaLoader.pm line 193.
 at t/lib/Test.pm line 163.
Compilation failed in require at t/lib/Test.pm line 163.
BEGIN failed--compilation aborted at t/lib/Test.pm line 163.
Compilation failed in require at t/40_multiple_statements.t line 9.
BEGIN failed--compilation aborted at t/40_multiple_statements.t line 9.
t/40_multiple_statements.t ............................ 
Dubious, test returned 2 (wstat 512, 0x200)
No subtests run 
Can't load '/home/cpansand/.cpan/build/2018012518/DBD-SQLcipher-2/blib/arch/auto/DBD/SQLcipher/SQLcipher.so' for module DBD::SQLcipher: /home/cpansand/.cpan/build/2018012518/DBD-SQLcipher-2/blib/arch/auto/DBD/SQLcipher/SQLcipher.so: undefined symbol: EVP_CipherInit at /opt/perl-5.26.0t/lib/5.26.0/x86_64-linux-thread-multi/DynaLoader.pm line 193.
 at t/lib/Test.pm line 163.
Compilation failed in require at t/lib/Test.pm line 163.
BEGIN failed--compilation aborted at t/lib/Test.pm line 163.
Compilation failed in require at t/41_placeholders.t line 9.
BEGIN failed--compilation aborted at t/41_placeholders.t line 9.
t/41_placeholders.t ................................... 
Dubious, test returned 2 (wstat 512, 0x200)
No subtests run 
Can't load '/home/cpansand/.cpan/build/2018012518/DBD-SQLcipher-2/blib/arch/auto/DBD/SQLcipher/SQLcipher.so' for module DBD::SQLcipher: /home/cpansand/.cpan/build/2018012518/DBD-SQLcipher-2/blib/arch/auto/DBD/SQLcipher/SQLcipher.so: undefined symbol: EVP_CipherInit at /opt/perl-5.26.0t/lib/5.26.0/x86_64-linux-thread-multi/DynaLoader.pm line 193.
 at t/lib/Test.pm line 163.
Compilation failed in require at t/lib/Test.pm line 163.
BEGIN failed--compilation aborted at t/lib/Test.pm line 163.
Compilation failed in require at t/42_primary_key_info.t line 9.
BEGIN failed--compilation aborted at t/42_primary_key_info.t line 9.
t/42_primary_key_info.t ............................... 
Dubious, test returned 2 (wstat 512, 0x200)
No subtests run 
Can't load '/home/cpansand/.cpan/build/2018012518/DBD-SQLcipher-2/blib/arch/auto/DBD/SQLcipher/SQLcipher.so' for module DBD::SQLcipher: /home/cpansand/.cpan/build/2018012518/DBD-SQLcipher-2/blib/arch/auto/DBD/SQLcipher/SQLcipher.so: undefined symbol: EVP_CipherInit at /opt/perl-5.26.0t/lib/5.26.0/x86_64-linux-thread-multi/DynaLoader.pm line 193.
 at t/lib/Test.pm line 163.
Compilation failed in require at t/lib/Test.pm line 163.
BEGIN failed--compilation aborted at t/lib/Test.pm line 163.
Compilation failed in require at t/43_fts3.t line 8.
BEGIN failed--compilation aborted at t/43_fts3.t line 8.
t/43_fts3.t ........................................... 
Dubious, test returned 2 (wstat 512, 0x200)
No subtests run 
Can't load '/home/cpansand/.cpan/build/2018012518/DBD-SQLcipher-2/blib/arch/auto/DBD/SQLcipher/SQLcipher.so' for module DBD::SQLcipher: /home/cpansand/.cpan/build/2018012518/DBD-SQLcipher-2/blib/arch/auto/DBD/SQLcipher/SQLcipher.so: undefined symbol: EVP_CipherInit at /opt/perl-5.26.0t/lib/5.26.0/x86_64-linux-thread-multi/DynaLoader.pm line 193.
 at t/lib/Test.pm line 163.
Compilation failed in require at t/lib/Test.pm line 163.
BEGIN failed--compilation aborted at t/lib/Test.pm line 163.
Compilation failed in require at t/44_rtree.t line 9.
BEGIN failed--compilation aborted at t/44_rtree.t line 9.
t/44_rtree.t .......................................... 
Dubious, test returned 2 (wstat 512, 0x200)
No subtests run 
Can't load '/home/cpansand/.cpan/build/2018012518/DBD-SQLcipher-2/blib/arch/auto/DBD/SQLcipher/SQLcipher.so' for module DBD::SQLcipher: /home/cpansand/.cpan/build/2018012518/DBD-SQLcipher-2/blib/arch/auto/DBD/SQLcipher/SQLcipher.so: undefined symbol: EVP_CipherInit at /opt/perl-5.26.0t/lib/5.26.0/x86_64-linux-thread-multi/DynaLoader.pm line 193.
 at t/lib/Test.pm line 163.
Compilation failed in require at t/lib/Test.pm line 163.
BEGIN failed--compilation aborted at t/lib/Test.pm line 163.
Compilation failed in require at t/45_savepoints.t line 9.
BEGIN failed--compilation aborted at t/45_savepoints.t line 9.
t/45_savepoints.t ..................................... 
Dubious, test returned 2 (wstat 512, 0x200)
No subtests run 
Can't load '/home/cpansand/.cpan/build/2018012518/DBD-SQLcipher-2/blib/arch/auto/DBD/SQLcipher/SQLcipher.so' for module DBD::SQLcipher: /home/cpansand/.cpan/build/2018012518/DBD-SQLcipher-2/blib/arch/auto/DBD/SQLcipher/SQLcipher.so: undefined symbol: EVP_CipherInit at /opt/perl-5.26.0t/lib/5.26.0/x86_64-linux-thread-multi/DynaLoader.pm line 193.
 at t/lib/Test.pm line 163.
Compilation failed in require at t/lib/Test.pm line 163.
BEGIN failed--compilation aborted at t/lib/Test.pm line 163.
Compilation failed in require at t/46_mod_perl.t line 9.
BEGIN failed--compilation aborted at t/46_mod_perl.t line 9.
t/46_mod_perl.t ....................................... 
Dubious, test returned 2 (wstat 512, 0x200)
No subtests run 
Can't load '/home/cpansand/.cpan/build/2018012518/DBD-SQLcipher-2/blib/arch/auto/DBD/SQLcipher/SQLcipher.so' for module DBD::SQLcipher: /home/cpansand/.cpan/build/2018012518/DBD-SQLcipher-2/blib/arch/auto/DBD/SQLcipher/SQLcipher.so: undefined symbol: EVP_CipherInit at /opt/perl-5.26.0t/lib/5.26.0/x86_64-linux-thread-multi/DynaLoader.pm line 193.
 at t/lib/Test.pm line 163.
Compilation failed in require at t/lib/Test.pm line 163.
BEGIN failed--compilation aborted at t/lib/Test.pm line 163.
Compilation failed in require at t/47_execute.t line 11.
BEGIN failed--compilation aborted at t/47_execute.t line 11.
t/47_execute.t ........................................ 
Dubious, test returned 2 (wstat 512, 0x200)
No subtests run 
Can't load '/home/cpansand/.cpan/build/2018012518/DBD-SQLcipher-2/blib/arch/auto/DBD/SQLcipher/SQLcipher.so' for module DBD::SQLcipher: /home/cpansand/.cpan/build/2018012518/DBD-SQLcipher-2/blib/arch/auto/DBD/SQLcipher/SQLcipher.so: undefined symbol: EVP_CipherInit at /opt/perl-5.26.0t/lib/5.26.0/x86_64-linux-thread-multi/DynaLoader.pm line 193.
 at t/lib/Test.pm line 163.
Compilation failed in require at t/lib/Test.pm line 163.
BEGIN failed--compilation aborted at t/lib/Test.pm line 163.
Compilation failed in require at t/48_bind_param_is_sticky.t line 11.
BEGIN failed--compilation aborted at t/48_bind_param_is_sticky.t line 11.
t/48_bind_param_is_sticky.t ........................... 
Dubious, test returned 2 (wstat 512, 0x200)
No subtests run 
Can't load '/home/cpansand/.cpan/build/2018012518/DBD-SQLcipher-2/blib/arch/auto/DBD/SQLcipher/SQLcipher.so' for module DBD::SQLcipher: /home/cpansand/.cpan/build/2018012518/DBD-SQLcipher-2/blib/arch/auto/DBD/SQLcipher/SQLcipher.so: undefined symbol: EVP_CipherInit at /opt/perl-5.26.0t/lib/5.26.0/x86_64-linux-thread-multi/DynaLoader.pm line 193.
 at t/lib/Test.pm line 163.
Compilation failed in require at t/lib/Test.pm line 163.
BEGIN failed--compilation aborted at t/lib/Test.pm line 163.
Compilation failed in require at t/49_trace_and_profile.t line 9.
BEGIN failed--compilation aborted at t/49_trace_and_profile.t line 9.
t/49_trace_and_profile.t .............................. 
Dubious, test returned 2 (wstat 512, 0x200)
No subtests run 
Can't load '/home/cpansand/.cpan/build/2018012518/DBD-SQLcipher-2/blib/arch/auto/DBD/SQLcipher/SQLcipher.so' for module DBD::SQLcipher: /home/cpansand/.cpan/build/2018012518/DBD-SQLcipher-2/blib/arch/auto/DBD/SQLcipher/SQLcipher.so: undefined symbol: EVP_CipherInit at /opt/perl-5.26.0t/lib/5.26.0/x86_64-linux-thread-multi/DynaLoader.pm line 193.
 at t/lib/Test.pm line 163.
Compilation failed in require at t/lib/Test.pm line 163.
BEGIN failed--compilation aborted at t/lib/Test.pm line 163.
Compilation failed in require at t/50_foreign_key_info.t line 9.
BEGIN failed--compilation aborted at t/50_foreign_key_info.t line 9.
t/50_foreign_key_info.t ............................... 
Dubious, test returned 2 (wstat 512, 0x200)
No subtests run 
Can't load '/home/cpansand/.cpan/build/2018012518/DBD-SQLcipher-2/blib/arch/auto/DBD/SQLcipher/SQLcipher.so' for module DBD::SQLcipher: /home/cpansand/.cpan/build/2018012518/DBD-SQLcipher-2/blib/arch/auto/DBD/SQLcipher/SQLcipher.so: undefined symbol: EVP_CipherInit at /opt/perl-5.26.0t/lib/5.26.0/x86_64-linux-thread-multi/DynaLoader.pm line 193.
 at t/lib/Test.pm line 163.
Compilation failed in require at t/lib/Test.pm line 163.
BEGIN failed--compilation aborted at t/lib/Test.pm line 163.
Compilation failed in require at t/51_table_column_metadata.t line 9.
BEGIN failed--compilation aborted at t/51_table_column_metadata.t line 9.
t/51_table_column_metadata.t .......................... 
Dubious, test returned 2 (wstat 512, 0x200)
No subtests run 
Can't load '/home/cpansand/.cpan/build/2018012518/DBD-SQLcipher-2/blib/arch/auto/DBD/SQLcipher/SQLcipher.so' for module DBD::SQLcipher: /home/cpansand/.cpan/build/2018012518/DBD-SQLcipher-2/blib/arch/auto/DBD/SQLcipher/SQLcipher.so: undefined symbol: EVP_CipherInit at /opt/perl-5.26.0t/lib/5.26.0/x86_64-linux-thread-multi/DynaLoader.pm line 193.
 at t/lib/Test.pm line 163.
Compilation failed in require at t/lib/Test.pm line 163.
BEGIN failed--compilation aborted at t/lib/Test.pm line 163.
Compilation failed in require at t/52_db_filename.t line 9.
BEGIN failed--compilation aborted at t/52_db_filename.t line 9.
t/52_db_filename.t .................................... 
Dubious, test returned 2 (wstat 512, 0x200)
No subtests run 
Can't load '/home/cpansand/.cpan/build/2018012518/DBD-SQLcipher-2/blib/arch/auto/DBD/SQLcipher/SQLcipher.so' for module DBD::SQLcipher: /home/cpansand/.cpan/build/2018012518/DBD-SQLcipher-2/blib/arch/auto/DBD/SQLcipher/SQLcipher.so: undefined symbol: EVP_CipherInit at /opt/perl-5.26.0t/lib/5.26.0/x86_64-linux-thread-multi/DynaLoader.pm line 193.
 at t/lib/Test.pm line 163.
Compilation failed in require at t/lib/Test.pm line 163.
BEGIN failed--compilation aborted at t/lib/Test.pm line 163.
Compilation failed in require at t/53_status.t line 9.
BEGIN failed--compilation aborted at t/53_status.t line 9.
t/53_status.t ......................................... 
Dubious, test returned 2 (wstat 512, 0x200)
No subtests run 
Can't load '/home/cpansand/.cpan/build/2018012518/DBD-SQLcipher-2/blib/arch/auto/DBD/SQLcipher/SQLcipher.so' for module DBD::SQLcipher: /home/cpansand/.cpan/build/2018012518/DBD-SQLcipher-2/blib/arch/auto/DBD/SQLcipher/SQLcipher.so: undefined symbol: EVP_CipherInit at /opt/perl-5.26.0t/lib/5.26.0/x86_64-linux-thread-multi/DynaLoader.pm line 193.
 at t/lib/Test.pm line 163.
Compilation failed in require at t/lib/Test.pm line 163.
BEGIN failed--compilation aborted at t/lib/Test.pm line 163.
Compilation failed in require at t/54_literal_txn.t line 9.
BEGIN failed--compilation aborted at t/54_literal_txn.t line 9.
t/54_literal_txn.t .................................... 
Dubious, test returned 2 (wstat 512, 0x200)
No subtests run 
Can't load '/home/cpansand/.cpan/build/2018012518/DBD-SQLcipher-2/blib/arch/auto/DBD/SQLcipher/SQLcipher.so' for module DBD::SQLcipher: /home/cpansand/.cpan/build/2018012518/DBD-SQLcipher-2/blib/arch/auto/DBD/SQLcipher/SQLcipher.so: undefined symbol: EVP_CipherInit at /opt/perl-5.26.0t/lib/5.26.0/x86_64-linux-thread-multi/DynaLoader.pm line 193.
 at t/lib/Test.pm line 163.
Compilation failed in require at t/lib/Test.pm line 163.
BEGIN failed--compilation aborted at t/lib/Test.pm line 163.
Compilation failed in require at t/55_statistics_info.t line 9.
BEGIN failed--compilation aborted at t/55_statistics_info.t line 9.
t/55_statistics_info.t ................................ 
Dubious, test returned 2 (wstat 512, 0x200)
No subtests run 
Can't load '/home/cpansand/.cpan/build/2018012518/DBD-SQLcipher-2/blib/arch/auto/DBD/SQLcipher/SQLcipher.so' for module DBD::SQLcipher: /home/cpansand/.cpan/build/2018012518/DBD-SQLcipher-2/blib/arch/auto/DBD/SQLcipher/SQLcipher.so: undefined symbol: EVP_CipherInit at /opt/perl-5.26.0t/lib/5.26.0/x86_64-linux-thread-multi/DynaLoader.pm line 193.
 at t/lib/Test.pm line 163.
Compilation failed in require at t/lib/Test.pm line 163.
BEGIN failed--compilation aborted at t/lib/Test.pm line 163.
Compilation failed in require at t/56_open_flags.t line 9.
BEGIN failed--compilation aborted at t/56_open_flags.t line 9.
t/56_open_flags.t ..................................... 
Dubious, test returned 2 (wstat 512, 0x200)
No subtests run 
Can't load '/home/cpansand/.cpan/build/2018012518/DBD-SQLcipher-2/blib/arch/auto/DBD/SQLcipher/SQLcipher.so' for module DBD::SQLcipher: /home/cpansand/.cpan/build/2018012518/DBD-SQLcipher-2/blib/arch/auto/DBD/SQLcipher/SQLcipher.so: undefined symbol: EVP_CipherInit at /opt/perl-5.26.0t/lib/5.26.0/x86_64-linux-thread-multi/DynaLoader.pm line 193.
 at t/lib/Test.pm line 163.
Compilation failed in require at t/lib/Test.pm line 163.
BEGIN failed--compilation aborted at t/lib/Test.pm line 163.
Compilation failed in require at t/57_uri_filename.t line 9.
BEGIN failed--compilation aborted at t/57_uri_filename.t line 9.
t/57_uri_filename.t ................................... 
Dubious, test returned 2 (wstat 512, 0x200)
No subtests run 
Can't load '/home/cpansand/.cpan/build/2018012518/DBD-SQLcipher-2/blib/arch/auto/DBD/SQLcipher/SQLcipher.so' for module DBD::SQLcipher: /home/cpansand/.cpan/build/2018012518/DBD-SQLcipher-2/blib/arch/auto/DBD/SQLcipher/SQLcipher.so: undefined symbol: EVP_CipherInit at /opt/perl-5.26.0t/lib/5.26.0/x86_64-linux-thread-multi/DynaLoader.pm line 193.
 at t/lib/Test.pm line 163.
Compilation failed in require at t/lib/Test.pm line 163.
BEGIN failed--compilation aborted at t/lib/Test.pm line 163.
Compilation failed in require at t/58_see_if_its_a_number_and_explicit_binding.t line 9.
BEGIN failed--compilation aborted at t/58_see_if_its_a_number_and_explicit_binding.t line 9.
t/58_see_if_its_a_number_and_explicit_binding.t ....... 
Dubious, test returned 2 (wstat 512, 0x200)
No subtests run 
Can't load '/home/cpansand/.cpan/build/2018012518/DBD-SQLcipher-2/blib/arch/auto/DBD/SQLcipher/SQLcipher.so' for module DBD::SQLcipher: /home/cpansand/.cpan/build/2018012518/DBD-SQLcipher-2/blib/arch/auto/DBD/SQLcipher/SQLcipher.so: undefined symbol: EVP_CipherInit at /opt/perl-5.26.0t/lib/5.26.0/x86_64-linux-thread-multi/DynaLoader.pm line 193.
 at t/lib/Test.pm line 163.
Compilation failed in require at t/lib/Test.pm line 163.
BEGIN failed--compilation aborted at t/lib/Test.pm line 163.
Compilation failed in require at t/59_extended_result_codes.t line 9.
BEGIN failed--compilation aborted at t/59_extended_result_codes.t line 9.
t/59_extended_result_codes.t .......................... 
Dubious, test returned 2 (wstat 512, 0x200)
No subtests run 
Can't load '/home/cpansand/.cpan/build/2018012518/DBD-SQLcipher-2/blib/arch/auto/DBD/SQLcipher/SQLcipher.so' for module DBD::SQLcipher: /home/cpansand/.cpan/build/2018012518/DBD-SQLcipher-2/blib/arch/auto/DBD/SQLcipher/SQLcipher.so: undefined symbol: EVP_CipherInit at /opt/perl-5.26.0t/lib/5.26.0/x86_64-linux-thread-multi/DynaLoader.pm line 193.
 at t/lib/Test.pm line 163.
Compilation failed in require at t/lib/Test.pm line 163.
BEGIN failed--compilation aborted at t/lib/Test.pm line 163.
Compilation failed in require at t/cookbook_variance.t line 9.
BEGIN failed--compilation aborted at t/cookbook_variance.t line 9.
t/cookbook_variance.t ................................. 
Dubious, test returned 2 (wstat 512, 0x200)
No subtests run 
Can't load '/home/cpansand/.cpan/build/2018012518/DBD-SQLcipher-2/blib/arch/auto/DBD/SQLcipher/SQLcipher.so' for module DBD::SQLcipher: /home/cpansand/.cpan/build/2018012518/DBD-SQLcipher-2/blib/arch/auto/DBD/SQLcipher/SQLcipher.so: undefined symbol: EVP_CipherInit at /opt/perl-5.26.0t/lib/5.26.0/x86_64-linux-thread-multi/DynaLoader.pm line 193.
 at t/lib/Test.pm line 163.
Compilation failed in require at t/lib/Test.pm line 163.
BEGIN failed--compilation aborted at t/lib/Test.pm line 163.
Compilation failed in require at t/rt_15186_prepcached.t line 13.
BEGIN failed--compilation aborted at t/rt_15186_prepcached.t line 13.
t/rt_15186_prepcached.t ............................... 
Dubious, test returned 2 (wstat 512, 0x200)
No subtests run 
Can't load '/home/cpansand/.cpan/build/2018012518/DBD-SQLcipher-2/blib/arch/auto/DBD/SQLcipher/SQLcipher.so' for module DBD::SQLcipher: /home/cpansand/.cpan/build/2018012518/DBD-SQLcipher-2/blib/arch/auto/DBD/SQLcipher/SQLcipher.so: undefined symbol: EVP_CipherInit at /opt/perl-5.26.0t/lib/5.26.0/x86_64-linux-thread-multi/DynaLoader.pm line 193.
 at t/lib/Test.pm line 163.
Compilation failed in require at t/lib/Test.pm line 163.
BEGIN failed--compilation aborted at t/lib/Test.pm line 163.
Compilation failed in require at t/rt_21406_auto_finish.t line 9.
BEGIN failed--compilation aborted at t/rt_21406_auto_finish.t line 9.
t/rt_21406_auto_finish.t .............................. 
Dubious, test returned 2 (wstat 512, 0x200)
No subtests run 
Can't load '/home/cpansand/.cpan/build/2018012518/DBD-SQLcipher-2/blib/arch/auto/DBD/SQLcipher/SQLcipher.so' for module DBD::SQLcipher: /home/cpansand/.cpan/build/2018012518/DBD-SQLcipher-2/blib/arch/auto/DBD/SQLcipher/SQLcipher.so: undefined symbol: EVP_CipherInit at /opt/perl-5.26.0t/lib/5.26.0/x86_64-linux-thread-multi/DynaLoader.pm line 193.
 at t/lib/Test.pm line 163.
Compilation failed in require at t/lib/Test.pm line 163.
BEGIN failed--compilation aborted at t/lib/Test.pm line 163.
Compilation failed in require at t/rt_25371_asymmetric_unicode.t line 9.
BEGIN failed--compilation aborted at t/rt_25371_asymmetric_unicode.t line 9.
t/rt_25371_asymmetric_unicode.t ....................... 
Dubious, test returned 2 (wstat 512, 0x200)
No subtests run 
Can't load '/home/cpansand/.cpan/build/2018012518/DBD-SQLcipher-2/blib/arch/auto/DBD/SQLcipher/SQLcipher.so' for module DBD::SQLcipher: /home/cpansand/.cpan/build/2018012518/DBD-SQLcipher-2/blib/arch/auto/DBD/SQLcipher/SQLcipher.so: undefined symbol: EVP_CipherInit at /opt/perl-5.26.0t/lib/5.26.0/x86_64-linux-thread-multi/DynaLoader.pm line 193.
 at t/lib/Test.pm line 163.
Compilation failed in require at t/lib/Test.pm line 163.
BEGIN failed--compilation aborted at t/lib/Test.pm line 163.
Compilation failed in require at t/rt_25460_numeric_aggregate.t line 9.
BEGIN failed--compilation aborted at t/rt_25460_numeric_aggregate.t line 9.
t/rt_25460_numeric_aggregate.t ........................ 
Dubious, test returned 2 (wstat 512, 0x200)
No subtests run 
Can't load '/home/cpansand/.cpan/build/2018012518/DBD-SQLcipher-2/blib/arch/auto/DBD/SQLcipher/SQLcipher.so' for module DBD::SQLcipher: /home/cpansand/.cpan/build/2018012518/DBD-SQLcipher-2/blib/arch/auto/DBD/SQLcipher/SQLcipher.so: undefined symbol: EVP_CipherInit at /opt/perl-5.26.0t/lib/5.26.0/x86_64-linux-thread-multi/DynaLoader.pm line 193.
 at t/lib/Test.pm line 163.
Compilation failed in require at t/lib/Test.pm line 163.
BEGIN failed--compilation aborted at t/lib/Test.pm line 163.
Compilation failed in require at t/rt_25924_user_defined_func_unicode.t line 9.
BEGIN failed--compilation aborted at t/rt_25924_user_defined_func_unicode.t line 9.
t/rt_25924_user_defined_func_unicode.t ................ 
Dubious, test returned 2 (wstat 512, 0x200)
No subtests run 
Can't load '/home/cpansand/.cpan/build/2018012518/DBD-SQLcipher-2/blib/arch/auto/DBD/SQLcipher/SQLcipher.so' for module DBD::SQLcipher: /home/cpansand/.cpan/build/2018012518/DBD-SQLcipher-2/blib/arch/auto/DBD/SQLcipher/SQLcipher.so: undefined symbol: EVP_CipherInit at /opt/perl-5.26.0t/lib/5.26.0/x86_64-linux-thread-multi/DynaLoader.pm line 193.
 at t/lib/Test.pm line 163.
Compilation failed in require at t/lib/Test.pm line 163.
BEGIN failed--compilation aborted at t/lib/Test.pm line 163.
Compilation failed in require at t/rt_26775_distinct.t line 6.
BEGIN failed--compilation aborted at t/rt_26775_distinct.t line 6.
t/rt_26775_distinct.t ................................. 
Dubious, test returned 2 (wstat 512, 0x200)
No subtests run 
Can't load '/home/cpansand/.cpan/build/2018012518/DBD-SQLcipher-2/blib/arch/auto/DBD/SQLcipher/SQLcipher.so' for module DBD::SQLcipher: /home/cpansand/.cpan/build/2018012518/DBD-SQLcipher-2/blib/arch/auto/DBD/SQLcipher/SQLcipher.so: undefined symbol: EVP_CipherInit at /opt/perl-5.26.0t/lib/5.26.0/x86_64-linux-thread-multi/DynaLoader.pm line 193.
 at t/lib/Test.pm line 163.
Compilation failed in require at t/lib/Test.pm line 163.
BEGIN failed--compilation aborted at t/lib/Test.pm line 163.
Compilation failed in require at t/rt_27553_prepared_cache_and_analyze.t line 8.
BEGIN failed--compilation aborted at t/rt_27553_prepared_cache_and_analyze.t line 8.
t/rt_27553_prepared_cache_and_analyze.t ............... 
Dubious, test returned 2 (wstat 512, 0x200)
No subtests run 
Can't load '/home/cpansand/.cpan/build/2018012518/DBD-SQLcipher-2/blib/arch/auto/DBD/SQLcipher/SQLcipher.so' for module DBD::SQLcipher: /home/cpansand/.cpan/build/2018012518/DBD-SQLcipher-2/blib/arch/auto/DBD/SQLcipher/SQLcipher.so: undefined symbol: EVP_CipherInit at /opt/perl-5.26.0t/lib/5.26.0/x86_64-linux-thread-multi/DynaLoader.pm line 193.
 at t/lib/Test.pm line 163.
Compilation failed in require at t/lib/Test.pm line 163.
BEGIN failed--compilation aborted at t/lib/Test.pm line 163.
Compilation failed in require at t/rt_29058_group_by.t line 8.
BEGIN failed--compilation aborted at t/rt_29058_group_by.t line 8.
t/rt_29058_group_by.t ................................. 
Dubious, test returned 2 (wstat 512, 0x200)
No subtests run 
Can't load '/home/cpansand/.cpan/build/2018012518/DBD-SQLcipher-2/blib/arch/auto/DBD/SQLcipher/SQLcipher.so' for module DBD::SQLcipher: /home/cpansand/.cpan/build/2018012518/DBD-SQLcipher-2/blib/arch/auto/DBD/SQLcipher/SQLcipher.so: undefined symbol: EVP_CipherInit at /opt/perl-5.26.0t/lib/5.26.0/x86_64-linux-thread-multi/DynaLoader.pm line 193.
 at t/lib/Test.pm line 163.
Compilation failed in require at t/lib/Test.pm line 163.
BEGIN failed--compilation aborted at t/lib/Test.pm line 163.
Compilation failed in require at t/rt_29629_sqlite_where_length.t line 9.
BEGIN failed--compilation aborted at t/rt_29629_sqlite_where_length.t line 9.
t/rt_29629_sqlite_where_length.t ...................... 
Dubious, test returned 2 (wstat 512, 0x200)
No subtests run 
Can't load '/home/cpansand/.cpan/build/2018012518/DBD-SQLcipher-2/blib/arch/auto/DBD/SQLcipher/SQLcipher.so' for module DBD::SQLcipher: /home/cpansand/.cpan/build/2018012518/DBD-SQLcipher-2/blib/arch/auto/DBD/SQLcipher/SQLcipher.so: undefined symbol: EVP_CipherInit at /opt/perl-5.26.0t/lib/5.26.0/x86_64-linux-thread-multi/DynaLoader.pm line 193.
 at t/lib/Test.pm line 163.
Compilation failed in require at t/lib/Test.pm line 163.
BEGIN failed--compilation aborted at t/lib/Test.pm line 163.
Compilation failed in require at t/rt_31324_full_names.t line 9.
BEGIN failed--compilation aborted at t/rt_31324_full_names.t line 9.
t/rt_31324_full_names.t ............................... 
Dubious, test returned 2 (wstat 512, 0x200)
No subtests run 
Can't load '/home/cpansand/.cpan/build/2018012518/DBD-SQLcipher-2/blib/arch/auto/DBD/SQLcipher/SQLcipher.so' for module DBD::SQLcipher: /home/cpansand/.cpan/build/2018012518/DBD-SQLcipher-2/blib/arch/auto/DBD/SQLcipher/SQLcipher.so: undefined symbol: EVP_CipherInit at /opt/perl-5.26.0t/lib/5.26.0/x86_64-linux-thread-multi/DynaLoader.pm line 193.
 at t/lib/Test.pm line 163.
Compilation failed in require at t/lib/Test.pm line 163.
BEGIN failed--compilation aborted at t/lib/Test.pm line 163.
Compilation failed in require at t/rt_32889_prepare_cached_reexecute.t line 13.
BEGIN failed--compilation aborted at t/rt_32889_prepare_cached_reexecute.t line 13.
t/rt_32889_prepare_cached_reexecute.t ................. 
Dubious, test returned 2 (wstat 512, 0x200)
No subtests run 
Can't load '/home/cpansand/.cpan/build/2018012518/DBD-SQLcipher-2/blib/arch/auto/DBD/SQLcipher/SQLcipher.so' for module DBD::SQLcipher: /home/cpansand/.cpan/build/2018012518/DBD-SQLcipher-2/blib/arch/auto/DBD/SQLcipher/SQLcipher.so: undefined symbol: EVP_CipherInit at /opt/perl-5.26.0t/lib/5.26.0/x86_64-linux-thread-multi/DynaLoader.pm line 193.
 at t/lib/Test.pm line 163.
Compilation failed in require at t/lib/Test.pm line 163.
BEGIN failed--compilation aborted at t/lib/Test.pm line 163.
Compilation failed in require at t/rt_36836_duplicate_key.t line 11.
BEGIN failed--compilation aborted at t/rt_36836_duplicate_key.t line 11.
t/rt_36836_duplicate_key.t ............................ 
Dubious, test returned 2 (wstat 512, 0x200)
No subtests run 
Can't load '/home/cpansand/.cpan/build/2018012518/DBD-SQLcipher-2/blib/arch/auto/DBD/SQLcipher/SQLcipher.so' for module DBD::SQLcipher: /home/cpansand/.cpan/build/2018012518/DBD-SQLcipher-2/blib/arch/auto/DBD/SQLcipher/SQLcipher.so: undefined symbol: EVP_CipherInit at /opt/perl-5.26.0t/lib/5.26.0/x86_64-linux-thread-multi/DynaLoader.pm line 193.
 at t/lib/Test.pm line 163.
Compilation failed in require at t/lib/Test.pm line 163.
BEGIN failed--compilation aborted at t/lib/Test.pm line 163.
Compilation failed in require at t/rt_36838_unique_and_bus_error.t line 9.
BEGIN failed--compilation aborted at t/rt_36838_unique_and_bus_error.t line 9.
t/rt_36838_unique_and_bus_error.t ..................... 
Dubious, test returned 2 (wstat 512, 0x200)
No subtests run 
Can't load '/home/cpansand/.cpan/build/2018012518/DBD-SQLcipher-2/blib/arch/auto/DBD/SQLcipher/SQLcipher.so' for module DBD::SQLcipher: /home/cpansand/.cpan/build/2018012518/DBD-SQLcipher-2/blib/arch/auto/DBD/SQLcipher/SQLcipher.so: undefined symbol: EVP_CipherInit at /opt/perl-5.26.0t/lib/5.26.0/x86_64-linux-thread-multi/DynaLoader.pm line 193.
 at t/lib/Test.pm line 163.
Compilation failed in require at t/lib/Test.pm line 163.
BEGIN failed--compilation aborted at t/lib/Test.pm line 163.
Compilation failed in require at t/rt_40594_nullable.t line 10.
BEGIN failed--compilation aborted at t/rt_40594_nullable.t line 10.
t/rt_40594_nullable.t ................................. 
Dubious, test returned 2 (wstat 512, 0x200)
No subtests run 
Can't load '/home/cpansand/.cpan/build/2018012518/DBD-SQLcipher-2/blib/arch/auto/DBD/SQLcipher/SQLcipher.so' for module DBD::SQLcipher: /home/cpansand/.cpan/build/2018012518/DBD-SQLcipher-2/blib/arch/auto/DBD/SQLcipher/SQLcipher.so: undefined symbol: EVP_CipherInit at /opt/perl-5.26.0t/lib/5.26.0/x86_64-linux-thread-multi/DynaLoader.pm line 193.
 at t/lib/Test.pm line 163.
Compilation failed in require at t/lib/Test.pm line 163.
BEGIN failed--compilation aborted at t/lib/Test.pm line 163.
Compilation failed in require at t/rt_48393_debug_panic_with_commit.t line 9.
BEGIN failed--compilation aborted at t/rt_48393_debug_panic_with_commit.t line 9.
t/rt_48393_debug_panic_with_commit.t .................. 
Dubious, test returned 2 (wstat 512, 0x200)
No subtests run 
Can't load '/home/cpansand/.cpan/build/2018012518/DBD-SQLcipher-2/blib/arch/auto/DBD/SQLcipher/SQLcipher.so' for module DBD::SQLcipher: /home/cpansand/.cpan/build/2018012518/DBD-SQLcipher-2/blib/arch/auto/DBD/SQLcipher/SQLcipher.so: undefined symbol: EVP_CipherInit at /opt/perl-5.26.0t/lib/5.26.0/x86_64-linux-thread-multi/DynaLoader.pm line 193.
 at t/lib/Test.pm line 163.
Compilation failed in require at t/lib/Test.pm line 163.
BEGIN failed--compilation aborted at t/lib/Test.pm line 163.
Compilation failed in require at t/rt_50503_fts3.t line 9.
BEGIN failed--compilation aborted at t/rt_50503_fts3.t line 9.
t/rt_50503_fts3.t ..................................... 
Dubious, test returned 2 (wstat 512, 0x200)
No subtests run 
Can't load '/home/cpansand/.cpan/build/2018012518/DBD-SQLcipher-2/blib/arch/auto/DBD/SQLcipher/SQLcipher.so' for module DBD::SQLcipher: /home/cpansand/.cpan/build/2018012518/DBD-SQLcipher-2/blib/arch/auto/DBD/SQLcipher/SQLcipher.so: undefined symbol: EVP_CipherInit at /opt/perl-5.26.0t/lib/5.26.0/x86_64-linux-thread-multi/DynaLoader.pm line 193.
 at t/lib/Test.pm line 163.
Compilation failed in require at t/lib/Test.pm line 163.
BEGIN failed--compilation aborted at t/lib/Test.pm line 163.
Compilation failed in require at t/rt_52573_manual_exclusive_lock.t line 9.
BEGIN failed--compilation aborted at t/rt_52573_manual_exclusive_lock.t line 9.
t/rt_52573_manual_exclusive_lock.t .................... 
Dubious, test returned 2 (wstat 512, 0x200)
No subtests run 
Can't load '/home/cpansand/.cpan/build/2018012518/DBD-SQLcipher-2/blib/arch/auto/DBD/SQLcipher/SQLcipher.so' for module DBD::SQLcipher: /home/cpansand/.cpan/build/2018012518/DBD-SQLcipher-2/blib/arch/auto/DBD/SQLcipher/SQLcipher.so: undefined symbol: EVP_CipherInit at /opt/perl-5.26.0t/lib/5.26.0/x86_64-linux-thread-multi/DynaLoader.pm line 193.
 at t/lib/Test.pm line 163.
Compilation failed in require at t/lib/Test.pm line 163.
BEGIN failed--compilation aborted at t/lib/Test.pm line 163.
Compilation failed in require at t/rt_53235_icu_compatibility.t line 9.
BEGIN failed--compilation aborted at t/rt_53235_icu_compatibility.t line 9.
t/rt_53235_icu_compatibility.t ........................ 
Dubious, test returned 2 (wstat 512, 0x200)
No subtests run 
Can't load '/home/cpansand/.cpan/build/2018012518/DBD-SQLcipher-2/blib/arch/auto/DBD/SQLcipher/SQLcipher.so' for module DBD::SQLcipher: /home/cpansand/.cpan/build/2018012518/DBD-SQLcipher-2/blib/arch/auto/DBD/SQLcipher/SQLcipher.so: undefined symbol: EVP_CipherInit at /opt/perl-5.26.0t/lib/5.26.0/x86_64-linux-thread-multi/DynaLoader.pm line 193.
 at t/lib/Test.pm line 163.
Compilation failed in require at t/lib/Test.pm line 163.
BEGIN failed--compilation aborted at t/lib/Test.pm line 163.
Compilation failed in require at t/rt_62370_diconnected_handles_operation.t line 9.
BEGIN failed--compilation aborted at t/rt_62370_diconnected_handles_operation.t line 9.
t/rt_62370_diconnected_handles_operation.t ............ 
Dubious, test returned 2 (wstat 512, 0x200)
No subtests run 
Can't load '/home/cpansand/.cpan/build/2018012518/DBD-SQLcipher-2/blib/arch/auto/DBD/SQLcipher/SQLcipher.so' for module DBD::SQLcipher: /home/cpansand/.cpan/build/2018012518/DBD-SQLcipher-2/blib/arch/auto/DBD/SQLcipher/SQLcipher.so: undefined symbol: EVP_CipherInit at /opt/perl-5.26.0t/lib/5.26.0/x86_64-linux-thread-multi/DynaLoader.pm line 193.
 at t/lib/Test.pm line 163.
Compilation failed in require at t/lib/Test.pm line 163.
BEGIN failed--compilation aborted at t/lib/Test.pm line 163.
Compilation failed in require at t/rt_64177_ping_wipes_out_the_errstr.t line 9.
BEGIN failed--compilation aborted at t/rt_64177_ping_wipes_out_the_errstr.t line 9.
t/rt_64177_ping_wipes_out_the_errstr.t ................ 
Dubious, test returned 2 (wstat 512, 0x200)
No subtests run 
Can't load '/home/cpansand/.cpan/build/2018012518/DBD-SQLcipher-2/blib/arch/auto/DBD/SQLcipher/SQLcipher.so' for module DBD::SQLcipher: /home/cpansand/.cpan/build/2018012518/DBD-SQLcipher-2/blib/arch/auto/DBD/SQLcipher/SQLcipher.so: undefined symbol: EVP_CipherInit at /opt/perl-5.26.0t/lib/5.26.0/x86_64-linux-thread-multi/DynaLoader.pm line 193.
 at t/lib/Test.pm line 163.
Compilation failed in require at t/lib/Test.pm line 163.
BEGIN failed--compilation aborted at t/lib/Test.pm line 163.
Compilation failed in require at t/rt_67581_bind_params_mismatch.t line 9.
BEGIN failed--compilation aborted at t/rt_67581_bind_params_mismatch.t line 9.
t/rt_67581_bind_params_mismatch.t ..................... 
Dubious, test returned 2 (wstat 512, 0x200)
No subtests run 
Can't load '/home/cpansand/.cpan/build/2018012518/DBD-SQLcipher-2/blib/arch/auto/DBD/SQLcipher/SQLcipher.so' for module DBD::SQLcipher: /home/cpansand/.cpan/build/2018012518/DBD-SQLcipher-2/blib/arch/auto/DBD/SQLcipher/SQLcipher.so: undefined symbol: EVP_CipherInit at /opt/perl-5.26.0t/lib/5.26.0/x86_64-linux-thread-multi/DynaLoader.pm line 193.
 at t/lib/Test.pm line 163.
Compilation failed in require at t/lib/Test.pm line 163.
BEGIN failed--compilation aborted at t/lib/Test.pm line 163.
Compilation failed in require at t/rt_71311_bind_col_and_unicode.t line 9.
BEGIN failed--compilation aborted at t/rt_71311_bind_col_and_unicode.t line 9.
t/rt_71311_bind_col_and_unicode.t ..................... 
Dubious, test returned 2 (wstat 512, 0x200)
No subtests run 
Can't load '/home/cpansand/.cpan/build/2018012518/DBD-SQLcipher-2/blib/arch/auto/DBD/SQLcipher/SQLcipher.so' for module DBD::SQLcipher: /home/cpansand/.cpan/build/2018012518/DBD-SQLcipher-2/blib/arch/auto/DBD/SQLcipher/SQLcipher.so: undefined symbol: EVP_CipherInit at /opt/perl-5.26.0t/lib/5.26.0/x86_64-linux-thread-multi/DynaLoader.pm line 193.
 at t/lib/Test.pm line 163.
Compilation failed in require at t/lib/Test.pm line 163.
BEGIN failed--compilation aborted at t/lib/Test.pm line 163.
Compilation failed in require at t/rt_73159_fts_tokenizer_segfault.t line 9.
BEGIN failed--compilation aborted at t/rt_73159_fts_tokenizer_segfault.t line 9.
t/rt_73159_fts_tokenizer_segfault.t ................... 
Dubious, test returned 2 (wstat 512, 0x200)
No subtests run 
Can't load '/home/cpansand/.cpan/build/2018012518/DBD-SQLcipher-2/blib/arch/auto/DBD/SQLcipher/SQLcipher.so' for module DBD::SQLcipher: /home/cpansand/.cpan/build/2018012518/DBD-SQLcipher-2/blib/arch/auto/DBD/SQLcipher/SQLcipher.so: undefined symbol: EVP_CipherInit at /opt/perl-5.26.0t/lib/5.26.0/x86_64-linux-thread-multi/DynaLoader.pm line 193.
 at t/lib/Test.pm line 163.
Compilation failed in require at t/lib/Test.pm line 163.
BEGIN failed--compilation aborted at t/lib/Test.pm line 163.
Compilation failed in require at t/rt_73787_exponential_buffer_overflow.t line 9.
BEGIN failed--compilation aborted at t/rt_73787_exponential_buffer_overflow.t line 9.
t/rt_73787_exponential_buffer_overflow.t .............. 
Dubious, test returned 2 (wstat 512, 0x200)
No subtests run 
Can't load '/home/cpansand/.cpan/build/2018012518/DBD-SQLcipher-2/blib/arch/auto/DBD/SQLcipher/SQLcipher.so' for module DBD::SQLcipher: /home/cpansand/.cpan/build/2018012518/DBD-SQLcipher-2/blib/arch/auto/DBD/SQLcipher/SQLcipher.so: undefined symbol: EVP_CipherInit at /opt/perl-5.26.0t/lib/5.26.0/x86_64-linux-thread-multi/DynaLoader.pm line 193.
 at t/lib/Test.pm line 163.
Compilation failed in require at t/lib/Test.pm line 163.
BEGIN failed--compilation aborted at t/lib/Test.pm line 163.
Compilation failed in require at t/rt_76395_int_overflow.t line 9.
BEGIN failed--compilation aborted at t/rt_76395_int_overflow.t line 9.
t/rt_76395_int_overflow.t ............................. 
Dubious, test returned 2 (wstat 512, 0x200)
No subtests run 
Can't load '/home/cpansand/.cpan/build/2018012518/DBD-SQLcipher-2/blib/arch/auto/DBD/SQLcipher/SQLcipher.so' for module DBD::SQLcipher: /home/cpansand/.cpan/build/2018012518/DBD-SQLcipher-2/blib/arch/auto/DBD/SQLcipher/SQLcipher.so: undefined symbol: EVP_CipherInit at /opt/perl-5.26.0t/lib/5.26.0/x86_64-linux-thread-multi/DynaLoader.pm line 193.
 at t/lib/Test.pm line 163.
Compilation failed in require at t/lib/Test.pm line 163.
BEGIN failed--compilation aborted at t/lib/Test.pm line 163.
Compilation failed in require at t/rt_77724_primary_key_with_a_whitespace.t line 9.
BEGIN failed--compilation aborted at t/rt_77724_primary_key_with_a_whitespace.t line 9.
t/rt_77724_primary_key_with_a_whitespace.t ............ 
Dubious, test returned 2 (wstat 512, 0x200)
No subtests run 
Can't load '/home/cpansand/.cpan/build/2018012518/DBD-SQLcipher-2/blib/arch/auto/DBD/SQLcipher/SQLcipher.so' for module DBD::SQLcipher: /home/cpansand/.cpan/build/2018012518/DBD-SQLcipher-2/blib/arch/auto/DBD/SQLcipher/SQLcipher.so: undefined symbol: EVP_CipherInit at /opt/perl-5.26.0t/lib/5.26.0/x86_64-linux-thread-multi/DynaLoader.pm line 193.
 at t/lib/Test.pm line 163.
Compilation failed in require at t/lib/Test.pm line 163.
BEGIN failed--compilation aborted at t/lib/Test.pm line 163.
Compilation failed in require at t/rt_78833_utf8_flag_for_column_names.t line 9.
BEGIN failed--compilation aborted at t/rt_78833_utf8_flag_for_column_names.t line 9.
t/rt_78833_utf8_flag_for_column_names.t ............... 
Dubious, test returned 2 (wstat 512, 0x200)
No subtests run 
Can't load '/home/cpansand/.cpan/build/2018012518/DBD-SQLcipher-2/blib/arch/auto/DBD/SQLcipher/SQLcipher.so' for module DBD::SQLcipher: /home/cpansand/.cpan/build/2018012518/DBD-SQLcipher-2/blib/arch/auto/DBD/SQLcipher/SQLcipher.so: undefined symbol: EVP_CipherInit at /opt/perl-5.26.0t/lib/5.26.0/x86_64-linux-thread-multi/DynaLoader.pm line 193.
 at t/lib/Test.pm line 163.
Compilation failed in require at t/lib/Test.pm line 163.
BEGIN failed--compilation aborted at t/lib/Test.pm line 163.
Compilation failed in require at t/rt_81536_multi_column_primary_key_info.t line 9.
BEGIN failed--compilation aborted at t/rt_81536_multi_column_primary_key_info.t line 9.
t/rt_81536_multi_column_primary_key_info.t ............ 
Dubious, test returned 2 (wstat 512, 0x200)
No subtests run 
Can't load '/home/cpansand/.cpan/build/2018012518/DBD-SQLcipher-2/blib/arch/auto/DBD/SQLcipher/SQLcipher.so' for module DBD::SQLcipher: /home/cpansand/.cpan/build/2018012518/DBD-SQLcipher-2/blib/arch/auto/DBD/SQLcipher/SQLcipher.so: undefined symbol: EVP_CipherInit at /opt/perl-5.26.0t/lib/5.26.0/x86_64-linux-thread-multi/DynaLoader.pm line 193.
 at t/lib/Test.pm line 163.
Compilation failed in require at t/lib/Test.pm line 163.
BEGIN failed--compilation aborted at t/lib/Test.pm line 163.
Compilation failed in require at t/rt_88228_sqlite_3_8_0_crash.t line 9.
BEGIN failed--compilation aborted at t/rt_88228_sqlite_3_8_0_crash.t line 9.
t/rt_88228_sqlite_3_8_0_crash.t ....................... 
Dubious, test returned 2 (wstat 512, 0x200)
No subtests run 
Can't load '/home/cpansand/.cpan/build/2018012518/DBD-SQLcipher-2/blib/arch/auto/DBD/SQLcipher/SQLcipher.so' for module DBD::SQLcipher: /home/cpansand/.cpan/build/2018012518/DBD-SQLcipher-2/blib/arch/auto/DBD/SQLcipher/SQLcipher.so: undefined symbol: EVP_CipherInit at /opt/perl-5.26.0t/lib/5.26.0/x86_64-linux-thread-multi/DynaLoader.pm line 193.
 at t/lib/Test.pm line 163.
Compilation failed in require at t/lib/Test.pm line 163.
BEGIN failed--compilation aborted at t/lib/Test.pm line 163.
Compilation failed in require at t/rt_96050_db_filename_for_a_closed_database.t line 9.
BEGIN failed--compilation aborted at t/rt_96050_db_filename_for_a_closed_database.t line 9.
t/rt_96050_db_filename_for_a_closed_database.t ........ 
Dubious, test returned 2 (wstat 512, 0x200)
No subtests run 
Can't load '/home/cpansand/.cpan/build/2018012518/DBD-SQLcipher-2/blib/arch/auto/DBD/SQLcipher/SQLcipher.so' for module DBD::SQLcipher: /home/cpansand/.cpan/build/2018012518/DBD-SQLcipher-2/blib/arch/auto/DBD/SQLcipher/SQLcipher.so: undefined symbol: EVP_CipherInit at /opt/perl-5.26.0t/lib/5.26.0/x86_64-linux-thread-multi/DynaLoader.pm line 193.
 at t/lib/Test.pm line 163.
Compilation failed in require at t/lib/Test.pm line 163.
BEGIN failed--compilation aborted at t/lib/Test.pm line 163.
Compilation failed in require at t/rt_96877_unicode_statements.t line 12.
BEGIN failed--compilation aborted at t/rt_96877_unicode_statements.t line 12.
t/rt_96877_unicode_statements.t ....................... 
Dubious, test returned 2 (wstat 512, 0x200)
No subtests run 
Can't load '/home/cpansand/.cpan/build/2018012518/DBD-SQLcipher-2/blib/arch/auto/DBD/SQLcipher/SQLcipher.so' for module DBD::SQLcipher: /home/cpansand/.cpan/build/2018012518/DBD-SQLcipher-2/blib/arch/auto/DBD/SQLcipher/SQLcipher.so: undefined symbol: EVP_CipherInit at /opt/perl-5.26.0t/lib/5.26.0/x86_64-linux-thread-multi/DynaLoader.pm line 193.
 at t/lib/Test.pm line 163.
Compilation failed in require at t/lib/Test.pm line 163.
BEGIN failed--compilation aborted at t/lib/Test.pm line 163.
Compilation failed in require at t/rt_96878_fts_contentless_table.t line 15.
BEGIN failed--compilation aborted at t/rt_96878_fts_contentless_table.t line 15.
t/rt_96878_fts_contentless_table.t .................... 
Dubious, test returned 2 (wstat 512, 0x200)
No subtests run 
Can't load '/home/cpansand/.cpan/build/2018012518/DBD-SQLcipher-2/blib/arch/auto/DBD/SQLcipher/SQLcipher.so' for module DBD::SQLcipher: /home/cpansand/.cpan/build/2018012518/DBD-SQLcipher-2/blib/arch/auto/DBD/SQLcipher/SQLcipher.so: undefined symbol: EVP_CipherInit at /opt/perl-5.26.0t/lib/5.26.0/x86_64-linux-thread-multi/DynaLoader.pm line 193.
 at t/lib/Test.pm line 163.
Compilation failed in require at t/lib/Test.pm line 163.
BEGIN failed--compilation aborted at t/lib/Test.pm line 163.
Compilation failed in require at t/rt_97598_crash_on_disconnect_with_virtual_tables.t line 9.
BEGIN failed--compilation aborted at t/rt_97598_crash_on_disconnect_with_virtual_tables.t line 9.
t/rt_97598_crash_on_disconnect_with_virtual_tables.t .. 
Dubious, test returned 2 (wstat 512, 0x200)
No subtests run 
Can't load '/home/cpansand/.cpan/build/2018012518/DBD-SQLcipher-2/blib/arch/auto/DBD/SQLcipher/SQLcipher.so' for module DBD::SQLcipher: /home/cpansand/.cpan/build/2018012518/DBD-SQLcipher-2/blib/arch/auto/DBD/SQLcipher/SQLcipher.so: undefined symbol: EVP_CipherInit at /opt/perl-5.26.0t/lib/5.26.0/x86_64-linux-thread-multi/DynaLoader.pm line 193.
 at t/lib/Test.pm line 163.
Compilation failed in require at t/lib/Test.pm line 163.
BEGIN failed--compilation aborted at t/lib/Test.pm line 163.
Compilation failed in require at t/virtual_table/00_base.t line 8.
BEGIN failed--compilation aborted at t/virtual_table/00_base.t line 8.
t/virtual_table/00_base.t ............................. 
Dubious, test returned 2 (wstat 512, 0x200)
No subtests run 
Can't load '/home/cpansand/.cpan/build/2018012518/DBD-SQLcipher-2/blib/arch/auto/DBD/SQLcipher/SQLcipher.so' for module DBD::SQLcipher: /home/cpansand/.cpan/build/2018012518/DBD-SQLcipher-2/blib/arch/auto/DBD/SQLcipher/SQLcipher.so: undefined symbol: EVP_CipherInit at /opt/perl-5.26.0t/lib/5.26.0/x86_64-linux-thread-multi/DynaLoader.pm line 193.
 at t/lib/Test.pm line 163.
Compilation failed in require at t/lib/Test.pm line 163.
BEGIN failed--compilation aborted at t/lib/Test.pm line 163.
Compilation failed in require at t/virtual_table/01_destroy.t line 8.
BEGIN failed--compilation aborted at t/virtual_table/01_destroy.t line 8.
t/virtual_table/01_destroy.t .......................... 
Dubious, test returned 2 (wstat 512, 0x200)
No subtests run 
Can't load '/home/cpansand/.cpan/build/2018012518/DBD-SQLcipher-2/blib/arch/auto/DBD/SQLcipher/SQLcipher.so' for module DBD::SQLcipher: /home/cpansand/.cpan/build/2018012518/DBD-SQLcipher-2/blib/arch/auto/DBD/SQLcipher/SQLcipher.so: undefined symbol: EVP_CipherInit at /opt/perl-5.26.0t/lib/5.26.0/x86_64-linux-thread-multi/DynaLoader.pm line 193.
 at t/lib/Test.pm line 163.
Compilation failed in require at t/lib/Test.pm line 163.
BEGIN failed--compilation aborted at t/lib/Test.pm line 163.
Compilation failed in require at t/virtual_table/02_find_function.t line 8.
BEGIN failed--compilation aborted at t/virtual_table/02_find_function.t line 8.
t/virtual_table/02_find_function.t .................... 
Dubious, test returned 2 (wstat 512, 0x200)
No subtests run 
Can't load '/home/cpansand/.cpan/build/2018012518/DBD-SQLcipher-2/blib/arch/auto/DBD/SQLcipher/SQLcipher.so' for module DBD::SQLcipher: /home/cpansand/.cpan/build/2018012518/DBD-SQLcipher-2/blib/arch/auto/DBD/SQLcipher/SQLcipher.so: undefined symbol: EVP_CipherInit at /opt/perl-5.26.0t/lib/5.26.0/x86_64-linux-thread-multi/DynaLoader.pm line 193.
 at t/lib/Test.pm line 163.
Compilation failed in require at t/lib/Test.pm line 163.
BEGIN failed--compilation aborted at t/lib/Test.pm line 163.
Compilation failed in require at t/virtual_table/10_filecontent.t line 9.
BEGIN failed--compilation aborted at t/virtual_table/10_filecontent.t line 9.
t/virtual_table/10_filecontent.t ...................... 
Dubious, test returned 2 (wstat 512, 0x200)
No subtests run 
Can't load '/home/cpansand/.cpan/build/2018012518/DBD-SQLcipher-2/blib/arch/auto/DBD/SQLcipher/SQLcipher.so' for module DBD::SQLcipher: /home/cpansand/.cpan/build/2018012518/DBD-SQLcipher-2/blib/arch/auto/DBD/SQLcipher/SQLcipher.so: undefined symbol: EVP_CipherInit at /opt/perl-5.26.0t/lib/5.26.0/x86_64-linux-thread-multi/DynaLoader.pm line 193.
 at t/lib/Test.pm line 163.
Compilation failed in require at t/lib/Test.pm line 163.
BEGIN failed--compilation aborted at t/lib/Test.pm line 163.
Compilation failed in require at t/virtual_table/11_filecontent_fulltext.t line 8.
BEGIN failed--compilation aborted at t/virtual_table/11_filecontent_fulltext.t line 8.
t/virtual_table/11_filecontent_fulltext.t ............. 
Dubious, test returned 2 (wstat 512, 0x200)
No subtests run 
Can't load '/home/cpansand/.cpan/build/2018012518/DBD-SQLcipher-2/blib/arch/auto/DBD/SQLcipher/SQLcipher.so' for module DBD::SQLcipher: /home/cpansand/.cpan/build/2018012518/DBD-SQLcipher-2/blib/arch/auto/DBD/SQLcipher/SQLcipher.so: undefined symbol: EVP_CipherInit at /opt/perl-5.26.0t/lib/5.26.0/x86_64-linux-thread-multi/DynaLoader.pm line 193.
 at t/lib/Test.pm line 163.
Compilation failed in require at t/lib/Test.pm line 163.
BEGIN failed--compilation aborted at t/lib/Test.pm line 163.
Compilation failed in require at t/virtual_table/20_perldata.t line 9.
BEGIN failed--compilation aborted at t/virtual_table/20_perldata.t line 9.
t/virtual_table/20_perldata.t ......................... 
Dubious, test returned 2 (wstat 512, 0x200)
No subtests run 
Can't load '/home/cpansand/.cpan/build/2018012518/DBD-SQLcipher-2/blib/arch/auto/DBD/SQLcipher/SQLcipher.so' for module DBD::SQLcipher: /home/cpansand/.cpan/build/2018012518/DBD-SQLcipher-2/blib/arch/auto/DBD/SQLcipher/SQLcipher.so: undefined symbol: EVP_CipherInit at /opt/perl-5.26.0t/lib/5.26.0/x86_64-linux-thread-multi/DynaLoader.pm line 193.
 at t/lib/Test.pm line 163.
Compilation failed in require at t/lib/Test.pm line 163.
BEGIN failed--compilation aborted at t/lib/Test.pm line 163.
Compilation failed in require at t/virtual_table/21_perldata_charinfo.t line 11.
BEGIN failed--compilation aborted at t/virtual_table/21_perldata_charinfo.t line 11.
t/virtual_table/21_perldata_charinfo.t ................ 
Dubious, test returned 2 (wstat 512, 0x200)
No subtests run 
Can't load '/home/cpansand/.cpan/build/2018012518/DBD-SQLcipher-2/blib/arch/auto/DBD/SQLcipher/SQLcipher.so' for module DBD::SQLcipher: /home/cpansand/.cpan/build/2018012518/DBD-SQLcipher-2/blib/arch/auto/DBD/SQLcipher/SQLcipher.so: undefined symbol: EVP_CipherInit at /opt/perl-5.26.0t/lib/5.26.0/x86_64-linux-thread-multi/DynaLoader.pm line 193.
 at t/lib/Test.pm line 163.
Compilation failed in require at t/lib/Test.pm line 163.
BEGIN failed--compilation aborted at t/lib/Test.pm line 163.
Compilation failed in require at t/virtual_table/rt_99748.t line 8.
BEGIN failed--compilation aborted at t/virtual_table/rt_99748.t line 8.
t/virtual_table/rt_99748.t ............................ 
Dubious, test returned 2 (wstat 512, 0x200)
No subtests run 

Test Summary Report
-------------------
t/01_compile.t                                      (Wstat: 65280 Tests: 3 Failed: 2)
  Failed tests:  2-3
  Non-zero exit status: 255
t/02_logon.t                                        (Wstat: 512 Tests: 0 Failed: 0)
  Non-zero exit status: 2
  Parse errors: No plan found in TAP output
t/03_create_table.t                                 (Wstat: 512 Tests: 0 Failed: 0)
  Non-zero exit status: 2
  Parse errors: No plan found in TAP output
t/04_insert.t                                       (Wstat: 512 Tests: 0 Failed: 0)
  Non-zero exit status: 2
  Parse errors: No plan found in TAP output
t/05_select.t                                       (Wstat: 512 Tests: 0 Failed: 0)
  Non-zero exit status: 2
  Parse errors: No plan found in TAP output
t/06_tran.t                                         (Wstat: 512 Tests: 0 Failed: 0)
  Non-zero exit status: 2
  Parse errors: No plan found in TAP output
t/07_error.t                                        (Wstat: 512 Tests: 0 Failed: 0)
  Non-zero exit status: 2
  Parse errors: No plan found in TAP output
t/08_busy.t                                         (Wstat: 512 Tests: 0 Failed: 0)
  Non-zero exit status: 2
  Parse errors: No plan found in TAP output
t/09_create_function.t                              (Wstat: 512 Tests: 0 Failed: 0)
  Non-zero exit status: 2
  Parse errors: No plan found in TAP output
t/10_create_aggregate.t                             (Wstat: 512 Tests: 0 Failed: 0)
  Non-zero exit status: 2
  Parse errors: No plan found in TAP output
t/12_unicode.t                                      (Wstat: 512 Tests: 0 Failed: 0)
  Non-zero exit status: 2
  Parse errors: No plan found in TAP output
t/13_create_collation.t                             (Wstat: 512 Tests: 0 Failed: 0)
  Non-zero exit status: 2
  Parse errors: No plan found in TAP output
t/14_progress_handler.t                             (Wstat: 512 Tests: 0 Failed: 0)
  Non-zero exit status: 2
  Parse errors: No plan found in TAP output
t/15_ak_dbd.t                                       (Wstat: 512 Tests: 0 Failed: 0)
  Non-zero exit status: 2
  Parse errors: No plan found in TAP output
t/16_column_info.t                                  (Wstat: 512 Tests: 0 Failed: 0)
  Non-zero exit status: 2
  Parse errors: No plan found in TAP output
t/17_createdrop.t                                   (Wstat: 512 Tests: 0 Failed: 0)
  Non-zero exit status: 2
  Parse errors: No plan found in TAP output
t/18_insertfetch.t                                  (Wstat: 512 Tests: 0 Failed: 0)
  Non-zero exit status: 2
  Parse errors: No plan found in TAP output
t/19_bindparam.t                                    (Wstat: 512 Tests: 0 Failed: 0)
  Non-zero exit status: 2
  Parse errors: No plan found in TAP output
t/20_blobs.t                                        (Wstat: 512 Tests: 0 Failed: 0)
  Non-zero exit status: 2
  Parse errors: No plan found in TAP output
t/21_blobtext.t                                     (Wstat: 512 Tests: 0 Failed: 0)
  Non-zero exit status: 2
  Parse errors: No plan found in TAP output
t/22_listfields.t                                   (Wstat: 512 Tests: 0 Failed: 0)
  Non-zero exit status: 2
  Parse errors: No plan found in TAP output
t/23_nulls.t                                        (Wstat: 512 Tests: 0 Failed: 0)
  Non-zero exit status: 2
  Parse errors: No plan found in TAP output
t/24_numrows.t                                      (Wstat: 512 Tests: 0 Failed: 0)
  Non-zero exit status: 2
  Parse errors: No plan found in TAP output
t/25_chopblanks.t                                   (Wstat: 512 Tests: 0 Failed: 0)
  Non-zero exit status: 2
  Parse errors: No plan found in TAP output
t/26_commit.t                                       (Wstat: 512 Tests: 0 Failed: 0)
  Non-zero exit status: 2
  Parse errors: No plan found in TAP output
t/27_metadata.t                                     (Wstat: 512 Tests: 0 Failed: 0)
  Non-zero exit status: 2
  Parse errors: Bad plan.  You planned 21 tests but ran 0.
t/28_schemachange.t                                 (Wstat: 512 Tests: 0 Failed: 0)
  Non-zero exit status: 2
  Parse errors: Bad plan.  You planned 9 tests but ran 0.
t/30_auto_rollback.t                                (Wstat: 512 Tests: 0 Failed: 0)
  Non-zero exit status: 2
  Parse errors: No plan found in TAP output
t/31_bind_weird_number_param.t                      (Wstat: 512 Tests: 0 Failed: 0)
  Non-zero exit status: 2
  Parse errors: Bad plan.  You planned 3 tests but ran 0.
t/32_inactive_error.t                               (Wstat: 512 Tests: 0 Failed: 0)
  Non-zero exit status: 2
  Parse errors: Bad plan.  You planned 4 tests but ran 0.
t/33_non_latin_path.t                               (Wstat: 512 Tests: 0 Failed: 0)
  Non-zero exit status: 2
  Parse errors: No plan found in TAP output
t/34_online_backup.t                                (Wstat: 512 Tests: 0 Failed: 0)
  Non-zero exit status: 2
  Parse errors: No plan found in TAP output
t/35_table_info.t                                   (Wstat: 512 Tests: 0 Failed: 0)
  Non-zero exit status: 2
  Parse errors: No plan found in TAP output
t/36_hooks.t                                        (Wstat: 512 Tests: 0 Failed: 0)
  Non-zero exit status: 2
  Parse errors: No plan found in TAP output
t/37_regexp.t                                       (Wstat: 512 Tests: 0 Failed: 0)
  Non-zero exit status: 2
  Parse errors: No plan found in TAP output
t/38_empty_statement.t                              (Wstat: 512 Tests: 0 Failed: 0)
  Non-zero exit status: 2
  Parse errors: No plan found in TAP output
t/39_foreign_keys.t                                 (Wstat: 512 Tests: 0 Failed: 0)
  Non-zero exit status: 2
  Parse errors: No plan found in TAP output
t/40_multiple_statements.t                          (Wstat: 512 Tests: 0 Failed: 0)
  Non-zero exit status: 2
  Parse errors: No plan found in TAP output
t/41_placeholders.t                                 (Wstat: 512 Tests: 0 Failed: 0)
  Non-zero exit status: 2
  Parse errors: No plan found in TAP output
t/42_primary_key_info.t                             (Wstat: 512 Tests: 0 Failed: 0)
  Non-zero exit status: 2
  Parse errors: No plan found in TAP output
t/43_fts3.t                                         (Wstat: 512 Tests: 0 Failed: 0)
  Non-zero exit status: 2
  Parse errors: No plan found in TAP output
t/44_rtree.t                                        (Wstat: 512 Tests: 0 Failed: 0)
  Non-zero exit status: 2
  Parse errors: No plan found in TAP output
t/45_savepoints.t                                   (Wstat: 512 Tests: 0 Failed: 0)
  Non-zero exit status: 2
  Parse errors: No plan found in TAP output
t/46_mod_perl.t                                     (Wstat: 512 Tests: 0 Failed: 0)
  Non-zero exit status: 2
  Parse errors: No plan found in TAP output
t/47_execute.t                                      (Wstat: 512 Tests: 0 Failed: 0)
  Non-zero exit status: 2
  Parse errors: No plan found in TAP output
t/48_bind_param_is_sticky.t                         (Wstat: 512 Tests: 0 Failed: 0)
  Non-zero exit status: 2
  Parse errors: No plan found in TAP output
t/49_trace_and_profile.t                            (Wstat: 512 Tests: 0 Failed: 0)
  Non-zero exit status: 2
  Parse errors: No plan found in TAP output
t/50_foreign_key_info.t                             (Wstat: 512 Tests: 0 Failed: 0)
  Non-zero exit status: 2
  Parse errors: No plan found in TAP output
t/51_table_column_metadata.t                        (Wstat: 512 Tests: 0 Failed: 0)
  Non-zero exit status: 2
  Parse errors: No plan found in TAP output
t/52_db_filename.t                                  (Wstat: 512 Tests: 0 Failed: 0)
  Non-zero exit status: 2
  Parse errors: No plan found in TAP output
t/53_status.t                                       (Wstat: 512 Tests: 0 Failed: 0)
  Non-zero exit status: 2
  Parse errors: No plan found in TAP output
t/54_literal_txn.t                                  (Wstat: 512 Tests: 0 Failed: 0)
  Non-zero exit status: 2
  Parse errors: No plan found in TAP output
t/55_statistics_info.t                              (Wstat: 512 Tests: 0 Failed: 0)
  Non-zero exit status: 2
  Parse errors: No plan found in TAP output
t/56_open_flags.t                                   (Wstat: 512 Tests: 0 Failed: 0)
  Non-zero exit status: 2
  Parse errors: No plan found in TAP output
t/57_uri_filename.t                                 (Wstat: 512 Tests: 0 Failed: 0)
  Non-zero exit status: 2
  Parse errors: No plan found in TAP output
t/58_see_if_its_a_number_and_explicit_binding.t     (Wstat: 512 Tests: 0 Failed: 0)
  Non-zero exit status: 2
  Parse errors: No plan found in TAP output
t/59_extended_result_codes.t                        (Wstat: 512 Tests: 0 Failed: 0)
  Non-zero exit status: 2
  Parse errors: No plan found in TAP output
t/cookbook_variance.t                               (Wstat: 512 Tests: 0 Failed: 0)
  Non-zero exit status: 2
  Parse errors: No plan found in TAP output
t/rt_15186_prepcached.t                             (Wstat: 512 Tests: 0 Failed: 0)
  Non-zero exit status: 2
  Parse errors: No plan found in TAP output
t/rt_21406_auto_finish.t                            (Wstat: 512 Tests: 0 Failed: 0)
  Non-zero exit status: 2
  Parse errors: No plan found in TAP output
t/rt_25371_asymmetric_unicode.t                     (Wstat: 512 Tests: 0 Failed: 0)
  Non-zero exit status: 2
  Parse errors: No plan found in TAP output
t/rt_25460_numeric_aggregate.t                      (Wstat: 512 Tests: 0 Failed: 0)
  Non-zero exit status: 2
  Parse errors: No plan found in TAP output
t/rt_25924_user_defined_func_unicode.t              (Wstat: 512 Tests: 0 Failed: 0)
  Non-zero exit status: 2
  Parse errors: No plan found in TAP output
t/rt_26775_distinct.t                               (Wstat: 512 Tests: 0 Failed: 0)
  Non-zero exit status: 2
  Parse errors: No plan found in TAP output
t/rt_27553_prepared_cache_and_analyze.t             (Wstat: 512 Tests: 0 Failed: 0)
  Non-zero exit status: 2
  Parse errors: No plan found in TAP output
t/rt_29058_group_by.t                               (Wstat: 512 Tests: 0 Failed: 0)
  Non-zero exit status: 2
  Parse errors: No plan found in TAP output
t/rt_29629_sqlite_where_length.t                    (Wstat: 512 Tests: 0 Failed: 0)
  Non-zero exit status: 2
  Parse errors: No plan found in TAP output
t/rt_31324_full_names.t                             (Wstat: 512 Tests: 0 Failed: 0)
  Non-zero exit status: 2
  Parse errors: No plan found in TAP output
t/rt_32889_prepare_cached_reexecute.t               (Wstat: 512 Tests: 0 Failed: 0)
  Non-zero exit status: 2
  Parse errors: No plan found in TAP output
t/rt_36836_duplicate_key.t                          (Wstat: 512 Tests: 0 Failed: 0)
  Non-zero exit status: 2
  Parse errors: No plan found in TAP output
t/rt_36838_unique_and_bus_error.t                   (Wstat: 512 Tests: 0 Failed: 0)
  Non-zero exit status: 2
  Parse errors: No plan found in TAP output
t/rt_40594_nullable.t                               (Wstat: 512 Tests: 0 Failed: 0)
  Non-zero exit status: 2
  Parse errors: No plan found in TAP output
t/rt_48393_debug_panic_with_commit.t                (Wstat: 512 Tests: 0 Failed: 0)
  Non-zero exit status: 2
  Parse errors: No plan found in TAP output
t/rt_50503_fts3.t                                   (Wstat: 512 Tests: 0 Failed: 0)
  Non-zero exit status: 2
  Parse errors: No plan found in TAP output
t/rt_52573_manual_exclusive_lock.t                  (Wstat: 512 Tests: 0 Failed: 0)
  Non-zero exit status: 2
  Parse errors: No plan found in TAP output
t/rt_53235_icu_compatibility.t                      (Wstat: 512 Tests: 0 Failed: 0)
  Non-zero exit status: 2
  Parse errors: No plan found in TAP output
t/rt_62370_diconnected_handles_operation.t          (Wstat: 512 Tests: 0 Failed: 0)
  Non-zero exit status: 2
  Parse errors: No plan found in TAP output
t/rt_64177_ping_wipes_out_the_errstr.t              (Wstat: 512 Tests: 0 Failed: 0)
  Non-zero exit status: 2
  Parse errors: No plan found in TAP output
t/rt_67581_bind_params_mismatch.t                   (Wstat: 512 Tests: 0 Failed: 0)
  Non-zero exit status: 2
  Parse errors: No plan found in TAP output
t/rt_71311_bind_col_and_unicode.t                   (Wstat: 512 Tests: 0 Failed: 0)
  Non-zero exit status: 2
  Parse errors: No plan found in TAP output
t/rt_73159_fts_tokenizer_segfault.t                 (Wstat: 512 Tests: 0 Failed: 0)
  Non-zero exit status: 2
  Parse errors: No plan found in TAP output
t/rt_73787_exponential_buffer_overflow.t            (Wstat: 512 Tests: 0 Failed: 0)
  Non-zero exit status: 2
  Parse errors: No plan found in TAP output
t/rt_76395_int_overflow.t                           (Wstat: 512 Tests: 0 Failed: 0)
  Non-zero exit status: 2
  Parse errors: No plan found in TAP output
t/rt_77724_primary_key_with_a_whitespace.t          (Wstat: 512 Tests: 0 Failed: 0)
  Non-zero exit status: 2
  Parse errors: No plan found in TAP output
t/rt_78833_utf8_flag_for_column_names.t             (Wstat: 512 Tests: 0 Failed: 0)
  Non-zero exit status: 2
  Parse errors: No plan found in TAP output
t/rt_81536_multi_column_primary_key_info.t          (Wstat: 512 Tests: 0 Failed: 0)
  Non-zero exit status: 2
  Parse errors: No plan found in TAP output
t/rt_88228_sqlite_3_8_0_crash.t                     (Wstat: 512 Tests: 0 Failed: 0)
  Non-zero exit status: 2
  Parse errors: No plan found in TAP output
t/rt_96050_db_filename_for_a_closed_database.t      (Wstat: 512 Tests: 0 Failed: 0)
  Non-zero exit status: 2
  Parse errors: No plan found in TAP output
t/rt_96877_unicode_statements.t                     (Wstat: 512 Tests: 0 Failed: 0)
  Non-zero exit status: 2
  Parse errors: No plan found in TAP output
t/rt_96878_fts_contentless_table.t                  (Wstat: 512 Tests: 0 Failed: 0)
  Non-zero exit status: 2
  Parse errors: No plan found in TAP output
t/rt_97598_crash_on_disconnect_with_virtual_tables.t (Wstat: 512 Tests: 0 Failed: 0)
  Non-zero exit status: 2
  Parse errors: No plan found in TAP output
t/virtual_table/00_base.t                           (Wstat: 512 Tests: 0 Failed: 0)
  Non-zero exit status: 2
  Parse errors: No plan found in TAP output
t/virtual_table/01_destroy.t                        (Wstat: 512 Tests: 0 Failed: 0)
  Non-zero exit status: 2
  Parse errors: No plan found in TAP output
t/virtual_table/02_find_function.t                  (Wstat: 512 Tests: 0 Failed: 0)
  Non-zero exit status: 2
  Parse errors: No plan found in TAP output
t/virtual_table/10_filecontent.t                    (Wstat: 512 Tests: 0 Failed: 0)
  Non-zero exit status: 2
  Parse errors: No plan found in TAP output
t/virtual_table/11_filecontent_fulltext.t           (Wstat: 512 Tests: 0 Failed: 0)
  Non-zero exit status: 2
  Parse errors: No plan found in TAP output
t/virtual_table/20_perldata.t                       (Wstat: 512 Tests: 0 Failed: 0)
  Non-zero exit status: 2
  Parse errors: No plan found in TAP output
t/virtual_table/21_perldata_charinfo.t              (Wstat: 512 Tests: 0 Failed: 0)
  Non-zero exit status: 2
  Parse errors: No plan found in TAP output
t/virtual_table/rt_99748.t                          (Wstat: 512 Tests: 0 Failed: 0)
  Non-zero exit status: 2
  Parse errors: No plan found in TAP output
Files=99, Tests=3,  6 wallclock secs ( 0.17 usr  0.41 sys +  4.72 cusr  0.94 csys =  6.24 CPU)
Result: FAIL
Failed 99/99 test programs. 2/3 subtests failed.
Makefile:1084: recipe for target 'test_dynamic' failed
make: *** [test_dynamic] Error 2

------------------------------
PREREQUISITES
------------------------------

Prerequisite modules loaded:

requires:

    Module              Need  Have    
    ------------------- ----- --------
    DBI                 1.57  1.636   
    File::Spec          0.82  3.67    
    perl                5.006 5.026000
    Test::Builder       0.86  1.302073
    Test::More          0.47  1.302073
    Tie::Hash           0     1.05    

build_requires:

    Module              Need  Have    
    ------------------- ----- --------
    ExtUtils::MakeMaker 0     7.24    


------------------------------
ENVIRONMENT AND OTHER CONTEXT
------------------------------

Environment variables:

    LANG = en_US.UTF-8
    PATH = /usr/local/bin:/usr/bin:/bin:/usr/local/sbin:/usr/sbin:/sbin:/home/cpansand/bin/linux-gnu:/home/cpansand/bin/sh:/home/cpansand/bin:/usr/games:/home/cpansand/devel:/home/eserte/src/srezic-misc/scripts
    PERL5LIB = 
    PERL5OPT = 
    PERL5_CPANPLUS_IS_RUNNING = 27704
    PERL5_CPAN_IS_RUNNING = 27704
    PERL5_CPAN_IS_RUNNING_IN_RECURSION = 21618,27704
    PERLDOC = -MPod::Perldoc::ToTextOverstrike
    PERL_BATCH = yes
    PERL_CANARY_STABILITY_NOPROMPT = 1
    PERL_CPAN_REPORTER_CONFIG = /var/tmp/cpansmoker-1023/2018012518/cpanreporter_001_config.ini
    PERL_EXTUTILS_AUTOINSTALL = --defaultdeps
    PERL_USE_UNSAFE_INC = 1
    SHELL = /usr/bin/zsh
    TERM = screen
    TMPDIR = /var/tmp/cpansmoker-1023/2018012518

Perl special variables (and OS-specific diagnostics, for MSWin32):

    $^X = /opt/perl-5.26.0t/bin/perl
    $UID/$EUID = 1023 / 1023
    $GID = 1023 1023
    $EGID = 1023 1023

Perl module toolchain versions installed:

    Module              Have      
    ------------------- ----------
    CPAN                2.18      
    CPAN::Meta          2.150010  
    Cwd                 3.67      
    ExtUtils::CBuilder  0.280225  
    ExtUtils::Command   7.24      
    ExtUtils::Install   2.04      
    ExtUtils::MakeMaker 7.24      
    ExtUtils::Manifest  1.70      
    ExtUtils::ParseXS   3.34      
    File::Spec          3.67      
    JSON                2.94      
    JSON::PP            2.27400_02
    Module::Build       0.4224    
    Module::Signature   n/a       
    Parse::CPAN::Meta   2.150010  
    Test::Harness       3.38      
    Test::More          1.302073  
    YAML                1.23      
    YAML::Syck          1.30      
    version             0.9917    


--

Summary of my perl5 (revision 5 version 26 subversion 0) configuration:
   
  Platform:
    osname=linux
    osvers=4.4.0-83-generic
    archname=x86_64-linux-thread-multi
    uname='linux ubuntu16 4.4.0-83-generic #106-ubuntu smp mon jun 26 17:54:43 utc 2017 x86_64 x86_64 x86_64 gnulinux '
    config_args='-ds -e -Dprefix=/opt/perl-5.26.0t -Dusethreads -Dcf_email=srezic@cpan.org'
    hint=recommended
    useposix=true
    d_sigaction=define
    useithreads=define
    usemultiplicity=define
    use64bitint=define
    use64bitall=define
    uselongdouble=undef
    usemymalloc=n
    default_inc_excludes_dot=define
    bincompat5005=undef
  Compiler:
    cc='cc'
    ccflags ='-D_REENTRANT -D_GNU_SOURCE -fwrapv -fno-strict-aliasing -pipe -fstack-protector-strong -I/usr/local/include -D_LARGEFILE_SOURCE -D_FILE_OFFSET_BITS=64'
    optimize='-O2'
    cppflags='-D_REENTRANT -D_GNU_SOURCE -fwrapv -fno-strict-aliasing -pipe -fstack-protector-strong -I/usr/local/include'
    ccversion=''
    gccversion='5.4.0 20160609'
    gccosandvers=''
    intsize=4
    longsize=8
    ptrsize=8
    doublesize=8
    byteorder=12345678
    doublekind=3
    d_longlong=define
    longlongsize=8
    d_longdbl=define
    longdblsize=16
    longdblkind=3
    ivtype='long'
    ivsize=8
    nvtype='double'
    nvsize=8
    Off_t='off_t'
    lseeksize=8
    alignbytes=8
    prototype=define
  Linker and Libraries:
    ld='cc'
    ldflags =' -fstack-protector-strong -L/usr/local/lib'
    libpth=/usr/local/lib /usr/lib/gcc/x86_64-linux-gnu/5/include-fixed /usr/include/x86_64-linux-gnu /usr/lib /lib/x86_64-linux-gnu /lib/../lib /usr/lib/x86_64-linux-gnu /usr/lib/../lib /lib
    libs=-lpthread -lnsl -lgdbm -ldb -ldl -lm -lcrypt -lutil -lc -lgdbm_compat
    perllibs=-lpthread -lnsl -ldl -lm -lcrypt -lutil -lc
    libc=libc-2.23.so
    so=so
    useshrplib=false
    libperl=libperl.a
    gnulibc_version='2.23'
  Dynamic Linking:
    dlsrc=dl_dlopen.xs
    dlext=so
    d_dlsymun=undef
    ccdlflags='-Wl,-E'
    cccdlflags='-fPIC'
    lddlflags='-shared -O2 -L/usr/local/lib -fstack-protector-strong'


Characteristics of this binary (from libperl): 
  Compile-time options:
    HAS_TIMES
    MULTIPLICITY
    PERLIO_LAYERS
    PERL_COPY_ON_WRITE
    PERL_DONT_CREATE_GVSV
    PERL_IMPLICIT_CONTEXT
    PERL_MALLOC_WRAP
    PERL_OP_PARENT
    PERL_PRESERVE_IVUV
    USE_64_BIT_ALL
    USE_64_BIT_INT
    USE_ITHREADS
    USE_LARGE_FILES
    USE_LOCALE
    USE_LOCALE_COLLATE
    USE_LOCALE_CTYPE
    USE_LOCALE_NUMERIC
    USE_LOCALE_TIME
    USE_PERLIO
    USE_PERL_ATOF
    USE_REENTRANT_API
  Built under linux
  Compiled at Jul 27 2017 20:58:14
  %ENV:
    PERL5LIB=""
    PERL5OPT=""
    PERL5_CPANPLUS_IS_RUNNING="27704"
    PERL5_CPAN_IS_RUNNING="27704"
    PERL5_CPAN_IS_RUNNING_IN_RECURSION="21618,27704"
    PERLDOC="-MPod::Perldoc::ToTextOverstrike"
    PERL_BATCH="yes"
    PERL_CANARY_STABILITY_NOPROMPT="1"
    PERL_CPAN_REPORTER_CONFIG="/var/tmp/cpansmoker-1023/2018012518/cpanreporter_001_config.ini"
    PERL_EXTUTILS_AUTOINSTALL="--defaultdeps"
    PERL_USE_UNSAFE_INC="1"
  @INC:
    /opt/perl-5.26.0t/lib/site_perl/5.26.0/x86_64-linux-thread-multi
    /opt/perl-5.26.0t/lib/site_perl/5.26.0
    /opt/perl-5.26.0t/lib/5.26.0/x86_64-linux-thread-multi
    /opt/perl-5.26.0t/lib/5.26.0
    .