Back
From: metabase:user:320bfe00-2aae-11df-837a-5e0a49663a4f
Subject: FAIL DBIx-Class-Tree-Mobius-0.212 v5.17.1 GNU/Linux
Date: 2012-09-02T11:46:01Z
This distribution has been tested as part of the CPAN Testers
project, supporting the Perl programming language. See
http://wiki.cpantesters.org/ for more information or email
questions to cpan-testers-discuss@perl.org
--
Dear Valentin D Guillois,
This is a computer-generated report for DBIx-Class-Tree-Mobius-0.212
on perl 5.17.1, created by CPAN-Reporter-1.2006.
Thank you for uploading your work to CPAN. However, there was a problem
testing your distribution.
If you think this report is invalid, please consult the CPAN Testers Wiki
for suggestions on how to avoid getting FAIL reports for missing library
or binary dependencies, unsupported operating systems, and so on:
http://wiki.cpantesters.org/wiki/CPANAuthorNotes
Sections of this report:
* Tester comments
* Program output
* Prerequisites
* Environment and other context
------------------------------
TESTER COMMENTS
------------------------------
Additional comments from tester:
this report is from an automated smoke testing program
and was not reviewed by a human for accuracy
------------------------------
PROGRAM OUTPUT
------------------------------
Output from '/usr/bin/make test':
PERL_DL_NONLAZY=1 /mnt/k75/homesand/src/perl/repoperls/installed-perls/perl/v5.17.1/a2da/bin/perl "-MExtUtils::Command::MM" "-e" "test_harness(0, 'blib/lib', 'blib/arch')" t/*.t
t/01load.t ................ ok
# Failed test 'check mobius path rec 3 child 1'
# at t/02run.t line 82.
# got: '2'
# expected: '3.2'
# Failed test 'check mobius path rec 3 child 2'
# at t/02run.t line 83.
# got: '2'
# expected: '3.2'
# Failed test 'check mobius path rec 3 child 3'
# at t/02run.t line 84.
# got: '1.2.1.2'
# expected: '3.2'
# Failed test 'check descendants count rec id 3'
# at t/02run.t line 86.
# got: '0'
# expected: '3'
DBIx::Class::Tree::Mobius::attach_child(): DBI Exception: DBD::SQLite::st execute failed: columns a, c are not unique [for Statement "UPDATE test SET a = ?, c = ?, is_inner = ?, lft = ?, rgt = ? WHERE ( id = ? )"] at t/02run.t line 93
# Looks like you planned 86 tests but ran 26.
# Looks like you failed 4 tests of 26 run.
# Looks like your test exited with 2 just after 26.
t/02run.t .................
Dubious, test returned 2 (wstat 512, 0x200)
Failed 64/86 subtests
t/03update.t .............. ok
t/04limits.t .............. skipped: these tests are for testing by the author
t/author-critic.t ......... skipped: these tests are for testing by the author
t/release-pod-coverage.t .. skipped: these tests are for release candidate testing
t/release-pod-syntax.t .... skipped: these tests are for release candidate testing
Test Summary Report
-------------------
t/02run.t (Wstat: 512 Tests: 26 Failed: 4)
Failed tests: 23-26
Non-zero exit status: 2
Parse errors: Bad plan. You planned 86 tests but ran 26.
Files=7, Tests=28, 2 wallclock secs ( 0.03 usr 0.02 sys + 0.70 cusr 0.09 csys = 0.84 CPU)
Result: FAIL
Failed 1/7 test programs. 4/28 subtests failed.
make: *** [test_dynamic] Error 255
------------------------------
PREREQUISITES
------------------------------
Prerequisite modules loaded:
requires:
Module Need Have
------------------- ------- -------
Carp 0 1.26
DBIx::Class 0 0.08200
Digest 0 1.17
ExtUtils::MakeMaker 0 6.63_02
Math::BigFloat 0 1.997
build_requires:
Module Need Have
------------------- ------- -------
SQL::Translator 0.11006 0.11012
Test::More 0 0.98_03
configure_requires:
Module Need Have
------------------- ------- -------
ExtUtils::MakeMaker 6.31 6.63_02
------------------------------
ENVIRONMENT AND OTHER CONTEXT
------------------------------
Environment variables:
AUTOMATED_TESTING = 1
LANG = en_US.UTF-8
LANGUAGE = en_US:en
PATH = /home/sand/bin:/usr/local/bin:/usr/bin:/bin:/usr/bin/X11:/usr/games:/usr/local/perl/bin:/usr/X11/bin:/sbin:/usr/sbin
PERL5LIB =
PERL5OPT =
PERL5_CPANPLUS_IS_RUNNING = 26474
PERL5_CPAN_IS_RUNNING = 26474
PERL_MM_USE_DEFAULT = 1
SHELL = /usr/bin/zsh
TERM = screen
Perl special variables (and OS-specific diagnostics, for MSWin32):
$^X = /mnt/k75/homesand/src/perl/repoperls/installed-perls/perl/v5.17.1/a2da/bin/perl
$UID/$EUID = 1005 / 1005
$GID = 1005 1005
$EGID = 1005 1005
Perl module toolchain versions installed:
Module Have
------------------- --------
CPAN 1.9800
CPAN::Meta 2.120921
Cwd 3.39_01
ExtUtils::CBuilder 0.280208
ExtUtils::Command 1.17
ExtUtils::Install 1.54
ExtUtils::MakeMaker 6.63_02
ExtUtils::Manifest 1.61
ExtUtils::ParseXS 3.17
File::Spec 3.39_01
JSON 2.53
JSON::PP 2.27200
Module::Build 0.4003
Module::Signature 0.68
Parse::CPAN::Meta 1.4404
Test::Harness 3.25
Test::More 0.98_03
YAML 0.84
YAML::Syck 1.21_01
version 0.99
--
Summary of my perl5 (revision 5 version 17 subversion 1) configuration:
Commit id: 955b6aceb036f78400e6c2dc1e5d12a6c747a3de
Platform:
osname=linux, osvers=3.2.0-2-amd64, archname=x86_64-linux-thread-multi-ld
uname='linux k83 3.2.0-2-amd64 #1 smp mon may 21 17:45:41 utc 2012 x86_64 gnulinux '
config_args='-Dprefix=/home/src/perl/repoperls/installed-perls/perl/v5.17.1/a2da -Dmyhostname=k83 -Dinstallusrbinperl=n -Uversiononly -Dusedevel -des -Ui_db -Duseithreads -Duselongdouble -DDEBUGGING=-g'
hint=recommended, useposix=true, d_sigaction=define
useithreads=define, usemultiplicity=define
useperlio=define, d_sfio=undef, uselargefiles=define, usesocks=undef
use64bitint=define, use64bitall=define, uselongdouble=define
usemymalloc=n, bincompat5005=undef
Compiler:
cc='cc', ccflags ='-D_REENTRANT -D_GNU_SOURCE -fno-strict-aliasing -pipe -fstack-protector -I/usr/local/include -D_LARGEFILE_SOURCE -D_FILE_OFFSET_BITS=64',
optimize='-O2 -g',
cppflags='-D_REENTRANT -D_GNU_SOURCE -fno-strict-aliasing -pipe -fstack-protector -I/usr/local/include'
ccversion='', gccversion='4.7.0', gccosandvers=''
intsize=4, longsize=8, ptrsize=8, doublesize=8, byteorder=12345678
d_longlong=define, longlongsize=8, d_longdbl=define, longdblsize=16
ivtype='long', ivsize=8, nvtype='long double', nvsize=16, Off_t='off_t', lseeksize=8
alignbytes=16, prototype=define
Linker and Libraries:
ld='cc', ldflags =' -fstack-protector -L/usr/local/lib'
libpth=/usr/local/lib /lib/x86_64-linux-gnu /lib/../lib /usr/lib/x86_64-linux-gnu /usr/lib/../lib /lib /usr/lib
libs=-lnsl -ldb -ldl -lm -lcrypt -lutil -lpthread -lc
perllibs=-lnsl -ldl -lm -lcrypt -lutil -lpthread -lc
libc=, so=so, useshrplib=false, libperl=libperl.a
gnulibc_version='2.13'
Dynamic Linking:
dlsrc=dl_dlopen.xs, dlext=so, d_dlsymun=undef, ccdlflags='-Wl,-E'
cccdlflags='-fPIC', lddlflags='-shared -O2 -g -L/usr/local/lib -fstack-protector'
Characteristics of this binary (from libperl):
Compile-time options: HAS_TIMES MULTIPLICITY PERLIO_LAYERS
PERL_DONT_CREATE_GVSV PERL_IMPLICIT_CONTEXT
PERL_MALLOC_WRAP PERL_PRESERVE_IVUV PERL_USE_DEVEL
USE_64_BIT_ALL USE_64_BIT_INT USE_ITHREADS
USE_LARGE_FILES USE_LOCALE USE_LOCALE_COLLATE
USE_LOCALE_CTYPE USE_LOCALE_NUMERIC USE_LONG_DOUBLE
USE_PERLIO USE_PERL_ATOF USE_REENTRANT_API
Built under linux
Compiled at Jun 20 2012 20:46:05
%ENV:
PERL5LIB=""
PERL5OPT=""
PERL5_CPANPLUS_IS_RUNNING="26474"
PERL5_CPAN_IS_RUNNING="26474"
PERL_MM_USE_DEFAULT="1"
@INC:
/home/src/perl/repoperls/installed-perls/perl/v5.17.1/a2da/lib/site_perl/5.17.1/x86_64-linux-thread-multi-ld
/home/src/perl/repoperls/installed-perls/perl/v5.17.1/a2da/lib/site_perl/5.17.1
/home/src/perl/repoperls/installed-perls/perl/v5.17.1/a2da/lib/5.17.1/x86_64-linux-thread-multi-ld
/home/src/perl/repoperls/installed-perls/perl/v5.17.1/a2da/lib/5.17.1
.