XML-Hash-LX v0.07 Perl 5 v5.16.0 i386-netbsd

Status
Fail
From
Chris Williams (BINGOS)
Dist
XML-Hash-LX v0.07
Platform
Perl 5 v5.16.0 i386-netbsd
Date
2020-02-09 15:35:16
ID
c529d51c-4b51-11ea-99fe-b031dbec7dbf
This distribution has been tested as part of the CPAN Testers
project, supporting the Perl programming language.  See
http://wiki.cpantesters.org/ for more information or email
questions to cpan-testers-discuss@perl.org


--

Dear MONS,

This is a computer-generated error report created automatically by
CPANPLUS, version 0.9904. Testers personal comments may appear
at the end of this report.


Thank you for uploading your work to CPAN.  However, it appears that
there were some problems testing your distribution.

TEST RESULTS:

Below is the error stack from stage 'make test':

PERL_DL_NONLAZY=1 "/home/cpan/pit/bare/perl-5.16.0/bin/perl" "-MExtUtils::Command::MM" "-MTest::Harness" "-e" "undef *Test::Harness::Switches; test_harness(0, 'inc', 'blib/lib', 'blib/arch')" t/00-load.t t/01-conv.t t/02-inject.t t/03-no-inject.t t/pod-coverage.t t/pod.t

#   Failed test 'use XML::Hash::LX;'
#   at t/00-load.t line 10.
#     Tried to use 'XML::Hash::LX'.
#     Error:  Can't locate Types/Serialiser.pm in @INC (@INC contains: /home/cpan/pit/bare/conf/perl-5.16.0/.cpanplus/5.16.0/build/pRgy70H0qi/XML-Hash-LX-0.07/lib /home/cpan/pit/bare/conf/perl-5.16.0/.cpanplus/5.16.0/build/pRgy70H0qi/XML-Hash-LX-0.07/inc /home/cpan/pit/bare/conf/perl-5.16.0/.cpanplus/5.16.0/build/pRgy70H0qi/XML-Hash-LX-0.07/blib/lib /home/cpan/pit/bare/conf/perl-5.16.0/.cpanplus/5.16.0/build/pRgy70H0qi/XML-Hash-LX-0.07/blib/arch /home/cpan/pit/jail/Jbesy2Hpbt/lib/perl5/5.16.0/i386-netbsd /home/cpan/pit/jail/Jbesy2Hpbt/lib/perl5/5.16.0 /home/cpan/pit/jail/Jbesy2Hpbt/lib/perl5/i386-netbsd /home/cpan/pit/jail/Jbesy2Hpbt/lib/perl5 /home/cpan/pit/bare/perl-5.16.0/lib/site_perl/5.16.0/i386-netbsd /home/cpan/pit/bare/perl-5.16.0/lib/site_perl/5.16.0 /home/cpan/pit/bare/perl-5.16.0/lib/5.16.0/i386-netbsd /home/cpan/pit/bare/perl-5.16.0/lib/5.16.0 .) at /home/cpan/pit/bare/conf/perl-5.16.0/.cpanplus/5.16.0/build/pRgy70H0qi/XML-Hash-LX-0.07/lib/XML/Hash/LX.pm line 7.
# BEGIN failed--compilation aborted at /home/cpan/pit/bare/conf/perl-5.16.0/.cpanplus/5.16.0/build/pRgy70H0qi/XML-Hash-LX-0.07/lib/XML/Hash/LX.pm line 7.
# Compilation failed in require at t/00-load.t line 10.
# BEGIN failed--compilation aborted at t/00-load.t line 10.

#   Failed test 'use XML::Hash::LX;'
#   at t/00-load.t line 11.
#     Tried to use 'XML::Hash::LX'.
#     Error:  Attempt to reload XML/Hash/LX.pm aborted.
# Compilation failed in require at t/00-load.t line 11.
# BEGIN failed--compilation aborted at t/00-load.t line 11.
Use of uninitialized value $XML::Hash::LX::VERSION in concatenation (.) or string at t/00-load.t line 13.
# Testing XML::Hash::LX , Perl 5.016000, /home/cpan/pit/bare/perl-5.16.0/bin/perl
# Looks like you failed 2 tests of 2.
t/00-load.t ....... 
Dubious, test returned 2 (wstat 512, 0x200)
Failed 2/2 subtests 
# Test::NoWarnings missed, skipping no warnings test
Can't locate Types/Serialiser.pm in @INC (@INC contains: /home/cpan/pit/bare/conf/perl-5.16.0/.cpanplus/5.16.0/build/pRgy70H0qi/XML-Hash-LX-0.07/lib /home/cpan/pit/bare/conf/perl-5.16.0/.cpanplus/5.16.0/build/pRgy70H0qi/XML-Hash-LX-0.07/inc /home/cpan/pit/bare/conf/perl-5.16.0/.cpanplus/5.16.0/build/pRgy70H0qi/XML-Hash-LX-0.07/blib/lib /home/cpan/pit/bare/conf/perl-5.16.0/.cpanplus/5.16.0/build/pRgy70H0qi/XML-Hash-LX-0.07/blib/arch /home/cpan/pit/jail/Jbesy2Hpbt/lib/perl5/5.16.0/i386-netbsd /home/cpan/pit/jail/Jbesy2Hpbt/lib/perl5/5.16.0 /home/cpan/pit/jail/Jbesy2Hpbt/lib/perl5/i386-netbsd /home/cpan/pit/jail/Jbesy2Hpbt/lib/perl5 /home/cpan/pit/bare/perl-5.16.0/lib/site_perl/5.16.0/i386-netbsd /home/cpan/pit/bare/perl-5.16.0/lib/site_perl/5.16.0 /home/cpan/pit/bare/perl-5.16.0/lib/5.16.0/i386-netbsd /home/cpan/pit/bare/perl-5.16.0/lib/5.16.0 .) at /home/cpan/pit/bare/conf/perl-5.16.0/.cpanplus/5.16.0/build/pRgy70H0qi/XML-Hash-LX-0.07/lib/XML/Hash/LX.pm line 7.
BEGIN failed--compilation aborted at /home/cpan/pit/bare/conf/perl-5.16.0/.cpanplus/5.16.0/build/pRgy70H0qi/XML-Hash-LX-0.07/lib/XML/Hash/LX.pm line 7.
Compilation failed in require at t/01-conv.t line 13.
BEGIN failed--compilation aborted at t/01-conv.t line 13.
# Looks like your test exited with 2 before it could output anything.
t/01-conv.t ....... 
Dubious, test returned 2 (wstat 512, 0x200)
Failed 31/31 subtests 
# Test::NoWarnings missed, skipping no warnings test
Can't locate Types/Serialiser.pm in @INC (@INC contains: /home/cpan/pit/bare/conf/perl-5.16.0/.cpanplus/5.16.0/build/pRgy70H0qi/XML-Hash-LX-0.07/lib /home/cpan/pit/bare/conf/perl-5.16.0/.cpanplus/5.16.0/build/pRgy70H0qi/XML-Hash-LX-0.07/inc /home/cpan/pit/bare/conf/perl-5.16.0/.cpanplus/5.16.0/build/pRgy70H0qi/XML-Hash-LX-0.07/blib/lib /home/cpan/pit/bare/conf/perl-5.16.0/.cpanplus/5.16.0/build/pRgy70H0qi/XML-Hash-LX-0.07/blib/arch /home/cpan/pit/jail/Jbesy2Hpbt/lib/perl5/5.16.0/i386-netbsd /home/cpan/pit/jail/Jbesy2Hpbt/lib/perl5/5.16.0 /home/cpan/pit/jail/Jbesy2Hpbt/lib/perl5/i386-netbsd /home/cpan/pit/jail/Jbesy2Hpbt/lib/perl5 /home/cpan/pit/bare/perl-5.16.0/lib/site_perl/5.16.0/i386-netbsd /home/cpan/pit/bare/perl-5.16.0/lib/site_perl/5.16.0 /home/cpan/pit/bare/perl-5.16.0/lib/5.16.0/i386-netbsd /home/cpan/pit/bare/perl-5.16.0/lib/5.16.0 .) at /home/cpan/pit/bare/conf/perl-5.16.0/.cpanplus/5.16.0/build/pRgy70H0qi/XML-Hash-LX-0.07/lib/XML/Hash/LX.pm line 7.
BEGIN failed--compilation aborted at /home/cpan/pit/bare/conf/perl-5.16.0/.cpanplus/5.16.0/build/pRgy70H0qi/XML-Hash-LX-0.07/lib/XML/Hash/LX.pm line 7.
Compilation failed in require at t/02-inject.t line 14.
BEGIN failed--compilation aborted at t/02-inject.t line 14.
# Looks like your test exited with 2 before it could output anything.
t/02-inject.t ..... 
Dubious, test returned 2 (wstat 512, 0x200)
Failed 3/3 subtests 
# Test::NoWarnings missed, skipping no warnings test
Can't locate Types/Serialiser.pm in @INC (@INC contains: /home/cpan/pit/bare/conf/perl-5.16.0/.cpanplus/5.16.0/build/pRgy70H0qi/XML-Hash-LX-0.07/lib /home/cpan/pit/bare/conf/perl-5.16.0/.cpanplus/5.16.0/build/pRgy70H0qi/XML-Hash-LX-0.07/inc /home/cpan/pit/bare/conf/perl-5.16.0/.cpanplus/5.16.0/build/pRgy70H0qi/XML-Hash-LX-0.07/blib/lib /home/cpan/pit/bare/conf/perl-5.16.0/.cpanplus/5.16.0/build/pRgy70H0qi/XML-Hash-LX-0.07/blib/arch /home/cpan/pit/jail/Jbesy2Hpbt/lib/perl5/5.16.0/i386-netbsd /home/cpan/pit/jail/Jbesy2Hpbt/lib/perl5/5.16.0 /home/cpan/pit/jail/Jbesy2Hpbt/lib/perl5/i386-netbsd /home/cpan/pit/jail/Jbesy2Hpbt/lib/perl5 /home/cpan/pit/bare/perl-5.16.0/lib/site_perl/5.16.0/i386-netbsd /home/cpan/pit/bare/perl-5.16.0/lib/site_perl/5.16.0 /home/cpan/pit/bare/perl-5.16.0/lib/5.16.0/i386-netbsd /home/cpan/pit/bare/perl-5.16.0/lib/5.16.0 .) at /home/cpan/pit/bare/conf/perl-5.16.0/.cpanplus/5.16.0/build/pRgy70H0qi/XML-Hash-LX-0.07/lib/XML/Hash/LX.pm line 7.
BEGIN failed--compilation aborted at /home/cpan/pit/bare/conf/perl-5.16.0/.cpanplus/5.16.0/build/pRgy70H0qi/XML-Hash-LX-0.07/lib/XML/Hash/LX.pm line 7.
Compilation failed in require at t/03-no-inject.t line 14.
BEGIN failed--compilation aborted at t/03-no-inject.t line 14.
# Looks like your test exited with 2 before it could output anything.
t/03-no-inject.t .. 
Dubious, test returned 2 (wstat 512, 0x200)
Failed 2/2 subtests 
# Can't locate Test/Pod/Coverage.pm in @INC (@INC contains: /home/cpan/pit/bare/conf/perl-5.16.0/.cpanplus/5.16.0/build/pRgy70H0qi/XML-Hash-LX-0.07/inc /home/cpan/pit/bare/conf/perl-5.16.0/.cpanplus/5.16.0/build/pRgy70H0qi/XML-Hash-LX-0.07/blib/lib /home/cpan/pit/bare/conf/perl-5.16.0/.cpanplus/5.16.0/build/pRgy70H0qi/XML-Hash-LX-0.07/blib/arch /home/cpan/pit/jail/Jbesy2Hpbt/lib/perl5/5.16.0/i386-netbsd /home/cpan/pit/jail/Jbesy2Hpbt/lib/perl5/5.16.0/i386-netbsd /home/cpan/pit/jail/Jbesy2Hpbt/lib/perl5/5.16.0 /home/cpan/pit/jail/Jbesy2Hpbt/lib/perl5/i386-netbsd /home/cpan/pit/jail/Jbesy2Hpbt/lib/perl5/5.16.0/i386-netbsd /home/cpan/pit/jail/Jbesy2Hpbt/lib/perl5/5.16.0 /home/cpan/pit/jail/Jbesy2Hpbt/lib/perl5/i386-netbsd /home/cpan/pit/jail/Jbesy2Hpbt/lib/perl5 /home/cpan/pit/jail/Jbesy2Hpbt/lib/perl5/5.16.0/i386-netbsd /home/cpan/pit/jail/Jbesy2Hpbt/lib/perl5/5.16.0 /home/cpan/pit/jail/Jbesy2Hpbt/lib/perl5/i386-netbsd /home/cpan/pit/jail/Jbesy2Hpbt/lib/perl5 /home/cpan/pit/bare/conf/perl-5.16.0/.cpanplus/5.16.0/build/pRgy70H0qi/XML-Hash-LX-0.07/blib/lib /home/cpan/pit/bare/conf/perl-5.16.0/.cpanplus/5.16.0/build/pRgy70H0qi/XML-Hash-LX-0.07/blib/arch /home/cpan/pit/bare/perl-5.16.0/lib/site_perl/5.16.0/i386-netbsd /home/cpan/pit/bare/perl-5.16.0/lib/site_perl/5.16.0 /home/cpan/pit/bare/perl-5.16.0/lib/5.16.0/i386-netbsd /home/cpan/pit/bare/perl-5.16.0/lib/5.16.0 .) at (eval 6) line 1.
# BEGIN failed--compilation aborted at (eval 6) line 1.
t/pod-coverage.t .. skipped: Test::Pod::Coverage 1.08 and Pod::Coverage 0.18 required for testing POD coverage
t/pod.t ........... skipped: Test::Pod 1.22 required for testing POD

Test Summary Report
-------------------
t/00-load.t     (Wstat: 512 Tests: 2 Failed: 2)
  Failed tests:  1-2
  Non-zero exit status: 2
t/01-conv.t     (Wstat: 512 Tests: 0 Failed: 0)
  Non-zero exit status: 2
  Parse errors: Bad plan.  You planned 31 tests but ran 0.
t/02-inject.t   (Wstat: 512 Tests: 0 Failed: 0)
  Non-zero exit status: 2
  Parse errors: Bad plan.  You planned 3 tests but ran 0.
t/03-no-inject.t (Wstat: 512 Tests: 0 Failed: 0)
  Non-zero exit status: 2
  Parse errors: Bad plan.  You planned 2 tests but ran 0.
Files=6, Tests=2,  1 wallclock secs ( 0.05 usr  0.01 sys +  0.60 cusr  0.30 csys =  0.96 CPU)
Result: FAIL
Failed 4/6 test programs. 2/2 subtests failed.
*** Error code 255

Stop.
make: stopped in /home/cpan/pit/bare/conf/perl-5.16.0/.cpanplus/5.16.0/build/pRgy70H0qi/XML-Hash-LX-0.07



MISSING PREREQUISITES:

It was observed that the test suite seem to fail without these modules:

Types::Serialiser
Test::Pod::Coverage

As such, adding the prerequisite module(s) to 'PREREQ_PM' in your
Makefile.PL should solve this problem.  For example:

WriteMakefile(
    AUTHOR      => 'MONS (cpanplus-info@lists.sf.net)',
    ... # other information
    PREREQ_PM   => {
	'Types::Serialiser'	=> '0', # or a minimum working version
	'Test::Pod::Coverage'	=> '0', # or a minimum working version
    }
);

Thanks! :-)

PREREQUISITES:

Here is a list of prerequisites you specified and versions we
managed to load:

	  Module Name                        Have     Want
	  ExtUtils::MakeMaker                7.44     6.59
	  Test::More                     1.302171        0
	  XML::LibXML                      2.0202        0
	  lib::abs                           0.95     0.90

Perl module toolchain versions installed:
	Module Name                        Have
	CPANPLUS                         0.9904
	CPANPLUS::Dist::Build              0.90
	Cwd                                3.75
	ExtUtils::CBuilder             0.280231
	ExtUtils::Command                  7.44
	ExtUtils::Install                  2.14
	ExtUtils::MakeMaker                7.44
	ExtUtils::Manifest                 1.72
	ExtUtils::ParseXS                  3.35
	File::Spec                         3.75
	Module::Build                    0.4229
	Pod::Parser                        1.51
	Pod::Simple                        3.20
	Test2                          1.302171
	Test::Harness                      3.42
	Test::More                     1.302171
	version                          0.9924

******************************** NOTE ********************************
The comments above are created mechanically, possibly without manual
checking by the sender.  As there are many people performing automatic
tests on each upload to CPAN, it is likely that you will receive
identical messages about the same problem.

If you believe that the message is mistaken, please reply to the first
one with correction and/or additional informations, and do not take
it personally.  We appreciate your patience. :)
**********************************************************************

Additional comments:


This report was machine-generated by CPANPLUS::Dist::YACSmoke 1.08.
Powered by minismokebox version 0.68

CPANPLUS is prefering Build.PL

------------------------------
ENVIRONMENT AND OTHER CONTEXT
------------------------------

Environment variables:

    AUTOMATED_TESTING = 1
    NONINTERACTIVE_TESTING = 1
    PATH = /home/cpan/bin:/bin:/sbin:/usr/bin:/usr/sbin:/usr/X11R7/bin:/usr/pkg/bin:/usr/pkg/sbin:/usr/games:/usr/local/bin:/usr/local/sbin
    PERL5LIB = /home/cpan/pit/jail/Jbesy2Hpbt/lib/perl5:/home/cpan/pit/bare/conf/perl-5.16.0/.cpanplus/5.16.0/build/pRgy70H0qi/XML-Hash-LX-0.07/blib/lib:/home/cpan/pit/bare/conf/perl-5.16.0/.cpanplus/5.16.0/build/pRgy70H0qi/XML-Hash-LX-0.07/blib/arch
    PERL5_CPANPLUS_IS_RUNNING = 27765
    PERL5_CPANPLUS_IS_VERSION = 0.9904
    PERL5_MINISMOKEBOX = 0.68
    PERL5_YACSMOKE_BASE = /home/cpan/pit/bare/conf/perl-5.16.0
    PERL_EXTUTILS_AUTOINSTALL = --defaultdeps
    PERL_LOCAL_LIB_ROOT = /home/cpan/pit/jail/Jbesy2Hpbt
    PERL_MB_OPT = --install_base "/home/cpan/pit/jail/Jbesy2Hpbt"
    PERL_MM_OPT = INSTALL_BASE=/home/cpan/pit/jail/Jbesy2Hpbt
    PERL_MM_USE_DEFAULT = 1
    SHELL = /usr/pkg/bin/bash
    TERM = screen

Perl special variables (and OS-specific diagnostics, for MSWin32):

    Perl: $^X = /home/cpan/pit/bare/perl-5.16.0/bin/perl
    UID:  $<  = 1001
    EUID: $>  = 1001
    GID:  $(  = 100 100
    EGID: $)  = 100 100


-------------------------------


--

Summary of my perl5 (revision 5 version 16 subversion 0) configuration:
   
  Platform:
    osname=netbsd, osvers=8.1, archname=i386-netbsd
    uname='netbsd naboo.bingosnet.co.uk 8.1 netbsd 8.1 (generic) #0: fri may 31 08:43:59 utc 2019 mkrepro@mkrepro.netbsd.org:usrsrcsysarchi386compilegeneric i386 '
    config_args='-des -Dprefix=/home/cpan/pit/bare/perl-5.16.0'
    hint=recommended, useposix=true, d_sigaction=define
    useithreads=undef, usemultiplicity=undef
    useperlio=define, d_sfio=undef, uselargefiles=define, usesocks=undef
    use64bitint=undef, use64bitall=undef, uselongdouble=undef
    usemymalloc=n, bincompat5005=undef
  Compiler:
    cc='cc', ccflags ='-fwrapv -fno-strict-aliasing -pipe -fstack-protector -I/usr/pkg/include',
    optimize='-O',
    cppflags='-fwrapv -fno-strict-aliasing -pipe -fstack-protector -I/usr/pkg/include'
    ccversion='', gccversion='5.5.0', gccosandvers=''
    intsize=4, longsize=4, ptrsize=4, doublesize=8, byteorder=1234
    d_longlong=define, longlongsize=8, d_longdbl=define, longdblsize=12
    ivtype='long', ivsize=4, nvtype='double', nvsize=8, Off_t='off_t', lseeksize=8
    alignbytes=4, prototype=define
  Linker and Libraries:
    ld='cc', ldflags =' -Wl,-rpath,/usr/pkg/lib -Wl,-rpath,/usr/local/lib -fstack-protector -L/usr/pkg/lib'
    libpth=/usr/pkg/lib /lib /usr/lib
    libs=-lgdbm -lm -lcrypt -lutil -lc -lposix
    perllibs=-lm -lcrypt -lutil -lc -lposix
    libc=/lib/libc.so, so=so, useshrplib=false, libperl=libperl.a
    gnulibc_version=''
  Dynamic Linking:
    dlsrc=dl_dlopen.xs, dlext=so, d_dlsymun=undef, ccdlflags='-Wl,-E '
    cccdlflags='-DPIC -fPIC ', lddlflags='-shared  -L/usr/pkg/lib -fstack-protector'


Characteristics of this binary (from libperl): 
  Compile-time options: HAS_TIMES PERLIO_LAYERS PERL_DONT_CREATE_GVSV
                        PERL_MALLOC_WRAP PERL_PRESERVE_IVUV USE_LARGE_FILES
                        USE_LOCALE USE_LOCALE_COLLATE USE_LOCALE_CTYPE
                        USE_LOCALE_NUMERIC USE_PERLIO USE_PERL_ATOF
  Locally applied patches:
	Devel::PatchPerl 1.64
  Built under netbsd
  Compiled at Aug  2 2019 22:14:44
  %ENV:
    PERL5LIB="/home/cpan/pit/jail/Jbesy2Hpbt/lib/perl5:/home/cpan/pit/bare/conf/perl-5.16.0/.cpanplus/5.16.0/build/pRgy70H0qi/XML-Hash-LX-0.07/blib/lib:/home/cpan/pit/bare/conf/perl-5.16.0/.cpanplus/5.16.0/build/pRgy70H0qi/XML-Hash-LX-0.07/blib/arch"
    PERL5_CPANPLUS_IS_RUNNING="27765"
    PERL5_CPANPLUS_IS_VERSION="0.9904"
    PERL5_MINISMOKEBOX="0.68"
    PERL5_YACSMOKE_BASE="/home/cpan/pit/bare/conf/perl-5.16.0"
    PERL_EXTUTILS_AUTOINSTALL="--defaultdeps"
    PERL_LOCAL_LIB_ROOT="/home/cpan/pit/jail/Jbesy2Hpbt"
    PERL_MB_OPT="--install_base "/home/cpan/pit/jail/Jbesy2Hpbt""
    PERL_MM_OPT="INSTALL_BASE=/home/cpan/pit/jail/Jbesy2Hpbt"
    PERL_MM_USE_DEFAULT="1"
  @INC:
    /home/cpan/pit/jail/Jbesy2Hpbt/lib/perl5/5.16.0/i386-netbsd
    /home/cpan/pit/jail/Jbesy2Hpbt/lib/perl5/5.16.0
    /home/cpan/pit/jail/Jbesy2Hpbt/lib/perl5/i386-netbsd
    /home/cpan/pit/jail/Jbesy2Hpbt/lib/perl5
    /home/cpan/pit/bare/conf/perl-5.16.0/.cpanplus/5.16.0/build/pRgy70H0qi/XML-Hash-LX-0.07/blib/lib
    /home/cpan/pit/bare/conf/perl-5.16.0/.cpanplus/5.16.0/build/pRgy70H0qi/XML-Hash-LX-0.07/blib/arch
    /home/cpan/pit/bare/perl-5.16.0/lib/site_perl/5.16.0/i386-netbsd
    /home/cpan/pit/bare/perl-5.16.0/lib/site_perl/5.16.0
    /home/cpan/pit/bare/perl-5.16.0/lib/5.16.0/i386-netbsd
    /home/cpan/pit/bare/perl-5.16.0/lib/5.16.0
    .