MooX-Types-CLike v0.92 Perl 5 v5.26.1 RC1 x86_64-linux

Status
Fail
From
Andreas J. König (ANDK)
Dist
MooX-Types-CLike v0.92
Platform
Perl 5 v5.26.1 RC1 x86_64-linux
Date
2017-09-11 05:33:41
ID
c534806c-96b2-11e7-af9c-20ee1e2a1ba6
This distribution has been tested as part of the CPAN Testers
project, supporting the Perl programming language.  See
http://wiki.cpantesters.org/ for more information or email
questions to cpan-testers-discuss@perl.org


--
Dear Brendan Byrd,

This is a computer-generated report for MooX-Types-CLike-0.92
on perl 5.26.1, created by CPAN-Reporter-1.2018.

Thank you for uploading your work to CPAN.  However, there was a problem
testing your distribution.

If you think this report is invalid, please consult the CPAN Testers Wiki
for suggestions on how to avoid getting FAIL reports for missing library
or binary dependencies, unsupported operating systems, and so on:

http://wiki.cpantesters.org/wiki/CPANAuthorNotes

Sections of this report:

    * Tester comments
    * Program output
    * Prerequisites
    * Environment and other context

------------------------------
TESTER COMMENTS
------------------------------

Additional comments from tester:

this report is from an automated smoke testing program
and was not reviewed by a human for accuracy

------------------------------
PROGRAM OUTPUT
------------------------------

Output from '/usr/bin/make test':

PERL_DL_NONLAZY=1 "/tmp/basesmoker-reloperl-8CE2/bin/perl" "-MExtUtils::Command::MM" "-MTest::Harness" "-e" "undef *Test::Harness::Switches; test_harness(0, 'blib/lib', 'blib/arch')" t/*.t
t/00-check-deps.t ............. ok
t/00-compile.t ................ ok
t/00-load.t ................... ok
# 
# 
# Generated by Dist::Zilla::Plugin::ReportVersions::Tiny v1.08
# perl: 5.026001 (wanted v5.10.1) on linux from /tmp/basesmoker-reloperl-8CE2/bin/perl
# 
# Data::Float                                   => 0.013      (want 0.008)  
# Moo                                           => 2.003002   (want 0.009001)
# MooX::Types::MooseLike                        => 0.29       (want 0.06)   
# Pod::Coverage::TrustPod                       => 0.100003   (want any version)
# Test::CheckDeps                               => 0.010      (want 0.002)  
# Test::Exception                               => 0.43       (want 0.27)   
# Test::Pod                                     => 1.51       (want 1.41)   
# Test::Pod::Coverage                           => 1.10       (want 1.08)   
# Test::UseAllModules                           => 0.17       (want 0.10)   
# sanity                                        => 1.03       (want 0.91)   
# version                                       => 0.9917     (want 0.9901) 
# 
# Thanks for using my code.  I hope it works for you.
# If not, please try and include this output in the bug report.
# That will help me reproduce the issue and solve your problem.
# 
t/000-report-versions-tiny.t .. ok

    #   Failed test 'ShortFloat: Float accepts  NaN'
    #   at t/types.t line 197.
    # died: isa check for "Test_ShortFloat" failed: NaN is not a 16-bit binary floating point number! at t/types.t line 197.
    # 	Test::Exception::lives_ok() called at t/types.t line 197
    # 	main::__ANON__() called at /home/sand/src/perl/repoperls/installed-perls/host/k93x64sid/v5.26.1-RC1/29a8/lib/site_perl/5.26.1/Test/Builder.pm line 310
    # 	eval {...} called at /home/sand/src/perl/repoperls/installed-perls/host/k93x64sid/v5.26.1-RC1/29a8/lib/site_perl/5.26.1/Test/Builder.pm line 310
    # 	Test::Builder::subtest() called at /home/sand/src/perl/repoperls/installed-perls/host/k93x64sid/v5.26.1-RC1/29a8/lib/site_perl/5.26.1/Test/More.pm line 807
    # 	Test::More::subtest() called at t/types.t line 362

    #   Failed test 'ShortFloat: Float accepts +inf'
    #   at t/types.t line 198.
    # died: isa check for "Test_ShortFloat" failed: Inf is not a 16-bit binary floating point number! at t/types.t line 198.
    # 	Test::Exception::lives_ok() called at t/types.t line 198
    # 	main::__ANON__() called at /home/sand/src/perl/repoperls/installed-perls/host/k93x64sid/v5.26.1-RC1/29a8/lib/site_perl/5.26.1/Test/Builder.pm line 310
    # 	eval {...} called at /home/sand/src/perl/repoperls/installed-perls/host/k93x64sid/v5.26.1-RC1/29a8/lib/site_perl/5.26.1/Test/Builder.pm line 310
    # 	Test::Builder::subtest() called at /home/sand/src/perl/repoperls/installed-perls/host/k93x64sid/v5.26.1-RC1/29a8/lib/site_perl/5.26.1/Test/More.pm line 807
    # 	Test::More::subtest() called at t/types.t line 362

    #   Failed test 'ShortFloat: Float accepts -inf'
    #   at t/types.t line 199.
    # died: isa check for "Test_ShortFloat" failed: -Inf is not a 16-bit binary floating point number! at t/types.t line 199.
    # 	Test::Exception::lives_ok() called at t/types.t line 199
    # 	main::__ANON__() called at /home/sand/src/perl/repoperls/installed-perls/host/k93x64sid/v5.26.1-RC1/29a8/lib/site_perl/5.26.1/Test/Builder.pm line 310
    # 	eval {...} called at /home/sand/src/perl/repoperls/installed-perls/host/k93x64sid/v5.26.1-RC1/29a8/lib/site_perl/5.26.1/Test/Builder.pm line 310
    # 	Test::Builder::subtest() called at /home/sand/src/perl/repoperls/installed-perls/host/k93x64sid/v5.26.1-RC1/29a8/lib/site_perl/5.26.1/Test/More.pm line 807
    # 	Test::More::subtest() called at t/types.t line 362
    # Looks like you failed 3 tests of 17.

#   Failed test 'Test_ShortFloat'
#   at t/types.t line 362.

    #   Failed test 'Half: Float accepts  NaN'
    #   at t/types.t line 197.
    # died: isa check for "Test_Half" failed: NaN is not a 16-bit binary floating point number! at t/types.t line 197.
    # 	Test::Exception::lives_ok() called at t/types.t line 197
    # 	main::__ANON__() called at /home/sand/src/perl/repoperls/installed-perls/host/k93x64sid/v5.26.1-RC1/29a8/lib/site_perl/5.26.1/Test/Builder.pm line 310
    # 	eval {...} called at /home/sand/src/perl/repoperls/installed-perls/host/k93x64sid/v5.26.1-RC1/29a8/lib/site_perl/5.26.1/Test/Builder.pm line 310
    # 	Test::Builder::subtest() called at /home/sand/src/perl/repoperls/installed-perls/host/k93x64sid/v5.26.1-RC1/29a8/lib/site_perl/5.26.1/Test/More.pm line 807
    # 	Test::More::subtest() called at t/types.t line 362

    #   Failed test 'Half: Float accepts +inf'
    #   at t/types.t line 198.
    # died: isa check for "Test_Half" failed: Inf is not a 16-bit binary floating point number! at t/types.t line 198.
    # 	Test::Exception::lives_ok() called at t/types.t line 198
    # 	main::__ANON__() called at /home/sand/src/perl/repoperls/installed-perls/host/k93x64sid/v5.26.1-RC1/29a8/lib/site_perl/5.26.1/Test/Builder.pm line 310
    # 	eval {...} called at /home/sand/src/perl/repoperls/installed-perls/host/k93x64sid/v5.26.1-RC1/29a8/lib/site_perl/5.26.1/Test/Builder.pm line 310
    # 	Test::Builder::subtest() called at /home/sand/src/perl/repoperls/installed-perls/host/k93x64sid/v5.26.1-RC1/29a8/lib/site_perl/5.26.1/Test/More.pm line 807
    # 	Test::More::subtest() called at t/types.t line 362

    #   Failed test 'Half: Float accepts -inf'
    #   at t/types.t line 199.
    # died: isa check for "Test_Half" failed: -Inf is not a 16-bit binary floating point number! at t/types.t line 199.
    # 	Test::Exception::lives_ok() called at t/types.t line 199
    # 	main::__ANON__() called at /home/sand/src/perl/repoperls/installed-perls/host/k93x64sid/v5.26.1-RC1/29a8/lib/site_perl/5.26.1/Test/Builder.pm line 310
    # 	eval {...} called at /home/sand/src/perl/repoperls/installed-perls/host/k93x64sid/v5.26.1-RC1/29a8/lib/site_perl/5.26.1/Test/Builder.pm line 310
    # 	Test::Builder::subtest() called at /home/sand/src/perl/repoperls/installed-perls/host/k93x64sid/v5.26.1-RC1/29a8/lib/site_perl/5.26.1/Test/More.pm line 807
    # 	Test::More::subtest() called at t/types.t line 362
    # Looks like you failed 3 tests of 17.

#   Failed test 'Test_Half'
#   at t/types.t line 362.

    #   Failed test 'Float16: Float accepts  NaN'
    #   at t/types.t line 197.
    # died: isa check for "Test_Float16" failed: 1 at t/types.t line 197.
    # 	Test::Exception::lives_ok() called at t/types.t line 197
    # 	main::__ANON__() called at /home/sand/src/perl/repoperls/installed-perls/host/k93x64sid/v5.26.1-RC1/29a8/lib/site_perl/5.26.1/Test/Builder.pm line 310
    # 	eval {...} called at /home/sand/src/perl/repoperls/installed-perls/host/k93x64sid/v5.26.1-RC1/29a8/lib/site_perl/5.26.1/Test/Builder.pm line 310
    # 	Test::Builder::subtest() called at /home/sand/src/perl/repoperls/installed-perls/host/k93x64sid/v5.26.1-RC1/29a8/lib/site_perl/5.26.1/Test/More.pm line 807
    # 	Test::More::subtest() called at t/types.t line 362

    #   Failed test 'Float16: Float accepts +inf'
    #   at t/types.t line 198.
    # died: isa check for "Test_Float16" failed: 1 at t/types.t line 198.
    # 	Test::Exception::lives_ok() called at t/types.t line 198
    # 	main::__ANON__() called at /home/sand/src/perl/repoperls/installed-perls/host/k93x64sid/v5.26.1-RC1/29a8/lib/site_perl/5.26.1/Test/Builder.pm line 310
    # 	eval {...} called at /home/sand/src/perl/repoperls/installed-perls/host/k93x64sid/v5.26.1-RC1/29a8/lib/site_perl/5.26.1/Test/Builder.pm line 310
    # 	Test::Builder::subtest() called at /home/sand/src/perl/repoperls/installed-perls/host/k93x64sid/v5.26.1-RC1/29a8/lib/site_perl/5.26.1/Test/More.pm line 807
    # 	Test::More::subtest() called at t/types.t line 362

    #   Failed test 'Float16: Float accepts -inf'
    #   at t/types.t line 199.
    # died: isa check for "Test_Float16" failed: 1 at t/types.t line 199.
    # 	Test::Exception::lives_ok() called at t/types.t line 199
    # 	main::__ANON__() called at /home/sand/src/perl/repoperls/installed-perls/host/k93x64sid/v5.26.1-RC1/29a8/lib/site_perl/5.26.1/Test/Builder.pm line 310
    # 	eval {...} called at /home/sand/src/perl/repoperls/installed-perls/host/k93x64sid/v5.26.1-RC1/29a8/lib/site_perl/5.26.1/Test/Builder.pm line 310
    # 	Test::Builder::subtest() called at /home/sand/src/perl/repoperls/installed-perls/host/k93x64sid/v5.26.1-RC1/29a8/lib/site_perl/5.26.1/Test/More.pm line 807
    # 	Test::More::subtest() called at t/types.t line 362
    # Looks like you failed 3 tests of 17.

#   Failed test 'Test_Float16'
#   at t/types.t line 362.

    #   Failed test 'Binary16: Float accepts  NaN'
    #   at t/types.t line 197.
    # died: isa check for "Test_Binary16" failed: 1 at t/types.t line 197.
    # 	Test::Exception::lives_ok() called at t/types.t line 197
    # 	main::__ANON__() called at /home/sand/src/perl/repoperls/installed-perls/host/k93x64sid/v5.26.1-RC1/29a8/lib/site_perl/5.26.1/Test/Builder.pm line 310
    # 	eval {...} called at /home/sand/src/perl/repoperls/installed-perls/host/k93x64sid/v5.26.1-RC1/29a8/lib/site_perl/5.26.1/Test/Builder.pm line 310
    # 	Test::Builder::subtest() called at /home/sand/src/perl/repoperls/installed-perls/host/k93x64sid/v5.26.1-RC1/29a8/lib/site_perl/5.26.1/Test/More.pm line 807
    # 	Test::More::subtest() called at t/types.t line 362

    #   Failed test 'Binary16: Float accepts +inf'
    #   at t/types.t line 198.
    # died: isa check for "Test_Binary16" failed: 1 at t/types.t line 198.
    # 	Test::Exception::lives_ok() called at t/types.t line 198
    # 	main::__ANON__() called at /home/sand/src/perl/repoperls/installed-perls/host/k93x64sid/v5.26.1-RC1/29a8/lib/site_perl/5.26.1/Test/Builder.pm line 310
    # 	eval {...} called at /home/sand/src/perl/repoperls/installed-perls/host/k93x64sid/v5.26.1-RC1/29a8/lib/site_perl/5.26.1/Test/Builder.pm line 310
    # 	Test::Builder::subtest() called at /home/sand/src/perl/repoperls/installed-perls/host/k93x64sid/v5.26.1-RC1/29a8/lib/site_perl/5.26.1/Test/More.pm line 807
    # 	Test::More::subtest() called at t/types.t line 362

    #   Failed test 'Binary16: Float accepts -inf'
    #   at t/types.t line 199.
    # died: isa check for "Test_Binary16" failed: 1 at t/types.t line 199.
    # 	Test::Exception::lives_ok() called at t/types.t line 199
    # 	main::__ANON__() called at /home/sand/src/perl/repoperls/installed-perls/host/k93x64sid/v5.26.1-RC1/29a8/lib/site_perl/5.26.1/Test/Builder.pm line 310
    # 	eval {...} called at /home/sand/src/perl/repoperls/installed-perls/host/k93x64sid/v5.26.1-RC1/29a8/lib/site_perl/5.26.1/Test/Builder.pm line 310
    # 	Test::Builder::subtest() called at /home/sand/src/perl/repoperls/installed-perls/host/k93x64sid/v5.26.1-RC1/29a8/lib/site_perl/5.26.1/Test/More.pm line 807
    # 	Test::More::subtest() called at t/types.t line 362
    # Looks like you failed 3 tests of 17.

#   Failed test 'Test_Binary16'
#   at t/types.t line 362.

    #   Failed test 'Single: Float accepts  NaN'
    #   at t/types.t line 197.
    # died: isa check for "Test_Single" failed: NaN is not a 32-bit binary floating point number! at t/types.t line 197.
    # 	Test::Exception::lives_ok() called at t/types.t line 197
    # 	main::__ANON__() called at /home/sand/src/perl/repoperls/installed-perls/host/k93x64sid/v5.26.1-RC1/29a8/lib/site_perl/5.26.1/Test/Builder.pm line 310
    # 	eval {...} called at /home/sand/src/perl/repoperls/installed-perls/host/k93x64sid/v5.26.1-RC1/29a8/lib/site_perl/5.26.1/Test/Builder.pm line 310
    # 	Test::Builder::subtest() called at /home/sand/src/perl/repoperls/installed-perls/host/k93x64sid/v5.26.1-RC1/29a8/lib/site_perl/5.26.1/Test/More.pm line 807
    # 	Test::More::subtest() called at t/types.t line 362

    #   Failed test 'Single: Float accepts +inf'
    #   at t/types.t line 198.
    # died: isa check for "Test_Single" failed: Inf is not a 32-bit binary floating point number! at t/types.t line 198.
    # 	Test::Exception::lives_ok() called at t/types.t line 198
    # 	main::__ANON__() called at /home/sand/src/perl/repoperls/installed-perls/host/k93x64sid/v5.26.1-RC1/29a8/lib/site_perl/5.26.1/Test/Builder.pm line 310
    # 	eval {...} called at /home/sand/src/perl/repoperls/installed-perls/host/k93x64sid/v5.26.1-RC1/29a8/lib/site_perl/5.26.1/Test/Builder.pm line 310
    # 	Test::Builder::subtest() called at /home/sand/src/perl/repoperls/installed-perls/host/k93x64sid/v5.26.1-RC1/29a8/lib/site_perl/5.26.1/Test/More.pm line 807
    # 	Test::More::subtest() called at t/types.t line 362

    #   Failed test 'Single: Float accepts -inf'
    #   at t/types.t line 199.
    # died: isa check for "Test_Single" failed: -Inf is not a 32-bit binary floating point number! at t/types.t line 199.
    # 	Test::Exception::lives_ok() called at t/types.t line 199
    # 	main::__ANON__() called at /home/sand/src/perl/repoperls/installed-perls/host/k93x64sid/v5.26.1-RC1/29a8/lib/site_perl/5.26.1/Test/Builder.pm line 310
    # 	eval {...} called at /home/sand/src/perl/repoperls/installed-perls/host/k93x64sid/v5.26.1-RC1/29a8/lib/site_perl/5.26.1/Test/Builder.pm line 310
    # 	Test::Builder::subtest() called at /home/sand/src/perl/repoperls/installed-perls/host/k93x64sid/v5.26.1-RC1/29a8/lib/site_perl/5.26.1/Test/More.pm line 807
    # 	Test::More::subtest() called at t/types.t line 362
    # Looks like you failed 3 tests of 17.

#   Failed test 'Test_Single'
#   at t/types.t line 362.

    #   Failed test 'Real: Float accepts  NaN'
    #   at t/types.t line 197.
    # died: isa check for "Test_Real" failed: 1 at t/types.t line 197.
    # 	Test::Exception::lives_ok() called at t/types.t line 197
    # 	main::__ANON__() called at /home/sand/src/perl/repoperls/installed-perls/host/k93x64sid/v5.26.1-RC1/29a8/lib/site_perl/5.26.1/Test/Builder.pm line 310
    # 	eval {...} called at /home/sand/src/perl/repoperls/installed-perls/host/k93x64sid/v5.26.1-RC1/29a8/lib/site_perl/5.26.1/Test/Builder.pm line 310
    # 	Test::Builder::subtest() called at /home/sand/src/perl/repoperls/installed-perls/host/k93x64sid/v5.26.1-RC1/29a8/lib/site_perl/5.26.1/Test/More.pm line 807
    # 	Test::More::subtest() called at t/types.t line 362

    #   Failed test 'Real: Float accepts +inf'
    #   at t/types.t line 198.
    # died: isa check for "Test_Real" failed: 1 at t/types.t line 198.
    # 	Test::Exception::lives_ok() called at t/types.t line 198
    # 	main::__ANON__() called at /home/sand/src/perl/repoperls/installed-perls/host/k93x64sid/v5.26.1-RC1/29a8/lib/site_perl/5.26.1/Test/Builder.pm line 310
    # 	eval {...} called at /home/sand/src/perl/repoperls/installed-perls/host/k93x64sid/v5.26.1-RC1/29a8/lib/site_perl/5.26.1/Test/Builder.pm line 310
    # 	Test::Builder::subtest() called at /home/sand/src/perl/repoperls/installed-perls/host/k93x64sid/v5.26.1-RC1/29a8/lib/site_perl/5.26.1/Test/More.pm line 807
    # 	Test::More::subtest() called at t/types.t line 362

    #   Failed test 'Real: Float accepts -inf'
    #   at t/types.t line 199.
    # died: isa check for "Test_Real" failed: 1 at t/types.t line 199.
    # 	Test::Exception::lives_ok() called at t/types.t line 199
    # 	main::__ANON__() called at /home/sand/src/perl/repoperls/installed-perls/host/k93x64sid/v5.26.1-RC1/29a8/lib/site_perl/5.26.1/Test/Builder.pm line 310
    # 	eval {...} called at /home/sand/src/perl/repoperls/installed-perls/host/k93x64sid/v5.26.1-RC1/29a8/lib/site_perl/5.26.1/Test/Builder.pm line 310
    # 	Test::Builder::subtest() called at /home/sand/src/perl/repoperls/installed-perls/host/k93x64sid/v5.26.1-RC1/29a8/lib/site_perl/5.26.1/Test/More.pm line 807
    # 	Test::More::subtest() called at t/types.t line 362
    # Looks like you failed 3 tests of 17.

#   Failed test 'Test_Real'
#   at t/types.t line 362.

    #   Failed test 'Float: Float accepts  NaN'
    #   at t/types.t line 197.
    # died: isa check for "Test_Float" failed: 1 at t/types.t line 197.
    # 	Test::Exception::lives_ok() called at t/types.t line 197
    # 	main::__ANON__() called at /home/sand/src/perl/repoperls/installed-perls/host/k93x64sid/v5.26.1-RC1/29a8/lib/site_perl/5.26.1/Test/Builder.pm line 310
    # 	eval {...} called at /home/sand/src/perl/repoperls/installed-perls/host/k93x64sid/v5.26.1-RC1/29a8/lib/site_perl/5.26.1/Test/Builder.pm line 310
    # 	Test::Builder::subtest() called at /home/sand/src/perl/repoperls/installed-perls/host/k93x64sid/v5.26.1-RC1/29a8/lib/site_perl/5.26.1/Test/More.pm line 807
    # 	Test::More::subtest() called at t/types.t line 362

    #   Failed test 'Float: Float accepts +inf'
    #   at t/types.t line 198.
    # died: isa check for "Test_Float" failed: 1 at t/types.t line 198.
    # 	Test::Exception::lives_ok() called at t/types.t line 198
    # 	main::__ANON__() called at /home/sand/src/perl/repoperls/installed-perls/host/k93x64sid/v5.26.1-RC1/29a8/lib/site_perl/5.26.1/Test/Builder.pm line 310
    # 	eval {...} called at /home/sand/src/perl/repoperls/installed-perls/host/k93x64sid/v5.26.1-RC1/29a8/lib/site_perl/5.26.1/Test/Builder.pm line 310
    # 	Test::Builder::subtest() called at /home/sand/src/perl/repoperls/installed-perls/host/k93x64sid/v5.26.1-RC1/29a8/lib/site_perl/5.26.1/Test/More.pm line 807
    # 	Test::More::subtest() called at t/types.t line 362

    #   Failed test 'Float: Float accepts -inf'
    #   at t/types.t line 199.
    # died: isa check for "Test_Float" failed: 1 at t/types.t line 199.
    # 	Test::Exception::lives_ok() called at t/types.t line 199
    # 	main::__ANON__() called at /home/sand/src/perl/repoperls/installed-perls/host/k93x64sid/v5.26.1-RC1/29a8/lib/site_perl/5.26.1/Test/Builder.pm line 310
    # 	eval {...} called at /home/sand/src/perl/repoperls/installed-perls/host/k93x64sid/v5.26.1-RC1/29a8/lib/site_perl/5.26.1/Test/Builder.pm line 310
    # 	Test::Builder::subtest() called at /home/sand/src/perl/repoperls/installed-perls/host/k93x64sid/v5.26.1-RC1/29a8/lib/site_perl/5.26.1/Test/More.pm line 807
    # 	Test::More::subtest() called at t/types.t line 362
    # Looks like you failed 3 tests of 17.

#   Failed test 'Test_Float'
#   at t/types.t line 362.

    #   Failed test 'Float32: Float accepts  NaN'
    #   at t/types.t line 197.
    # died: isa check for "Test_Float32" failed: 1 at t/types.t line 197.
    # 	Test::Exception::lives_ok() called at t/types.t line 197
    # 	main::__ANON__() called at /home/sand/src/perl/repoperls/installed-perls/host/k93x64sid/v5.26.1-RC1/29a8/lib/site_perl/5.26.1/Test/Builder.pm line 310
    # 	eval {...} called at /home/sand/src/perl/repoperls/installed-perls/host/k93x64sid/v5.26.1-RC1/29a8/lib/site_perl/5.26.1/Test/Builder.pm line 310
    # 	Test::Builder::subtest() called at /home/sand/src/perl/repoperls/installed-perls/host/k93x64sid/v5.26.1-RC1/29a8/lib/site_perl/5.26.1/Test/More.pm line 807
    # 	Test::More::subtest() called at t/types.t line 362

    #   Failed test 'Float32: Float accepts +inf'
    #   at t/types.t line 198.
    # died: isa check for "Test_Float32" failed: 1 at t/types.t line 198.
    # 	Test::Exception::lives_ok() called at t/types.t line 198
    # 	main::__ANON__() called at /home/sand/src/perl/repoperls/installed-perls/host/k93x64sid/v5.26.1-RC1/29a8/lib/site_perl/5.26.1/Test/Builder.pm line 310
    # 	eval {...} called at /home/sand/src/perl/repoperls/installed-perls/host/k93x64sid/v5.26.1-RC1/29a8/lib/site_perl/5.26.1/Test/Builder.pm line 310
    # 	Test::Builder::subtest() called at /home/sand/src/perl/repoperls/installed-perls/host/k93x64sid/v5.26.1-RC1/29a8/lib/site_perl/5.26.1/Test/More.pm line 807
    # 	Test::More::subtest() called at t/types.t line 362

    #   Failed test 'Float32: Float accepts -inf'
    #   at t/types.t line 199.
    # died: isa check for "Test_Float32" failed: 1 at t/types.t line 199.
    # 	Test::Exception::lives_ok() called at t/types.t line 199
    # 	main::__ANON__() called at /home/sand/src/perl/repoperls/installed-perls/host/k93x64sid/v5.26.1-RC1/29a8/lib/site_perl/5.26.1/Test/Builder.pm line 310
    # 	eval {...} called at /home/sand/src/perl/repoperls/installed-perls/host/k93x64sid/v5.26.1-RC1/29a8/lib/site_perl/5.26.1/Test/Builder.pm line 310
    # 	Test::Builder::subtest() called at /home/sand/src/perl/repoperls/installed-perls/host/k93x64sid/v5.26.1-RC1/29a8/lib/site_perl/5.26.1/Test/More.pm line 807
    # 	Test::More::subtest() called at t/types.t line 362
    # Looks like you failed 3 tests of 17.

#   Failed test 'Test_Float32'
#   at t/types.t line 362.

    #   Failed test 'Binary32: Float accepts  NaN'
    #   at t/types.t line 197.
    # died: isa check for "Test_Binary32" failed: 1 at t/types.t line 197.
    # 	Test::Exception::lives_ok() called at t/types.t line 197
    # 	main::__ANON__() called at /home/sand/src/perl/repoperls/installed-perls/host/k93x64sid/v5.26.1-RC1/29a8/lib/site_perl/5.26.1/Test/Builder.pm line 310
    # 	eval {...} called at /home/sand/src/perl/repoperls/installed-perls/host/k93x64sid/v5.26.1-RC1/29a8/lib/site_perl/5.26.1/Test/Builder.pm line 310
    # 	Test::Builder::subtest() called at /home/sand/src/perl/repoperls/installed-perls/host/k93x64sid/v5.26.1-RC1/29a8/lib/site_perl/5.26.1/Test/More.pm line 807
    # 	Test::More::subtest() called at t/types.t line 362

    #   Failed test 'Binary32: Float accepts +inf'
    #   at t/types.t line 198.
    # died: isa check for "Test_Binary32" failed: 1 at t/types.t line 198.
    # 	Test::Exception::lives_ok() called at t/types.t line 198
    # 	main::__ANON__() called at /home/sand/src/perl/repoperls/installed-perls/host/k93x64sid/v5.26.1-RC1/29a8/lib/site_perl/5.26.1/Test/Builder.pm line 310
    # 	eval {...} called at /home/sand/src/perl/repoperls/installed-perls/host/k93x64sid/v5.26.1-RC1/29a8/lib/site_perl/5.26.1/Test/Builder.pm line 310
    # 	Test::Builder::subtest() called at /home/sand/src/perl/repoperls/installed-perls/host/k93x64sid/v5.26.1-RC1/29a8/lib/site_perl/5.26.1/Test/More.pm line 807
    # 	Test::More::subtest() called at t/types.t line 362

    #   Failed test 'Binary32: Float accepts -inf'
    #   at t/types.t line 199.
    # died: isa check for "Test_Binary32" failed: 1 at t/types.t line 199.
    # 	Test::Exception::lives_ok() called at t/types.t line 199
    # 	main::__ANON__() called at /home/sand/src/perl/repoperls/installed-perls/host/k93x64sid/v5.26.1-RC1/29a8/lib/site_perl/5.26.1/Test/Builder.pm line 310
    # 	eval {...} called at /home/sand/src/perl/repoperls/installed-perls/host/k93x64sid/v5.26.1-RC1/29a8/lib/site_perl/5.26.1/Test/Builder.pm line 310
    # 	Test::Builder::subtest() called at /home/sand/src/perl/repoperls/installed-perls/host/k93x64sid/v5.26.1-RC1/29a8/lib/site_perl/5.26.1/Test/More.pm line 807
    # 	Test::More::subtest() called at t/types.t line 362
    # Looks like you failed 3 tests of 17.

#   Failed test 'Test_Binary32'
#   at t/types.t line 362.
# Looks like you failed 9 tests of 92.
t/types.t ..................... 
Dubious, test returned 9 (wstat 2304, 0x900)
Failed 9/92 subtests 

Test Summary Report
-------------------
t/types.t                   (Wstat: 2304 Tests: 92 Failed: 9)
  Failed tests:  62-70
  Non-zero exit status: 9
Files=5, Tests=106,  3 wallclock secs ( 0.15 usr  0.04 sys +  2.58 cusr  0.17 csys =  2.94 CPU)
Result: FAIL
Failed 1/5 test programs. 9/106 subtests failed.
Makefile:852: recipe for target 'test_dynamic' failed
make: *** [test_dynamic] Error 9

------------------------------
PREREQUISITES
------------------------------

Prerequisite modules loaded:

requires:

    Module                 Need     Have    
    ---------------------- -------- --------
    Data::Float            0.008    0.013   
    MooX::Types::MooseLike 0.06     0.29    
    sanity                 0.91     1.03    

build_requires:

    Module                 Need     Have    
    ---------------------- -------- --------
    Moo                    0.009001 2.003002
    Test::CheckDeps        0.002    0.010   
    Test::Exception        0.27     0.43    
    Test::UseAllModules    0.10     0.17    


------------------------------
ENVIRONMENT AND OTHER CONTEXT
------------------------------

Environment variables:

    AUTOMATED_TESTING = 1
    LANG = en_US.UTF-8
    PATH = /home/sand/bin:/usr/local/bin:/usr/bin:/bin:/usr/games:/usr/local/perl/bin:/usr/X11/bin:/sbin:/usr/sbin
    PERL = /tmp/basesmoker-reloperl-8CE2/bin/perl
    PERL5LIB = 
    PERL5OPT = 
    PERL5_CPANPLUS_IS_RUNNING = 2629
    PERL5_CPAN_IS_RUNNING = 2629
    PERL_CANARY_STABILITY_NOPROMPT = 1
    PERL_MM_USE_DEFAULT = 1
    PERL_USE_UNSAFE_INC = 1
    SHELL = /usr/bin/zsh
    TERM = screen

Perl special variables (and OS-specific diagnostics, for MSWin32):

    $^X = /tmp/basesmoker-reloperl-8CE2/bin/perl
    $UID/$EUID = 1005 / 1005
    $GID = 1005 1005
    $EGID = 1005 1005

Perl module toolchain versions installed:

    Module              Have      
    ------------------- ----------
    CPAN                2.18      
    CPAN::Meta          2.150010  
    Cwd                 3.67      
    ExtUtils::CBuilder  0.280226  
    ExtUtils::Command   7.30      
    ExtUtils::Install   2.06      
    ExtUtils::MakeMaker 7.30      
    ExtUtils::Manifest  1.70      
    ExtUtils::ParseXS   3.34      
    File::Spec          3.67      
    JSON                2.94      
    JSON::PP            2.27400_02
    Module::Build       0.4224    
    Module::Signature   0.81      
    Parse::CPAN::Meta   2.150010  
    Test::Harness       3.39      
    Test::More          1.302086  
    YAML                1.23      
    YAML::Syck          1.30      
    version             0.9917    


--

Summary of my perl5 (revision 5 version 26 subversion 1) configuration:
  Commit id: adcf16a792189fa54dc45469f65937175c0bc644
  Platform:
    osname=linux
    osvers=4.12.0-1-amd64
    archname=x86_64-linux
    uname='linux k93x64sid 4.12.0-1-amd64 #1 smp debian 4.12.6-1 (2017-08-12) x86_64 gnulinux '
    config_args='-Dprefix=/home/sand/src/perl/repoperls/installed-perls/host/k93x64sid/v5.26.1-RC1/29a8 -Dmyhostname=k93x64sid -Dinstallusrbinperl=n -Uversiononly -Dusedevel -des -Ui_db -Dlibswanted=cl pthread socket inet nsl gdbm dbm malloc dl ld sun m crypt sec util c cposix posix ucb BSD gdbm_compat -Uuseithreads -Uuselongdouble -DDEBUGGING=-g'
    hint=recommended
    useposix=true
    d_sigaction=define
    useithreads=undef
    usemultiplicity=undef
    use64bitint=define
    use64bitall=define
    uselongdouble=undef
    usemymalloc=n
    default_inc_excludes_dot=define
    bincompat5005=undef
  Compiler:
    cc='cc'
    ccflags ='-fwrapv -fno-strict-aliasing -pipe -fstack-protector-strong -I/usr/local/include -D_LARGEFILE_SOURCE -D_FILE_OFFSET_BITS=64'
    optimize='-O2 -g'
    cppflags='-fwrapv -fno-strict-aliasing -pipe -fstack-protector-strong -I/usr/local/include'
    ccversion=''
    gccversion='7.2.0'
    gccosandvers=''
    intsize=4
    longsize=8
    ptrsize=8
    doublesize=8
    byteorder=12345678
    doublekind=3
    d_longlong=define
    longlongsize=8
    d_longdbl=define
    longdblsize=16
    longdblkind=3
    ivtype='long'
    ivsize=8
    nvtype='double'
    nvsize=8
    Off_t='off_t'
    lseeksize=8
    alignbytes=8
    prototype=define
  Linker and Libraries:
    ld='cc'
    ldflags =' -fstack-protector-strong -L/usr/local/lib'
    libpth=/usr/local/lib /usr/lib/gcc/x86_64-linux-gnu/7/include-fixed /usr/include/x86_64-linux-gnu /usr/lib /lib/x86_64-linux-gnu /lib/../lib /usr/lib/x86_64-linux-gnu /usr/lib/../lib /lib
    libs=-lpthread -lnsl -ldl -lm -lcrypt -lutil -lc
    perllibs=-lpthread -lnsl -ldl -lm -lcrypt -lutil -lc
    libc=libc-2.24.so
    so=so
    useshrplib=false
    libperl=libperl.a
    gnulibc_version='2.24'
  Dynamic Linking:
    dlsrc=dl_dlopen.xs
    dlext=so
    d_dlsymun=undef
    ccdlflags='-Wl,-E'
    cccdlflags='-fPIC'
    lddlflags='-shared -O2 -g -L/usr/local/lib -fstack-protector-strong'


Characteristics of this binary (from libperl): 
  Compile-time options:
    HAS_TIMES
    PERLIO_LAYERS
    PERL_COPY_ON_WRITE
    PERL_DONT_CREATE_GVSV
    PERL_MALLOC_WRAP
    PERL_OP_PARENT
    PERL_PRESERVE_IVUV
    PERL_USE_DEVEL
    USE_64_BIT_ALL
    USE_64_BIT_INT
    USE_LARGE_FILES
    USE_LOCALE
    USE_LOCALE_COLLATE
    USE_LOCALE_CTYPE
    USE_LOCALE_NUMERIC
    USE_LOCALE_TIME
    USE_PERLIO
    USE_PERL_ATOF
  Locally applied patches:
    RC1
  Built under linux
  Compiled at Sep 10 2017 19:33:46
  %ENV:
    PERL="/tmp/basesmoker-reloperl-8CE2/bin/perl"
    PERL5LIB=""
    PERL5OPT=""
    PERL5_CPANPLUS_IS_RUNNING="2629"
    PERL5_CPAN_IS_RUNNING="2629"
    PERL_CANARY_STABILITY_NOPROMPT="1"
    PERL_MM_USE_DEFAULT="1"
    PERL_USE_UNSAFE_INC="1"
  @INC:
    /home/sand/src/perl/repoperls/installed-perls/host/k93x64sid/v5.26.1-RC1/29a8/lib/site_perl/5.26.1/x86_64-linux
    /home/sand/src/perl/repoperls/installed-perls/host/k93x64sid/v5.26.1-RC1/29a8/lib/site_perl/5.26.1
    /home/sand/src/perl/repoperls/installed-perls/host/k93x64sid/v5.26.1-RC1/29a8/lib/5.26.1/x86_64-linux
    /home/sand/src/perl/repoperls/installed-perls/host/k93x64sid/v5.26.1-RC1/29a8/lib/5.26.1
    .