Back
From: metabase:user:d2c9f356-b46f-11df-9a90-20a83c0b7757
Subject: FAIL Lingua-FR-Ladl-v0.0.4 v5.18.0 SunOS/Solaris
Date: 2013-07-30T16:54:59Z
This distribution has been tested as part of the CPAN Testers
project, supporting the Perl programming language. See
http://wiki.cpantesters.org/ for more information or email
questions to cpan-testers-discuss@perl.org
--
Dear Ingrid Falk,
This is a computer-generated report for Lingua-FR-Ladl-v0.0.4
on perl 5.18.0, created by CPAN-Reporter-1.2010.
Thank you for uploading your work to CPAN. However, there was a problem
testing your distribution.
If you think this report is invalid, please consult the CPAN Testers Wiki
for suggestions on how to avoid getting FAIL reports for missing library
or binary dependencies, unsupported operating systems, and so on:
http://wiki.cpantesters.org/wiki/CPANAuthorNotes
Sections of this report:
* Tester comments
* Program output
* Prerequisites
* Environment and other context
------------------------------
TESTER COMMENTS
------------------------------
Additional comments from tester:
this report is from an automated smoke testing program
and was not reviewed by a human for accuracy
------------------------------
PROGRAM OUTPUT
------------------------------
Output from './Build test':
# Failed test 'use Lingua::FR::Ladl::Table;'
# at t/00.load.t line 5.
# Tried to use 'Lingua::FR::Ladl::Table'.
# Error: Can't locate Readonly.pm in @INC (you may need to install the Readonly module) (@INC contains: /export/home/cpant5/.cpan/build/Lingua-FR-Ladl-v0.0.4-vdDn4r/blib/lib /export/home/cpant5/.cpan/build/Lingua-FR-Ladl-v0.0.4-vdDn4r/blib/arch /export/home/cpant5/perl5/perlbrew/perls/perl-5.18.0/lib/site_perl/5.18.0/i86pc-solaris-64int /export/home/cpant5/perl5/perlbrew/perls/perl-5.18.0/lib/site_perl/5.18.0 /export/home/cpant5/perl5/perlbrew/perls/perl-5.18.0/lib/5.18.0/i86pc-solaris-64int /export/home/cpant5/perl5/perlbrew/perls/perl-5.18.0/lib/5.18.0 .) at /export/home/cpant5/.cpan/build/Lingua-FR-Ladl-v0.0.4-vdDn4r/blib/lib/Lingua/FR/Ladl/Table.pm line 11.
# BEGIN failed--compilation aborted at /export/home/cpant5/.cpan/build/Lingua-FR-Ladl-v0.0.4-vdDn4r/blib/lib/Lingua/FR/Ladl/Table.pm line 11.
# Compilation failed in require at (eval 6) line 2.
# BEGIN failed--compilation aborted at (eval 6) line 2.
# Failed test 'use Lingua::FR::Ladl::Parametrizer;'
# at t/00.load.t line 6.
# Tried to use 'Lingua::FR::Ladl::Parametrizer'.
# Error: Can't locate Class/Std.pm in @INC (you may need to install the Class::Std module) (@INC contains: /export/home/cpant5/.cpan/build/Lingua-FR-Ladl-v0.0.4-vdDn4r/blib/lib /export/home/cpant5/.cpan/build/Lingua-FR-Ladl-v0.0.4-vdDn4r/blib/arch /export/home/cpant5/perl5/perlbrew/perls/perl-5.18.0/lib/site_perl/5.18.0/i86pc-solaris-64int /export/home/cpant5/perl5/perlbrew/perls/perl-5.18.0/lib/site_perl/5.18.0 /export/home/cpant5/perl5/perlbrew/perls/perl-5.18.0/lib/5.18.0/i86pc-solaris-64int /export/home/cpant5/perl5/perlbrew/perls/perl-5.18.0/lib/5.18.0 .) at /export/home/cpant5/.cpan/build/Lingua-FR-Ladl-v0.0.4-vdDn4r/blib/lib/Lingua/FR/Ladl/Parametrizer.pm line 10.
# BEGIN failed--compilation aborted at /export/home/cpant5/.cpan/build/Lingua-FR-Ladl-v0.0.4-vdDn4r/blib/lib/Lingua/FR/Ladl/Parametrizer.pm line 10.
# Compilation failed in require at (eval 9) line 2.
# BEGIN failed--compilation aborted at (eval 9) line 2.
# Testing Lingua::FR::Ladl 0.0.4
# Looks like you failed 2 tests of 4.
t/00.load.t .......
Dubious, test returned 2 (wstat 512, 0x200)
Failed 2/4 subtests
Can't locate Test/Perl/Critic.pm in @INC (you may need to install the Test::Perl::Critic module) (@INC contains: /export/home/cpant5/.cpan/build/Lingua-FR-Ladl-v0.0.4-vdDn4r/blib/lib /export/home/cpant5/.cpan/build/Lingua-FR-Ladl-v0.0.4-vdDn4r/blib/arch /export/home/cpant5/perl5/perlbrew/perls/perl-5.18.0/lib/site_perl/5.18.0/i86pc-solaris-64int /export/home/cpant5/perl5/perlbrew/perls/perl-5.18.0/lib/site_perl/5.18.0 /export/home/cpant5/perl5/perlbrew/perls/perl-5.18.0/lib/5.18.0/i86pc-solaris-64int /export/home/cpant5/perl5/perlbrew/perls/perl-5.18.0/lib/5.18.0 .) at t/perlcritic.t line 4.
BEGIN failed--compilation aborted at t/perlcritic.t line 4.
t/perlcritic.t ....
Dubious, test returned 2 (wstat 512, 0x200)
No subtests run
t/pod-coverage.t .. skipped: Test::Pod::Coverage 1.04 required for testing POD coverage
# Failed test 'POD test for blib/lib/Lingua/FR/Ladl/Parametrizer.pm'
# at /export/home/cpant5/perl5/perlbrew/perls/perl-5.18.0/lib/site_perl/5.18.0/Test/Pod.pm line 186.
# blib/lib/Lingua/FR/Ladl/Parametrizer.pm (98): Non-ASCII character seen before =encoding in '"Nég"'. Assuming UTF-8
# Looks like you failed 1 test of 6.
t/pod.t ...........
Dubious, test returned 1 (wstat 256, 0x100)
Failed 1/6 subtests
Test Summary Report
-------------------
t/00.load.t (Wstat: 512 Tests: 4 Failed: 2)
Failed tests: 2-3
Non-zero exit status: 2
t/perlcritic.t (Wstat: 512 Tests: 0 Failed: 0)
Non-zero exit status: 2
Parse errors: No plan found in TAP output
t/pod.t (Wstat: 256 Tests: 6 Failed: 1)
Failed test: 4
Non-zero exit status: 1
Files=4, Tests=10, 1 wallclock secs ( 0.08 usr 0.05 sys + 0.32 cusr 0.06 csys = 0.51 CPU)
Result: FAIL
Failed 3/4 test programs. 3/10 subtests failed.
------------------------------
PREREQUISITES
------------------------------
Prerequisite modules loaded:
requires:
Module Need Have
---------- ---- ------
Test::More 0 0.98
version 0 0.9902
------------------------------
ENVIRONMENT AND OTHER CONTEXT
------------------------------
Environment variables:
AUTOMATED_TESTING = 1
LANG = C
LD_LIBRARY_PATH = /usr/local/lib:
MANPATH_WITHOUT_PERLBREW =
PATH = /export/home/cpant5/perl5/perlbrew/bin:/export/home/cpant5/perl5/perlbrew/perls/perl-5.18.0/bin:/export/home/cpant5/perl5/bin:/usr/local/bin:/usr/bin
PATH_WITHOUT_PERLBREW = /export/home/cpant5/perl5/bin:/usr/local/bin:/usr/bin
PERL5LIB =
PERL5OPT =
PERL5_CPANPLUS_IS_RUNNING = 28852
PERL5_CPAN_IS_RUNNING = 28852
PERL5_CPAN_IS_RUNNING_IN_RECURSION = 8092,28852
PERLBREW_BASHRC_VERSION = 0.44
PERLBREW_HOME = /export/home/cpant5/.perlbrew
PERLBREW_MANPATH = /export/home/cpant5/perl5/perlbrew/perls/perl-5.18.0/man
PERLBREW_PATH = /export/home/cpant5/perl5/perlbrew/bin:/export/home/cpant5/perl5/perlbrew/perls/perl-5.18.0/bin
PERLBREW_PERL = perl-5.18.0
PERLBREW_ROOT = /export/home/cpant5/perl5/perlbrew
PERLBREW_VERSION = 0.44
PERL_CR_SMOKER_CURRENT = Lingua-FR-Ladl-v0.0.4
PERL_EXTUTILS_AUTOINSTALL = --defaultdeps
PERL_MM_USE_DEFAULT = 1
SHELL = /bin/bash
TERM = xterm
Perl special variables (and OS-specific diagnostics, for MSWin32):
$^X = /export/home/cpant5/perl5/perlbrew/perls/perl-5.18.0/bin/perl5.18.0
$UID/$EUID = 105 / 105
$GID = 1 1
$EGID = 1 1
Perl module toolchain versions installed:
Module Have
------------------- --------
CPAN 2.00
CPAN::Meta 2.131560
Cwd 3.40
ExtUtils::CBuilder 0.280210
ExtUtils::Command 1.17
ExtUtils::Install 1.59
ExtUtils::MakeMaker 6.72
ExtUtils::Manifest 1.63
ExtUtils::ParseXS 3.18
File::Spec 3.40
JSON 2.59
JSON::PP 2.27202
Module::Build 0.4007
Module::Signature n/a
Parse::CPAN::Meta 1.4405
Test::Harness 3.28
Test::More 0.98
YAML 0.84
YAML::Syck 1.27
version 0.9902
--
Summary of my perl5 (revision 5 version 18 subversion 0) configuration:
Platform:
osname=solaris, osvers=2.10, archname=i86pc-solaris-64int
uname='sunos vmrz0046 5.10 generic_141445-09 i86pc i386 i86pc solaris '
config_args='-de -Dprefix=/export/home/cpant5/perl5/perlbrew/perls/perl-5.18.0 -Dcc=gcc -Duse64bitint -Dusedevel -Aeval:scriptdir=/export/home/cpant5/perl5/perlbrew/perls/perl-5.18.0/bin'
hint=recommended, useposix=true, d_sigaction=define
useithreads=undef, usemultiplicity=undef
useperlio=define, d_sfio=undef, uselargefiles=define, usesocks=undef
use64bitint=define, use64bitall=undef, uselongdouble=undef
usemymalloc=n, bincompat5005=undef
Compiler:
cc='gcc', ccflags ='-DPTR_IS_LONG -fno-strict-aliasing -pipe -I/usr/local/include -D_LARGEFILE_SOURCE -D_FILE_OFFSET_BITS=64 -DPERL_USE_SAFE_PUTENV',
optimize='-O',
cppflags='-DPTR_IS_LONG -fno-strict-aliasing -pipe -I/usr/local/include'
ccversion='', gccversion='3.4.6', gccosandvers='solaris2.10'
intsize=4, longsize=4, ptrsize=4, doublesize=8, byteorder=12345678
d_longlong=define, longlongsize=8, d_longdbl=define, longdblsize=12
ivtype='long long', ivsize=8, nvtype='double', nvsize=8, Off_t='off_t', lseeksize=8
alignbytes=4, prototype=define
Linker and Libraries:
ld='gcc', ldflags =' -L/usr/local/lib '
libpth=/usr/local/lib /usr/lib /usr/ccs/lib
libs=-lsocket -lnsl -lgdbm -ldl -lm -lc
perllibs=-lsocket -lnsl -ldl -lm -lc
libc=/lib/libc.so, so=so, useshrplib=false, libperl=libperl.a
gnulibc_version=''
Dynamic Linking:
dlsrc=dl_dlopen.xs, dlext=so, d_dlsymun=undef, ccdlflags=' '
cccdlflags='-fPIC', lddlflags='-G -L/usr/local/lib'
Characteristics of this binary (from libperl):
Compile-time options: HAS_TIMES PERLIO_LAYERS PERL_DONT_CREATE_GVSV
PERL_HASH_FUNC_ONE_AT_A_TIME_HARD PERL_MALLOC_WRAP
PERL_PRESERVE_IVUV PERL_SAWAMPERSAND PERL_USE_DEVEL
PERL_USE_SAFE_PUTENV USE_64_BIT_INT USE_LARGE_FILES
USE_LOCALE USE_LOCALE_COLLATE USE_LOCALE_CTYPE
USE_LOCALE_NUMERIC USE_PERLIO USE_PERL_ATOF
Built under solaris
Compiled at May 21 2013 08:43:42
%ENV:
PERL5LIB=""
PERL5OPT=""
PERL5_CPANPLUS_IS_RUNNING="28852"
PERL5_CPAN_IS_RUNNING="28852"
PERL5_CPAN_IS_RUNNING_IN_RECURSION="8092,28852"
PERLBREW_BASHRC_VERSION="0.44"
PERLBREW_HOME="/export/home/cpant5/.perlbrew"
PERLBREW_MANPATH="/export/home/cpant5/perl5/perlbrew/perls/perl-5.18.0/man"
PERLBREW_PATH="/export/home/cpant5/perl5/perlbrew/bin:/export/home/cpant5/perl5/perlbrew/perls/perl-5.18.0/bin"
PERLBREW_PERL="perl-5.18.0"
PERLBREW_ROOT="/export/home/cpant5/perl5/perlbrew"
PERLBREW_VERSION="0.44"
PERL_CR_SMOKER_CURRENT="Lingua-FR-Ladl-v0.0.4"
PERL_EXTUTILS_AUTOINSTALL="--defaultdeps"
PERL_MM_USE_DEFAULT="1"
@INC:
/export/home/cpant5/perl5/perlbrew/perls/perl-5.18.0/lib/site_perl/5.18.0/i86pc-solaris-64int
/export/home/cpant5/perl5/perlbrew/perls/perl-5.18.0/lib/site_perl/5.18.0
/export/home/cpant5/perl5/perlbrew/perls/perl-5.18.0/lib/5.18.0/i86pc-solaris-64int
/export/home/cpant5/perl5/perlbrew/perls/perl-5.18.0/lib/5.18.0
.