Dist-Zilla-Plugin-ChangelogFromGit-CPAN-Changes v0.230680 Perl 5 v5.24.4 i686-linux-64int

Status
Fail
From
Chris Williams (BINGOS)
Dist
Dist-Zilla-Plugin-ChangelogFromGit-CPAN-Changes v0.230680
Platform
Perl 5 v5.24.4 i686-linux-64int
Date
2023-11-30 01:21:22
ID
c58a8c9e-8f1e-11ee-98b0-b3c3213a625c
This distribution has been tested as part of the CPAN Testers
project, supporting the Perl programming language.  See
http://wiki.cpantesters.org/ for more information or email
questions to cpan-testers-discuss@perl.org


--

Dear Ioan Rogers,

This is a computer-generated error report created automatically by
CPANPLUS, version 0.9914. Testers personal comments may appear
at the end of this report.


Thank you for uploading your work to CPAN.  However, it appears that
there were some problems testing your distribution.

TEST RESULTS:

Below is the error stack from stage 'make test':

t/00-check-deps.t ...... ok
t/00-compile.t ......... ok
# 
# Versions for all modules listed in MYMETA.json (including optional ones):
# 
# === Configure Requires ===
# 
#     Module               Want  Have
#     ------------------- ----- -----
#     Module::Build::Tiny 0.034 0.047
# 
# === Test Requires ===
# 
#     Module                       Want     Have
#     --------------------------- ----- --------
#     Archive::Tar                  any     3.02
#     Dist::Zilla::File::InMemory   any    6.031
#     ExtUtils::MakeMaker           any     7.70
#     File::Spec                    any     3.75
#     File::chdir                   any   0.1011
#     IO::Handle                    any     1.36
#     IPC::Open3                    any     1.20
#     Path::Tiny                    any    0.144
#     Test::CPAN::Changes           any 0.500002
#     Test::CheckDeps             0.010    0.010
#     Test::DZil                    any    6.031
#     Test::More                   0.94 1.302195
#     Test::Roo                     any    1.004
#     Test::Roo::Role               any    1.004
#     Test::TempDir::Tiny           any    0.018
#     lib                           any     0.63
#     strict                        any     1.11
#     warnings                      any     1.36
# 
# === Test Recommends ===
# 
#     Module         Want     Have
#     ---------- -------- --------
#     CPAN::Meta 2.120900 2.150010
# 
# === Runtime Requires ===
# 
#     Module                              Want     Have
#     ------------------------------- -------- --------
#     CPAN::Changes                   0.400002 0.500002
#     CPAN::Changes::Release               any 0.500002
#     Class::Load                          any     0.25
#     DateTime                             any     1.65
#     Dist::Zilla                        6.005    6.031
#     Dist::Zilla::Role::AfterBuild        any    6.031
#     Dist::Zilla::Role::FileGatherer      any    6.031
#     Dist::Zilla::Role::Git::Repo         any    2.048
#     Encode                               any     3.20
#     Git::Wrapper                         any    0.048
#     Moose                                any   2.2206
#     Moose::Util::TypeConstraints         any   2.2206
#     perl                             v5.24.0 5.024004
# 
# === Runtime Recommends ===
# 
#     Module             Want    Have
#     ------------------ ---- -------
#     Proc::InvokeEditor  any missing
# 
t/00-report-prereqs.t .. ok
        # Extracting /home/cpan/pit/64bit/conf/perl-5.24.4/.cpanplus/5.24.4/build/iaFMqTGzPX/Dist-Zilla-Plugin-ChangelogFromGit-CPAN-Changes-0.230680/t/data/repos/test_repo.tar.gz to /home/cpan/pit/64bit/conf/perl-5.24.4/.cpanplus/5.24.4/build/iaFMqTGzPX/Dist-Zilla-Plugin-ChangelogFromGit-CPAN-Changes-0.230680/tmp/t_changes_t/default_1

        #   Failed test '... has only one line...'
        #   at t/changes.t line 14.
        #          got: '2'
        #     expected: '1'
        # Looks like you failed 1 test of 3.

    #   Failed test 'not_releasing_dont_get_changes'
    #   at /home/cpan/pit/jail/geDghsxEkW/lib/perl5/Test/Roo.pm line 39.
        # Comparing /home/cpan/pit/64bit/conf/perl-5.24.4/.cpanplus/5.24.4/build/iaFMqTGzPX/Dist-Zilla-Plugin-ChangelogFromGit-CPAN-Changes-0.230680/tmp/RydkDbP1EL/build/Changes to t/data/changes/v1_defaults

        #   Failed test 'Matched line'
        #   at t/lib/Test/DZP/Changes.pm line 92.
        #          got: ' - No changes found
        # '
        #     expected: ' - add line to file (Example Person)
        # '

        #   Failed test 'Matched line'
        #   at t/lib/Test/DZP/Changes.pm line 92.
Wide character in print at /home/cpan/pit/64bit/perl-5.24.4/lib/site_perl/5.24.4/Test2/Formatter/TAP.pm line 125.
        #          got: ' - add line to file (Example Person)
        # '
        #     expected: ' - [FIX] Something fixed by someone else (ꀀꀁꀓꀛꀝꀍꀎꀏꀗꀙ)
        # '

        #   Failed test 'Matched line'
        #   at t/lib/Test/DZP/Changes.pm line 92.
Wide character in print at /home/cpan/pit/64bit/perl-5.24.4/lib/site_perl/5.24.4/Test2/Formatter/TAP.pm line 125.
        #          got: ' - [FIX] Something fixed by someone else (ꀀꀁꀓꀛꀝꀍꀎꀏꀗꀙ)
        # '
        #     expected: ' - [ENH] Added important warning (Ioan Rogers)
        # '

        #   Failed test 'Matched line'
        #   at t/lib/Test/DZP/Changes.pm line 92.
        #          got: '
        # '
        #     expected: ' - [FIX] Typo (Ioan Rogers)
        # '

        #   Failed test 'Matched line'
        #   at t/lib/Test/DZP/Changes.pm line 92.
        #          got: '1.000 2014-03-02T03:39:30
        # '
        #     expected: ' - Initial commit (Ioan Rogers)
        # '

        #   Failed test 'Matched line'
        #   at t/lib/Test/DZP/Changes.pm line 92.
        #          got: ' - [ENH] Added important warning (Ioan Rogers)
        # '
        #     expected: '
        # '
        # Looks like you failed 6 tests of 17.

    #   Failed test 'v1_defaults'
    #   at /home/cpan/pit/jail/geDghsxEkW/lib/perl5/Test/Roo.pm line 39.
        # Comparing /home/cpan/pit/64bit/conf/perl-5.24.4/.cpanplus/5.24.4/build/iaFMqTGzPX/Dist-Zilla-Plugin-ChangelogFromGit-CPAN-Changes-0.230680/tmp/0g5yikfRDe/build/Changes to t/data/changes/v1_no_author

        #   Failed test 'Matched line'
        #   at t/lib/Test/DZP/Changes.pm line 92.
        #          got: ' - No changes found
        # '
        #     expected: ' - add line to file
        # '

        #   Failed test 'Matched line'
        #   at t/lib/Test/DZP/Changes.pm line 92.
        #          got: ' - add line to file
        # '
        #     expected: ' - [FIX] Something fixed by someone else
        # '

        #   Failed test 'Matched line'
        #   at t/lib/Test/DZP/Changes.pm line 92.
        #          got: ' - [FIX] Something fixed by someone else
        # '
        #     expected: ' - [ENH] Added important warning
        # '

        #   Failed test 'Matched line'
        #   at t/lib/Test/DZP/Changes.pm line 92.
        #          got: '
        # '
        #     expected: ' - [FIX] Typo
        # '

        #   Failed test 'Matched line'
        #   at t/lib/Test/DZP/Changes.pm line 92.
        #          got: '1.000 2014-03-02T03:39:30
        # '
        #     expected: ' - Initial commit
        # '
        # Looks like you failed 5 tests of 16.

    #   Failed test 'v1_no_author'
    #   at /home/cpan/pit/jail/geDghsxEkW/lib/perl5/Test/Roo.pm line 39.
        # Comparing /home/cpan/pit/64bit/conf/perl-5.24.4/.cpanplus/5.24.4/build/iaFMqTGzPX/Dist-Zilla-Plugin-ChangelogFromGit-CPAN-Changes-0.230680/tmp/WoV83qoeOo/build/Changes to t/data/changes/v1_email

        #   Failed test 'Matched line'
        #   at t/lib/Test/DZP/Changes.pm line 92.
        #          got: ' - No changes found
        # '
        #     expected: ' - add line to file (Example Person <person@example.com>)
        # '

        #   Failed test 'Matched line'
        #   at t/lib/Test/DZP/Changes.pm line 92.
Wide character in print at /home/cpan/pit/64bit/perl-5.24.4/lib/site_perl/5.24.4/Test2/Formatter/TAP.pm line 125.
        #          got: ' - add line to file (Example Person <person@example.com>)
        # '
        #     expected: ' - [FIX] Something fixed by someone else (ꀀꀁꀓꀛꀝꀍꀎꀏꀗꀙ <person@example.com>)
        # '

        #   Failed test 'Matched line'
        #   at t/lib/Test/DZP/Changes.pm line 92.
Wide character in print at /home/cpan/pit/64bit/perl-5.24.4/lib/site_perl/5.24.4/Test2/Formatter/TAP.pm line 125.
        #          got: ' - [FIX] Something fixed by someone else (ꀀꀁꀓꀛꀝꀍꀎꀏꀗꀙ <person@example.com>)
        # '
        #     expected: ' - [ENH] Added important warning (Ioan Rogers <ioanr@cpan.org>)
        # '

        #   Failed test 'Matched line'
        #   at t/lib/Test/DZP/Changes.pm line 92.
        #          got: '
        # '
        #     expected: ' - [FIX] Typo (Ioan Rogers <ioanr@cpan.org>)
        # '

        #   Failed test 'Matched line'
        #   at t/lib/Test/DZP/Changes.pm line 92.
        #          got: '1.000 2014-03-02T03:39:30
        # '
        #     expected: ' - Initial commit (Ioan Rogers <ioanr@cpan.org>)
        # '
        # Looks like you failed 5 tests of 16.

    #   Failed test 'v1_email'
    #   at /home/cpan/pit/jail/geDghsxEkW/lib/perl5/Test/Roo.pm line 39.
        # Comparing /home/cpan/pit/64bit/conf/perl-5.24.4/.cpanplus/5.24.4/build/iaFMqTGzPX/Dist-Zilla-Plugin-ChangelogFromGit-CPAN-Changes-0.230680/tmp/nC9uVdjfJN/build/Changes to t/data/changes/v1_group_author

        #   Failed test 'Matched line'
        #   at t/lib/Test/DZP/Changes.pm line 92.
        #          got: ' - No changes found
        # '
        #     expected: ' [Example Person]
        # '

        #   Failed test 'Matched line'
        #   at t/lib/Test/DZP/Changes.pm line 92.
        #          got: '
        # '
        #     expected: ' - add line to file
        # '

        #   Failed test 'Matched line'
        #   at t/lib/Test/DZP/Changes.pm line 92.
        #          got: '1.001_1 2016-01-22T08:20:07
        # '
        #     expected: '
        # '

        #   Failed test 'Matched line'
        #   at t/lib/Test/DZP/Changes.pm line 88.
        #                   ' [Example Person]
        # '
        #     doesn't match '(?^:^\d+\.\d{3}(_\d+)? \d{4}-\d{2}-\d{2}T\d{2}:\d{2}:\d{2}Z?$)'

        #   Failed test 'Matched line'
        #   at t/lib/Test/DZP/Changes.pm line 92.
Wide character in print at /home/cpan/pit/64bit/perl-5.24.4/lib/site_perl/5.24.4/Test2/Formatter/TAP.pm line 125.
        #          got: ' - add line to file
        # '
        #     expected: ' [ꀀꀁꀓꀛꀝꀍꀎꀏꀗꀙ]
        # '

        #   Failed test 'Matched line'
        #   at t/lib/Test/DZP/Changes.pm line 92.
        #          got: '
        # '
        #     expected: ' - [FIX] Something fixed by someone else
        # '

        #   Failed test 'Matched line'
        #   at t/lib/Test/DZP/Changes.pm line 92.
        #          got: '1.001 2014-06-13T02:25:00
        # '
        #     expected: '
        # '

        #   Failed test 'Matched line'
        #   at t/lib/Test/DZP/Changes.pm line 88.
Wide character in print at /home/cpan/pit/64bit/perl-5.24.4/lib/site_perl/5.24.4/Test2/Formatter/TAP.pm line 125.
        #                   ' [ꀀꀁꀓꀛꀝꀍꀎꀏꀗꀙ]
        # '
        #     doesn't match '(?^:^\d+\.\d{3}(_\d+)? \d{4}-\d{2}-\d{2}T\d{2}:\d{2}:\d{2}Z?$)'

        #   Failed test 'Matched line'
        #   at t/lib/Test/DZP/Changes.pm line 92.
        #          got: ' - [FIX] Something fixed by someone else
        # '
        #     expected: ' [Ioan Rogers]
        # '

        #   Failed test 'Matched line'
        #   at t/lib/Test/DZP/Changes.pm line 92.
        #          got: '
        # '
        #     expected: ' - [ENH] Added important warning
        # '

        #   Failed test 'Matched line'
        #   at t/lib/Test/DZP/Changes.pm line 92.
        #          got: '1.000 2014-03-02T03:39:30
        # '
        #     expected: ' - [FIX] Typo
        # '

        #   Failed test 'Matched line'
        #   at t/lib/Test/DZP/Changes.pm line 92.
        #          got: ' [Ioan Rogers]
        # '
        #     expected: ' - Initial commit
        # '
        # Looks like you failed 12 tests of 19.

    #   Failed test 'v1_group_author'
    #   at /home/cpan/pit/jail/geDghsxEkW/lib/perl5/Test/Roo.pm line 39.
        # Comparing /home/cpan/pit/64bit/conf/perl-5.24.4/.cpanplus/5.24.4/build/iaFMqTGzPX/Dist-Zilla-Plugin-ChangelogFromGit-CPAN-Changes-0.230680/tmp/v0JcIa7t0h/build/Changes to t/data/changes/v1_group_author_email

        #   Failed test 'Matched line'
        #   at t/lib/Test/DZP/Changes.pm line 92.
        #          got: ' - No changes found
        # '
        #     expected: ' [Example Person <person@example.com>]
        # '

        #   Failed test 'Matched line'
        #   at t/lib/Test/DZP/Changes.pm line 92.
        #          got: '
        # '
        #     expected: ' - add line to file
        # '

        #   Failed test 'Matched line'
        #   at t/lib/Test/DZP/Changes.pm line 92.
        #          got: '1.001_1 2016-01-22T08:20:07
        # '
        #     expected: '
        # '

        #   Failed test 'Matched line'
        #   at t/lib/Test/DZP/Changes.pm line 88.
        #                   ' [Example Person <person@example.com>]
        # '
        #     doesn't match '(?^:^\d+\.\d{3}(_\d+)? \d{4}-\d{2}-\d{2}T\d{2}:\d{2}:\d{2}Z?$)'

        #   Failed test 'Matched line'
        #   at t/lib/Test/DZP/Changes.pm line 92.
Wide character in print at /home/cpan/pit/64bit/perl-5.24.4/lib/site_perl/5.24.4/Test2/Formatter/TAP.pm line 125.
        #          got: ' - add line to file
        # '
        #     expected: ' [ꀀꀁꀓꀛꀝꀍꀎꀏꀗꀙ <person@example.com>]
        # '

        #   Failed test 'Matched line'
        #   at t/lib/Test/DZP/Changes.pm line 92.
        #          got: '
        # '
        #     expected: ' - [FIX] Something fixed by someone else
        # '

        #   Failed test 'Matched line'
        #   at t/lib/Test/DZP/Changes.pm line 92.
        #          got: '1.001 2014-06-13T02:25:00
        # '
        #     expected: '
        # '

        #   Failed test 'Matched line'
        #   at t/lib/Test/DZP/Changes.pm line 88.
Wide character in print at /home/cpan/pit/64bit/perl-5.24.4/lib/site_perl/5.24.4/Test2/Formatter/TAP.pm line 125.
        #                   ' [ꀀꀁꀓꀛꀝꀍꀎꀏꀗꀙ <person@example.com>]
        # '
        #     doesn't match '(?^:^\d+\.\d{3}(_\d+)? \d{4}-\d{2}-\d{2}T\d{2}:\d{2}:\d{2}Z?$)'

        #   Failed test 'Matched line'
        #   at t/lib/Test/DZP/Changes.pm line 92.
        #          got: ' - [FIX] Something fixed by someone else
        # '
        #     expected: ' [Ioan Rogers <ioanr@cpan.org>]
        # '

        #   Failed test 'Matched line'
        #   at t/lib/Test/DZP/Changes.pm line 92.
        #          got: '
        # '
        #     expected: ' - [ENH] Added important warning
        # '

        #   Failed test 'Matched line'
        #   at t/lib/Test/DZP/Changes.pm line 92.
        #          got: '1.000 2014-03-02T03:39:30
        # '
        #     expected: ' - [FIX] Typo
        # '

        #   Failed test 'Matched line'
        #   at t/lib/Test/DZP/Changes.pm line 92.
        #          got: ' [Ioan Rogers <ioanr@cpan.org>]
        # '
        #     expected: ' - Initial commit
        # '
        # Looks like you failed 12 tests of 19.

    #   Failed test 'v1_group_author_email'
    #   at /home/cpan/pit/jail/geDghsxEkW/lib/perl5/Test/Roo.pm line 39.
    # Looks like you failed 6 tests of 6.

#   Failed test 'testing with main'
#   at /home/cpan/pit/jail/geDghsxEkW/lib/perl5/Test/Roo/Class.pm line 89.
# Looks like you failed 1 test of 1.
t/changes.t ............ 
Dubious, test returned 1 (wstat 256, 0x100)
Failed 1/1 subtests 
        # Extracting /home/cpan/pit/64bit/conf/perl-5.24.4/.cpanplus/5.24.4/build/iaFMqTGzPX/Dist-Zilla-Plugin-ChangelogFromGit-CPAN-Changes-0.230680/t/data/repos/first_release.tar.gz to /home/cpan/pit/64bit/conf/perl-5.24.4/.cpanplus/5.24.4/build/iaFMqTGzPX/Dist-Zilla-Plugin-ChangelogFromGit-CPAN-Changes-0.230680/tmp/t_first_release_t/default_1
        # Comparing /home/cpan/pit/64bit/conf/perl-5.24.4/.cpanplus/5.24.4/build/iaFMqTGzPX/Dist-Zilla-Plugin-ChangelogFromGit-CPAN-Changes-0.230680/tmp/uoqBQfnDN1/build/Changes to t/data/changes/first_release
t/first_release.t ...... ok

Test Summary Report
-------------------
t/changes.t          (Wstat: 256 (exited 1) Tests: 1 Failed: 1)
  Failed test:  1
  Non-zero exit status: 1
Files=5, Tests=36,  4 wallclock secs ( 0.03 usr  0.01 sys +  2.89 cusr  0.54 csys =  3.47 CPU)
Result: FAIL


PREREQUISITES:

Here is a list of prerequisites you specified and versions we
managed to load:

	  Module Name                        Have     Want
	  Archive::Tar                       3.02        0
	  CPAN::Changes                  0.500002 0.400002
	  CPAN::Changes::Release         0.500002        0
	  Class::Load                        0.25        0
	  DateTime                           1.65        0
	  Dist::Zilla                       6.031    6.005
	  Dist::Zilla::File::InMemory       6.031        0
	  Dist::Zilla::Role::AfterBuild     6.031        0
	  Dist::Zilla::Role::FileGatherer    6.031        0
	  Dist::Zilla::Role::Git::Repo      2.048        0
	  Encode                             3.20        0
	  ExtUtils::MakeMaker                7.70        0
	  File::Spec                         3.75        0
	  File::chdir                      0.1011        0
	  Git::Wrapper                      0.048        0
	  IO::Handle                         1.36        0
	  IPC::Open3                         1.20        0
	  Moose                            2.2206        0
	  Moose::Util::TypeConstraints     2.2206        0
	  Path::Tiny                        0.144        0
	  Test::CPAN::Changes            0.500002        0
	  Test::CheckDeps                   0.010    0.010
	  Test::DZil                        6.031        0
	  Test::More                     1.302195     0.94
	  Test::Roo                         1.004        0
	  Test::Roo::Role                   1.004        0
	  Test::TempDir::Tiny               0.018        0
	  lib                                0.63        0
	  strict                             1.11        0
	  warnings                           1.36        0

Perl module toolchain versions installed:
	Module Name                        Have
	CPANPLUS                         0.9914
	CPANPLUS::Dist::Build              0.90
	Cwd                                3.75
	ExtUtils::CBuilder             0.280236
	ExtUtils::Command                  7.70
	ExtUtils::Install                  2.22
	ExtUtils::MakeMaker                7.70
	ExtUtils::Manifest                 1.75
	ExtUtils::ParseXS                  3.44
	File::Spec                         3.75
	Module::Build                    0.4234
	Pod::Parser                        1.63
	Pod::Simple                        3.32
	Test2                          1.302195
	Test::Harness                      3.44
	Test::More                     1.302195
	version                          0.9929

******************************** NOTE ********************************
The comments above are created mechanically, possibly without manual
checking by the sender.  As there are many people performing automatic
tests on each upload to CPAN, it is likely that you will receive
identical messages about the same problem.

If you believe that the message is mistaken, please reply to the first
one with correction and/or additional informations, and do not take
it personally.  We appreciate your patience. :)
**********************************************************************

Additional comments:


This report was machine-generated by CPANPLUS::Dist::YACSmoke 1.08.
Powered by minismokebox version 0.68

CPANPLUS is prefering Build.PL

------------------------------
ENVIRONMENT AND OTHER CONTEXT
------------------------------

Environment variables:

    AUTOMATED_TESTING = 1
    LANG = en_GB.UTF-8
    LANGUAGE = en_GB:en
    NONINTERACTIVE_TESTING = 1
    PATH = /usr/local/bin:/usr/bin:/bin:/usr/local/games:/usr/games
    PERL5LIB = /home/cpan/pit/jail/geDghsxEkW/lib/perl5:/home/cpan/pit/64bit/conf/perl-5.24.4/.cpanplus/5.24.4/build/iaFMqTGzPX/Dist-Zilla-Plugin-ChangelogFromGit-CPAN-Changes-0.230680/blib/lib:/home/cpan/pit/64bit/conf/perl-5.24.4/.cpanplus/5.24.4/build/iaFMqTGzPX/Dist-Zilla-Plugin-ChangelogFromGit-CPAN-Changes-0.230680/blib/arch
    PERL5_CPANPLUS_IS_RUNNING = 13081
    PERL5_CPANPLUS_IS_VERSION = 0.9914
    PERL5_MINISMOKEBOX = 0.68
    PERL5_YACSMOKE_BASE = /home/cpan/pit/64bit/conf/perl-5.24.4
    PERL_EXTUTILS_AUTOINSTALL = --defaultdeps
    PERL_LOCAL_LIB_ROOT = /home/cpan/pit/jail/geDghsxEkW
    PERL_MB_OPT = --install_base "/home/cpan/pit/jail/geDghsxEkW"
    PERL_MM_OPT = INSTALL_BASE=/home/cpan/pit/jail/geDghsxEkW
    PERL_MM_USE_DEFAULT = 1
    PERL_USE_UNSAFE_INC = 1
    SHELL = /bin/bash
    TERM = screen.xterm-256color

Perl special variables (and OS-specific diagnostics, for MSWin32):

    Perl: $^X = /home/cpan/pit/64bit/perl-5.24.4/bin/perl
    UID:  $<  = 1001
    EUID: $>  = 1001
    GID:  $(  = 1001 1001
    EGID: $)  = 1001 1001


-------------------------------


--

Summary of my perl5 (revision 5 version 24 subversion 4) configuration:
   
  Platform:
    osname=linux, osvers=5.10.0-12-686, archname=i686-linux-64int
    uname='linux dagobah 5.10.0-12-686 #1 smp debian 5.10.103-1 (2022-03-07) i686 gnulinux '
    config_args='-des -Dprefix=/home/cpan/pit/64bit/perl-5.24.4 -Duse64bitint'
    hint=recommended, useposix=true, d_sigaction=define
    useithreads=undef, usemultiplicity=undef
    use64bitint=define, use64bitall=undef, uselongdouble=undef
    usemymalloc=n, bincompat5005=undef
  Compiler:
    cc='cc', ccflags ='-fwrapv -fno-strict-aliasing -pipe -fstack-protector-strong -I/usr/local/include -D_LARGEFILE_SOURCE -D_FILE_OFFSET_BITS=64 -D_FORTIFY_SOURCE=2',
    optimize='-O2',
    cppflags='-fwrapv -fno-strict-aliasing -pipe -fstack-protector-strong -I/usr/local/include'
    ccversion='', gccversion='10.2.1 20210110', gccosandvers=''
    intsize=4, longsize=4, ptrsize=4, doublesize=8, byteorder=12345678, doublekind=3
    d_longlong=define, longlongsize=8, d_longdbl=define, longdblsize=12, longdblkind=3
    ivtype='long long', ivsize=8, nvtype='double', nvsize=8, Off_t='off_t', lseeksize=8
    alignbytes=4, prototype=define
  Linker and Libraries:
    ld='cc', ldflags =' -fstack-protector-strong -L/usr/local/lib'
    libpth=/usr/local/lib /usr/include/i386-linux-gnu /usr/lib /lib/i386-linux-gnu /lib/../lib /usr/lib/i386-linux-gnu /usr/lib/../lib /lib /lib64 /usr/lib64
    libs=-lpthread -lnsl -lgdbm -ldl -lm -lcrypt -lutil -lc
    perllibs=-lpthread -lnsl -ldl -lm -lcrypt -lutil -lc
    libc=libc-2.31.so, so=so, useshrplib=false, libperl=libperl.a
    gnulibc_version='2.31'
  Dynamic Linking:
    dlsrc=dl_dlopen.xs, dlext=so, d_dlsymun=undef, ccdlflags='-Wl,-E'
    cccdlflags='-fPIC', lddlflags='-shared -O2 -L/usr/local/lib -fstack-protector-strong'


Characteristics of this binary (from libperl): 
  Compile-time options: HAS_TIMES PERLIO_LAYERS PERL_COPY_ON_WRITE
                        PERL_DONT_CREATE_GVSV
                        PERL_HASH_FUNC_ONE_AT_A_TIME_HARD PERL_MALLOC_WRAP
                        PERL_PRESERVE_IVUV USE_64_BIT_INT USE_LARGE_FILES
                        USE_LOCALE USE_LOCALE_COLLATE USE_LOCALE_CTYPE
                        USE_LOCALE_NUMERIC USE_LOCALE_TIME USE_PERLIO
                        USE_PERL_ATOF
  Locally applied patches:
	Devel::PatchPerl 2.08
  Built under linux
  Compiled at Mar 18 2022 23:06:44
  %ENV:
    PERL5LIB="/home/cpan/pit/jail/geDghsxEkW/lib/perl5:/home/cpan/pit/64bit/conf/perl-5.24.4/.cpanplus/5.24.4/build/iaFMqTGzPX/Dist-Zilla-Plugin-ChangelogFromGit-CPAN-Changes-0.230680/blib/lib:/home/cpan/pit/64bit/conf/perl-5.24.4/.cpanplus/5.24.4/build/iaFMqTGzPX/Dist-Zilla-Plugin-ChangelogFromGit-CPAN-Changes-0.230680/blib/arch"
    PERL5_CPANPLUS_IS_RUNNING="13081"
    PERL5_CPANPLUS_IS_VERSION="0.9914"
    PERL5_MINISMOKEBOX="0.68"
    PERL5_YACSMOKE_BASE="/home/cpan/pit/64bit/conf/perl-5.24.4"
    PERL_EXTUTILS_AUTOINSTALL="--defaultdeps"
    PERL_LOCAL_LIB_ROOT="/home/cpan/pit/jail/geDghsxEkW"
    PERL_MB_OPT="--install_base "/home/cpan/pit/jail/geDghsxEkW""
    PERL_MM_OPT="INSTALL_BASE=/home/cpan/pit/jail/geDghsxEkW"
    PERL_MM_USE_DEFAULT="1"
    PERL_USE_UNSAFE_INC="1"
  @INC:
    /home/cpan/pit/jail/geDghsxEkW/lib/perl5/5.24.4/i686-linux-64int
    /home/cpan/pit/jail/geDghsxEkW/lib/perl5/5.24.4
    /home/cpan/pit/jail/geDghsxEkW/lib/perl5/i686-linux-64int
    /home/cpan/pit/jail/geDghsxEkW/lib/perl5
    /home/cpan/pit/64bit/conf/perl-5.24.4/.cpanplus/5.24.4/build/iaFMqTGzPX/Dist-Zilla-Plugin-ChangelogFromGit-CPAN-Changes-0.230680/blib/lib
    /home/cpan/pit/64bit/conf/perl-5.24.4/.cpanplus/5.24.4/build/iaFMqTGzPX/Dist-Zilla-Plugin-ChangelogFromGit-CPAN-Changes-0.230680/blib/arch
    /home/cpan/pit/64bit/perl-5.24.4/lib/site_perl/5.24.4/i686-linux-64int
    /home/cpan/pit/64bit/perl-5.24.4/lib/site_perl/5.24.4
    /home/cpan/pit/64bit/perl-5.24.4/lib/5.24.4/i686-linux-64int
    /home/cpan/pit/64bit/perl-5.24.4/lib/5.24.4
    .