Method-Lexical v0.30 Perl 5 v5.27.6 OpenBSD.amd64-openbsd

Status
Fail
From
Alceu Rodrigues de Freitas Junior
Dist
Method-Lexical v0.30
Platform
Perl 5 v5.27.6 OpenBSD.amd64-openbsd
Date
2017-12-28 14:31:20
ID
c5b718dc-ebdb-11e7-a68d-435f19413131
This distribution has been tested as part of the CPAN Testers
project, supporting the Perl programming language.  See
http://wiki.cpantesters.org/ for more information or email
questions to cpan-testers-discuss@perl.org


--
Dear chocolateboy,

This is a computer-generated report for Method-Lexical-0.30
on perl 5.27.6, created by CPAN-Reporter-1.2018.

Thank you for uploading your work to CPAN.  However, there was a problem
testing your distribution.

If you think this report is invalid, please consult the CPAN Testers Wiki
for suggestions on how to avoid getting FAIL reports for missing library
or binary dependencies, unsupported operating systems, and so on:

http://wiki.cpantesters.org/wiki/CPANAuthorNotes

Sections of this report:

    * Tester comments
    * Program output
    * Prerequisites
    * Environment and other context

------------------------------
TESTER COMMENTS
------------------------------

Additional comments from tester:

this report is from an automated smoke testing program
and was not reviewed by a human for accuracy

------------------------------
PROGRAM OUTPUT
------------------------------

Output from '/usr/bin/make test':

"/home/vegeta/perl5/perlbrew/perls/perl-5.27.6/bin/perl5.27.6" -MExtUtils::Command::MM -e 'cp_nonempty' -- Lexical.bs blib/arch/auto/Method/Lexical/Lexical.bs 644
PERL_DL_NONLAZY=1 "/home/vegeta/perl5/perlbrew/perls/perl-5.27.6/bin/perl5.27.6" "-MExtUtils::Command::MM" "-MTest::Harness" "-e" "undef *Test::Harness::Switches; test_harness(0, 'blib/lib', 'blib/arch')" t/*.t

#   Failed test 'use Method::Lexical;'
#   at t/01_use.t line 8.
#     Tried to use 'Method::Lexical'.
#     Error:  "on_require" is not exported by the Devel::Pragma module
# Can't continue after import errors at /home/vegeta/perl5/perlbrew/perls/perl-5.27.6/lib/site_perl/5.27.6/OpenBSD.amd64-openbsd/Devel/Pragma.pm line 108.
# BEGIN failed--compilation aborted at /mnt/cpan_build_dir/vegeta/Method-Lexical-0.30-0/blib/lib/Method/Lexical.pm line 12.
# Compilation failed in require at t/01_use.t line 8.
# BEGIN failed--compilation aborted at t/01_use.t line 8.
# Looks like you failed 1 test of 1.
t/01_use.t ................ 
Dubious, test returned 1 (wstat 256, 0x100)
Failed 1/1 subtests 
"on_require" is not exported by the Devel::Pragma module
Can't continue after import errors at /home/vegeta/perl5/perlbrew/perls/perl-5.27.6/lib/site_perl/5.27.6/OpenBSD.amd64-openbsd/Devel/Pragma.pm line 108.
BEGIN failed--compilation aborted at /mnt/cpan_build_dir/vegeta/Method-Lexical-0.30-0/blib/lib/Method/Lexical.pm line 12.
Compilation failed in require at t/autoload.t line 19.
BEGIN failed--compilation aborted at t/autoload.t line 19.
# Looks like your test exited with 255 before it could output anything.
t/autoload.t .............. 
Dubious, test returned 255 (wstat 65280, 0xff00)
Failed 25/25 subtests 
"on_require" is not exported by the Devel::Pragma module
Can't continue after import errors at /home/vegeta/perl5/perlbrew/perls/perl-5.27.6/lib/site_perl/5.27.6/OpenBSD.amd64-openbsd/Devel/Pragma.pm line 108.
BEGIN failed--compilation aborted at /mnt/cpan_build_dir/vegeta/Method-Lexical-0.30-0/blib/lib/Method/Lexical.pm line 12.
Compilation failed in require at t/basic.t line 25.
BEGIN failed--compilation aborted at t/basic.t line 25.
# Looks like your test exited with 255 before it could output anything.
t/basic.t ................. 
Dubious, test returned 255 (wstat 65280, 0xff00)
Failed 30/30 subtests 
"on_require" is not exported by the Devel::Pragma module
Can't continue after import errors at /home/vegeta/perl5/perlbrew/perls/perl-5.27.6/lib/site_perl/5.27.6/OpenBSD.amd64-openbsd/Devel/Pragma.pm line 108.
BEGIN failed--compilation aborted at /mnt/cpan_build_dir/vegeta/Method-Lexical-0.30-0/blib/lib/Method/Lexical.pm line 12.
Compilation failed in require at t/cache.t line 26.
BEGIN failed--compilation aborted at t/cache.t line 26.
# Looks like your test exited with 255 before it could output anything.
t/cache.t ................. 
Dubious, test returned 255 (wstat 65280, 0xff00)
Failed 136/136 subtests 
"on_require" is not exported by the Devel::Pragma module
Can't continue after import errors at /home/vegeta/perl5/perlbrew/perls/perl-5.27.6/lib/site_perl/5.27.6/OpenBSD.amd64-openbsd/Devel/Pragma.pm line 108.
BEGIN failed--compilation aborted at /mnt/cpan_build_dir/vegeta/Method-Lexical-0.30-0/blib/lib/Method/Lexical.pm line 12.
Compilation failed in require at t/depth.t line 324.
BEGIN failed--compilation aborted at t/depth.t line 324.
# Looks like your test exited with 255 before it could output anything.
t/depth.t ................. 
Dubious, test returned 255 (wstat 65280, 0xff00)
Failed 5/5 subtests 
"on_require" is not exported by the Devel::Pragma module
Can't continue after import errors at /home/vegeta/perl5/perlbrew/perls/perl-5.27.6/lib/site_perl/5.27.6/OpenBSD.amd64-openbsd/Devel/Pragma.pm line 108.
BEGIN failed--compilation aborted at /mnt/cpan_build_dir/vegeta/Method-Lexical-0.30-0/blib/lib/Method/Lexical.pm line 12.
Compilation failed in require at t/fail.t line 21.
BEGIN failed--compilation aborted at t/fail.t line 21.
# Looks like your test exited with 255 before it could output anything.
t/fail.t .................. 
Dubious, test returned 255 (wstat 65280, 0xff00)
Failed 33/33 subtests 
"on_require" is not exported by the Devel::Pragma module
Can't continue after import errors at /home/vegeta/perl5/perlbrew/perls/perl-5.27.6/lib/site_perl/5.27.6/OpenBSD.amd64-openbsd/Devel/Pragma.pm line 108.
BEGIN failed--compilation aborted at /mnt/cpan_build_dir/vegeta/Method-Lexical-0.30-0/blib/lib/Method/Lexical.pm line 12.
Compilation failed in require at t/fqname.t line 21.
BEGIN failed--compilation aborted at t/fqname.t line 21.
# Looks like your test exited with 255 before it could output anything.
t/fqname.t ................ 
Dubious, test returned 255 (wstat 65280, 0xff00)
Failed 54/54 subtests 
"on_require" is not exported by the Devel::Pragma module
Can't continue after import errors at /home/vegeta/perl5/perlbrew/perls/perl-5.27.6/lib/site_perl/5.27.6/OpenBSD.amd64-openbsd/Devel/Pragma.pm line 108.
BEGIN failed--compilation aborted at /mnt/cpan_build_dir/vegeta/Method-Lexical-0.30-0/blib/lib/Method/Lexical.pm line 12.
Compilation failed in require at t/method_name_value.t line 35.
BEGIN failed--compilation aborted at t/method_name_value.t line 39.
# Looks like your test exited with 255 before it could output anything.
t/method_name_value.t ..... 
Dubious, test returned 255 (wstat 65280, 0xff00)
Failed 12/12 subtests 

#   Failed test 'error loading nonexistent package (autoloaded)'
#   at t/module_autoload_fail.t line 9.
#                   '"on_require" is not exported by the Devel::Pragma module
# Can't continue after import errors at /home/vegeta/perl5/perlbrew/perls/perl-5.27.6/lib/site_perl/5.27.6/OpenBSD.amd64-openbsd/Devel/Pragma.pm line 108.
# BEGIN failed--compilation aborted at /mnt/cpan_build_dir/vegeta/Method-Lexical-0.30-0/blib/lib/Method/Lexical.pm line 12.
# Compilation failed in require at (eval 7) line 1.
# BEGIN failed--compilation aborted at (eval 7) line 1.
# '
#     doesn't match '(?^:Can't load Method::Lexical::Test::No::Such::Package)'

#   Failed test 'error loading nonexistent package (-autoload => 1)'
#   at t/module_autoload_fail.t line 12.
#                   'Attempt to reload Method/Lexical.pm aborted.
# Compilation failed in require at (eval 10) line 1.
# BEGIN failed--compilation aborted at (eval 10) line 1.
# '
#     doesn't match '(?^:Can't load Method::Lexical::Test::No::Such::Package)'
# Looks like you failed 2 tests of 2.
t/module_autoload_fail.t .. 
Dubious, test returned 2 (wstat 512, 0x200)
Failed 2/2 subtests 
t/pod.t ................... ok

Test Summary Report
-------------------
t/01_use.t              (Wstat: 256 Tests: 1 Failed: 1)
  Failed test:  1
  Non-zero exit status: 1
t/autoload.t            (Wstat: 65280 Tests: 0 Failed: 0)
  Non-zero exit status: 255
  Parse errors: Bad plan.  You planned 25 tests but ran 0.
t/basic.t               (Wstat: 65280 Tests: 0 Failed: 0)
  Non-zero exit status: 255
  Parse errors: Bad plan.  You planned 30 tests but ran 0.
t/cache.t               (Wstat: 65280 Tests: 0 Failed: 0)
  Non-zero exit status: 255
  Parse errors: Bad plan.  You planned 136 tests but ran 0.
t/depth.t               (Wstat: 65280 Tests: 0 Failed: 0)
  Non-zero exit status: 255
  Parse errors: Bad plan.  You planned 5 tests but ran 0.
t/fail.t                (Wstat: 65280 Tests: 0 Failed: 0)
  Non-zero exit status: 255
  Parse errors: Bad plan.  You planned 33 tests but ran 0.
t/fqname.t              (Wstat: 65280 Tests: 0 Failed: 0)
  Non-zero exit status: 255
  Parse errors: Bad plan.  You planned 54 tests but ran 0.
t/method_name_value.t   (Wstat: 65280 Tests: 0 Failed: 0)
  Non-zero exit status: 255
  Parse errors: Bad plan.  You planned 12 tests but ran 0.
t/module_autoload_fail.t (Wstat: 512 Tests: 2 Failed: 2)
  Failed tests:  1-2
  Non-zero exit status: 2
Files=10, Tests=4,  1 wallclock secs ( 0.03 usr  0.06 sys +  0.49 cusr  0.40 csys =  0.98 CPU)
Result: FAIL
Failed 9/10 test programs. 3/4 subtests failed.
*** Error 255 in /mnt/cpan_build_dir/vegeta/Method-Lexical-0.30-0 (Makefile:1048 'test_dynamic')

------------------------------
PREREQUISITES
------------------------------

Prerequisite modules loaded:

requires:

    Module                   Need  Have   
    ------------------------ ----- -------
    B::Hooks::EndOfScope     0.12  0.21   
    B::Hooks::OP::Annotation 0.44  0.44   
    B::Hooks::OP::Check      0.19  0.22   
    Devel::Pragma            0.54  1.1.0  

build_requires:

    Module                   Need  Have   
    ------------------------ ----- -------
    ExtUtils::MakeMaker      0     7.31_05

configure_requires:

    Module                   Need  Have   
    ------------------------ ----- -------
    B::Hooks::OP::Annotation 0.44  0.44   
    B::Hooks::OP::Check      0.19  0.22   
    ExtUtils::Depends        0.304 0.405  
    ExtUtils::MakeMaker      0     7.31_05


------------------------------
ENVIRONMENT AND OTHER CONTEXT
------------------------------

Environment variables:

    AUTOMATED_TESTING = 1
    DBD_MYSQL_TESTDB = test
    DBD_MYSQL_TESTHOST = localhost
    DBD_MYSQL_TESTPASSWORD = 
    DBD_MYSQL_TESTPORT = 3306
    DBD_MYSQL_TESTUSER = vegeta
    EXTENDED_TESTING = 1
    PATH = /home/vegeta/perl5/perlbrew/bin:/home/vegeta/perl5/perlbrew/perls/perl-5.27.6/bin:/home/vegeta/bin:/usr/bin:/bin:/usr/sbin:/sbin:/usr/X11R6/bin:/usr/local/bin:/usr/local/sbin
    PERL5LIB = 
    PERL5OPT = 
    PERL5_CPANPLUS_IS_RUNNING = 82814
    PERL5_CPAN_IS_RUNNING = 82814
    PERL5_CPAN_IS_RUNNING_IN_RECURSION = 17760,82814
    PERLBREW_HOME = /home/vegeta/.perlbrew
    PERLBREW_MANPATH = /home/vegeta/perl5/perlbrew/perls/perl-5.27.6/man
    PERLBREW_PATH = /home/vegeta/perl5/perlbrew/bin:/home/vegeta/perl5/perlbrew/perls/perl-5.27.6/bin
    PERLBREW_PERL = perl-5.27.6
    PERLBREW_ROOT = /home/vegeta/perl5/perlbrew
    PERLBREW_SHELLRC_VERSION = 0.82
    PERLBREW_VERSION = 0.82
    PERL_CR_SMOKER_CURRENT = authority-0.005
    PERL_EXTUTILS_AUTOINSTALL = --defaultdeps
    PERL_MM_USE_DEFAULT = 1
    PERL_USE_UNSAFE_INC = 1
    SHELL = /usr/local/bin/bash
    TERM = xterm

Perl special variables (and OS-specific diagnostics, for MSWin32):

    $^X = /home/vegeta/perl5/perlbrew/perls/perl-5.27.6/bin/perl5.27.6
    $UID/$EUID = 1002 / 1002
    $GID = 1002 1002 1001
    $EGID = 1002 1002 1001

Perl module toolchain versions installed:

    Module              Have    
    ------------------- --------
    CPAN                2.20    
    CPAN::Meta          2.150010
    Cwd                 3.62    
    ExtUtils::CBuilder  0.280230
    ExtUtils::Command   7.31_05 
    ExtUtils::Install   2.14    
    ExtUtils::MakeMaker 7.31_05 
    ExtUtils::Manifest  1.70    
    ExtUtils::ParseXS   3.35    
    File::Spec          3.62    
    JSON                2.97001 
    JSON::PP            2.97001 
    Module::Build       0.4224  
    Module::Signature   n/a     
    Parse::CPAN::Meta   2.150010
    Test::Harness       3.39    
    Test::More          1.302120
    YAML                1.24    
    YAML::Syck          n/a     
    version             0.9918  


--

Summary of my perl5 (revision 5 version 27 subversion 6) configuration:
   
  Platform:
    osname=openbsd
    osvers=6.2
    archname=OpenBSD.amd64-openbsd
    uname='openbsd cpan-smoker-openbsd 6.2 generic.mp#134 amd64 '
    config_args='-de -Dprefix=/home/vegeta/perl5/perlbrew/perls/perl-5.27.6 -Dusedevel -Aeval:scriptdir=/home/vegeta/perl5/perlbrew/perls/perl-5.27.6/bin'
    hint=recommended
    useposix=true
    d_sigaction=define
    useithreads=undef
    usemultiplicity=undef
    use64bitint=define
    use64bitall=define
    uselongdouble=undef
    usemymalloc=n
    default_inc_excludes_dot=define
    bincompat5005=undef
  Compiler:
    cc='cc'
    ccflags ='-fno-strict-aliasing -pipe -fstack-protector-strong -I/usr/local/include -D_FORTIFY_SOURCE=2'
    optimize='-O2'
    cppflags='-fno-strict-aliasing -pipe -fstack-protector-strong -I/usr/local/include'
    ccversion=''
    gccversion='4.2.1 Compatible OpenBSD Clang 4.0.0 (tags/RELEASE_400/final)'
    gccosandvers=''
    intsize=4
    longsize=8
    ptrsize=8
    doublesize=8
    byteorder=12345678
    doublekind=3
    d_longlong=define
    longlongsize=8
    d_longdbl=define
    longdblsize=16
    longdblkind=3
    ivtype='long'
    ivsize=8
    nvtype='double'
    nvsize=8
    Off_t='off_t'
    lseeksize=8
    alignbytes=8
    prototype=define
  Linker and Libraries:
    ld='cc'
    ldflags ='-Wl,-E  -fstack-protector-strong -L/usr/local/lib'
    libpth=/usr/lib /usr/local/lib
    libs=-lpthread -lm -lutil -lc
    perllibs=-lpthread -lm -lutil -lc
    libc=/usr/lib/libc.so.90.0
    so=so
    useshrplib=false
    libperl=libperl.a
    gnulibc_version=''
  Dynamic Linking:
    dlsrc=dl_dlopen.xs
    dlext=so
    d_dlsymun=undef
    ccdlflags=' '
    cccdlflags='-DPIC -fPIC '
    lddlflags='-shared -fPIC  -L/usr/local/lib -fstack-protector-strong'


Characteristics of this binary (from libperl): 
  Compile-time options:
    HAS_TIMES
    PERLIO_LAYERS
    PERL_COPY_ON_WRITE
    PERL_DONT_CREATE_GVSV
    PERL_MALLOC_WRAP
    PERL_OP_PARENT
    PERL_PRESERVE_IVUV
    PERL_USE_DEVEL
    USE_64_BIT_ALL
    USE_64_BIT_INT
    USE_LARGE_FILES
    USE_LOCALE
    USE_LOCALE_COLLATE
    USE_LOCALE_CTYPE
    USE_LOCALE_NUMERIC
    USE_LOCALE_TIME
    USE_PERLIO
    USE_PERL_ATOF
  Locally applied patches:
    Devel::PatchPerl 1.48
  Built under openbsd
  Compiled at Dec 20 2017 19:39:07
  %ENV:
    PERL5LIB=""
    PERL5OPT=""
    PERL5_CPANPLUS_IS_RUNNING="82814"
    PERL5_CPAN_IS_RUNNING="82814"
    PERL5_CPAN_IS_RUNNING_IN_RECURSION="17760,82814"
    PERLBREW_HOME="/home/vegeta/.perlbrew"
    PERLBREW_MANPATH="/home/vegeta/perl5/perlbrew/perls/perl-5.27.6/man"
    PERLBREW_PATH="/home/vegeta/perl5/perlbrew/bin:/home/vegeta/perl5/perlbrew/perls/perl-5.27.6/bin"
    PERLBREW_PERL="perl-5.27.6"
    PERLBREW_ROOT="/home/vegeta/perl5/perlbrew"
    PERLBREW_SHELLRC_VERSION="0.82"
    PERLBREW_VERSION="0.82"
    PERL_CR_SMOKER_CURRENT="authority-0.005"
    PERL_EXTUTILS_AUTOINSTALL="--defaultdeps"
    PERL_MM_USE_DEFAULT="1"
    PERL_USE_UNSAFE_INC="1"
  @INC:
    /home/vegeta/perl5/perlbrew/perls/perl-5.27.6/lib/site_perl/5.27.6/OpenBSD.amd64-openbsd
    /home/vegeta/perl5/perlbrew/perls/perl-5.27.6/lib/site_perl/5.27.6
    /home/vegeta/perl5/perlbrew/perls/perl-5.27.6/lib/5.27.6/OpenBSD.amd64-openbsd
    /home/vegeta/perl5/perlbrew/perls/perl-5.27.6/lib/5.27.6
    .