Report for PerlIO-via-Rotate-0.06

Back
From: metabase:user:9820532a-708b-1014-9a05-b18a96298da1
Subject: FAIL PerlIO-via-Rotate-0.06 v5.8.9 GNU/Linux
Date: 2011-08-25T20:56:58Z

This distribution has been tested as part of the CPAN Testers
project, supporting the Perl programming language.  See
http://wiki.cpantesters.org/ for more information or email
questions to cpan-testers-discuss@perl.org


--
Dear Elizabeth Mattijsen,

This is a computer-generated report for PerlIO-via-Rotate-0.06
on perl 5.8.9, created by CPAN-Reporter-1.2002.

Thank you for uploading your work to CPAN.  However, there was a problem
testing your distribution.

If you think this report is invalid, please consult the CPAN Testers Wiki
for suggestions on how to avoid getting FAIL reports for missing library
or binary dependencies, unsupported operating systems, and so on:

http://wiki.cpantesters.org/wiki/CPANAuthorNotes

Sections of this report:

    * Tester comments
    * Program output
    * Prerequisites
    * Environment and other context

------------------------------
TESTER COMMENTS
------------------------------

Additional comments from tester:

this report is from an automated smoke testing program
and was not reviewed by a human for accuracy

------------------------------
PROGRAM OUTPUT
------------------------------

Output from '/usr/bin/make test':

PERL_DL_NONLAZY=1 /home/test/perl5/perlbrew/perls/perl-5.8.9/bin/perl "-MExtUtils::Command::MM" "-e" "test_harness(0, 'blib/lib', 'blib/arch')" t/*.t
t/Rotate1.t .. ok

#   Failed test 'use PerlIO::via::Rotate;'
#   at t/Rotate2.t line 19.
#     Tried to use 'PerlIO::via::Rotate'.
#     Error:  PerlIO::via::Rotate version 13 required--this is only version 0.06 at (eval 4) line 2.
# BEGIN failed--compilation aborted at (eval 4) line 2.
Cannot find package 'PerlIO::via::rot13' at t/Rotate2.t line 47.

#   Failed test 'opening 'test.rot13' for writing'
#   at t/Rotate2.t line 47.
print() on closed filehandle $out at t/Rotate2.t line 52.

#   Failed test 'print to file'
#   at t/Rotate2.t line 52.

#   Failed test 'closing encoding handle'
#   at t/Rotate2.t line 53.

#   Failed test 'opening without layer'
#   at t/Rotate2.t line 59.
readline() on closed filehandle $test at t/Rotate2.t line 60.

#   Failed test 'check encoded content'
#   at t/Rotate2.t line 60.
#          got: undef
#     expected: 'Guvf vf n grfg sbe ebgngrq grkg gung unf uneqyl nal fcrpvny punenpgref va vg
# ohg juvpu vf abarguryrff na vaqvpngvba bs gur erny jbeyq.
# 
# Jvgu ybat yvarf naq cnentencuf naq nyy gung fbeg bs guvatf.
# 
# Naq fb ba naq fb ba.
# -- 
# Naq n fvtangher
# '

#   Failed test 'close test handle'
#   at t/Rotate2.t line 61.
Cannot find package 'rot13' at t/Rotate2.t line 67.

#   Failed test 'opening 'test.rot13' for reading'
#   at t/Rotate2.t line 67.
readline() on closed filehandle $in at t/Rotate2.t line 70.

#   Failed test 'check decoding'
#   at t/Rotate2.t line 70.
#          got: ''
#     expected: 'This is a test for rotated text that has hardly any special characters in it
# but which is nonetheless an indication of the real world.
# 
# With long lines and paragraphs and all that sort of things.
# 
# And so on and so on.
# -- 
# And a signature
# '

#   Failed test 'close decoding handle'
#   at t/Rotate2.t line 71.

#   Failed test 'remove test file 'test.rot13''
#   at t/Rotate2.t line 75.
# Looks like you failed 11 tests of 11.
t/Rotate2.t .. 
Dubious, test returned 11 (wstat 2816, 0xb00)
Failed 11/11 subtests 
t/Rotate3.t .. ok

#   Failed test 'use PerlIO::via::Rotate;'
#   at t/Rotate4.t line 19.
#     Tried to use 'PerlIO::via::Rotate'.
#     Error:  PerlIO::via::Rotate version 1 required--this is only version 0.06 at (eval 4) line 2.
# BEGIN failed--compilation aborted at (eval 4) line 2.
# Looks like you failed 1 test of 12.
t/Rotate4.t .. 
Dubious, test returned 1 (wstat 256, 0x100)
Failed 1/12 subtests 

Test Summary Report
-------------------
t/Rotate2.t (Wstat: 2816 Tests: 11 Failed: 11)
  Failed tests:  1-11
  Non-zero exit status: 11
t/Rotate4.t (Wstat: 256 Tests: 12 Failed: 1)
  Failed test:  1
  Non-zero exit status: 1
Files=4, Tests=45,  0 wallclock secs ( 0.02 usr  0.02 sys +  0.06 cusr  0.02 csys =  0.12 CPU)
Result: FAIL
Failed 2/4 test programs. 12/45 subtests failed.
make: *** [test_dynamic] Error 1

------------------------------
PREREQUISITES
------------------------------

Prerequisite modules loaded:

build_requires:

    Module              Need Have
    ------------------- ---- ----
    ExtUtils::MakeMaker 0    6.59


------------------------------
ENVIRONMENT AND OTHER CONTEXT
------------------------------

Environment variables:

    AUTOMATED_TESTING = 1
    LANG = C
    LC_ALL = C
    PATH = /home/test/perl5/perlbrew/bin:/home/test/perl5/perlbrew/perls/perl-5.8.9/bin:/home/test/bin:~/bin:/usr/bin:/bin
    PATH_WITHOUT_PERLBREW = /home/test/bin:~/bin:/usr/bin:/bin
    PERL5LIB = 
    PERL5OPT = 
    PERL5_CPANPLUS_IS_RUNNING = 31609
    PERL5_CPAN_IS_RUNNING = 31609
    PERL5_CPAN_IS_RUNNING_IN_RECURSION = 27140,31609
    PERLBREW_HOME = /home/test/.perlbrew
    PERLBREW_PATH = /home/test/perl5/perlbrew/bin:/home/test/perl5/perlbrew/perls/perl-5.8.9/bin
    PERLBREW_PERL = perl-5.8.9
    PERLBREW_ROOT = /home/test/perl5/perlbrew
    PERLBREW_VERSION = 0.28
    PERL_CR_SMOKER_CURRENT = PerlIO-via-Rotate-0.06
    PERL_EXTUTILS_AUTOINSTALL = --defaultdeps
    PERL_MM_USE_DEFAULT = 1
    SHELL = /bin/bash
    TERM = linux

Perl special variables (and OS-specific diagnostics, for MSWin32):

    $^X = /home/test/perl5/perlbrew/perls/perl-5.8.9/bin/perl
    $UID/$EUID = 1001 / 1001
    $GID = 1001 1001
    $EGID = 1001 1001

Perl module toolchain versions installed:

    Module              Have    
    ------------------- --------
    CPAN                1.9800  
    CPAN::Meta          2.112150
    Cwd                 3.33    
    ExtUtils::CBuilder  0.280202
    ExtUtils::Command   1.17    
    ExtUtils::Install   1.54    
    ExtUtils::MakeMaker 6.59    
    ExtUtils::Manifest  1.60    
    ExtUtils::ParseXS   3.04    
    File::Spec          3.33    
    JSON                2.53    
    JSON::PP            2.27200 
    Module::Build       0.3800  
    Module::Signature   n/a     
    Parse::CPAN::Meta   1.4401  
    Test::Harness       3.23    
    Test::More          0.98    
    YAML                0.73    
    YAML::Syck          1.17    
    version             0.94    


--

Summary of my perl5 (revision 5 version 8 subversion 9) configuration:
  Platform:
    osname=linux, osvers=2.6.35-28-generic, archname=x86_64-linux
    uname='linux zippy 2.6.35-28-generic #50-ubuntu smp fri mar 18 18:42:20 utc 2011 x86_64 gnulinux '
    config_args='-de -Dprefix=/home/test/perl5/perlbrew/perls/perl-5.8.9'
    hint=recommended, useposix=true, d_sigaction=define
    usethreads=undef use5005threads=undef useithreads=undef usemultiplicity=undef
    useperlio=define d_sfio=undef uselargefiles=define usesocks=undef
    use64bitint=define use64bitall=define uselongdouble=undef
    usemymalloc=n, bincompat5005=undef
  Compiler:
    cc='cc', ccflags ='-fno-strict-aliasing -pipe -I/usr/local/include -D_LARGEFILE_SOURCE -D_FILE_OFFSET_BITS=64',
    optimize='-O2',
    cppflags='-fno-strict-aliasing -pipe -I/usr/local/include'
    ccversion='', gccversion='4.4.5', gccosandvers=''
    intsize=4, longsize=8, ptrsize=8, doublesize=8, byteorder=12345678
    d_longlong=define, longlongsize=8, d_longdbl=define, longdblsize=16
    ivtype='long', ivsize=8, nvtype='double', nvsize=8, Off_t='off_t', lseeksize=8
    alignbytes=8, prototype=define
  Linker and Libraries:
    ld='cc', ldflags =' -L/usr/local/lib'
    libpth=/usr/local/lib /lib/../lib /usr/lib/../lib /lib /usr/lib /usr/lib/x86_64-linux-gnu /lib64 /usr/lib64
    libs=-lnsl -ldl -lm -lcrypt -lutil -lc
    perllibs=-lnsl -ldl -lm -lcrypt -lutil -lc
    libc=/lib/libc-2.12.1.so, so=so, useshrplib=false, libperl=libperl.a
    gnulibc_version='2.12.1'
  Dynamic Linking:
    dlsrc=dl_dlopen.xs, dlext=so, d_dlsymun=undef, ccdlflags='-Wl,-E'
    cccdlflags='-fPIC', lddlflags='-shared -O2 -L/usr/local/lib'


Characteristics of this binary (from libperl): 
  Compile-time options: PERL_MALLOC_WRAP USE_64_BIT_ALL USE_64_BIT_INT
                        USE_FAST_STDIO USE_LARGE_FILES USE_PERLIO
  Built under linux
  Compiled at Aug 21 2011 11:04:29
  %ENV:
    PERL5LIB=""
    PERL5OPT=""
    PERL5_CPANPLUS_IS_RUNNING="31609"
    PERL5_CPAN_IS_RUNNING="31609"
    PERL5_CPAN_IS_RUNNING_IN_RECURSION="27140,31609"
    PERLBREW_HOME="/home/test/.perlbrew"
    PERLBREW_PATH="/home/test/perl5/perlbrew/bin:/home/test/perl5/perlbrew/perls/perl-5.8.9/bin"
    PERLBREW_PERL="perl-5.8.9"
    PERLBREW_ROOT="/home/test/perl5/perlbrew"
    PERLBREW_VERSION="0.28"
    PERL_CR_SMOKER_CURRENT="PerlIO-via-Rotate-0.06"
    PERL_EXTUTILS_AUTOINSTALL="--defaultdeps"
    PERL_MM_USE_DEFAULT="1"
  @INC:
    /home/test/perl5/perlbrew/perls/perl-5.8.9/lib/5.8.9/x86_64-linux
    /home/test/perl5/perlbrew/perls/perl-5.8.9/lib/5.8.9
    /home/test/perl5/perlbrew/perls/perl-5.8.9/lib/site_perl/5.8.9/x86_64-linux
    /home/test/perl5/perlbrew/perls/perl-5.8.9/lib/site_perl/5.8.9
    .