Code-Splice v0.02 Perl 5 v5.14.2 x86_64-linux-thread-multi-ld

Status
Fail
From
Andreas J. König (ANDK)
Dist
Code-Splice v0.02
Platform
Perl 5 v5.14.2 x86_64-linux-thread-multi-ld
Date
2017-12-08 08:57:09
ID
c5ecf7b8-dbf5-11e7-a8e5-80b4ad0c1d39
This distribution has been tested as part of the CPAN Testers
project, supporting the Perl programming language.  See
http://wiki.cpantesters.org/ for more information or email
questions to cpan-testers-discuss@perl.org


--
Dear Scott Walters,

This is a computer-generated report for Code-Splice-0.02
on perl 5.14.2, created by CPAN-Reporter-1.2018.

Thank you for uploading your work to CPAN.  However, there was a problem
testing your distribution.

If you think this report is invalid, please consult the CPAN Testers Wiki
for suggestions on how to avoid getting FAIL reports for missing library
or binary dependencies, unsupported operating systems, and so on:

http://wiki.cpantesters.org/wiki/CPANAuthorNotes

Sections of this report:

    * Tester comments
    * Program output
    * Prerequisites
    * Environment and other context

------------------------------
TESTER COMMENTS
------------------------------

Additional comments from tester:

this report is from an automated smoke testing program
and was not reviewed by a human for accuracy

------------------------------
PROGRAM OUTPUT
------------------------------

Output from '/usr/bin/make test':

PERL_DL_NONLAZY=1 "/home/sand/src/perl/repoperls/installed-perls/host/k93msid/v5.14.2/a1a1/bin/perl" "-MExtUtils::Command::MM" "-MTest::Harness" "-e" "undef *Test::Harness::Switches; test_harness(0, 'blib/lib', 'blib/arch')" t/*.t
t/01.t .. ok

#   Failed test 'variable remapping'
#   at t/02.t line 35.
#          got: '1 2 40  4 5 6 7 8 9'
#     expected: '1 2 40 15 4 5 6 7 8 9'
# Looks like you failed 1 test of 1.
t/02.t .. 
Dubious, test returned 1 (wstat 256, 0x100)
Failed 1/1 subtests 
Can't locate object method "sv" via package "B::SPECIAL" at t/03.t line 19.
# Looks like your test exited with 255 before it could output anything.
t/03.t .. 
Dubious, test returned 255 (wstat 65280, 0xff00)
Failed 1/1 subtests 

#   Failed test 'precondition against deparsed line'
#   at t/04.t line 34.
#          got: 'one two three 14 five six seven'
#     expected: 'one two three fred five six seven'
# Looks like you failed 1 test of 1.
t/04.t .. 
Dubious, test returned 1 (wstat 256, 0x100)
Failed 1/1 subtests 

Test Summary Report
-------------------
t/02.t (Wstat: 256 Tests: 1 Failed: 1)
  Failed test:  1
  Non-zero exit status: 1
t/03.t (Wstat: 65280 Tests: 0 Failed: 0)
  Non-zero exit status: 255
  Parse errors: Bad plan.  You planned 1 tests but ran 0.
t/04.t (Wstat: 256 Tests: 1 Failed: 1)
  Failed test:  1
  Non-zero exit status: 1
Files=4, Tests=3,  1 wallclock secs ( 0.03 usr  0.03 sys +  0.45 cusr  0.09 csys =  0.60 CPU)
Result: FAIL
Failed 3/4 test programs. 2/3 subtests failed.
Makefile:840: recipe for target 'test_dynamic' failed
make: *** [test_dynamic] Error 1

------------------------------
PREREQUISITES
------------------------------

Prerequisite modules loaded:

requires:

    Module              Need Have   
    ------------------- ---- -------
    B::Generate         0.1  1.55   

build_requires:

    Module              Need Have   
    ------------------- ---- -------
    ExtUtils::MakeMaker 0    7.31_04

configure_requires:

    Module              Need Have   
    ------------------- ---- -------
    ExtUtils::MakeMaker 0    7.31_04


------------------------------
ENVIRONMENT AND OTHER CONTEXT
------------------------------

Environment variables:

    AUTOMATED_TESTING = 1
    LANG = en_US.UTF-8
    PATH = /home/sand/bin:/usr/local/bin:/usr/bin:/bin:/usr/games:/usr/local/perl/bin:/usr/X11/bin:/sbin:/usr/sbin
    PERL5LIB = /tmp/loop_over_bdir-12052-s1ct0c/B-Generate-1.55-0/blib/arch:/tmp/loop_over_bdir-12052-s1ct0c/B-Generate-1.55-0/blib/lib:/tmp/loop_over_bdir-12052-s1ct0c/Clone-Any-1.01-0/blib/arch:/tmp/loop_over_bdir-12052-s1ct0c/Clone-Any-1.01-0/blib/lib:/tmp/loop_over_bdir-12052-s1ct0c/Devel-UseAnyFunc-1-0/blib/arch:/tmp/loop_over_bdir-12052-s1ct0c/Devel-UseAnyFunc-1-0/blib/lib:/tmp/loop_over_bdir-12052-s1ct0c/Carp-Always-0.13-0/blib/arch:/tmp/loop_over_bdir-12052-s1ct0c/Carp-Always-0.13-0/blib/lib:/tmp/loop_over_bdir-12052-s1ct0c/Benchmark-Forking-1.01-0/blib/arch:/tmp/loop_over_bdir-12052-s1ct0c/Benchmark-Forking-1.01-0/blib/lib:/tmp/loop_over_bdir-12052-s1ct0c/B-Deobfuscate-0.20-0/blib/arch:/tmp/loop_over_bdir-12052-s1ct0c/B-Deobfuscate-0.20-0/blib/lib:/tmp/loop_over_bdir-12052-s1ct0c/Apache-Perldoc-1.11-0/blib/arch:/tmp/loop_over_bdir-12052-s1ct0c/Apache-Perldoc-1.11-0/blib/lib
    PERL5OPT = 
    PERL5_CPANPLUS_IS_RUNNING = 12055
    PERL5_CPAN_IS_RUNNING = 12055
    PERL5_CPAN_IS_RUNNING_IN_RECURSION = 1718,12055
    PERL_CANARY_STABILITY_NOPROMPT = 1
    PERL_MM_USE_DEFAULT = 1
    PERL_USE_UNSAFE_INC = 1
    SHELL = /usr/bin/zsh
    TERM = screen

Perl special variables (and OS-specific diagnostics, for MSWin32):

    $^X = /home/sand/src/perl/repoperls/installed-perls/host/k93msid/v5.14.2/a1a1/bin/perl
    $UID/$EUID = 1005 / 1005
    $GID = 1005 1005
    $EGID = 1005 1005

Perl module toolchain versions installed:

    Module              Have    
    ------------------- --------
    CPAN                2.18    
    CPAN::Meta          2.150010
    Cwd                 3.62    
    ExtUtils::CBuilder  0.280226
    ExtUtils::Command   7.31_04 
    ExtUtils::Install   2.06    
    ExtUtils::MakeMaker 7.31_04 
    ExtUtils::Manifest  1.70    
    ExtUtils::ParseXS   3.35    
    File::Spec          3.62    
    JSON                2.94    
    JSON::PP            2.96    
    Module::Build       0.4224  
    Module::Signature   0.81    
    Parse::CPAN::Meta   2.150010
    Test::Harness       3.39    
    Test::More          1.302118
    YAML                1.24    
    YAML::Syck          1.30    
    version             0.9918  


--

Summary of my perl5 (revision 5 version 14 subversion 2) configuration:
  Derived from: dc281e6088d189558b79a5121119b7196c8b3db0
  Platform:
    osname=linux, osvers=4.12.0-2-amd64, archname=x86_64-linux-thread-multi-ld
    uname='linux k93msid 4.12.0-2-amd64 #1 smp debian 4.12.13-1 (2017-09-19) x86_64 gnulinux '
    config_args='-Dprefix=/home/sand/src/perl/repoperls/installed-perls/host/k93msid/v5.14.2/a1a1 -Dmyhostname=k93msid -Dinstallusrbinperl=n -Uversiononly -Dusedevel -des -Ui_db -Dlibswanted=cl pthread socket inet nsl gdbm dbm malloc dl ld sun m crypt sec util c cposix posix ucb BSD gdbm_compat -Duseithreads -Duselongdouble -DDEBUGGING=both'
    hint=recommended, useposix=true, d_sigaction=define
    useithreads=define, usemultiplicity=define
    useperlio=define, d_sfio=undef, uselargefiles=define, usesocks=undef
    use64bitint=define, use64bitall=define, uselongdouble=define
    usemymalloc=n, bincompat5005=undef
  Compiler:
    cc='cc', ccflags ='-D_REENTRANT -D_GNU_SOURCE -DDEBUGGING -fno-strict-aliasing -pipe -fstack-protector -I/usr/local/include -D_LARGEFILE_SOURCE -D_FILE_OFFSET_BITS=64',
    optimize='-O2 -g',
    cppflags='-D_REENTRANT -D_GNU_SOURCE -DDEBUGGING -fno-strict-aliasing -pipe -fstack-protector -I/usr/local/include'
    ccversion='', gccversion='7.2.0', gccosandvers=''
    intsize=4, longsize=8, ptrsize=8, doublesize=8, byteorder=12345678
    d_longlong=define, longlongsize=8, d_longdbl=define, longdblsize=16
    ivtype='long', ivsize=8, nvtype='long double', nvsize=16, Off_t='off_t', lseeksize=8
    alignbytes=16, prototype=define
  Linker and Libraries:
    ld='cc', ldflags =' -fstack-protector -L/usr/local/lib'
    libpth=/usr/local/lib /lib/x86_64-linux-gnu /lib/../lib /usr/lib/x86_64-linux-gnu /usr/lib/../lib /lib /usr/lib
    libs=-lpthread -lnsl -ldl -lm -lcrypt -lutil -lc
    perllibs=-lpthread -lnsl -ldl -lm -lcrypt -lutil -lc
    libc=libc-2.24.so, so=so, useshrplib=false, libperl=libperl.a
    gnulibc_version='2.24'
  Dynamic Linking:
    dlsrc=dl_dlopen.xs, dlext=so, d_dlsymun=undef, ccdlflags='-Wl,-E'
    cccdlflags='-fPIC', lddlflags='-shared -O2 -g -L/usr/local/lib -fstack-protector'


Characteristics of this binary (from libperl): 
  Compile-time options: DEBUGGING MULTIPLICITY PERL_DONT_CREATE_GVSV
                        PERL_IMPLICIT_CONTEXT PERL_MALLOC_WRAP
                        PERL_PRESERVE_IVUV PERL_TRACK_MEMPOOL PERL_USE_DEVEL
                        USE_64_BIT_ALL USE_64_BIT_INT USE_ITHREADS
                        USE_LARGE_FILES USE_LONG_DOUBLE USE_PERLIO
                        USE_PERL_ATOF USE_REENTRANT_API
  Locally applied patches:
	uncommitted-changes
  Built under linux
  Compiled at Oct  4 2017 06:56:01
  %ENV:
    PERL5LIB="/tmp/loop_over_bdir-12052-s1ct0c/B-Generate-1.55-0/blib/arch:/tmp/loop_over_bdir-12052-s1ct0c/B-Generate-1.55-0/blib/lib:/tmp/loop_over_bdir-12052-s1ct0c/Clone-Any-1.01-0/blib/arch:/tmp/loop_over_bdir-12052-s1ct0c/Clone-Any-1.01-0/blib/lib:/tmp/loop_over_bdir-12052-s1ct0c/Devel-UseAnyFunc-1-0/blib/arch:/tmp/loop_over_bdir-12052-s1ct0c/Devel-UseAnyFunc-1-0/blib/lib:/tmp/loop_over_bdir-12052-s1ct0c/Carp-Always-0.13-0/blib/arch:/tmp/loop_over_bdir-12052-s1ct0c/Carp-Always-0.13-0/blib/lib:/tmp/loop_over_bdir-12052-s1ct0c/Benchmark-Forking-1.01-0/blib/arch:/tmp/loop_over_bdir-12052-s1ct0c/Benchmark-Forking-1.01-0/blib/lib:/tmp/loop_over_bdir-12052-s1ct0c/B-Deobfuscate-0.20-0/blib/arch:/tmp/loop_over_bdir-12052-s1ct0c/B-Deobfuscate-0.20-0/blib/lib:/tmp/loop_over_bdir-12052-s1ct0c/Apache-Perldoc-1.11-0/blib/arch:/tmp/loop_over_bdir-12052-s1ct0c/Apache-Perldoc-1.11-0/blib/lib"
    PERL5OPT=""
    PERL5_CPANPLUS_IS_RUNNING="12055"
    PERL5_CPAN_IS_RUNNING="12055"
    PERL5_CPAN_IS_RUNNING_IN_RECURSION="1718,12055"
    PERL_CANARY_STABILITY_NOPROMPT="1"
    PERL_MM_USE_DEFAULT="1"
    PERL_USE_UNSAFE_INC="1"
  @INC:
    /tmp/loop_over_bdir-12052-s1ct0c/B-Generate-1.55-0/blib/arch
    /tmp/loop_over_bdir-12052-s1ct0c/B-Generate-1.55-0/blib/lib
    /tmp/loop_over_bdir-12052-s1ct0c/Clone-Any-1.01-0/blib/arch
    /tmp/loop_over_bdir-12052-s1ct0c/Clone-Any-1.01-0/blib/lib
    /tmp/loop_over_bdir-12052-s1ct0c/Devel-UseAnyFunc-1-0/blib/arch
    /tmp/loop_over_bdir-12052-s1ct0c/Devel-UseAnyFunc-1-0/blib/lib
    /tmp/loop_over_bdir-12052-s1ct0c/Carp-Always-0.13-0/blib/arch
    /tmp/loop_over_bdir-12052-s1ct0c/Carp-Always-0.13-0/blib/lib
    /tmp/loop_over_bdir-12052-s1ct0c/Benchmark-Forking-1.01-0/blib/arch
    /tmp/loop_over_bdir-12052-s1ct0c/Benchmark-Forking-1.01-0/blib/lib
    /tmp/loop_over_bdir-12052-s1ct0c/B-Deobfuscate-0.20-0/blib/arch
    /tmp/loop_over_bdir-12052-s1ct0c/B-Deobfuscate-0.20-0/blib/lib
    /tmp/loop_over_bdir-12052-s1ct0c/Apache-Perldoc-1.11-0/blib/arch
    /tmp/loop_over_bdir-12052-s1ct0c/Apache-Perldoc-1.11-0/blib/lib
    /home/sand/src/perl/repoperls/installed-perls/host/k93msid/v5.14.2/a1a1/lib/site_perl/5.14.2/x86_64-linux-thread-multi-ld
    /home/sand/src/perl/repoperls/installed-perls/host/k93msid/v5.14.2/a1a1/lib/site_perl/5.14.2
    /home/sand/src/perl/repoperls/installed-perls/host/k93msid/v5.14.2/a1a1/lib/5.14.2/x86_64-linux-thread-multi-ld
    /home/sand/src/perl/repoperls/installed-perls/host/k93msid/v5.14.2/a1a1/lib/5.14.2
    .