Report for Module-Info-0.35_01

Back
From: metabase:user:30f4dfbe-2aae-11df-837a-5e0a49663a4f
Subject: FAIL Module-Info-0.35_01 v5.18.4 Mac OS X
Date: 2015-06-16T07:46:18Z

This distribution has been tested as part of the CPAN Testers
project, supporting the Perl programming language.  See
http://wiki.cpantesters.org/ for more information or email
questions to cpan-testers-discuss@perl.org


--
Dear Neil Bowers,

This is a computer-generated report for Module-Info-0.35_01
on perl 5.18.4, created by CPAN-Reporter-1.2014.

Thank you for uploading your work to CPAN.  However, there was a problem
testing your distribution.

If you think this report is invalid, please consult the CPAN Testers Wiki
for suggestions on how to avoid getting FAIL reports for missing library
or binary dependencies, unsupported operating systems, and so on:

http://wiki.cpantesters.org/wiki/CPANAuthorNotes

Sections of this report:

    * Tester comments
    * Program output
    * Prerequisites
    * Environment and other context

------------------------------
TESTER COMMENTS
------------------------------

Additional comments from tester:

this report is from an automated smoke testing program
and was not reviewed by a human for accuracy

------------------------------
PROGRAM OUTPUT
------------------------------

Output from '/sw/bin/make test':

PERL_DL_NONLAZY=1 "/Users/hornenj/perl5/perlbrew/perls/perl-5.18.4/bin/perl5.18.4" "-MExtUtils::Command::MM" "-MTest::Harness" "-e" "undef *Test::Harness::Switches; test_harness(0, 'blib/lib', 'blib/arch')" t/*.t
B::Module::Info,packages use failed with 2 saying:
Can't locate B/Utils.pm in @INC (you may need to install the B::Utils module) (@INC contains: blib/lib /Users/hornenj/.cpan/build/Module-Info-0.35_01-0Wl9UA/blib/lib /Users/hornenj/.cpan/build/Module-Info-0.35_01-0Wl9UA/blib/arch /Users/hornenj/perl5/perlbrew/perls/perl-5.18.4/lib/site_perl/5.18.4/darwin-thread-multi-2level /Users/hornenj/perl5/perlbrew/perls/perl-5.18.4/lib/site_perl/5.18.4 /Users/hornenj/perl5/perlbrew/perls/perl-5.18.4/lib/5.18.4/darwin-thread-multi-2level /Users/hornenj/perl5/perlbrew/perls/perl-5.18.4/lib/5.18.4 .) at blib/lib/B/Module/Info.pm line 6.

BEGIN failed--compilation aborted at blib/lib/B/Module/Info.pm line 7.

Compilation failed in require at (eval 2) line 18.

BEGIN failed--compilation aborted at (eval 2) line 18.

BEGIN failed--compilation aborted.
#     Failed test (t/Module-Info.t at line 82)
#          got: '0'
#     expected: '3'
#     Failed test (t/Module-Info.t at line 83)
#     Structures begin differing at:
#          $got->[0] = Does not exist
#     $expected->[0] = 'Module::Info'
B::Module::Info,packages use failed with 2 saying:
Can't locate B/Utils.pm in @INC (you may need to install the B::Utils module) (@INC contains: blib/lib /Users/hornenj/.cpan/build/Module-Info-0.35_01-0Wl9UA/blib/lib /Users/hornenj/.cpan/build/Module-Info-0.35_01-0Wl9UA/blib/arch /Users/hornenj/perl5/perlbrew/perls/perl-5.18.4/lib/site_perl/5.18.4/darwin-thread-multi-2level /Users/hornenj/perl5/perlbrew/perls/perl-5.18.4/lib/site_perl/5.18.4 /Users/hornenj/perl5/perlbrew/perls/perl-5.18.4/lib/5.18.4/darwin-thread-multi-2level /Users/hornenj/perl5/perlbrew/perls/perl-5.18.4/lib/5.18.4 .) at blib/lib/B/Module/Info.pm line 6.

BEGIN failed--compilation aborted at blib/lib/B/Module/Info.pm line 7.

Compilation failed in require at (eval 2) line 18.

BEGIN failed--compilation aborted at (eval 2) line 18.

BEGIN failed--compilation aborted.
#     Failed test (t/Module-Info.t at line 88)
#          got: '0'
#     expected: '3'
#     Failed test (t/Module-Info.t at line 89)
#          got: undef
#     expected: '0.3501'
B::Module::Info,subroutines use failed with 2 saying:
Can't locate B/Utils.pm in @INC (you may need to install the B::Utils module) (@INC contains: blib/lib /Users/hornenj/.cpan/build/Module-Info-0.35_01-0Wl9UA/blib/lib /Users/hornenj/.cpan/build/Module-Info-0.35_01-0Wl9UA/blib/arch /Users/hornenj/perl5/perlbrew/perls/perl-5.18.4/lib/site_perl/5.18.4/darwin-thread-multi-2level /Users/hornenj/perl5/perlbrew/perls/perl-5.18.4/lib/site_perl/5.18.4 /Users/hornenj/perl5/perlbrew/perls/perl-5.18.4/lib/5.18.4/darwin-thread-multi-2level /Users/hornenj/perl5/perlbrew/perls/perl-5.18.4/lib/5.18.4 .) at blib/lib/B/Module/Info.pm line 6.

BEGIN failed--compilation aborted at blib/lib/B/Module/Info.pm line 7.

Compilation failed in require at (eval 2) line 18.

BEGIN failed--compilation aborted at (eval 2) line 18.

BEGIN failed--compilation aborted.
#     Failed test (t/Module-Info.t at line 92)
#          got: '0'
#     expected: '32'
#     Failed test (t/Module-Info.t at line 93)
#     Structures begin differing at:
#          $got->[0] = Does not exist
#     $expected->[0] = 'Module::Info::AUTOLOAD'
B::Module::Info,modules_used use failed with 2 saying:
Can't locate B/Utils.pm in @INC (you may need to install the B::Utils module) (@INC contains: blib/lib /Users/hornenj/.cpan/build/Module-Info-0.35_01-0Wl9UA/blib/lib /Users/hornenj/.cpan/build/Module-Info-0.35_01-0Wl9UA/blib/arch /Users/hornenj/perl5/perlbrew/perls/perl-5.18.4/lib/site_perl/5.18.4/darwin-thread-multi-2level /Users/hornenj/perl5/perlbrew/perls/perl-5.18.4/lib/site_perl/5.18.4 /Users/hornenj/perl5/perlbrew/perls/perl-5.18.4/lib/5.18.4/darwin-thread-multi-2level /Users/hornenj/perl5/perlbrew/perls/perl-5.18.4/lib/5.18.4 .) at blib/lib/B/Module/Info.pm line 6.

BEGIN failed--compilation aborted at blib/lib/B/Module/Info.pm line 7.

Compilation failed in require at (eval 2) line 18.

BEGIN failed--compilation aborted at (eval 2) line 18.

BEGIN failed--compilation aborted.
#     Failed test (t/Module-Info.t at line 101)
#          got: '0'
#     expected: '7'
#     Failed test (t/Module-Info.t at line 102)
#     Structures begin differing at:
#          $got->[0] = Does not exist
#     $expected->[0] = 'Carp'
B::Module::Info,packages use failed with 2 saying:
Can't locate B/Utils.pm in @INC (you may need to install the B::Utils module) (@INC contains: blib/lib /Users/hornenj/.cpan/build/Module-Info-0.35_01-0Wl9UA/blib/lib /Users/hornenj/.cpan/build/Module-Info-0.35_01-0Wl9UA/blib/arch /Users/hornenj/perl5/perlbrew/perls/perl-5.18.4/lib/site_perl/5.18.4/darwin-thread-multi-2level /Users/hornenj/perl5/perlbrew/perls/perl-5.18.4/lib/site_perl/5.18.4 /Users/hornenj/perl5/perlbrew/perls/perl-5.18.4/lib/5.18.4/darwin-thread-multi-2level /Users/hornenj/perl5/perlbrew/perls/perl-5.18.4/lib/5.18.4 .) at blib/lib/B/Module/Info.pm line 6.

BEGIN failed--compilation aborted at blib/lib/B/Module/Info.pm line 7.

Compilation failed in require at (eval 2) line 18.

BEGIN failed--compilation aborted at (eval 2) line 18.

BEGIN failed--compilation aborted.
#     Failed test (t/Module-Info.t at line 185)
#          got: '0'
#     expected: '2'
#     Failed test (t/Module-Info.t at line 186)
B::Module::Info,packages use failed with 2 saying:
Can't locate B/Utils.pm in @INC (you may need to install the B::Utils module) (@INC contains: blib/lib /Users/hornenj/.cpan/build/Module-Info-0.35_01-0Wl9UA/blib/lib /Users/hornenj/.cpan/build/Module-Info-0.35_01-0Wl9UA/blib/arch /Users/hornenj/perl5/perlbrew/perls/perl-5.18.4/lib/site_perl/5.18.4/darwin-thread-multi-2level /Users/hornenj/perl5/perlbrew/perls/perl-5.18.4/lib/site_perl/5.18.4 /Users/hornenj/perl5/perlbrew/perls/perl-5.18.4/lib/5.18.4/darwin-thread-multi-2level /Users/hornenj/perl5/perlbrew/perls/perl-5.18.4/lib/5.18.4 .) at blib/lib/B/Module/Info.pm line 6.

BEGIN failed--compilation aborted at blib/lib/B/Module/Info.pm line 7.

Compilation failed in require at (eval 2) line 18.

BEGIN failed--compilation aborted at (eval 2) line 18.

BEGIN failed--compilation aborted.
#     Failed test (t/Module-Info.t at line 189)
#          got: '0'
#     expected: '2'
#     Failed test (t/Module-Info.t at line 190)
#          got: undef
#     expected: '7.254'
B::Module::Info,subroutines use failed with 2 saying:
Can't locate B/Utils.pm in @INC (you may need to install the B::Utils module) (@INC contains: blib/lib /Users/hornenj/.cpan/build/Module-Info-0.35_01-0Wl9UA/blib/lib /Users/hornenj/.cpan/build/Module-Info-0.35_01-0Wl9UA/blib/arch /Users/hornenj/perl5/perlbrew/perls/perl-5.18.4/lib/site_perl/5.18.4/darwin-thread-multi-2level /Users/hornenj/perl5/perlbrew/perls/perl-5.18.4/lib/site_perl/5.18.4 /Users/hornenj/perl5/perlbrew/perls/perl-5.18.4/lib/5.18.4/darwin-thread-multi-2level /Users/hornenj/perl5/perlbrew/perls/perl-5.18.4/lib/5.18.4 .) at blib/lib/B/Module/Info.pm line 6.

BEGIN failed--compilation aborted at blib/lib/B/Module/Info.pm line 7.

Compilation failed in require at (eval 2) line 18.

BEGIN failed--compilation aborted at (eval 2) line 18.

BEGIN failed--compilation aborted.
#     Failed test (t/Module-Info.t at line 194)
#          got: '0'
#     expected: '2'
#     Failed test (t/Module-Info.t at line 195)
Use of uninitialized value $start in concatenation (.) or string at t/Module-Info.t line 198.
Use of uninitialized value $end in concatenation (.) or string at t/Module-Info.t line 198.
#     Failed test (t/Module-Info.t at line 199)
#          got: undef
#     expected: '21'
#     Failed test (t/Module-Info.t at line 200)
#          got: undef
#     expected: '22'
B::Module::Info,modules_used use failed with 2 saying:
Can't locate B/Utils.pm in @INC (you may need to install the B::Utils module) (@INC contains: blib/lib /Users/hornenj/.cpan/build/Module-Info-0.35_01-0Wl9UA/blib/lib /Users/hornenj/.cpan/build/Module-Info-0.35_01-0Wl9UA/blib/arch /Users/hornenj/perl5/perlbrew/perls/perl-5.18.4/lib/site_perl/5.18.4/darwin-thread-multi-2level /Users/hornenj/perl5/perlbrew/perls/perl-5.18.4/lib/site_perl/5.18.4 /Users/hornenj/perl5/perlbrew/perls/perl-5.18.4/lib/5.18.4/darwin-thread-multi-2level /Users/hornenj/perl5/perlbrew/perls/perl-5.18.4/lib/5.18.4 .) at blib/lib/B/Module/Info.pm line 6.

BEGIN failed--compilation aborted at blib/lib/B/Module/Info.pm line 7.

Compilation failed in require at (eval 2) line 18.

BEGIN failed--compilation aborted at (eval 2) line 18.

BEGIN failed--compilation aborted.
#     Failed test (t/Module-Info.t at line 203)
#          got: '0'
#     expected: '8'
#     Failed test (t/Module-Info.t at line 204)
#     Structures begin differing at:
#          $got->[0] = Does not exist
#     $expected->[0] = 'Carp'
B::Module::Info,subs_called use failed with 2 saying:
Can't locate B/Utils.pm in @INC (you may need to install the B::Utils module) (@INC contains: blib/lib /Users/hornenj/.cpan/build/Module-Info-0.35_01-0Wl9UA/blib/lib /Users/hornenj/.cpan/build/Module-Info-0.35_01-0Wl9UA/blib/arch /Users/hornenj/perl5/perlbrew/perls/perl-5.18.4/lib/site_perl/5.18.4/darwin-thread-multi-2level /Users/hornenj/perl5/perlbrew/perls/perl-5.18.4/lib/site_perl/5.18.4 /Users/hornenj/perl5/perlbrew/perls/perl-5.18.4/lib/5.18.4/darwin-thread-multi-2level /Users/hornenj/perl5/perlbrew/perls/perl-5.18.4/lib/5.18.4 .) at blib/lib/B/Module/Info.pm line 6.

BEGIN failed--compilation aborted at blib/lib/B/Module/Info.pm line 7.

Compilation failed in require at (eval 2) line 18.

BEGIN failed--compilation aborted at (eval 2) line 18.

BEGIN failed--compilation aborted.
#     Failed test (t/Module-Info.t at line 296)
#     Structures begin differing at:
#          $got->[0] = Does not exist
#     $expected->[0] = 'HASH(0x7fe292a686a0)'
B::Module::Info,subs_called use failed with 2 saying:
Can't locate B/Utils.pm in @INC (you may need to install the B::Utils module) (@INC contains: blib/lib /Users/hornenj/.cpan/build/Module-Info-0.35_01-0Wl9UA/blib/lib /Users/hornenj/.cpan/build/Module-Info-0.35_01-0Wl9UA/blib/arch /Users/hornenj/perl5/perlbrew/perls/perl-5.18.4/lib/site_perl/5.18.4/darwin-thread-multi-2level /Users/hornenj/perl5/perlbrew/perls/perl-5.18.4/lib/site_perl/5.18.4 /Users/hornenj/perl5/perlbrew/perls/perl-5.18.4/lib/5.18.4/darwin-thread-multi-2level /Users/hornenj/perl5/perlbrew/perls/perl-5.18.4/lib/5.18.4 .) at blib/lib/B/Module/Info.pm line 6.

BEGIN failed--compilation aborted at blib/lib/B/Module/Info.pm line 7.

Compilation failed in require at (eval 2) line 18.

BEGIN failed--compilation aborted at (eval 2) line 18.

BEGIN failed--compilation aborted.
#     Failed test (t/Module-Info.t at line 297)
#     Structures begin differing at:
#          $got->[0] = Does not exist
#     $expected->[0] = 'HASH(0x7fe292ac4258)'
B::Module::Info,modules_used use failed with 2 saying:
Can't locate B/Utils.pm in @INC (you may need to install the B::Utils module) (@INC contains: blib/lib /Users/hornenj/.cpan/build/Module-Info-0.35_01-0Wl9UA/blib/lib /Users/hornenj/.cpan/build/Module-Info-0.35_01-0Wl9UA/blib/arch /Users/hornenj/perl5/perlbrew/perls/perl-5.18.4/lib/site_perl/5.18.4/darwin-thread-multi-2level /Users/hornenj/perl5/perlbrew/perls/perl-5.18.4/lib/site_perl/5.18.4 /Users/hornenj/perl5/perlbrew/perls/perl-5.18.4/lib/5.18.4/darwin-thread-multi-2level /Users/hornenj/perl5/perlbrew/perls/perl-5.18.4/lib/5.18.4 .) at blib/lib/B/Module/Info.pm line 6.

BEGIN failed--compilation aborted at blib/lib/B/Module/Info.pm line 7.

Compilation failed in require at (eval 2) line 18.

BEGIN failed--compilation aborted at (eval 2) line 18.

BEGIN failed--compilation aborted.
#     Failed test (t/Module-Info.t at line 302)
#          got: '0'
#     expected: '3'
#     Failed test (t/Module-Info.t at line 303)
#     Structures begin differing at:
#          $got->[0] = Does not exist
#     $expected->[0] = 'Carp'
# Looks like you failed 22 tests of 59.
t/Module-Info.t .......... 
Dubious, test returned 22 (wstat 5632, 0x1600)
Failed 22/59 subtests 
#     Failed test (t/n0_die_on_error.t at line 19)
# B::Module::Info,packages use failed with 2 saying:
# Can't locate B/Utils.pm in @INC (you may need to install the B::Utils module) (@INC contains: /Users/hornenj/.cpan/build/Module-Info-0.35_01-0Wl9UA/blib/lib /Users/hornenj/.cpan/build/Module-Info-0.35_01-0Wl9UA/blib/arch /Users/hornenj/perl5/perlbrew/perls/perl-5.18.4/lib/site_perl/5.18.4/darwin-thread-multi-2level /Users/hornenj/perl5/perlbrew/perls/perl-5.18.4/lib/site_perl/5.18.4 /Users/hornenj/perl5/perlbrew/perls/perl-5.18.4/lib/5.18.4/darwin-thread-multi-2level /Users/hornenj/perl5/perlbrew/perls/perl-5.18.4/lib/5.18.4 .) at /Users/hornenj/.cpan/build/Module-Info-0.35_01-0Wl9UA/blib/lib/B/Module/Info.pm line 6.
# 
# BEGIN failed--compilation aborted at /Users/hornenj/.cpan/build/Module-Info-0.35_01-0Wl9UA/blib/lib/B/Module/Info.pm line 7.
# 
# Compilation failed in require at (eval 2) line 18.
# 
# BEGIN failed--compilation aborted at (eval 2) line 18.
# 
# BEGIN failed--compilation aborted.
# Looks like you failed 1 tests of 4.
t/n0_die_on_error.t ...... 
Dubious, test returned 1 (wstat 256, 0x100)
Failed 1/4 subtests 
B::Module::Info,modules_used use failed with 2 saying:
Can't locate B/Utils.pm in @INC (you may need to install the B::Utils module) (@INC contains: /Users/hornenj/.cpan/build/Module-Info-0.35_01-0Wl9UA/blib/lib /Users/hornenj/.cpan/build/Module-Info-0.35_01-0Wl9UA/blib/arch /Users/hornenj/perl5/perlbrew/perls/perl-5.18.4/lib/site_perl/5.18.4/darwin-thread-multi-2level /Users/hornenj/perl5/perlbrew/perls/perl-5.18.4/lib/site_perl/5.18.4 /Users/hornenj/perl5/perlbrew/perls/perl-5.18.4/lib/5.18.4/darwin-thread-multi-2level /Users/hornenj/perl5/perlbrew/perls/perl-5.18.4/lib/5.18.4 .) at /Users/hornenj/.cpan/build/Module-Info-0.35_01-0Wl9UA/blib/lib/B/Module/Info.pm line 6.

BEGIN failed--compilation aborted at /Users/hornenj/.cpan/build/Module-Info-0.35_01-0Wl9UA/blib/lib/B/Module/Info.pm line 7.

Compilation failed in require at (eval 2) line 18.

BEGIN failed--compilation aborted at (eval 2) line 18.

BEGIN failed--compilation aborted.
#     Failed test (t/n1_modules_required.t at line 14)
#     Structures begin differing at:
#          $got->[0] = Does not exist
#     $expected->[0] = 'Carp'
Can't use an undefined value as an ARRAY reference at t/n1_modules_required.t line 17.
# Looks like you planned 3 tests but only ran 1.
# Looks like your test died just after 1.
t/n1_modules_required.t .. 
Dubious, test returned 255 (wstat 65280, 0xff00)
Failed 3/3 subtests 
t/n2_safe.t .............. ok
t/n3_version.t ........... ok
t/zy_pod_coverage.t ...... ok
t/zz_pod.t ............... ok

Test Summary Report
-------------------
t/Module-Info.t        (Wstat: 5632 Tests: 59 Failed: 22)
  Failed tests:  10-17, 43-46, 48-53, 56-59
  Non-zero exit status: 22
t/n0_die_on_error.t    (Wstat: 256 Tests: 4 Failed: 1)
  Failed test:  1
  Non-zero exit status: 1
t/n1_modules_required.t (Wstat: 65280 Tests: 1 Failed: 1)
  Failed test:  1
  Non-zero exit status: 255
  Parse errors: Bad plan.  You planned 3 tests but ran 1.
Files=7, Tests=112,  0 wallclock secs ( 0.03 usr  0.01 sys +  0.35 cusr  0.14 csys =  0.53 CPU)
Result: FAIL
Failed 3/7 test programs. 24/112 subtests failed.
Makefile:872: recipe for target 'test_dynamic' failed
make: *** [test_dynamic] Error 255

------------------------------
PREREQUISITES
------------------------------

Prerequisite modules loaded:

requires:

    Module              Need Have
    ------------------- ---- ----
    File::Spec          0.8  3.47

build_requires:

    Module              Need Have
    ------------------- ---- ----
    ExtUtils::MakeMaker 0    7.04

configure_requires:

    Module              Need Have
    ------------------- ---- ----
    ExtUtils::MakeMaker 0    7.04


------------------------------
ENVIRONMENT AND OTHER CONTEXT
------------------------------

Environment variables:

    AUTOMATED_TESTING = 1
    LANG = en_US.UTF-8
    LC_ALL = POSIX
    LD_LIBRARY_PATH = :/net/traces01.be-md.ncbi.nlm.nih.gov/trace_software/vdb/mac/release/x86_64/lib
    NO_NETWORK_TESTING = 1
    PATH = /Users/hornenj/perl5/perlbrew/bin:/Users/hornenj/perl5/perlbrew/perls/perl-5.18.4/bin:/Users/hornenj/perl5/perlbrew/bin:/Users/hornenj/perl5/perlbrew/perls/perl-5.22.0/bin:/Users/hornenj/bin:/sw/lib/perl5/ExtUtils:/sw/bin:/am/ncbiapdata/bin:/usr/bin:/bin:/usr/X11R6/bin:/netopt/ncbi_tools/bin:/usr/local/ncbi/blast/bin:/net/traces01.be-md.ncbi.nlm.nih.gov/trace_software/vdb/mac/release/x86_64/bin
    PERL5LIB = 
    PERL5OPT = 
    PERL5_CPANPLUS_IS_RUNNING = 49288
    PERL5_CPAN_IS_RUNNING = 49288
    PERL5_MINISMOKEBOX = 0.58
    PERLBREW_BASHRC_VERSION = 0.73
    PERLBREW_HOME = /Users/hornenj/.perlbrew
    PERLBREW_LIB = 
    PERLBREW_MANPATH = /Users/hornenj/perl5/perlbrew/perls/perl-5.18.4/man
    PERLBREW_PATH = /Users/hornenj/perl5/perlbrew/bin:/Users/hornenj/perl5/perlbrew/perls/perl-5.18.4/bin
    PERLBREW_PERL = perl-5.18.4
    PERLBREW_ROOT = /Users/hornenj/perl5/perlbrew
    PERLBREW_VERSION = 0.73
    PERL_EXTUTILS_AUTOINSTALL = --defaultdeps
    PERL_LOCAL_LIB_ROOT = 
    PERL_MM_USE_DEFAULT = 1
    SHELL = /bin/bash
    TERM = xterm-256color
    TMPDIR = /var/folders/pz/pd7y1qjs6s3cbk170cw50fjc000c61/T/
    VERSIONER_PERL_PREFER_32_BIT = no
    VERSIONER_PERL_VERSION = 5.18
    ac_cv_path_INTLTOOL_PERL = /usr/bin/perl

Perl special variables (and OS-specific diagnostics, for MSWin32):

    $^X = /Users/hornenj/perl5/perlbrew/perls/perl-5.18.4/bin/perl5.18.4
    $UID/$EUID = 12481 / 12481
    $GID = 14 14 5344 37103 527 241
    $EGID = 14 14 5344 37103 527 241

Perl module toolchain versions installed:

    Module              Have    
    ------------------- --------
    CPAN                2.10    
    CPAN::Meta          2.150001
    Cwd                 3.47    
    ExtUtils::CBuilder  0.280223
    ExtUtils::Command   1.20    
    ExtUtils::Install   2.04    
    ExtUtils::MakeMaker 7.04    
    ExtUtils::Manifest  1.70    
    ExtUtils::ParseXS   3.24    
    File::Spec          3.47    
    JSON                2.90    
    JSON::PP            2.27300 
    Module::Build       0.4212  
    Module::Signature   n/a     
    Parse::CPAN::Meta   1.4414  
    Test::Harness       3.35    
    Test::More          1.001014
    YAML                1.15    
    YAML::Syck          1.29    
    version             0.9912  


--

Summary of my perl5 (revision 5 version 18 subversion 4) configuration:
   
  Platform:
    osname=darwin, osvers=13.4.0, archname=darwin-thread-multi-2level
    uname='darwin ncbimac2008.ncbi.nlm.nih.gov 13.4.0 darwin kernel version 13.4.0: sun aug 17 19:50:11 pdt 2014; root:xnu-2422.115.4~1release_x86_64 x86_64 '
    config_args='-de -Dprefix=/Users/hornenj/perl5/perlbrew/perls/perl-5.18.4 -Duseithreads -Dusemultiplicity -Dusedevel -Accflags=-O2 -W -Wformat=2 -Wswitch -Wshadow -Wwrite-strings -Wuninitialized -Wall -pipe -mtune=native -march=native -fomit-frame-pointer -msse2 -msse -mmmx -pedantic -D_FORTIFY_SOURCE=2 -Wpointer-arith -Wstrict-prototypes -fstack-protector -Wstack-protector -Wextra -Wbad-function-cast -Wcast-align -Wcast-qual -Wdisabled-optimization -Wendif-labels -Wfloat-equal -Wformat-nonliteral -Winline -Wmissing-declarations -Wmissing-prototypes -Wnested-externs -Wpointer-arith -Wundef -Wformat-security -fassociative-math -Acc=cc -Aeval:scriptdir=/Users/hornenj/perl5/perlbrew/perls/perl-5.18.4/bin'
    hint=recommended, useposix=true, d_sigaction=define
    useithreads=define, usemultiplicity=define
    useperlio=define, d_sfio=undef, uselargefiles=define, usesocks=undef
    use64bitint=define, use64bitall=define, uselongdouble=undef
    usemymalloc=n, bincompat5005=undef
  Compiler:
    cc=' cc', ccflags ='-fno-common -DPERL_DARWIN -O2 -W -Wformat=2 -Wswitch -Wshadow -Wwrite-strings -Wuninitialized -Wall -pipe -mtune=native -march=native -fomit-frame-pointer -msse2 -msse -mmmx -pedantic -D_FORTIFY_SOURCE=2 -Wpointer-arith -Wstrict-prototypes -fstack-protector -Wstack-protector -Wextra -Wbad-function-cast -Wcast-align -Wcast-qual -Wdisabled-optimization -Wendif-labels -Wfloat-equal -Wformat-nonliteral -Winline -Wmissing-declarations -Wmissing-prototypes -Wnested-externs -Wpointer-arith -Wundef -Wformat-security -fassociative-math -fno-strict-aliasing -I/usr/local/include',
    optimize='-O3',
    cppflags='-fno-common -DPERL_DARWIN -O2 -W -Wformat=2 -Wswitch -Wshadow -Wwrite-strings -Wuninitialized -Wall -pipe -mtune=native -march=native -fomit-frame-pointer -msse2 -msse -mmmx -pedantic -D_FORTIFY_SOURCE=2 -Wpointer-arith -Wstrict-prototypes -fstack-protector -Wstack-protector -Wextra -Wbad-function-cast -Wcast-align -Wcast-qual -Wdisabled-optimization -Wendif-labels -Wfloat-equal -Wformat-nonliteral -Winline -Wmissing-declarations -Wmissing-prototypes -Wnested-externs -Wpointer-arith -Wundef -Wformat-security -fassociative-math -fno-strict-aliasing -I/usr/local/include'
    ccversion='', gccversion='4.2.1 Compatible Apple LLVM 6.0 (clang-600.0.51)', gccosandvers=''
    intsize=4, longsize=8, ptrsize=8, doublesize=8, byteorder=12345678
    d_longlong=define, longlongsize=8, d_longdbl=define, longdblsize=16
    ivtype='long', ivsize=8, nvtype='double', nvsize=8, Off_t='off_t', lseeksize=8
    alignbytes=8, prototype=define
  Linker and Libraries:
    ld='env MACOSX_DEPLOYMENT_TARGET=10.3 cc', ldflags =' -fstack-protector -L/usr/local/lib'
    libpth=/usr/local/lib /usr/lib
    libs=-ldbm -ldl -lm -lutil -lc
    perllibs=-ldl -lm -lutil -lc
    libc=, so=dylib, useshrplib=false, libperl=libperl.a
    gnulibc_version=''
  Dynamic Linking:
    dlsrc=dl_dlopen.xs, dlext=bundle, d_dlsymun=undef, ccdlflags=' '
    cccdlflags=' ', lddlflags=' -bundle -undefined dynamic_lookup -L/usr/local/lib -fstack-protector'


Characteristics of this binary (from libperl): 
  Compile-time options: HAS_TIMES MULTIPLICITY PERLIO_LAYERS
                        PERL_DONT_CREATE_GVSV
                        PERL_HASH_FUNC_ONE_AT_A_TIME_HARD
                        PERL_IMPLICIT_CONTEXT PERL_MALLOC_WRAP
                        PERL_PRESERVE_IVUV PERL_SAWAMPERSAND PERL_USE_DEVEL
                        USE_64_BIT_ALL USE_64_BIT_INT USE_ITHREADS
                        USE_LARGE_FILES USE_LOCALE USE_LOCALE_COLLATE
                        USE_LOCALE_CTYPE USE_LOCALE_NUMERIC USE_PERLIO
                        USE_PERL_ATOF USE_REENTRANT_API
  Built under darwin
  Compiled at Nov 12 2014 08:22:09
  %ENV:
    PERL5LIB=""
    PERL5OPT=""
    PERL5_CPANPLUS_IS_RUNNING="49288"
    PERL5_CPAN_IS_RUNNING="49288"
    PERL5_MINISMOKEBOX="0.58"
    PERLBREW_BASHRC_VERSION="0.73"
    PERLBREW_HOME="/Users/hornenj/.perlbrew"
    PERLBREW_LIB=""
    PERLBREW_MANPATH="/Users/hornenj/perl5/perlbrew/perls/perl-5.18.4/man"
    PERLBREW_PATH="/Users/hornenj/perl5/perlbrew/bin:/Users/hornenj/perl5/perlbrew/perls/perl-5.18.4/bin"
    PERLBREW_PERL="perl-5.18.4"
    PERLBREW_ROOT="/Users/hornenj/perl5/perlbrew"
    PERLBREW_VERSION="0.73"
    PERL_EXTUTILS_AUTOINSTALL="--defaultdeps"
    PERL_LOCAL_LIB_ROOT=""
    PERL_MM_USE_DEFAULT="1"
  @INC:
    /Users/hornenj/perl5/perlbrew/perls/perl-5.18.4/lib/site_perl/5.18.4/darwin-thread-multi-2level
    /Users/hornenj/perl5/perlbrew/perls/perl-5.18.4/lib/site_perl/5.18.4
    /Users/hornenj/perl5/perlbrew/perls/perl-5.18.4/lib/5.18.4/darwin-thread-multi-2level
    /Users/hornenj/perl5/perlbrew/perls/perl-5.18.4/lib/5.18.4
    .