Report for Lingua-FR-Ladl-v0.0.4

Back
From: metabase:user:9820532a-708b-1014-9a05-b18a96298da1
Subject: FAIL Lingua-FR-Ladl-v0.0.4 v5.14.1 GNU/Linux
Date: 2011-08-02T11:37:16Z

This distribution has been tested as part of the CPAN Testers
project, supporting the Perl programming language.  See
http://wiki.cpantesters.org/ for more information or email
questions to cpan-testers-discuss@perl.org


--
Dear Ingrid Falk,

This is a computer-generated report for Lingua-FR-Ladl-v0.0.4
on perl 5.14.1, created by CPAN-Reporter-1.1902.

Thank you for uploading your work to CPAN.  However, there was a problem
testing your distribution.

If you think this report is invalid, please consult the CPAN Testers Wiki
for suggestions on how to avoid getting FAIL reports for missing library
or binary dependencies, unsupported operating systems, and so on:

http://wiki.cpantesters.org/wiki/CPANAuthorNotes

Sections of this report:

    * Tester comments
    * Program output
    * Prerequisites
    * Environment and other context

------------------------------
TESTER COMMENTS
------------------------------

Additional comments from tester:

this report is from an automated smoke testing program
and was not reviewed by a human for accuracy

------------------------------
PROGRAM OUTPUT
------------------------------

Output from './Build test':

# Testing Lingua::FR::Ladl 0.0.4
t/00.load.t ....... ok

#   Failed test 'Test::Perl::Critic for "blib/lib/Lingua/FR/Ladl/Graph.pm"'
#   at /home/test/perl5/perlbrew/perls/perl-5.14.1/lib/site_perl/5.14.1/Test/Perl/Critic.pm line 110.
# 
# Perl::Critic found these violations in "blib/lib/Lingua/FR/Ladl/Graph.pm":
# Private Member Data shouldn't be accessed directly at line 69, column 18.  Accessing an objects data directly breaks encapsulation and should be avoided.  Example: $object->{ some_key }.  (Severity: 5)
# Private Member Data shouldn't be accessed directly at line 70, column 21.  Accessing an objects data directly breaks encapsulation and should be avoided.  Example: $object->{ some_key }.  (Severity: 5)

#   Failed test 'Test::Perl::Critic for "blib/lib/Lingua/FR/Ladl/Table.pm"'
#   at /home/test/perl5/perlbrew/perls/perl-5.14.1/lib/site_perl/5.14.1/Test/Perl/Critic.pm line 110.
# 
# Perl::Critic found these violations in "blib/lib/Lingua/FR/Ladl/Table.pm":
# Private Member Data shouldn't be accessed directly at line 102, column 17.  Accessing an objects data directly breaks encapsulation and should be avoided.  Example: $object->{ some_key }.  (Severity: 5)
# Private Member Data shouldn't be accessed directly at line 103, column 5.  Accessing an objects data directly breaks encapsulation and should be avoided.  Example: $object->{ some_key }.  (Severity: 5)
# Private Member Data shouldn't be accessed directly at line 103, column 26.  Accessing an objects data directly breaks encapsulation and should be avoided.  Example: $object->{ some_key }.  (Severity: 5)
# Private Member Data shouldn't be accessed directly at line 104, column 13.  Accessing an objects data directly breaks encapsulation and should be avoided.  Example: $object->{ some_key }.  (Severity: 5)
# Private Member Data shouldn't be accessed directly at line 107, column 22.  Accessing an objects data directly breaks encapsulation and should be avoided.  Example: $object->{ some_key }.  (Severity: 5)
# Private Member Data shouldn't be accessed directly at line 107, column 42.  Accessing an objects data directly breaks encapsulation and should be avoided.  Example: $object->{ some_key }.  (Severity: 5)
# Private Member Data shouldn't be accessed directly at line 108, column 7.  Accessing an objects data directly breaks encapsulation and should be avoided.  Example: $object->{ some_key }.  (Severity: 5)
# Private Member Data shouldn't be accessed directly at line 108, column 28.  Accessing an objects data directly breaks encapsulation and should be avoided.  Example: $object->{ some_key }.  (Severity: 5)
# Private Member Data shouldn't be accessed directly at line 109, column 24.  Accessing an objects data directly breaks encapsulation and should be avoided.  Example: $object->{ some_key }.  (Severity: 5)
# Private Member Data shouldn't be accessed directly at line 109, column 45.  Accessing an objects data directly breaks encapsulation and should be avoided.  Example: $object->{ some_key }.  (Severity: 5)
# Private Member Data shouldn't be accessed directly at line 110, column 20.  Accessing an objects data directly breaks encapsulation and should be avoided.  Example: $object->{ some_key }.  (Severity: 5)
# Private Member Data shouldn't be accessed directly at line 112, column 11.  Accessing an objects data directly breaks encapsulation and should be avoided.  Example: $object->{ some_key }.  (Severity: 5)
# Private Member Data shouldn't be accessed directly at line 112, column 40.  Accessing an objects data directly breaks encapsulation and should be avoided.  Example: $object->{ some_key }.  (Severity: 5)
# Private Member Data shouldn't be accessed directly at line 116, column 25.  Accessing an objects data directly breaks encapsulation and should be avoided.  Example: $object->{ some_key }.  (Severity: 5)
# Private Member Data shouldn't be accessed directly at line 116, column 43.  Accessing an objects data directly breaks encapsulation and should be avoided.  Example: $object->{ some_key }.  (Severity: 5)
# Private Member Data shouldn't be accessed directly at line 138, column 7.  Accessing an objects data directly breaks encapsulation and should be avoided.  Example: $object->{ some_key }.  (Severity: 5)
# Private Member Data shouldn't be accessed directly at line 163, column 18.  Accessing an objects data directly breaks encapsulation and should be avoided.  Example: $object->{ some_key }.  (Severity: 5)
# Private Member Data shouldn't be accessed directly at line 164, column 21.  Accessing an objects data directly breaks encapsulation and should be avoided.  Example: $object->{ some_key }.  (Severity: 5)
# Private Member Data shouldn't be accessed directly at line 240, column 16.  Accessing an objects data directly breaks encapsulation and should be avoided.  Example: $object->{ some_key }.  (Severity: 5)
# Private Member Data shouldn't be accessed directly at line 241, column 14.  Accessing an objects data directly breaks encapsulation and should be avoided.  Example: $object->{ some_key }.  (Severity: 5)
# Private Member Data shouldn't be accessed directly at line 379, column 12.  Accessing an objects data directly breaks encapsulation and should be avoided.  Example: $object->{ some_key }.  (Severity: 5)
# Private Member Data shouldn't be accessed directly at line 404, column 79.  Accessing an objects data directly breaks encapsulation and should be avoided.  Example: $object->{ some_key }.  (Severity: 5)
# Private Member Data shouldn't be accessed directly at line 455, column 9.  Accessing an objects data directly breaks encapsulation and should be avoided.  Example: $object->{ some_key }.  (Severity: 5)
# Private Member Data shouldn't be accessed directly at line 497, column 27.  Accessing an objects data directly breaks encapsulation and should be avoided.  Example: $object->{ some_key }.  (Severity: 5)
# Looks like you failed 2 tests of 6.
t/perlcritic.t .... 
Dubious, test returned 2 (wstat 512, 0x200)
Failed 2/6 subtests 
t/pod-coverage.t .. ok
t/pod.t ........... ok

Test Summary Report
-------------------
t/perlcritic.t  (Wstat: 512 Tests: 6 Failed: 2)
  Failed tests:  3, 5
  Non-zero exit status: 2
Files=4, Tests=22,  5 wallclock secs ( 0.02 usr  0.03 sys +  3.23 cusr  0.12 csys =  3.40 CPU)
Result: FAIL
Failed 1/4 test programs. 2/22 subtests failed.

------------------------------
PREREQUISITES
------------------------------

Prerequisite modules loaded:

requires:

    Module     Need Have
    ---------- ---- ----
    Test::More 0    0.98
    version    0    0.93


------------------------------
ENVIRONMENT AND OTHER CONTEXT
------------------------------

Environment variables:

    AUTOMATED_TESTING = 1
    LANG = C
    LC_ALL = C
    PATH = /home/test/bin:/home/test/perl5/perlbrew/bin:/home/test/perl5/perlbrew/perls/perl-5.14.1/bin:~/bin:/usr/bin:/bin
    PATH_WITHOUT_PERLBREW = ~/bin:/usr/bin:/bin
    PERL5LIB = 
    PERL5OPT = 
    PERL5_CPANPLUS_IS_RUNNING = 28963
    PERL5_CPAN_IS_RUNNING = 28963
    PERL5_CPAN_IS_RUNNING_IN_RECURSION = 4405,28963
    PERLBREW_HOME = /home/test/.perlbrew
    PERLBREW_PATH = /home/test/perl5/perlbrew/bin:/home/test/perl5/perlbrew/perls/perl-5.14.1/bin
    PERLBREW_PERL = perl-5.14.1
    PERLBREW_ROOT = /home/test/perl5/perlbrew
    PERLBREW_VERSION = 0.25
    PERL_CR_SMOKER_CURRENT = Lingua-FR-Ladl-v0.0.4
    PERL_EXTUTILS_AUTOINSTALL = --defaultdeps
    PERL_MM_USE_DEFAULT = 1
    SHELL = /bin/bash
    TERM = linux

Perl special variables (and OS-specific diagnostics, for MSWin32):

    $^X = /home/test/perl5/perlbrew/perls/perl-5.14.1/bin/perl
    $UID/$EUID = 1001 / 1001
    $GID = 1001 1001
    $EGID = 1001 1001

Perl module toolchain versions installed:

    Module              Have    
    ------------------- --------
    CPAN                1.9600  
    Cwd                 3.36    
    ExtUtils::CBuilder  0.280203
    ExtUtils::Command   1.17    
    ExtUtils::Install   1.56    
    ExtUtils::MakeMaker 6.58    
    ExtUtils::Manifest  1.58    
    ExtUtils::ParseXS   2.2210  
    File::Spec          3.33    
    Module::Build       0.3800  
    Module::Signature   0.68    
    Test::Harness       3.23    
    Test::More          0.98    
    YAML                0.73    
    YAML::Syck          1.17    
    version             0.93    


--

Summary of my perl5 (revision 5 version 14 subversion 1) configuration:
   
  Platform:
    osname=linux, osvers=2.6.35-28-generic, archname=x86_64-linux-ld
    uname='linux zippy 2.6.35-28-generic #50-ubuntu smp fri mar 18 18:42:20 utc 2011 x86_64 gnulinux '
    config_args='-de -Dprefix=/home/test/perl5/perlbrew/perls/perl-5.14.1 -Duselongdouble'
    hint=recommended, useposix=true, d_sigaction=define
    useithreads=undef, usemultiplicity=undef
    useperlio=define, d_sfio=undef, uselargefiles=define, usesocks=undef
    use64bitint=define, use64bitall=define, uselongdouble=define
    usemymalloc=n, bincompat5005=undef
  Compiler:
    cc='cc', ccflags ='-fno-strict-aliasing -pipe -fstack-protector -I/usr/local/include -D_LARGEFILE_SOURCE -D_FILE_OFFSET_BITS=64',
    optimize='-O2',
    cppflags='-fno-strict-aliasing -pipe -fstack-protector -I/usr/local/include'
    ccversion='', gccversion='4.4.5', gccosandvers=''
    intsize=4, longsize=8, ptrsize=8, doublesize=8, byteorder=12345678
    d_longlong=define, longlongsize=8, d_longdbl=define, longdblsize=16
    ivtype='long', ivsize=8, nvtype='long double', nvsize=16, Off_t='off_t', lseeksize=8
    alignbytes=16, prototype=define
  Linker and Libraries:
    ld='cc', ldflags =' -fstack-protector -L/usr/local/lib'
    libpth=/usr/local/lib /lib/../lib /usr/lib/../lib /lib /usr/lib /usr/lib/x86_64-linux-gnu /lib64 /usr/lib64
    libs=-lnsl -ldl -lm -lcrypt -lutil -lc
    perllibs=-lnsl -ldl -lm -lcrypt -lutil -lc
    libc=/lib/libc-2.12.1.so, so=so, useshrplib=false, libperl=libperl.a
    gnulibc_version='2.12.1'
  Dynamic Linking:
    dlsrc=dl_dlopen.xs, dlext=so, d_dlsymun=undef, ccdlflags='-Wl,-E'
    cccdlflags='-fPIC', lddlflags='-shared -O2 -L/usr/local/lib -fstack-protector'


Characteristics of this binary (from libperl): 
  Compile-time options: PERL_DONT_CREATE_GVSV PERL_MALLOC_WRAP
                        PERL_PRESERVE_IVUV USE_64_BIT_ALL USE_64_BIT_INT
                        USE_LARGE_FILES USE_LONG_DOUBLE USE_PERLIO
                        USE_PERL_ATOF
  Built under linux
  Compiled at Jul 23 2011 22:20:41
  %ENV:
    PERL5LIB=""
    PERL5OPT=""
    PERL5_CPANPLUS_IS_RUNNING="28963"
    PERL5_CPAN_IS_RUNNING="28963"
    PERL5_CPAN_IS_RUNNING_IN_RECURSION="4405,28963"
    PERLBREW_HOME="/home/test/.perlbrew"
    PERLBREW_PATH="/home/test/perl5/perlbrew/bin:/home/test/perl5/perlbrew/perls/perl-5.14.1/bin"
    PERLBREW_PERL="perl-5.14.1"
    PERLBREW_ROOT="/home/test/perl5/perlbrew"
    PERLBREW_VERSION="0.25"
    PERL_CR_SMOKER_CURRENT="Lingua-FR-Ladl-v0.0.4"
    PERL_EXTUTILS_AUTOINSTALL="--defaultdeps"
    PERL_MM_USE_DEFAULT="1"
  @INC:
    /home/test/perl5/perlbrew/perls/perl-5.14.1/lib/site_perl/5.14.1/x86_64-linux-ld
    /home/test/perl5/perlbrew/perls/perl-5.14.1/lib/site_perl/5.14.1
    /home/test/perl5/perlbrew/perls/perl-5.14.1/lib/5.14.1/x86_64-linux-ld
    /home/test/perl5/perlbrew/perls/perl-5.14.1/lib/5.14.1
    .