Back
From: metabase:user:314402c4-2aae-11df-837a-5e0a49663a4f
Subject: FAIL Dancer2-Plugin-Deferred-0.005 v5.18.2 RC4 FreeBSD
Date: 2014-01-07T00:29:30Z
This distribution has been tested as part of the CPAN Testers
project, supporting the Perl programming language. See
http://wiki.cpantesters.org/ for more information or email
questions to cpan-testers-discuss@perl.org
--
Dear David Golden,
This is a computer-generated report for Dancer2-Plugin-Deferred-0.005
on perl 5.18.2, created by CPAN-Reporter-1.2010.
Thank you for uploading your work to CPAN. However, there was a problem
testing your distribution.
If you think this report is invalid, please consult the CPAN Testers Wiki
for suggestions on how to avoid getting FAIL reports for missing library
or binary dependencies, unsupported operating systems, and so on:
http://wiki.cpantesters.org/wiki/CPANAuthorNotes
Sections of this report:
* Tester comments
* Program output
* Prerequisites
* Environment and other context
------------------------------
TESTER COMMENTS
------------------------------
Additional comments from tester:
none provided
------------------------------
PROGRAM OUTPUT
------------------------------
Output from '/usr/bin/make test':
PERL_DL_NONLAZY=1 /usr/perl5.18.2-RC4/bin/perl "-MExtUtils::Command::MM" "-MTest::Harness" "-e" "undef *Test::Harness::Switches; test_harness(0, 'blib/lib', 'blib/arch')" t/*.t
t/00-compile.t ......... ok
# Prerequisite Report:
# Version Module
# -------- ---------------------
# 1.29 Carp
# 0.11 Dancer2
# 0.11 Dancer2::Plugin
# 6.86 ExtUtils::MakeMaker
# 1.23 File::Find
# 3.40 File::Spec::Functions
# 0.2304 File::Temp
# 6.05 LWP::UserAgent
# 1.35 List::Util
# 1.001002 Test::More
# 2.02 Test::TCP
# 1.60 URI
# undef URI::QueryParam
# 1.07 strict
# 1.18 warnings
t/00-report-prereqs.t .. ok
parameters to 'use Dancer2' should be one of : 'key => value', ':script', or !<keyword>, where <keyword> is a DSL keyword you don't want to import at /usr/perl5.18.2-RC4/lib/site_perl/5.18.2/Dancer2.pm line 51.
BEGIN failed--compilation aborted at t/deferred.t line 7.
t/deferred.t ...........
Dubious, test returned 255 (wstat 65280, 0xff00)
No subtests run
parameters to 'use Dancer2' should be one of : 'key => value', ':script', or !<keyword>, where <keyword> is a DSL keyword you don't want to import at /usr/perl5.18.2-RC4/lib/site_perl/5.18.2/Dancer2.pm line 51.
BEGIN failed--compilation aborted at t/keep.t line 7.
t/keep.t ...............
Dubious, test returned 255 (wstat 65280, 0xff00)
No subtests run
Test Summary Report
-------------------
t/deferred.t (Wstat: 65280 Tests: 0 Failed: 0)
Non-zero exit status: 255
Parse errors: No plan found in TAP output
t/keep.t (Wstat: 65280 Tests: 0 Failed: 0)
Non-zero exit status: 255
Parse errors: No plan found in TAP output
Files=4, Tests=2, 2 wallclock secs ( 0.07 usr 0.01 sys + 1.36 cusr 0.27 csys = 1.70 CPU)
Result: FAIL
Failed 2/4 test programs. 0/2 subtests failed.
*** Error code 255
Stop.
make: stopped in /home/cpansand/.cpan/build/Dancer2-Plugin-Deferred-0.005-leYlD8
------------------------------
PREREQUISITES
------------------------------
Prerequisite modules loaded:
requires:
Module Need Have
--------------------- ---- --------
Carp 0 1.29
Dancer2::Plugin 0.05 0.11
strict 0 1.07
URI 0 1.60
URI::QueryParam 0 0
warnings 0 1.18
build_requires:
Module Need Have
--------------------- ---- --------
Dancer2 0 0.11
ExtUtils::MakeMaker 0 6.86
File::Find 0 1.23
File::Spec::Functions 0 3.40
File::Temp 0 0.2304
List::Util 0 1.35
LWP::UserAgent 0 6.05
Test::More 0.96 1.001002
Test::TCP 0 2.02
configure_requires:
Module Need Have
--------------------- ---- --------
ExtUtils::MakeMaker 6.30 6.86
------------------------------
ENVIRONMENT AND OTHER CONTEXT
------------------------------
Environment variables:
DBIC_NO_WARN_BAD_PERL = 1
PATH = /usr/local/bin:/usr/bin:/bin:/usr/local/sbin:/usr/sbin:/sbin:/home/cpansand/bin/freebsd10.0:/home/cpansand/bin/sh:/home/cpansand/bin:/usr/games:/home/cpansand/devel:/home/eserte/src/srezic-misc/scripts
PERL5LIB =
PERL5OPT =
PERL5_CPANPLUS_IS_RUNNING = 31565
PERL5_CPAN_IS_RUNNING = 31565
PERL5_CPAN_IS_RUNNING_IN_RECURSION = 31414,31565
PERLDOC = -MPod::Perldoc::ToTextOverstrike
PERL_BATCH = yes
PERL_CPAN_REPORTER_CONFIG = /var/tmp/cpansmoker-1023/LILsi40u_e_config.ini
PERL_EXTUTILS_AUTOINSTALL = --defaultdeps
PERL_HTML_DISPLAY_CLASS = HTML::Display::Mozilla
SHELL = /usr/local/bin/zsh
TERM = screen
TMPDIR = /var/tmp/cpansmoker-1023
Perl special variables (and OS-specific diagnostics, for MSWin32):
$^X = /usr/perl5.18.2-RC4/bin/perl
$UID/$EUID = 1023 / 1023
$GID = 1023 1023
$EGID = 1023 1023
Perl module toolchain versions installed:
Module Have
------------------- --------
CPAN 2.00
CPAN::Meta 2.133380
Cwd 3.40
ExtUtils::CBuilder 0.280210
ExtUtils::Command 1.17
ExtUtils::Install 1.59
ExtUtils::MakeMaker 6.86
ExtUtils::Manifest 1.63
ExtUtils::ParseXS 3.22
File::Spec 3.40
JSON 2.90
JSON::PP 2.27203
Module::Build 0.4203
Module::Signature n/a
Parse::CPAN::Meta 1.4405
Test::Harness 3.30
Test::More 1.001002
YAML 0.88
YAML::Syck 1.27
version 0.9904
--
Summary of my perl5 (revision 5 version 18 subversion 2) configuration:
Platform:
osname=freebsd, osvers=10.0-rc3, archname=i386-freebsd
uname='freebsd cvrsnica-freebsd-10.herceg.de 10.0-rc3 freebsd 10.0-rc3 #0 r259778: tue dec 24 04:35:46 utc 2013 root@snap.freebsd.org:usrobjusrsrcsysgeneric i386 '
config_args='-ds -e -Dprefix=/usr/perl5.18.2-RC4'
hint=recommended, useposix=true, d_sigaction=define
useithreads=undef, usemultiplicity=undef
useperlio=define, d_sfio=undef, uselargefiles=define, usesocks=undef
use64bitint=undef, use64bitall=undef, uselongdouble=undef
usemymalloc=n, bincompat5005=undef
Compiler:
cc='cc', ccflags ='-DHAS_FPSETMASK -DHAS_FLOATINGPOINT_H -fno-strict-aliasing -pipe -fstack-protector -I/usr/local/include',
optimize='-O',
cppflags='-DHAS_FPSETMASK -DHAS_FLOATINGPOINT_H -fno-strict-aliasing -pipe -fstack-protector -I/usr/local/include'
ccversion='', gccversion='4.2.1 Compatible FreeBSD Clang 3.3 (tags/RELEASE_33/final 183502)', gccosandvers=''
intsize=4, longsize=4, ptrsize=4, doublesize=8, byteorder=1234
d_longlong=define, longlongsize=8, d_longdbl=define, longdblsize=12
ivtype='long', ivsize=4, nvtype='double', nvsize=8, Off_t='off_t', lseeksize=8
alignbytes=4, prototype=define
Linker and Libraries:
ld='cc', ldflags ='-Wl,-E -fstack-protector -L/usr/local/lib'
libpth=/usr/lib /usr/local/lib
libs=-lm -lcrypt -lutil -lc
perllibs=-lm -lcrypt -lutil -lc
libc=, so=so, useshrplib=false, libperl=libperl.a
gnulibc_version=''
Dynamic Linking:
dlsrc=dl_dlopen.xs, dlext=so, d_dlsymun=undef, ccdlflags=' '
cccdlflags='-DPIC -fPIC', lddlflags='-shared -L/usr/local/lib -fstack-protector'
Characteristics of this binary (from libperl):
Compile-time options: HAS_TIMES PERLIO_LAYERS PERL_DONT_CREATE_GVSV
PERL_HASH_FUNC_ONE_AT_A_TIME_HARD PERL_MALLOC_WRAP
PERL_PRESERVE_IVUV PERL_SAWAMPERSAND USE_LARGE_FILES
USE_LOCALE USE_LOCALE_COLLATE USE_LOCALE_CTYPE
USE_LOCALE_NUMERIC USE_PERLIO USE_PERL_ATOF
Locally applied patches:
RC4
Built under freebsd
Compiled at Dec 29 2013 11:55:51
%ENV:
PERL5LIB=""
PERL5OPT=""
PERL5_CPANPLUS_IS_RUNNING="31565"
PERL5_CPAN_IS_RUNNING="31565"
PERL5_CPAN_IS_RUNNING_IN_RECURSION="31414,31565"
PERLDOC="-MPod::Perldoc::ToTextOverstrike"
PERL_BATCH="yes"
PERL_CPAN_REPORTER_CONFIG="/var/tmp/cpansmoker-1023/LILsi40u_e_config.ini"
PERL_EXTUTILS_AUTOINSTALL="--defaultdeps"
PERL_HTML_DISPLAY_CLASS="HTML::Display::Mozilla"
@INC:
/usr/perl5.18.2-RC4/lib/site_perl/5.18.2/i386-freebsd
/usr/perl5.18.2-RC4/lib/site_perl/5.18.2
/usr/perl5.18.2-RC4/lib/5.18.2/i386-freebsd
/usr/perl5.18.2-RC4/lib/5.18.2
.