Back
From: metabase:user:320bfe00-2aae-11df-837a-5e0a49663a4f
Subject: FAIL Data-YUID-0.06 v5.14.0 GNU/Linux
Date: 2011-06-11T07:16:50Z
This distribution has been tested as part of the CPAN Testers
project, supporting the Perl programming language. See
http://wiki.cpantesters.org/ for more information or email
questions to cpan-testers-discuss@perl.org
--
Dear SAY MEDIA,
This is a computer-generated report for Data-YUID-0.06
on perl 5.14.0, created by CPAN-Reporter-1.1902.
Thank you for uploading your work to CPAN. However, there was a problem
testing your distribution.
If you think this report is invalid, please consult the CPAN Testers Wiki
for suggestions on how to avoid getting FAIL reports for missing library
or binary dependencies, unsupported operating systems, and so on:
http://wiki.cpantesters.org/wiki/CPANAuthorNotes
Sections of this report:
* Tester comments
* Program output
* Prerequisites
* Environment and other context
------------------------------
TESTER COMMENTS
------------------------------
Additional comments from tester:
this report is from an automated smoke testing program
and was not reviewed by a human for accuracy
------------------------------
PROGRAM OUTPUT
------------------------------
Output from '/usr/bin/make test':
PERL_DL_NONLAZY=1 /home/sand/src/perl/repoperls/installed-perls/perl/v5.14.0/1df5/bin/perl "-MExtUtils::Command::MM" "-e" "test_harness(0, 'inc', 'blib/lib', 'blib/arch')" t/00-compile.t t/01-generator.t t/10-client.t
t/00-compile.t .... ok
Time::HiRes object version 1.9723 does not match $Time::HiRes::XS_VERSION 1.9719 at /home/src/perl/repoperls/installed-perls/perl/v5.14.0/1df5/lib/5.14.0/x86_64-linux/DynaLoader.pm line 213.
Compilation failed in require at t/01-generator.t line 7.
BEGIN failed--compilation aborted at t/01-generator.t line 7.
# Looks like your test exited with 2 before it could output anything.
t/01-generator.t ..
Dubious, test returned 2 (wstat 512, 0x200)
No subtests run
Time::HiRes object version 1.9723 does not match $Time::HiRes::XS_VERSION 1.9719 at /home/src/perl/repoperls/installed-perls/perl/v5.14.0/1df5/lib/5.14.0/x86_64-linux/DynaLoader.pm line 213.
Compilation failed in require at /home/src/perl/repoperls/installed-perls/perl/v5.14.0/1df5/lib/site_perl/5.14.0/Danga/Socket.pm line 98.
BEGIN failed--compilation aborted at /home/src/perl/repoperls/installed-perls/perl/v5.14.0/1df5/lib/site_perl/5.14.0/Danga/Socket.pm line 98.
Compilation failed in require at /home/sand/.cpan/build/Data-YUID-0.06-LSL1tL/t/../bin/yuidd line 5.
BEGIN failed--compilation aborted at /home/sand/.cpan/build/Data-YUID-0.06-LSL1tL/t/../bin/yuidd line 5.
Time::HiRes object version 1.9723 does not match $Time::HiRes::XS_VERSION 1.9719 at /home/src/perl/repoperls/installed-perls/perl/v5.14.0/1df5/lib/5.14.0/x86_64-linux/DynaLoader.pm line 213.
Compilation failed in require at /home/src/perl/repoperls/installed-perls/perl/v5.14.0/1df5/lib/site_perl/5.14.0/Danga/Socket.pm line 98.
BEGIN failed--compilation aborted at /home/src/perl/repoperls/installed-perls/perl/v5.14.0/1df5/lib/site_perl/5.14.0/Danga/Socket.pm line 98.
Compilation failed in require at /home/sand/.cpan/build/Data-YUID-0.06-LSL1tL/t/../bin/yuidd line 5.
BEGIN failed--compilation aborted at /home/sand/.cpan/build/Data-YUID-0.06-LSL1tL/t/../bin/yuidd line 5.
Timeout waiting for port 11000 to startup at t/10-client.t line 75.
# Looks like your test exited with 111 before it could output anything.
t/10-client.t .....
Dubious, test returned 111 (wstat 28416, 0x6f00)
Failed 25/25 subtests
Test Summary Report
-------------------
t/01-generator.t (Wstat: 512 Tests: 0 Failed: 0)
Non-zero exit status: 2
Parse errors: No plan found in TAP output
t/10-client.t (Wstat: 28416 Tests: 0 Failed: 0)
Non-zero exit status: 111
Parse errors: Bad plan. You planned 25 tests but ran 0.
Files=3, Tests=1, 6 wallclock secs ( 0.02 usr 0.00 sys + 0.11 cusr 0.00 csys = 0.13 CPU)
Result: FAIL
Failed 2/3 test programs. 0/1 subtests failed.
make: *** [test_dynamic] Error 111
------------------------------
PREREQUISITES
------------------------------
Prerequisite modules loaded:
requires:
Module Need Have
------------------- -------- --------
Danga::Socket 0 1.61
perl 5.006001 5.014000
Time::HiRes 0 1.9723
URI::Escape 0 3.30
build_requires:
Module Need Have
------------------- -------- --------
ExtUtils::MakeMaker 6.42 6.57_05
Time::HiRes 0 1.9723
configure_requires:
Module Need Have
------------------- -------- --------
ExtUtils::MakeMaker 6.42 6.57_05
------------------------------
ENVIRONMENT AND OTHER CONTEXT
------------------------------
Environment variables:
AUTOMATED_TESTING = 1
LANG = en_US.UTF-8
LANGUAGE = en_US:en
PATH = /usr/lib/ccache:/home/sand/bin:/usr/local/bin:/usr/bin:/bin:/usr/bin/X11:/usr/games:/usr/local/perl/bin:/usr/X11/bin:/sbin:/usr/sbin
PERL5LIB =
PERL5OPT =
PERL5_CPANPLUS_IS_RUNNING = 24057
PERL5_CPAN_IS_RUNNING = 24057
PERL_MM_USE_DEFAULT = 1
SHELL = /usr/bin/zsh
TERM = screen
Perl special variables (and OS-specific diagnostics, for MSWin32):
$^X = /home/sand/src/perl/repoperls/installed-perls/perl/v5.14.0/1df5/bin/perl
$UID/$EUID = 1001 / 1001
$GID = 1001 1001
$EGID = 1001 1001
Perl module toolchain versions installed:
Module Have
------------------- --------
CPAN 1.9600
Cwd 3.36
ExtUtils::CBuilder 0.280203
ExtUtils::Command 1.17
ExtUtils::Install 1.56
ExtUtils::MakeMaker 6.57_05
ExtUtils::Manifest 1.58
ExtUtils::ParseXS 2.2210
File::Spec 3.33
Module::Build 0.3800
Module::Signature 0.68
Test::Harness 3.23
Test::More 0.98
YAML 0.73
YAML::Syck 1.17
version 0.91
--
Summary of my perl5 (revision 5 version 14 subversion 0) configuration:
Commit id: a35ef416833511da752c4b5b836b7a8915712aab
Platform:
osname=linux, osvers=2.6.32-5-amd64, archname=x86_64-linux
uname='linux k81 2.6.32-5-amd64 #1 smp mon mar 7 21:35:22 utc 2011 x86_64 gnulinux '
config_args='-Dprefix=/home/src/perl/repoperls/installed-perls/perl/v5.14.0/1df5 -Dinstallusrbinperl=n -Uversiononly -Dusedevel -des -Ui_db -Uuseithreads -Uuselongdouble -DDEBUGGING=-g'
hint=recommended, useposix=true, d_sigaction=define
useithreads=undef, usemultiplicity=undef
useperlio=define, d_sfio=undef, uselargefiles=define, usesocks=undef
use64bitint=define, use64bitall=define, uselongdouble=undef
usemymalloc=n, bincompat5005=undef
Compiler:
cc='cc', ccflags ='-fno-strict-aliasing -pipe -fstack-protector -I/usr/local/include -D_LARGEFILE_SOURCE -D_FILE_OFFSET_BITS=64',
optimize='-O2 -g',
cppflags='-fno-strict-aliasing -pipe -fstack-protector -I/usr/local/include'
ccversion='', gccversion='4.4.5', gccosandvers=''
intsize=4, longsize=8, ptrsize=8, doublesize=8, byteorder=12345678
d_longlong=define, longlongsize=8, d_longdbl=define, longdblsize=16
ivtype='long', ivsize=8, nvtype='double', nvsize=8, Off_t='off_t', lseeksize=8
alignbytes=8, prototype=define
Linker and Libraries:
ld='cc', ldflags =' -fstack-protector -L/usr/local/lib'
libpth=/usr/local/lib /lib/../lib /usr/lib/../lib /lib /usr/lib /usr/lib/x86_64-linux-gnu /lib64 /usr/lib64
libs=-lnsl -ldl -lm -lcrypt -lutil -lc
perllibs=-lnsl -ldl -lm -lcrypt -lutil -lc
libc=/lib/libc-2.11.2.so, so=so, useshrplib=false, libperl=libperl.a
gnulibc_version='2.11.2'
Dynamic Linking:
dlsrc=dl_dlopen.xs, dlext=so, d_dlsymun=undef, ccdlflags='-Wl,-E'
cccdlflags='-fPIC', lddlflags='-shared -O2 -g -L/usr/local/lib -fstack-protector'
Characteristics of this binary (from libperl):
Compile-time options: PERL_DONT_CREATE_GVSV PERL_MALLOC_WRAP
PERL_PRESERVE_IVUV PERL_USE_DEVEL USE_64_BIT_ALL
USE_64_BIT_INT USE_LARGE_FILES USE_PERLIO
USE_PERL_ATOF
Built under linux
Compiled at May 15 2011 03:12:01
%ENV:
PERL5LIB=""
PERL5OPT=""
PERL5_CPANPLUS_IS_RUNNING="24057"
PERL5_CPAN_IS_RUNNING="24057"
PERL_MM_USE_DEFAULT="1"
@INC:
/home/src/perl/repoperls/installed-perls/perl/v5.14.0/1df5/lib/site_perl/5.14.0/x86_64-linux
/home/src/perl/repoperls/installed-perls/perl/v5.14.0/1df5/lib/site_perl/5.14.0
/home/src/perl/repoperls/installed-perls/perl/v5.14.0/1df5/lib/5.14.0/x86_64-linux
/home/src/perl/repoperls/installed-perls/perl/v5.14.0/1df5/lib/5.14.0
.