HTML-TableExtract v2.15 Perl 5 v5.41.13 amd64-freebsd-thread-multi
- Status
- Fail
- From
- Carlos Guevara
- Dist
-
HTML-TableExtract v2.15
- Platform
- Perl 5 v5.41.13 amd64-freebsd-thread-multi
- Date
- 2025-05-14 18:53:50
- ID
- c68c24da-30f4-11f0-80ef-e5d79b5d93cc
This distribution has been tested as part of the CPAN Testers
project, supporting the Perl programming language. See
http://wiki.cpantesters.org/ for more information or email
questions to cpan-testers-discuss@perl.org
--
Dear Matt Sisk,
This is a computer-generated report for HTML-TableExtract-2.15
on perl 5.41.13, created by CPAN-Reporter-1.2020.
Thank you for uploading your work to CPAN. However, there was a problem
testing your distribution.
If you think this report is invalid, please consult the CPAN Testers Wiki
for suggestions on how to avoid getting FAIL reports for missing library
or binary dependencies, unsupported operating systems, and so on:
http://wiki.cpantesters.org/wiki/CPANAuthorNotes
Sections of this report:
* Tester comments
* Program output
* Prerequisites
* Environment and other context
------------------------------
TESTER COMMENTS
------------------------------
Additional comments from tester:
this report is from an automated smoke testing program
and was not reviewed by a human for accuracy
------------------------------
PROGRAM OUTPUT
------------------------------
Output from '/usr/bin/make test':
PERL_DL_NONLAZY=1 "/home/cpan/bin/perl/bin/perl5.41.13" "-MExtUtils::Command::MM" "-MTest::Harness" "-e" "undef *Test::Harness::Switches; test_harness(0, 'blib/lib', 'blib/arch')" t/*.t
t/00_basic.t ......... ok
t/01_pod.t ........... skipped: (dev only)
t/02_pod_coverage.t .. skipped: (dev only)
t/10_bulk.t .......... ok
t/11_count.t ......... ok
t/12_depth.t ......... ok
t/13_attrib.t ........ ok
t/14_headers.t ....... ok
t/15_depth_count.t ... ok
t/16_subtable.t ...... ok
t/20_skew.t .......... ok
t/21_skew_map.t ...... ok
t/22_header_row.t .... ok
Use of uninitialized value $ptag in string eq at /home/cpan/bin/perl/lib/site_perl/5.41.13/HTML/TreeBuilder.pm line 341.
Use of uninitialized value $ptag in string eq at /home/cpan/bin/perl/lib/site_perl/5.41.13/HTML/TreeBuilder.pm line 349.
Use of uninitialized value in string eq at /home/cpan/bin/perl/lib/site_perl/5.41.13/HTML/Element.pm line 1670.
Use of uninitialized value in string eq at /home/cpan/bin/perl/lib/site_perl/5.41.13/HTML/Element.pm line 1670.
Use of uninitialized value in hash element at /home/cpan/bin/perl/lib/site_perl/5.41.13/HTML/Element.pm line 1677.
Use of uninitialized value $ptag in string eq at /home/cpan/bin/perl/lib/site_perl/5.41.13/HTML/TreeBuilder.pm line 1071.
Use of uninitialized value $ptag in string eq at /home/cpan/bin/perl/lib/site_perl/5.41.13/HTML/TreeBuilder.pm line 341.
Use of uninitialized value $ptag in string eq at /home/cpan/bin/perl/lib/site_perl/5.41.13/HTML/TreeBuilder.pm line 349.
Use of uninitialized value $ptag in string eq at /home/cpan/bin/perl/lib/site_perl/5.41.13/HTML/TreeBuilder.pm line 341.
Use of uninitialized value $ptag in string eq at /home/cpan/bin/perl/lib/site_perl/5.41.13/HTML/TreeBuilder.pm line 349.
Use of uninitialized value $ptag in string eq at /home/cpan/bin/perl/lib/site_perl/5.41.13/HTML/TreeBuilder.pm line 464.
Use of uninitialized value $ptag in hash element at /home/cpan/bin/perl/lib/site_perl/5.41.13/HTML/TreeBuilder.pm line 468.
Use of uninitialized value in string eq at /home/cpan/bin/perl/lib/site_perl/5.41.13/HTML/Element.pm line 1670.
Use of uninitialized value in string eq at /home/cpan/bin/perl/lib/site_perl/5.41.13/HTML/Element.pm line 1670.
Use of uninitialized value in hash element at /home/cpan/bin/perl/lib/site_perl/5.41.13/HTML/Element.pm line 1677.
Use of uninitialized value in hash element at /home/cpan/bin/perl/lib/site_perl/5.41.13/HTML/Element.pm line 1677.
Use of uninitialized value in hash element at /home/cpan/bin/perl/lib/site_perl/5.41.13/HTML/Element.pm line 1677.
Use of uninitialized value in hash element at /home/cpan/bin/perl/lib/site_perl/5.41.13/HTML/Element.pm line 1677.
Use of uninitialized value in hash element at /home/cpan/bin/perl/lib/site_perl/5.41.13/HTML/Element.pm line 1677.
Use of uninitialized value in hash element at /home/cpan/bin/perl/lib/site_perl/5.41.13/HTML/Element.pm line 1677.
Use of uninitialized value in hash element at /home/cpan/bin/perl/lib/site_perl/5.41.13/HTML/Element.pm line 1677.
Use of uninitialized value in hash element at /home/cpan/bin/perl/lib/site_perl/5.41.13/HTML/Element.pm line 1677.
Use of uninitialized value in hash element at /home/cpan/bin/perl/lib/site_perl/5.41.13/HTML/Element.pm line 1677.
Use of uninitialized value in hash element at /home/cpan/bin/perl/lib/site_perl/5.41.13/HTML/Element.pm line 1677.
Use of uninitialized value in hash element at /home/cpan/bin/perl/lib/site_perl/5.41.13/HTML/Element.pm line 1677.
Use of uninitialized value in hash element at /home/cpan/bin/perl/lib/site_perl/5.41.13/HTML/Element.pm line 1677.
Use of uninitialized value in hash element at /home/cpan/bin/perl/lib/site_perl/5.41.13/HTML/Element.pm line 1677.
Use of uninitialized value in hash element at /home/cpan/bin/perl/lib/site_perl/5.41.13/HTML/Element.pm line 1677.
Use of uninitialized value in hash element at /home/cpan/bin/perl/lib/site_perl/5.41.13/HTML/Element.pm line 1677.
Use of uninitialized value in hash element at /home/cpan/bin/perl/lib/site_perl/5.41.13/HTML/Element.pm line 1677.
Use of uninitialized value in hash element at /home/cpan/bin/perl/lib/site_perl/5.41.13/HTML/Element.pm line 1677.
Use of uninitialized value $ptag in string eq at /home/cpan/bin/perl/lib/site_perl/5.41.13/HTML/TreeBuilder.pm line 1071.
Use of uninitialized value $ptag in string eq at /home/cpan/bin/perl/lib/site_perl/5.41.13/HTML/TreeBuilder.pm line 1071.
Use of uninitialized value in hash element at /home/cpan/bin/perl/lib/site_perl/5.41.13/HTML/TreeBuilder.pm line 1180.
Use of uninitialized value $ptag in hash element at /home/cpan/bin/perl/lib/site_perl/5.41.13/HTML/TreeBuilder.pm line 1206.
Use of uninitialized value in hash element at /home/cpan/bin/perl/lib/site_perl/5.41.13/HTML/Element.pm line 1677.
Use of uninitialized value in concatenation (.) or string at /home/cpan/bin/perl/lib/site_perl/5.41.13/HTML/TreeBuilder.pm line 1317.
Use of uninitialized value $ptag in string eq at /home/cpan/bin/perl/lib/site_perl/5.41.13/HTML/TreeBuilder.pm line 1071.
# Failed test 'mass html comp'
# at t/30_tree.t line 53.
# got: '<html></html>'
# expected: '<html><head><title>gnarly table</title></head><body><table border=1><tr><td colspan=4 rowspan=1>(0,0) [1,4]</td><td colspan=4 rowspan=2>(0,1) [2,4]</td></tr><tr><td colspan=1 rowspan=2>(1,0) [2,1]</td><td colspan=1 rowspan=1>(1,1) [1,1]</td><td colspan=2 rowspan=1>(1,2) [1,2]</td></tr><tr><td colspan=4 rowspan=2>(2,0) [2,4]</td><td colspan=2 rowspan=2>(2,1) [2,2]</td><td colspan=1 rowspan=1>(2,2) [1,1]</td></tr><tr><td colspan=1 rowspan=1>(3,0) [1,1]</td><td colspan=1 rowspan=1>(3,1) [1,1]</td></tr><tr><td colspan=2 rowspan=3>(4,0) [3,2]</td><td colspan=1 rowspan=1>(4,1) [1,1]</td><td colspan=1 rowspan=3>(4,2) [3,1]</td><td colspan=4 rowspan=4>(4,3) [4,4]</td></tr><tr><td colspan=1 rowspan=1>(5,0) [1,1]</td></tr><tr><td colspan=1 rowspan=1>(6,0) [1,1]</td></tr><tr><td colspan=4 rowspan=1>(7,0) [1,4]</td></tr></table></body></html>'
Use of uninitialized value $ptag in string eq at /home/cpan/bin/perl/lib/site_perl/5.41.13/HTML/TreeBuilder.pm line 341.
Use of uninitialized value $ptag in string eq at /home/cpan/bin/perl/lib/site_perl/5.41.13/HTML/TreeBuilder.pm line 349.
Use of uninitialized value in string eq at /home/cpan/bin/perl/lib/site_perl/5.41.13/HTML/Element.pm line 1670.
Use of uninitialized value in string eq at /home/cpan/bin/perl/lib/site_perl/5.41.13/HTML/Element.pm line 1670.
Use of uninitialized value in hash element at /home/cpan/bin/perl/lib/site_perl/5.41.13/HTML/Element.pm line 1677.
Use of uninitialized value $ptag in string eq at /home/cpan/bin/perl/lib/site_perl/5.41.13/HTML/TreeBuilder.pm line 1071.
Use of uninitialized value $ptag in string eq at /home/cpan/bin/perl/lib/site_perl/5.41.13/HTML/TreeBuilder.pm line 341.
Use of uninitialized value $ptag in string eq at /home/cpan/bin/perl/lib/site_perl/5.41.13/HTML/TreeBuilder.pm line 349.
Use of uninitialized value $ptag in string eq at /home/cpan/bin/perl/lib/site_perl/5.41.13/HTML/TreeBuilder.pm line 341.
Use of uninitialized value $ptag in string eq at /home/cpan/bin/perl/lib/site_perl/5.41.13/HTML/TreeBuilder.pm line 349.
Use of uninitialized value $ptag in string eq at /home/cpan/bin/perl/lib/site_perl/5.41.13/HTML/TreeBuilder.pm line 464.
Use of uninitialized value $ptag in hash element at /home/cpan/bin/perl/lib/site_perl/5.41.13/HTML/TreeBuilder.pm line 468.
Use of uninitialized value in string eq at /home/cpan/bin/perl/lib/site_perl/5.41.13/HTML/Element.pm line 1670.
Use of uninitialized value in string eq at /home/cpan/bin/perl/lib/site_perl/5.41.13/HTML/Element.pm line 1670.
Use of uninitialized value in hash element at /home/cpan/bin/perl/lib/site_perl/5.41.13/HTML/Element.pm line 1677.
Use of uninitialized value in hash element at /home/cpan/bin/perl/lib/site_perl/5.41.13/HTML/Element.pm line 1677.
Use of uninitialized value in hash element at /home/cpan/bin/perl/lib/site_perl/5.41.13/HTML/Element.pm line 1677.
Use of uninitialized value in hash element at /home/cpan/bin/perl/lib/site_perl/5.41.13/HTML/Element.pm line 1677.
Use of uninitialized value in hash element at /home/cpan/bin/perl/lib/site_perl/5.41.13/HTML/Element.pm line 1677.
Use of uninitialized value in hash element at /home/cpan/bin/perl/lib/site_perl/5.41.13/HTML/Element.pm line 1677.
Use of uninitialized value in hash element at /home/cpan/bin/perl/lib/site_perl/5.41.13/HTML/Element.pm line 1677.
Use of uninitialized value in hash element at /home/cpan/bin/perl/lib/site_perl/5.41.13/HTML/Element.pm line 1677.
Use of uninitialized value in hash element at /home/cpan/bin/perl/lib/site_perl/5.41.13/HTML/Element.pm line 1677.
Use of uninitialized value in hash element at /home/cpan/bin/perl/lib/site_perl/5.41.13/HTML/Element.pm line 1677.
Use of uninitialized value in hash element at /home/cpan/bin/perl/lib/site_perl/5.41.13/HTML/Element.pm line 1677.
Use of uninitialized value in hash element at /home/cpan/bin/perl/lib/site_perl/5.41.13/HTML/Element.pm line 1677.
Use of uninitialized value in hash element at /home/cpan/bin/perl/lib/site_perl/5.41.13/HTML/Element.pm line 1677.
Use of uninitialized value in hash element at /home/cpan/bin/perl/lib/site_perl/5.41.13/HTML/Element.pm line 1677.
Use of uninitialized value in hash element at /home/cpan/bin/perl/lib/site_perl/5.41.13/HTML/Element.pm line 1677.
Use of uninitialized value in hash element at /home/cpan/bin/perl/lib/site_perl/5.41.13/HTML/Element.pm line 1677.
Use of uninitialized value in hash element at /home/cpan/bin/perl/lib/site_perl/5.41.13/HTML/Element.pm line 1677.
Use of uninitialized value $ptag in string eq at /home/cpan/bin/perl/lib/site_perl/5.41.13/HTML/TreeBuilder.pm line 1071.
Use of uninitialized value $ptag in string eq at /home/cpan/bin/perl/lib/site_perl/5.41.13/HTML/TreeBuilder.pm line 1071.
Use of uninitialized value in hash element at /home/cpan/bin/perl/lib/site_perl/5.41.13/HTML/TreeBuilder.pm line 1180.
Use of uninitialized value $ptag in hash element at /home/cpan/bin/perl/lib/site_perl/5.41.13/HTML/TreeBuilder.pm line 1206.
Use of uninitialized value in hash element at /home/cpan/bin/perl/lib/site_perl/5.41.13/HTML/Element.pm line 1677.
Use of uninitialized value in concatenation (.) or string at /home/cpan/bin/perl/lib/site_perl/5.41.13/HTML/TreeBuilder.pm line 1317.
Use of uninitialized value $ptag in string eq at /home/cpan/bin/perl/lib/site_perl/5.41.13/HTML/TreeBuilder.pm line 1071.
# Looks like you failed 1 test of 126.
t/30_tree.t ..........
Dubious, test returned 1 (wstat 256, 0x100)
Failed 1/126 subtests
Test Summary Report
-------------------
t/30_tree.t (Wstat: 256 (exited 1) Tests: 126 Failed: 1)
Failed test: 65
Non-zero exit status: 1
Files=14, Tests=2613, 1 wallclock secs ( 0.12 usr 0.03 sys + 0.85 cusr 0.14 csys = 1.14 CPU)
Result: FAIL
Failed 1/14 test programs. 1/2613 subtests failed.
*** Error code 1
Stop.
make: stopped in /home/cpan/.cpan/build/HTML-TableExtract-2.15-0
------------------------------
PREREQUISITES
------------------------------
Prerequisite modules loaded:
requires:
Module Need Have
------------------- ---- ----
HTML::Parser 0 3.83
build_requires:
Module Need Have
------------------- ---- ----
ExtUtils::MakeMaker 0 7.74
configure_requires:
Module Need Have
------------------- ---- ----
ExtUtils::MakeMaker 0 7.74
------------------------------
ENVIRONMENT AND OTHER CONTEXT
------------------------------
Environment variables:
AUTOMATED_TESTING = 1
DATE_MANIP_TEST_DM5 = 1
LANG = C.UTF-8
LC_ALL = C
NONINTERACTIVE_TESTING = 1
NO_NETWORK_TESTING = 1
PATH = /home/cpan/bin/perl/bin:/home/cpan/bin:/sbin:/bin:/usr/sbin:/usr/bin:/usr/local/sbin:/usr/local/bin:/home/cpan/bin
PERL5LIB =
PERL5OPT =
PERL5_CPANPLUS_IS_RUNNING = 42005
PERL5_CPAN_IS_RUNNING = 42005
PERL_MM_USE_DEFAULT = 1
PERL_USE_UNSAFE_INC = 1
SHELL = /usr/local/bin/bash
TERM = screen
TMPDIR = /home/cpan/tmp
Perl special variables (and OS-specific diagnostics, for MSWin32):
$^X = /home/cpan/bin/perl/bin/perl5.41.13
$UID/$EUID = 1002 / 1002
$GID = 1002 1002
$EGID = 1002 1002
Perl module toolchain versions installed:
Module Have
------------------- --------
CPAN 2.38
CPAN::Meta 2.150010
Cwd 3.94
ExtUtils::CBuilder 0.280241
ExtUtils::Command 7.74
ExtUtils::Install 2.22
ExtUtils::MakeMaker 7.74
ExtUtils::Manifest 1.75
ExtUtils::ParseXS 3.57
File::Spec 3.94
JSON 4.10
JSON::PP 4.16
Module::Build 0.4234
Module::Signature 0.89
Parse::CPAN::Meta 2.150010
Test2 1.302211
Test::Harness 3.50
Test::More 1.302211
YAML 1.31
YAML::Syck n/a
version 0.9933
--
Summary of my perl5 (revision 5 version 41 subversion 13) configuration:
Commit id: b365cc56e2df2563c1f7be563d269a7712d55908
Platform:
osname=freebsd
osvers=14.2-release-p1
archname=amd64-freebsd-thread-multi
uname='freebsd cjg-freebsd14 14.2-release-p1 freebsd 14.2-release-p1 generic amd64 '
config_args='-des -Dprefix=/home/cpan/bin/perl -Dscriptdir=/home/cpan/bin/perl/bin -Dusedevel -Duse64bitall -Duseithreads'
hint=recommended
useposix=true
d_sigaction=define
useithreads=define
usemultiplicity=define
use64bitint=define
use64bitall=define
uselongdouble=undef
usemymalloc=n
default_inc_excludes_dot=define
Compiler:
cc='cc'
ccflags ='-DHAS_FPSETMASK -DHAS_FLOATINGPOINT_H -DNO_POSIX_2008_LOCALE -fno-strict-aliasing -pipe -fstack-protector-strong -I/usr/local/include'
optimize='-O2'
cppflags='-DHAS_FPSETMASK -DHAS_FLOATINGPOINT_H -DNO_POSIX_2008_LOCALE -fno-strict-aliasing -pipe -fstack-protector-strong -I/usr/local/include'
ccversion=''
gccversion='FreeBSD Clang 18.1.6 (https://github.com/llvm/llvm-project.git llvmorg-18.1.6-0-g1118c2e05e67)'
gccosandvers=''
intsize=4
longsize=8
ptrsize=8
doublesize=8
byteorder=12345678
doublekind=3
d_longlong=define
longlongsize=8
d_longdbl=define
longdblsize=16
longdblkind=3
ivtype='long'
ivsize=8
nvtype='double'
nvsize=8
Off_t='off_t'
lseeksize=8
alignbytes=8
prototype=define
Linker and Libraries:
ld='cc'
ldflags ='-pthread -Wl,-E -fstack-protector-strong -L/usr/local/lib'
libpth=/usr/lib /usr/local/lib /usr/lib/clang/18/lib
libs=-lpthread -lgdbm -ldl -lm -lcrypt -lutil
perllibs=-lpthread -ldl -lm -lcrypt -lutil
libc=
so=so
useshrplib=false
libperl=libperl.a
gnulibc_version=''
Dynamic Linking:
dlsrc=dl_dlopen.xs
dlext=so
d_dlsymun=undef
ccdlflags=' '
cccdlflags='-DPIC -fPIC'
lddlflags='-shared -L/usr/local/lib -fstack-protector-strong'
Characteristics of this binary (from libperl):
Compile-time options:
HAS_LONG_DOUBLE
HAS_STRTOLD
HAS_TIMES
MULTIPLICITY
PERLIO_LAYERS
PERL_COPY_ON_WRITE
PERL_DONT_CREATE_GVSV
PERL_HASH_FUNC_SIPHASH13
PERL_HASH_USE_SBOX32
PERL_MALLOC_WRAP
PERL_OP_PARENT
PERL_PRESERVE_IVUV
PERL_USE_DEVEL
PERL_USE_SAFE_PUTENV
USE_64_BIT_ALL
USE_64_BIT_INT
USE_ITHREADS
USE_LARGE_FILES
USE_LOCALE
USE_LOCALE_COLLATE
USE_LOCALE_CTYPE
USE_LOCALE_NUMERIC
USE_LOCALE_TIME
USE_PERLIO
USE_PERL_ATOF
USE_REENTRANT_API
Built under freebsd
Compiled at May 14 2025 13:37:42
%ENV:
PERL5LIB=""
PERL5OPT=""
PERL5_CPANPLUS_IS_RUNNING="42005"
PERL5_CPAN_IS_RUNNING="42005"
PERL_MM_USE_DEFAULT="1"
PERL_USE_UNSAFE_INC="1"
@INC:
/home/cpan/bin/perl/lib/site_perl/5.41.13/amd64-freebsd-thread-multi
/home/cpan/bin/perl/lib/site_perl/5.41.13
/home/cpan/bin/perl/lib/5.41.13/amd64-freebsd-thread-multi
/home/cpan/bin/perl/lib/5.41.13
.