Report for MooX-Types-CLike-0.92

Back
From: metabase:user:00e8548a-0e72-11e3-8ee3-df0a9c418065
Subject: FAIL MooX-Types-CLike-0.92 v5.14.4 Windows (Cygwin)
Date: 2013-09-07T06:20:49Z

This distribution has been tested as part of the CPAN Testers
project, supporting the Perl programming language.  See
http://wiki.cpantesters.org/ for more information or email
questions to cpan-testers-discuss@perl.org


--
Dear Brendan Byrd,

This is a computer-generated report for MooX-Types-CLike-0.92
on perl 5.14.4, created by CPAN-Reporter-1.2010.

Thank you for uploading your work to CPAN.  However, there was a problem
testing your distribution.

If you think this report is invalid, please consult the CPAN Testers Wiki
for suggestions on how to avoid getting FAIL reports for missing library
or binary dependencies, unsupported operating systems, and so on:

http://wiki.cpantesters.org/wiki/CPANAuthorNotes

Sections of this report:

    * Tester comments
    * Program output
    * Prerequisites
    * Environment and other context

------------------------------
TESTER COMMENTS
------------------------------

Additional comments from tester:

this report is from an automated smoke testing program
and was not reviewed by a human for accuracy

------------------------------
PROGRAM OUTPUT
------------------------------

Output from '/usr/bin/make test':

PERL_DL_NONLAZY=1 /usr/bin/perl.exe "-MExtUtils::Command::MM" "-e" "test_harness(0, 'blib/lib', 'blib/arch')" t/*.t
t/00-check-deps.t ............. ok
t/00-compile.t ................ ok
t/00-load.t ................... ok
# 
# 
# Generated by Dist::Zilla::Plugin::ReportVersions::Tiny v1.08
# perl: 5.014004 (wanted v5.10.1) on cygwin from /usr/bin/perl
# 
# Data::Float                                   => 0.012      (want 0.008)  
# Moo                                           => 1.003      (want 0.009001)
# MooX::Types::MooseLike                        => 0.25       (want 0.06)   
# Pod::Coverage::TrustPod                       => 0.100002   (want any version)
# Test::CheckDeps                               => 0.006      (want 0.002)  
# Test::Exception                               => 0.32       (want 0.27)   
# Test::Pod                                     => 1.48       (want 1.41)   
# Test::Pod::Coverage                           => 1.08       (want 1.08)   
# Test::UseAllModules                           => 0.14       (want 0.10)   
# sanity                                        => 1.02       (want 0.91)   
# version                                       => 0.9903     (want 0.9901) 
# 
# Thanks for using my code.  I hope it works for you.
# If not, please try and include this output in the bug report.
# That will help me reproduce the issue and solve your problem.
# 
t/000-report-versions-tiny.t .. ok
    
    #   Failed test 'ShortFloat: Float accepts  NaN'
    #   at t/types.t line 197.
    # died: isa check for "Test_ShortFloat" failed: nan is not a 16-bit binary floating point number! at (eval 371) line 14.
    # 	Dummy::CLike::Test::Test_ShortFloat() called at t/types.t line 197
    # 	Test::Exception::lives_ok() called at t/types.t line 197
    # 	main::__ANON__() called at /usr/lib/perl5/5.14/Test/Builder.pm line 258
    # 	Test::Builder::__ANON__() called at /usr/lib/perl5/5.14/Test/Builder.pm line 263
    # 	eval {...} called at /usr/lib/perl5/5.14/Test/Builder.pm line 263
    # 	Test::Builder::subtest() called at /usr/lib/perl5/5.14/Test/More.pm line 770
    # 	Test::More::subtest() called at t/types.t line 362
    
    #   Failed test 'ShortFloat: Float accepts +inf'
    #   at t/types.t line 198.
    # died: isa check for "Test_ShortFloat" failed: inf is not a 16-bit binary floating point number! at (eval 371) line 14.
    # 	Dummy::CLike::Test::Test_ShortFloat() called at t/types.t line 198
    # 	Test::Exception::lives_ok() called at t/types.t line 198
    # 	main::__ANON__() called at /usr/lib/perl5/5.14/Test/Builder.pm line 258
    # 	Test::Builder::__ANON__() called at /usr/lib/perl5/5.14/Test/Builder.pm line 263
    # 	eval {...} called at /usr/lib/perl5/5.14/Test/Builder.pm line 263
    # 	Test::Builder::subtest() called at /usr/lib/perl5/5.14/Test/More.pm line 770
    # 	Test::More::subtest() called at t/types.t line 362
    
    #   Failed test 'ShortFloat: Float accepts -inf'
    #   at t/types.t line 199.
    # died: isa check for "Test_ShortFloat" failed: -inf is not a 16-bit binary floating point number! at (eval 371) line 14.
    # 	Dummy::CLike::Test::Test_ShortFloat() called at t/types.t line 199
    # 	Test::Exception::lives_ok() called at t/types.t line 199
    # 	main::__ANON__() called at /usr/lib/perl5/5.14/Test/Builder.pm line 258
    # 	Test::Builder::__ANON__() called at /usr/lib/perl5/5.14/Test/Builder.pm line 263
    # 	eval {...} called at /usr/lib/perl5/5.14/Test/Builder.pm line 263
    # 	Test::Builder::subtest() called at /usr/lib/perl5/5.14/Test/More.pm line 770
    # 	Test::More::subtest() called at t/types.t line 362
    # Looks like you failed 3 tests of 17.

#   Failed test 'Test_ShortFloat'
#   at t/types.t line 362.
    
    #   Failed test 'Half: Float accepts  NaN'
    #   at t/types.t line 197.
    # died: isa check for "Test_Half" failed: nan is not a 16-bit binary floating point number! at (eval 376) line 14.
    # 	Dummy::CLike::Test::Test_Half() called at t/types.t line 197
    # 	Test::Exception::lives_ok() called at t/types.t line 197
    # 	main::__ANON__() called at /usr/lib/perl5/5.14/Test/Builder.pm line 258
    # 	Test::Builder::__ANON__() called at /usr/lib/perl5/5.14/Test/Builder.pm line 263
    # 	eval {...} called at /usr/lib/perl5/5.14/Test/Builder.pm line 263
    # 	Test::Builder::subtest() called at /usr/lib/perl5/5.14/Test/More.pm line 770
    # 	Test::More::subtest() called at t/types.t line 362
    
    #   Failed test 'Half: Float accepts +inf'
    #   at t/types.t line 198.
    # died: isa check for "Test_Half" failed: inf is not a 16-bit binary floating point number! at (eval 376) line 14.
    # 	Dummy::CLike::Test::Test_Half() called at t/types.t line 198
    # 	Test::Exception::lives_ok() called at t/types.t line 198
    # 	main::__ANON__() called at /usr/lib/perl5/5.14/Test/Builder.pm line 258
    # 	Test::Builder::__ANON__() called at /usr/lib/perl5/5.14/Test/Builder.pm line 263
    # 	eval {...} called at /usr/lib/perl5/5.14/Test/Builder.pm line 263
    # 	Test::Builder::subtest() called at /usr/lib/perl5/5.14/Test/More.pm line 770
    # 	Test::More::subtest() called at t/types.t line 362
    
    #   Failed test 'Half: Float accepts -inf'
    #   at t/types.t line 199.
    # died: isa check for "Test_Half" failed: -inf is not a 16-bit binary floating point number! at (eval 376) line 14.
    # 	Dummy::CLike::Test::Test_Half() called at t/types.t line 199
    # 	Test::Exception::lives_ok() called at t/types.t line 199
    # 	main::__ANON__() called at /usr/lib/perl5/5.14/Test/Builder.pm line 258
    # 	Test::Builder::__ANON__() called at /usr/lib/perl5/5.14/Test/Builder.pm line 263
    # 	eval {...} called at /usr/lib/perl5/5.14/Test/Builder.pm line 263
    # 	Test::Builder::subtest() called at /usr/lib/perl5/5.14/Test/More.pm line 770
    # 	Test::More::subtest() called at t/types.t line 362
    # Looks like you failed 3 tests of 17.

#   Failed test 'Test_Half'
#   at t/types.t line 362.
    
    #   Failed test 'Float16: Float accepts  NaN'
    #   at t/types.t line 197.
    # died: isa check for "Test_Float16" failed: 1 at (eval 381) line 14.
    # 	Dummy::CLike::Test::Test_Float16() called at t/types.t line 197
    # 	Test::Exception::lives_ok() called at t/types.t line 197
    # 	main::__ANON__() called at /usr/lib/perl5/5.14/Test/Builder.pm line 258
    # 	Test::Builder::__ANON__() called at /usr/lib/perl5/5.14/Test/Builder.pm line 263
    # 	eval {...} called at /usr/lib/perl5/5.14/Test/Builder.pm line 263
    # 	Test::Builder::subtest() called at /usr/lib/perl5/5.14/Test/More.pm line 770
    # 	Test::More::subtest() called at t/types.t line 362
    
    #   Failed test 'Float16: Float accepts +inf'
    #   at t/types.t line 198.
    # died: isa check for "Test_Float16" failed: 1 at (eval 381) line 14.
    # 	Dummy::CLike::Test::Test_Float16() called at t/types.t line 198
    # 	Test::Exception::lives_ok() called at t/types.t line 198
    # 	main::__ANON__() called at /usr/lib/perl5/5.14/Test/Builder.pm line 258
    # 	Test::Builder::__ANON__() called at /usr/lib/perl5/5.14/Test/Builder.pm line 263
    # 	eval {...} called at /usr/lib/perl5/5.14/Test/Builder.pm line 263
    # 	Test::Builder::subtest() called at /usr/lib/perl5/5.14/Test/More.pm line 770
    # 	Test::More::subtest() called at t/types.t line 362
    
    #   Failed test 'Float16: Float accepts -inf'
    #   at t/types.t line 199.
    # died: isa check for "Test_Float16" failed: 1 at (eval 381) line 14.
    # 	Dummy::CLike::Test::Test_Float16() called at t/types.t line 199
    # 	Test::Exception::lives_ok() called at t/types.t line 199
    # 	main::__ANON__() called at /usr/lib/perl5/5.14/Test/Builder.pm line 258
    # 	Test::Builder::__ANON__() called at /usr/lib/perl5/5.14/Test/Builder.pm line 263
    # 	eval {...} called at /usr/lib/perl5/5.14/Test/Builder.pm line 263
    # 	Test::Builder::subtest() called at /usr/lib/perl5/5.14/Test/More.pm line 770
    # 	Test::More::subtest() called at t/types.t line 362
    # Looks like you failed 3 tests of 17.

#   Failed test 'Test_Float16'
#   at t/types.t line 362.
    
    #   Failed test 'Binary16: Float accepts  NaN'
    #   at t/types.t line 197.
    # died: isa check for "Test_Binary16" failed: 1 at (eval 386) line 14.
    # 	Dummy::CLike::Test::Test_Binary16() called at t/types.t line 197
    # 	Test::Exception::lives_ok() called at t/types.t line 197
    # 	main::__ANON__() called at /usr/lib/perl5/5.14/Test/Builder.pm line 258
    # 	Test::Builder::__ANON__() called at /usr/lib/perl5/5.14/Test/Builder.pm line 263
    # 	eval {...} called at /usr/lib/perl5/5.14/Test/Builder.pm line 263
    # 	Test::Builder::subtest() called at /usr/lib/perl5/5.14/Test/More.pm line 770
    # 	Test::More::subtest() called at t/types.t line 362
    
    #   Failed test 'Binary16: Float accepts +inf'
    #   at t/types.t line 198.
    # died: isa check for "Test_Binary16" failed: 1 at (eval 386) line 14.
    # 	Dummy::CLike::Test::Test_Binary16() called at t/types.t line 198
    # 	Test::Exception::lives_ok() called at t/types.t line 198
    # 	main::__ANON__() called at /usr/lib/perl5/5.14/Test/Builder.pm line 258
    # 	Test::Builder::__ANON__() called at /usr/lib/perl5/5.14/Test/Builder.pm line 263
    # 	eval {...} called at /usr/lib/perl5/5.14/Test/Builder.pm line 263
    # 	Test::Builder::subtest() called at /usr/lib/perl5/5.14/Test/More.pm line 770
    # 	Test::More::subtest() called at t/types.t line 362
    
    #   Failed test 'Binary16: Float accepts -inf'
    #   at t/types.t line 199.
    # died: isa check for "Test_Binary16" failed: 1 at (eval 386) line 14.
    # 	Dummy::CLike::Test::Test_Binary16() called at t/types.t line 199
    # 	Test::Exception::lives_ok() called at t/types.t line 199
    # 	main::__ANON__() called at /usr/lib/perl5/5.14/Test/Builder.pm line 258
    # 	Test::Builder::__ANON__() called at /usr/lib/perl5/5.14/Test/Builder.pm line 263
    # 	eval {...} called at /usr/lib/perl5/5.14/Test/Builder.pm line 263
    # 	Test::Builder::subtest() called at /usr/lib/perl5/5.14/Test/More.pm line 770
    # 	Test::More::subtest() called at t/types.t line 362
    # Looks like you failed 3 tests of 17.

#   Failed test 'Test_Binary16'
#   at t/types.t line 362.
    
    #   Failed test 'Single: Float accepts  NaN'
    #   at t/types.t line 197.
    # died: isa check for "Test_Single" failed: nan is not a 32-bit binary floating point number! at (eval 391) line 14.
    # 	Dummy::CLike::Test::Test_Single() called at t/types.t line 197
    # 	Test::Exception::lives_ok() called at t/types.t line 197
    # 	main::__ANON__() called at /usr/lib/perl5/5.14/Test/Builder.pm line 258
    # 	Test::Builder::__ANON__() called at /usr/lib/perl5/5.14/Test/Builder.pm line 263
    # 	eval {...} called at /usr/lib/perl5/5.14/Test/Builder.pm line 263
    # 	Test::Builder::subtest() called at /usr/lib/perl5/5.14/Test/More.pm line 770
    # 	Test::More::subtest() called at t/types.t line 362
    
    #   Failed test 'Single: Float accepts +inf'
    #   at t/types.t line 198.
    # died: isa check for "Test_Single" failed: inf is not a 32-bit binary floating point number! at (eval 391) line 14.
    # 	Dummy::CLike::Test::Test_Single() called at t/types.t line 198
    # 	Test::Exception::lives_ok() called at t/types.t line 198
    # 	main::__ANON__() called at /usr/lib/perl5/5.14/Test/Builder.pm line 258
    # 	Test::Builder::__ANON__() called at /usr/lib/perl5/5.14/Test/Builder.pm line 263
    # 	eval {...} called at /usr/lib/perl5/5.14/Test/Builder.pm line 263
    # 	Test::Builder::subtest() called at /usr/lib/perl5/5.14/Test/More.pm line 770
    # 	Test::More::subtest() called at t/types.t line 362
    
    #   Failed test 'Single: Float accepts -inf'
    #   at t/types.t line 199.
    # died: isa check for "Test_Single" failed: -inf is not a 32-bit binary floating point number! at (eval 391) line 14.
    # 	Dummy::CLike::Test::Test_Single() called at t/types.t line 199
    # 	Test::Exception::lives_ok() called at t/types.t line 199
    # 	main::__ANON__() called at /usr/lib/perl5/5.14/Test/Builder.pm line 258
    # 	Test::Builder::__ANON__() called at /usr/lib/perl5/5.14/Test/Builder.pm line 263
    # 	eval {...} called at /usr/lib/perl5/5.14/Test/Builder.pm line 263
    # 	Test::Builder::subtest() called at /usr/lib/perl5/5.14/Test/More.pm line 770
    # 	Test::More::subtest() called at t/types.t line 362
    # Looks like you failed 3 tests of 17.

#   Failed test 'Test_Single'
#   at t/types.t line 362.
    
    #   Failed test 'Real: Float accepts  NaN'
    #   at t/types.t line 197.
    # died: isa check for "Test_Real" failed: 1 at (eval 396) line 14.
    # 	Dummy::CLike::Test::Test_Real() called at t/types.t line 197
    # 	Test::Exception::lives_ok() called at t/types.t line 197
    # 	main::__ANON__() called at /usr/lib/perl5/5.14/Test/Builder.pm line 258
    # 	Test::Builder::__ANON__() called at /usr/lib/perl5/5.14/Test/Builder.pm line 263
    # 	eval {...} called at /usr/lib/perl5/5.14/Test/Builder.pm line 263
    # 	Test::Builder::subtest() called at /usr/lib/perl5/5.14/Test/More.pm line 770
    # 	Test::More::subtest() called at t/types.t line 362
    
    #   Failed test 'Real: Float accepts +inf'
    #   at t/types.t line 198.
    # died: isa check for "Test_Real" failed: 1 at (eval 396) line 14.
    # 	Dummy::CLike::Test::Test_Real() called at t/types.t line 198
    # 	Test::Exception::lives_ok() called at t/types.t line 198
    # 	main::__ANON__() called at /usr/lib/perl5/5.14/Test/Builder.pm line 258
    # 	Test::Builder::__ANON__() called at /usr/lib/perl5/5.14/Test/Builder.pm line 263
    # 	eval {...} called at /usr/lib/perl5/5.14/Test/Builder.pm line 263
    # 	Test::Builder::subtest() called at /usr/lib/perl5/5.14/Test/More.pm line 770
    # 	Test::More::subtest() called at t/types.t line 362
    
    #   Failed test 'Real: Float accepts -inf'
    #   at t/types.t line 199.
    # died: isa check for "Test_Real" failed: 1 at (eval 396) line 14.
    # 	Dummy::CLike::Test::Test_Real() called at t/types.t line 199
    # 	Test::Exception::lives_ok() called at t/types.t line 199
    # 	main::__ANON__() called at /usr/lib/perl5/5.14/Test/Builder.pm line 258
    # 	Test::Builder::__ANON__() called at /usr/lib/perl5/5.14/Test/Builder.pm line 263
    # 	eval {...} called at /usr/lib/perl5/5.14/Test/Builder.pm line 263
    # 	Test::Builder::subtest() called at /usr/lib/perl5/5.14/Test/More.pm line 770
    # 	Test::More::subtest() called at t/types.t line 362
    # Looks like you failed 3 tests of 17.

#   Failed test 'Test_Real'
#   at t/types.t line 362.
    
    #   Failed test 'Float: Float accepts  NaN'
    #   at t/types.t line 197.
    # died: isa check for "Test_Float" failed: 1 at (eval 401) line 14.
    # 	Dummy::CLike::Test::Test_Float() called at t/types.t line 197
    # 	Test::Exception::lives_ok() called at t/types.t line 197
    # 	main::__ANON__() called at /usr/lib/perl5/5.14/Test/Builder.pm line 258
    # 	Test::Builder::__ANON__() called at /usr/lib/perl5/5.14/Test/Builder.pm line 263
    # 	eval {...} called at /usr/lib/perl5/5.14/Test/Builder.pm line 263
    # 	Test::Builder::subtest() called at /usr/lib/perl5/5.14/Test/More.pm line 770
    # 	Test::More::subtest() called at t/types.t line 362
    
    #   Failed test 'Float: Float accepts +inf'
    #   at t/types.t line 198.
    # died: isa check for "Test_Float" failed: 1 at (eval 401) line 14.
    # 	Dummy::CLike::Test::Test_Float() called at t/types.t line 198
    # 	Test::Exception::lives_ok() called at t/types.t line 198
    # 	main::__ANON__() called at /usr/lib/perl5/5.14/Test/Builder.pm line 258
    # 	Test::Builder::__ANON__() called at /usr/lib/perl5/5.14/Test/Builder.pm line 263
    # 	eval {...} called at /usr/lib/perl5/5.14/Test/Builder.pm line 263
    # 	Test::Builder::subtest() called at /usr/lib/perl5/5.14/Test/More.pm line 770
    # 	Test::More::subtest() called at t/types.t line 362
    
    #   Failed test 'Float: Float accepts -inf'
    #   at t/types.t line 199.
    # died: isa check for "Test_Float" failed: 1 at (eval 401) line 14.
    # 	Dummy::CLike::Test::Test_Float() called at t/types.t line 199
    # 	Test::Exception::lives_ok() called at t/types.t line 199
    # 	main::__ANON__() called at /usr/lib/perl5/5.14/Test/Builder.pm line 258
    # 	Test::Builder::__ANON__() called at /usr/lib/perl5/5.14/Test/Builder.pm line 263
    # 	eval {...} called at /usr/lib/perl5/5.14/Test/Builder.pm line 263
    # 	Test::Builder::subtest() called at /usr/lib/perl5/5.14/Test/More.pm line 770
    # 	Test::More::subtest() called at t/types.t line 362
    # Looks like you failed 3 tests of 17.

#   Failed test 'Test_Float'
#   at t/types.t line 362.
    
    #   Failed test 'Float32: Float accepts  NaN'
    #   at t/types.t line 197.
    # died: isa check for "Test_Float32" failed: 1 at (eval 406) line 14.
    # 	Dummy::CLike::Test::Test_Float32() called at t/types.t line 197
    # 	Test::Exception::lives_ok() called at t/types.t line 197
    # 	main::__ANON__() called at /usr/lib/perl5/5.14/Test/Builder.pm line 258
    # 	Test::Builder::__ANON__() called at /usr/lib/perl5/5.14/Test/Builder.pm line 263
    # 	eval {...} called at /usr/lib/perl5/5.14/Test/Builder.pm line 263
    # 	Test::Builder::subtest() called at /usr/lib/perl5/5.14/Test/More.pm line 770
    # 	Test::More::subtest() called at t/types.t line 362
    
    #   Failed test 'Float32: Float accepts +inf'
    #   at t/types.t line 198.
    # died: isa check for "Test_Float32" failed: 1 at (eval 406) line 14.
    # 	Dummy::CLike::Test::Test_Float32() called at t/types.t line 198
    # 	Test::Exception::lives_ok() called at t/types.t line 198
    # 	main::__ANON__() called at /usr/lib/perl5/5.14/Test/Builder.pm line 258
    # 	Test::Builder::__ANON__() called at /usr/lib/perl5/5.14/Test/Builder.pm line 263
    # 	eval {...} called at /usr/lib/perl5/5.14/Test/Builder.pm line 263
    # 	Test::Builder::subtest() called at /usr/lib/perl5/5.14/Test/More.pm line 770
    # 	Test::More::subtest() called at t/types.t line 362
    
    #   Failed test 'Float32: Float accepts -inf'
    #   at t/types.t line 199.
    # died: isa check for "Test_Float32" failed: 1 at (eval 406) line 14.
    # 	Dummy::CLike::Test::Test_Float32() called at t/types.t line 199
    # 	Test::Exception::lives_ok() called at t/types.t line 199
    # 	main::__ANON__() called at /usr/lib/perl5/5.14/Test/Builder.pm line 258
    # 	Test::Builder::__ANON__() called at /usr/lib/perl5/5.14/Test/Builder.pm line 263
    # 	eval {...} called at /usr/lib/perl5/5.14/Test/Builder.pm line 263
    # 	Test::Builder::subtest() called at /usr/lib/perl5/5.14/Test/More.pm line 770
    # 	Test::More::subtest() called at t/types.t line 362
    # Looks like you failed 3 tests of 17.

#   Failed test 'Test_Float32'
#   at t/types.t line 362.
    
    #   Failed test 'Binary32: Float accepts  NaN'
    #   at t/types.t line 197.
    # died: isa check for "Test_Binary32" failed: 1 at (eval 411) line 14.
    # 	Dummy::CLike::Test::Test_Binary32() called at t/types.t line 197
    # 	Test::Exception::lives_ok() called at t/types.t line 197
    # 	main::__ANON__() called at /usr/lib/perl5/5.14/Test/Builder.pm line 258
    # 	Test::Builder::__ANON__() called at /usr/lib/perl5/5.14/Test/Builder.pm line 263
    # 	eval {...} called at /usr/lib/perl5/5.14/Test/Builder.pm line 263
    # 	Test::Builder::subtest() called at /usr/lib/perl5/5.14/Test/More.pm line 770
    # 	Test::More::subtest() called at t/types.t line 362
    
    #   Failed test 'Binary32: Float accepts +inf'
    #   at t/types.t line 198.
    # died: isa check for "Test_Binary32" failed: 1 at (eval 411) line 14.
    # 	Dummy::CLike::Test::Test_Binary32() called at t/types.t line 198
    # 	Test::Exception::lives_ok() called at t/types.t line 198
    # 	main::__ANON__() called at /usr/lib/perl5/5.14/Test/Builder.pm line 258
    # 	Test::Builder::__ANON__() called at /usr/lib/perl5/5.14/Test/Builder.pm line 263
    # 	eval {...} called at /usr/lib/perl5/5.14/Test/Builder.pm line 263
    # 	Test::Builder::subtest() called at /usr/lib/perl5/5.14/Test/More.pm line 770
    # 	Test::More::subtest() called at t/types.t line 362
    
    #   Failed test 'Binary32: Float accepts -inf'
    #   at t/types.t line 199.
    # died: isa check for "Test_Binary32" failed: 1 at (eval 411) line 14.
    # 	Dummy::CLike::Test::Test_Binary32() called at t/types.t line 199
    # 	Test::Exception::lives_ok() called at t/types.t line 199
    # 	main::__ANON__() called at /usr/lib/perl5/5.14/Test/Builder.pm line 258
    # 	Test::Builder::__ANON__() called at /usr/lib/perl5/5.14/Test/Builder.pm line 263
    # 	eval {...} called at /usr/lib/perl5/5.14/Test/Builder.pm line 263
    # 	Test::Builder::subtest() called at /usr/lib/perl5/5.14/Test/More.pm line 770
    # 	Test::More::subtest() called at t/types.t line 362
    # Looks like you failed 3 tests of 17.

#   Failed test 'Test_Binary32'
#   at t/types.t line 362.
# Looks like you failed 9 tests of 92.
t/types.t ..................... 
Dubious, test returned 9 (wstat 2304, 0x900)
Failed 9/92 subtests 

Test Summary Report
-------------------
t/types.t                   (Wstat: 2304 Tests: 92 Failed: 9)
  Failed tests:  62-70
  Non-zero exit status: 9
Files=5, Tests=106,  5 wallclock secs ( 0.02 usr  0.05 sys +  3.88 cusr  0.52 csys =  4.47 CPU)
Result: FAIL
Failed 1/5 test programs. 9/106 subtests failed.
Makefile:846: recipe for target `test_dynamic' failed
make: *** [test_dynamic] Error 9

------------------------------
PREREQUISITES
------------------------------

Prerequisite modules loaded:

requires:

    Module                 Need     Have    
    ---------------------- -------- --------
    Data::Float            0.008    0.012   
    MooX::Types::MooseLike 0.06     0.25    
    sanity                 0.91     1.02    

build_requires:

    Module                 Need     Have    
    ---------------------- -------- --------
    Moo                    0.009001 1.003000
    Test::CheckDeps        0.002    0.006   
    Test::Exception        0.27     0.32    
    Test::UseAllModules    0.10     0.14    


------------------------------
ENVIRONMENT AND OTHER CONTEXT
------------------------------

Environment variables:

    AUTOMATED_TESTING = 1
    COMSPEC = C:\Windows\system32\cmd.exe
    LANG = en_US.UTF-8
    NUMBER_OF_PROCESSORS = 4
    PATH = /usr/local/bin:/usr/bin:/cygdrive/c/Program Files/Common Files/Microsoft Shared/Windows Live:/cygdrive/c/Program Files (x86)/Common Files/Microsoft Shared/Windows Live:/cygdrive/c/Program Files (x86)/AMD APP/bin/x86_64:/cygdrive/c/Program Files (x86)/AMD APP/bin/x86:/cygdrive/c/Windows/system32:/cygdrive/c/Windows:/cygdrive/c/Windows/System32/Wbem:/cygdrive/c/Windows/System32/WindowsPowerShell/v1.0:/cygdrive/c/Program Files (x86)/ATI Technologies/ATI.ACE/Core-Static:/cygdrive/c/Program Files (x86)/Security Innovation/SI TSS/bin:/cygdrive/c/Program Files (x86)/Windows Live/Shared
    PERL5LIB = 
    PERL5OPT = 
    PERL5_CPANPLUS_IS_RUNNING = 5944
    PERL5_CPAN_IS_RUNNING = 5944
    PERL5_CPAN_IS_RUNNING_IN_RECURSION = 8004,5944
    PERL_CR_SMOKER_CURRENT = MooX-Types-CLike-0.92
    PERL_EXTUTILS_AUTOINSTALL = --defaultdeps
    PERL_MM_USE_DEFAULT = 1
    PROCESSOR_IDENTIFIER = Intel64 Family 6 Model 58 Stepping 9, GenuineIntel
    SHELL = /bin/bash
    TEMP = /tmp
    TERM = xterm

Perl special variables (and OS-specific diagnostics, for MSWin32):

    $^X = /usr/bin/perl
    $UID/$EUID = 2855161 / 2855161
    $GID = 10513 0 544 545 1005 1003 10513
    $EGID = 10513 0 544 545 1005 1003 10513

Perl module toolchain versions installed:

    Module              Have    
    ------------------- --------
    CPAN                2.00    
    CPAN::Meta          2.132140
    Cwd                 3.40    
    ExtUtils::CBuilder  0.280205
    ExtUtils::Command   1.17    
    ExtUtils::Install   1.56    
    ExtUtils::MakeMaker 6.75_04 
    ExtUtils::Manifest  1.61    
    ExtUtils::ParseXS   3.21    
    File::Spec          3.40    
    JSON                2.59    
    JSON::PP            2.27202 
    Module::Build       0.4007  
    Module::Signature   n/a     
    Parse::CPAN::Meta   1.4405  
    Test::Harness       3.28    
    Test::More          0.98_05 
    YAML                0.84    
    YAML::Syck          1.27    
    version             0.9903  


--

Summary of my perl5 (revision 5 version 14 subversion 4) configuration:
   
  Platform:
    osname=cygwin, osvers=1.7.18(0.26353), archname=cygwin-thread-multi
    uname='cygwin_nt-6.1 yaakov04 1.7.18(0.26353) 2013-03-07 19:25 x86_64 cygwin '
    config_args='-d -e -Dprefix=/usr -Dmksymlinks -Dusethreads -Darchname=x86_64-cygwin-threads -Dlibperl=cygperl5_14.dll -Dcc=gcc -Dld=g++'
    hint=recommended, useposix=true, d_sigaction=define
    useithreads=define, usemultiplicity=define
    useperlio=define, d_sfio=undef, uselargefiles=define, usesocks=undef
    use64bitint=define, use64bitall=define, uselongdouble=undef
    usemymalloc=n, bincompat5005=undef
  Compiler:
    cc='gcc', ccflags ='-DPERL_USE_SAFE_PUTENV -U__STRICT_ANSI__ -fno-strict-aliasing -pipe -fstack-protector',
    optimize='-O3',
    cppflags='-DPERL_USE_SAFE_PUTENV -U__STRICT_ANSI__ -fno-strict-aliasing -pipe -fstack-protector'
    ccversion='', gccversion='4.8.0 20130307 (experimental)', gccosandvers=''
    intsize=4, longsize=8, ptrsize=8, doublesize=8, byteorder=12345678
    d_longlong=define, longlongsize=8, d_longdbl=define, longdblsize=16
    ivtype='long', ivsize=8, nvtype='double', nvsize=8, Off_t='off_t', lseeksize=8
    alignbytes=8, prototype=define
  Linker and Libraries:
    ld='g++', ldflags =' -Wl,--enable-auto-import -Wl,--export-all-symbols -Wl,--enable-auto-image-base -fstack-protector'
    libpth=/usr/lib /lib
    libs=-lgdbm -ldb -ldl -lcrypt -lgdbm_compat
    perllibs=-ldl -lcrypt
    libc=/usr/lib/libc.a, so=dll, useshrplib=true, libperl=cygperl5_14.dll
    gnulibc_version=''
  Dynamic Linking:
    dlsrc=dl_dlopen.xs, dlext=dll, d_dlsymun=undef, ccdlflags=' '
    cccdlflags=' ', lddlflags=' --shared  -Wl,--enable-auto-import -Wl,--export-all-symbols -Wl,--enable-auto-image-base -fstack-protector'


Characteristics of this binary (from libperl): 
  Compile-time options: MULTIPLICITY PERL_DONT_CREATE_GVSV
                        PERL_IMPLICIT_CONTEXT PERL_PRESERVE_IVUV
                        PERL_USE_SAFE_PUTENV USE_64_BIT_ALL USE_64_BIT_INT
                        USE_ITHREADS USE_LARGE_FILES USE_PERLIO USE_PERL_ATOF
                        USE_REENTRANT_API
  Locally applied patches:
	Bug#55162 File::Spec::case_tolerant performance
	CYG07 $vendorarch/auto/.rebase
	CYG15 static Win32CORE
	CYG17 cyg-1.7 paths-utf8
	0c612ce82 Fix building static extensions on cygwin, -UUSEIMPORTLIB
	1bac5ecc1 Fix 64-bit threading sv.c: S_anonymise_cv_maybe
	Cygwin::sync_winenv added
  Built under cygwin
  Compiled at Mar 11 2013 18:25:23
  %ENV:
    PERL5LIB=""
    PERL5OPT=""
    PERL5_CPANPLUS_IS_RUNNING="5944"
    PERL5_CPAN_IS_RUNNING="5944"
    PERL5_CPAN_IS_RUNNING_IN_RECURSION="8004,5944"
    PERL_CR_SMOKER_CURRENT="MooX-Types-CLike-0.92"
    PERL_EXTUTILS_AUTOINSTALL="--defaultdeps"
    PERL_MM_USE_DEFAULT="1"
  @INC:
    /usr/lib/perl5/site_perl/5.14/x86_64-cygwin-threads
    /usr/lib/perl5/site_perl/5.14
    /usr/lib/perl5/vendor_perl/5.14/x86_64-cygwin-threads
    /usr/lib/perl5/vendor_perl/5.14
    /usr/lib/perl5/5.14/x86_64-cygwin-threads
    /usr/lib/perl5/5.14
    .