Net-Autoconfig vv1.13.2 Perl 5 v5.37.10 x86_64-linux-ld
- Status
- Fail
- From
- Andreas J. König (ANDK)
- Dist
-
Net-Autoconfig vv1.13.2
- Platform
- Perl 5 v5.37.10 x86_64-linux-ld
- Date
- 2023-03-25 08:19:34
- ID
- c6c67f8a-cae5-11ed-8d0b-b404ee7f54a7
This distribution has been tested as part of the CPAN Testers
project, supporting the Perl programming language. See
http://wiki.cpantesters.org/ for more information or email
questions to cpan-testers-discuss@perl.org
--
Dear Kevin Ehlers,
This is a computer-generated report for Net-Autoconfig-v1.13.2
on perl 5.37.10, created by CPAN-Reporter-1.2018.
Thank you for uploading your work to CPAN. However, there was a problem
testing your distribution.
If you think this report is invalid, please consult the CPAN Testers Wiki
for suggestions on how to avoid getting FAIL reports for missing library
or binary dependencies, unsupported operating systems, and so on:
http://wiki.cpantesters.org/wiki/CPANAuthorNotes
Sections of this report:
* Tester comments
* Program output
* Prerequisites
* Environment and other context
------------------------------
TESTER COMMENTS
------------------------------
Additional comments from tester:
this report is from an automated smoke testing program
and was not reviewed by a human for accuracy
------------------------------
PROGRAM OUTPUT
------------------------------
Output from '/usr/bin/make test':
PERL_DL_NONLAZY=1 "/tmp/basesmoker-reloperl-niLM/bin/perl" "-MExtUtils::Command::MM" "-MTest::Harness" "-e" "undef *Test::Harness::Switches; test_harness(0, 'blib/lib', 'blib/arch')" t/*.t
# Failed test 'use Net::Autoconfig::Device::Cisco;'
# at t/Net-Autoconfig-Device-Cisco.t line 10.
# Tried to use 'Net::Autoconfig::Device::Cisco'.
# Error: syntax error at /tmp/loop_over_bdir-1601045-niXMfj/Net-Autoconfig-v1.13.2-0/blib/lib/Net/Autoconfig/Template.pm line 138, near "$hostname qw(device host hostname)"
# Execution of /tmp/loop_over_bdir-1601045-niXMfj/Net-Autoconfig-v1.13.2-0/blib/lib/Net/Autoconfig/Template.pm aborted due to compilation errors.
# Compilation failed in require at /tmp/loop_over_bdir-1601045-niXMfj/Net-Autoconfig-v1.13.2-0/blib/lib/Net/Autoconfig.pm line 9.
# BEGIN failed--compilation aborted at /tmp/loop_over_bdir-1601045-niXMfj/Net-Autoconfig-v1.13.2-0/blib/lib/Net/Autoconfig.pm line 9.
# Compilation failed in require at /home/sand/src/perl/repoperls/installed-perls/host/k93jammy/v5.37.10/5674/lib/5.37.10/base.pm line 137.
# ...propagated at /home/sand/src/perl/repoperls/installed-perls/host/k93jammy/v5.37.10/5674/lib/5.37.10/base.pm line 159.
# BEGIN failed--compilation aborted at /tmp/loop_over_bdir-1601045-niXMfj/Net-Autoconfig-v1.13.2-0/blib/lib/Net/Autoconfig/Device.pm line 7.
# Compilation failed in require at /home/sand/src/perl/repoperls/installed-perls/host/k93jammy/v5.37.10/5674/lib/5.37.10/base.pm line 137.
# ...propagated at /home/sand/src/perl/repoperls/installed-perls/host/k93jammy/v5.37.10/5674/lib/5.37.10/base.pm line 159.
# BEGIN failed--compilation aborted at /tmp/loop_over_bdir-1601045-niXMfj/Net-Autoconfig-v1.13.2-0/blib/lib/Net/Autoconfig/Device/Cisco.pm line 7.
# Compilation failed in require at t/Net-Autoconfig-Device-Cisco.t line 10.
# BEGIN failed--compilation aborted at t/Net-Autoconfig-Device-Cisco.t line 10.
# Failed test 'Net::Autoconfig::Device::Cisco->can('new')'
# at t/Net-Autoconfig-Device-Cisco.t line 19.
# Net::Autoconfig::Device::Cisco->can('new') failed
# Failed test 'Net::Autoconfig::Device::Cisco->can('connect')'
# at t/Net-Autoconfig-Device-Cisco.t line 19.
# Net::Autoconfig::Device::Cisco->can('connect') failed
# Failed test 'Net::Autoconfig::Device::Cisco->can('discover_dev_type')'
# at t/Net-Autoconfig-Device-Cisco.t line 19.
# Net::Autoconfig::Device::Cisco->can('discover_dev_type') failed
# Failed test 'Net::Autoconfig::Device::Cisco->can('get_admin_rights')'
# at t/Net-Autoconfig-Device-Cisco.t line 19.
# Net::Autoconfig::Device::Cisco->can('get_admin_rights') failed
# Failed test 'Net::Autoconfig::Device::Cisco->can('disable_paging')'
# at t/Net-Autoconfig-Device-Cisco.t line 19.
# Net::Autoconfig::Device::Cisco->can('disable_paging') failed
Can't locate object method "new" via package "Net::Autoconfig::Device::Cisco" at t/Net-Autoconfig-Device-Cisco.t line 33.
# Looks like your test exited with 255 just after 6.
t/Net-Autoconfig-Device-Cisco.t ...
Dubious, test returned 255 (wstat 65280, 0xff00)
Failed 29/29 subtests
# Failed test 'use Net::Autoconfig::Device::HP;'
# at t/Net-Autoconfig-Device-HP.t line 10.
# Tried to use 'Net::Autoconfig::Device::HP'.
# Error: syntax error at /tmp/loop_over_bdir-1601045-niXMfj/Net-Autoconfig-v1.13.2-0/blib/lib/Net/Autoconfig/Template.pm line 138, near "$hostname qw(device host hostname)"
# Execution of /tmp/loop_over_bdir-1601045-niXMfj/Net-Autoconfig-v1.13.2-0/blib/lib/Net/Autoconfig/Template.pm aborted due to compilation errors.
# Compilation failed in require at /tmp/loop_over_bdir-1601045-niXMfj/Net-Autoconfig-v1.13.2-0/blib/lib/Net/Autoconfig.pm line 9.
# BEGIN failed--compilation aborted at /tmp/loop_over_bdir-1601045-niXMfj/Net-Autoconfig-v1.13.2-0/blib/lib/Net/Autoconfig.pm line 9.
# Compilation failed in require at /home/sand/src/perl/repoperls/installed-perls/host/k93jammy/v5.37.10/5674/lib/5.37.10/base.pm line 137.
# ...propagated at /home/sand/src/perl/repoperls/installed-perls/host/k93jammy/v5.37.10/5674/lib/5.37.10/base.pm line 159.
# BEGIN failed--compilation aborted at /tmp/loop_over_bdir-1601045-niXMfj/Net-Autoconfig-v1.13.2-0/blib/lib/Net/Autoconfig/Device.pm line 7.
# Compilation failed in require at /home/sand/src/perl/repoperls/installed-perls/host/k93jammy/v5.37.10/5674/lib/5.37.10/base.pm line 137.
# ...propagated at /home/sand/src/perl/repoperls/installed-perls/host/k93jammy/v5.37.10/5674/lib/5.37.10/base.pm line 159.
# BEGIN failed--compilation aborted at /tmp/loop_over_bdir-1601045-niXMfj/Net-Autoconfig-v1.13.2-0/blib/lib/Net/Autoconfig/Device/HP.pm line 7.
# Compilation failed in require at t/Net-Autoconfig-Device-HP.t line 10.
# BEGIN failed--compilation aborted at t/Net-Autoconfig-Device-HP.t line 10.
# Failed test 'Net::Autoconfig::Device::HP->can('new')'
# at t/Net-Autoconfig-Device-HP.t line 19.
# Net::Autoconfig::Device::HP->can('new') failed
# Failed test 'Net::Autoconfig::Device::HP->can('connect')'
# at t/Net-Autoconfig-Device-HP.t line 19.
# Net::Autoconfig::Device::HP->can('connect') failed
# Failed test 'Net::Autoconfig::Device::HP->can('discover_dev_type')'
# at t/Net-Autoconfig-Device-HP.t line 19.
# Net::Autoconfig::Device::HP->can('discover_dev_type') failed
# Failed test 'Net::Autoconfig::Device::HP->can('get_admin_rights')'
# at t/Net-Autoconfig-Device-HP.t line 19.
# Net::Autoconfig::Device::HP->can('get_admin_rights') failed
# Failed test 'Net::Autoconfig::Device::HP->can('configure')'
# at t/Net-Autoconfig-Device-HP.t line 19.
# Net::Autoconfig::Device::HP->can('configure') failed
# Failed test 'Net::Autoconfig::Device::HP->can('disable_paging')'
# at t/Net-Autoconfig-Device-HP.t line 19.
# Net::Autoconfig::Device::HP->can('disable_paging') failed
Can't locate object method "new" via package "Net::Autoconfig::Device::HP" at t/Net-Autoconfig-Device-HP.t line 32.
# Looks like your test exited with 255 just after 7.
t/Net-Autoconfig-Device-HP.t ......
Dubious, test returned 255 (wstat 65280, 0xff00)
Failed 28/28 subtests
# Failed test 'use Net::Autoconfig::Device::HP4000;'
# at t/Net-Autoconfig-Device-HP4000.t line 10.
# Tried to use 'Net::Autoconfig::Device::HP4000'.
# Error: syntax error at /tmp/loop_over_bdir-1601045-niXMfj/Net-Autoconfig-v1.13.2-0/blib/lib/Net/Autoconfig/Template.pm line 138, near "$hostname qw(device host hostname)"
# Execution of /tmp/loop_over_bdir-1601045-niXMfj/Net-Autoconfig-v1.13.2-0/blib/lib/Net/Autoconfig/Template.pm aborted due to compilation errors.
# Compilation failed in require at /tmp/loop_over_bdir-1601045-niXMfj/Net-Autoconfig-v1.13.2-0/blib/lib/Net/Autoconfig.pm line 9.
# BEGIN failed--compilation aborted at /tmp/loop_over_bdir-1601045-niXMfj/Net-Autoconfig-v1.13.2-0/blib/lib/Net/Autoconfig.pm line 9.
# Compilation failed in require at /home/sand/src/perl/repoperls/installed-perls/host/k93jammy/v5.37.10/5674/lib/5.37.10/base.pm line 137.
# ...propagated at /home/sand/src/perl/repoperls/installed-perls/host/k93jammy/v5.37.10/5674/lib/5.37.10/base.pm line 159.
# BEGIN failed--compilation aborted at /tmp/loop_over_bdir-1601045-niXMfj/Net-Autoconfig-v1.13.2-0/blib/lib/Net/Autoconfig/Device.pm line 7.
# Compilation failed in require at /home/sand/src/perl/repoperls/installed-perls/host/k93jammy/v5.37.10/5674/lib/5.37.10/base.pm line 137.
# ...propagated at /home/sand/src/perl/repoperls/installed-perls/host/k93jammy/v5.37.10/5674/lib/5.37.10/base.pm line 159.
# BEGIN failed--compilation aborted at /tmp/loop_over_bdir-1601045-niXMfj/Net-Autoconfig-v1.13.2-0/blib/lib/Net/Autoconfig/Device/HP4000.pm line 7.
# Compilation failed in require at t/Net-Autoconfig-Device-HP4000.t line 10.
# BEGIN failed--compilation aborted at t/Net-Autoconfig-Device-HP4000.t line 10.
# Failed test 'Net::Autoconfig::Device::HP4000->can('new')'
# at t/Net-Autoconfig-Device-HP4000.t line 19.
# Net::Autoconfig::Device::HP4000->can('new') failed
# Failed test 'Net::Autoconfig::Device::HP4000->can('connect')'
# at t/Net-Autoconfig-Device-HP4000.t line 19.
# Net::Autoconfig::Device::HP4000->can('connect') failed
# Failed test 'Net::Autoconfig::Device::HP4000->can('discover_dev_type')'
# at t/Net-Autoconfig-Device-HP4000.t line 19.
# Net::Autoconfig::Device::HP4000->can('discover_dev_type') failed
# Failed test 'Net::Autoconfig::Device::HP4000->can('get_admin_rights')'
# at t/Net-Autoconfig-Device-HP4000.t line 19.
# Net::Autoconfig::Device::HP4000->can('get_admin_rights') failed
# Failed test 'Net::Autoconfig::Device::HP4000->can('configure')'
# at t/Net-Autoconfig-Device-HP4000.t line 19.
# Net::Autoconfig::Device::HP4000->can('configure') failed
# Failed test 'Net::Autoconfig::Device::HP4000->can('disable_paging')'
# at t/Net-Autoconfig-Device-HP4000.t line 19.
# Net::Autoconfig::Device::HP4000->can('disable_paging') failed
Can't locate object method "new" via package "Net::Autoconfig::Device::HP4000" at t/Net-Autoconfig-Device-HP4000.t line 32.
# Looks like your test exited with 255 just after 7.
t/Net-Autoconfig-Device-HP4000.t ..
Dubious, test returned 255 (wstat 65280, 0xff00)
Failed 28/28 subtests
# Failed test 'use Net::Autoconfig::Device;'
# at t/Net-Autoconfig-Device.t line 10.
# Tried to use 'Net::Autoconfig::Device'.
# Error: syntax error at /tmp/loop_over_bdir-1601045-niXMfj/Net-Autoconfig-v1.13.2-0/blib/lib/Net/Autoconfig/Template.pm line 138, near "$hostname qw(device host hostname)"
# Execution of /tmp/loop_over_bdir-1601045-niXMfj/Net-Autoconfig-v1.13.2-0/blib/lib/Net/Autoconfig/Template.pm aborted due to compilation errors.
# Compilation failed in require at /tmp/loop_over_bdir-1601045-niXMfj/Net-Autoconfig-v1.13.2-0/blib/lib/Net/Autoconfig.pm line 9.
# BEGIN failed--compilation aborted at /tmp/loop_over_bdir-1601045-niXMfj/Net-Autoconfig-v1.13.2-0/blib/lib/Net/Autoconfig.pm line 9.
# Compilation failed in require at /home/sand/src/perl/repoperls/installed-perls/host/k93jammy/v5.37.10/5674/lib/5.37.10/base.pm line 137.
# ...propagated at /home/sand/src/perl/repoperls/installed-perls/host/k93jammy/v5.37.10/5674/lib/5.37.10/base.pm line 159.
# BEGIN failed--compilation aborted at /tmp/loop_over_bdir-1601045-niXMfj/Net-Autoconfig-v1.13.2-0/blib/lib/Net/Autoconfig/Device.pm line 7.
# Compilation failed in require at t/Net-Autoconfig-Device.t line 10.
# BEGIN failed--compilation aborted at t/Net-Autoconfig-Device.t line 10.
Can't locate object method "new" via package "Net::Autoconfig::Device" at t/Net-Autoconfig-Device.t line 21.
# Looks like your test exited with 255 just after 1.
t/Net-Autoconfig-Device.t .........
Dubious, test returned 255 (wstat 65280, 0xff00)
Failed 139/139 subtests
# Failed test 'use Net::Autoconfig::Template;'
# at t/Net-Autoconfig-Template.t line 10.
# Tried to use 'Net::Autoconfig::Template'.
# Error: syntax error at /tmp/loop_over_bdir-1601045-niXMfj/Net-Autoconfig-v1.13.2-0/blib/lib/Net/Autoconfig/Template.pm line 138, near "$hostname qw(device host hostname)"
# Execution of /tmp/loop_over_bdir-1601045-niXMfj/Net-Autoconfig-v1.13.2-0/blib/lib/Net/Autoconfig/Template.pm aborted due to compilation errors.
# Compilation failed in require at t/Net-Autoconfig-Template.t line 10.
# BEGIN failed--compilation aborted at t/Net-Autoconfig-Template.t line 10.
Undefined subroutine &Net::Autoconfig::Template::_get_template_data called at /tmp/loop_over_bdir-1601045-niXMfj/Net-Autoconfig-v1.13.2-0/blib/lib/Net/Autoconfig/Template.pm line 72.
# Looks like your test exited with 255 just after 1.
t/Net-Autoconfig-Template.t .......
Dubious, test returned 255 (wstat 65280, 0xff00)
Failed 3/3 subtests
# Failed test 'use Net::Autoconfig;'
# at t/Net-Autoconfig.t line 11.
# Tried to use 'Net::Autoconfig'.
# Error: syntax error at /tmp/loop_over_bdir-1601045-niXMfj/Net-Autoconfig-v1.13.2-0/blib/lib/Net/Autoconfig/Template.pm line 138, near "$hostname qw(device host hostname)"
# Execution of /tmp/loop_over_bdir-1601045-niXMfj/Net-Autoconfig-v1.13.2-0/blib/lib/Net/Autoconfig/Template.pm aborted due to compilation errors.
# Compilation failed in require at /tmp/loop_over_bdir-1601045-niXMfj/Net-Autoconfig-v1.13.2-0/blib/lib/Net/Autoconfig.pm line 9.
# BEGIN failed--compilation aborted at /tmp/loop_over_bdir-1601045-niXMfj/Net-Autoconfig-v1.13.2-0/blib/lib/Net/Autoconfig.pm line 9.
# Compilation failed in require at t/Net-Autoconfig.t line 11.
# BEGIN failed--compilation aborted at t/Net-Autoconfig.t line 11.
# Failed test 'Net::Autoconfig->can(...)'
# at t/Net-Autoconfig.t line 42.
# Net::Autoconfig->can('new') failed
# Net::Autoconfig->can('bulk_mode') failed
# Net::Autoconfig->can('log_level') failed
# Net::Autoconfig->can('max_children') failed
# Net::Autoconfig->can('load_devices') failed
# Net::Autoconfig->can('load_template') failed
# Net::Autoconfig->can('autoconfig') failed
# Net::Autoconfig->can('get_report') failed
# Net::Autoconfig->can('logfile') failed
# Net::Autoconfig->can('init_logging') failed
# Net::Autoconfig->can('_get_password') failed
# Failed test 'Net::Autoconfig->can(...)'
# at t/Net-Autoconfig.t line 47.
# Net::Autoconfig->can('_file_not_usable') failed
# Net::Autoconfig->can('_failed_ping_test') failed
# Net::Autoconfig->can('_reaper') failed
# Looks like your test exited with 25 just after 3.
t/Net-Autoconfig.t ................
Dubious, test returned 25 (wstat 6400, 0x1900)
Failed 45/45 subtests
Test Summary Report
-------------------
t/Net-Autoconfig-Device-Cisco.t (Wstat: 65280 (exited 255) Tests: 6 Failed: 6)
Failed tests: 1-6
Non-zero exit status: 255
Parse errors: Bad plan. You planned 29 tests but ran 6.
t/Net-Autoconfig-Device-HP.t (Wstat: 65280 (exited 255) Tests: 7 Failed: 7)
Failed tests: 1-7
Non-zero exit status: 255
Parse errors: Bad plan. You planned 28 tests but ran 7.
t/Net-Autoconfig-Device-HP4000.t (Wstat: 65280 (exited 255) Tests: 7 Failed: 7)
Failed tests: 1-7
Non-zero exit status: 255
Parse errors: Bad plan. You planned 28 tests but ran 7.
t/Net-Autoconfig-Device.t (Wstat: 65280 (exited 255) Tests: 1 Failed: 1)
Failed test: 1
Non-zero exit status: 255
Parse errors: Bad plan. You planned 139 tests but ran 1.
t/Net-Autoconfig-Template.t (Wstat: 65280 (exited 255) Tests: 1 Failed: 1)
Failed test: 1
Non-zero exit status: 255
Parse errors: Bad plan. You planned 3 tests but ran 1.
t/Net-Autoconfig.t (Wstat: 6400 (exited 25) Tests: 3 Failed: 3)
Failed tests: 1-3
Non-zero exit status: 25
Parse errors: Bad plan. You planned 45 tests but ran 3.
Files=6, Tests=25, 2 wallclock secs ( 0.03 usr 0.01 sys + 0.69 cusr 0.28 csys = 1.01 CPU)
Result: FAIL
Failed 6/6 test programs. 25/25 subtests failed.
make: *** [Makefile:875: test_dynamic] Error 25
------------------------------
PREREQUISITES
------------------------------
Prerequisite modules loaded:
requires:
Module Need Have
--------------------- ----- ------
Cwd 3.12 3.89
Data::Dumper 2.121 2.188
Expect 1.21 1.35
Log::Dispatch::Screen 1.17 2.70
Log::Log4perl 1.15 1.57
Net::Ping 2.31 2.75
Net::SNMP 5.002 v6.0.1
version 0.74 0.9929
build_requires:
Module Need Have
--------------------- ----- ------
ExtUtils::MakeMaker 0 7.68
------------------------------
ENVIRONMENT AND OTHER CONTEXT
------------------------------
Environment variables:
AUTOMATED_TESTING = 1
LANG = en_US.UTF-8
LC_ADDRESS = de_DE.UTF-8
LC_IDENTIFICATION = de_DE.UTF-8
LC_MEASUREMENT = de_DE.UTF-8
LC_MONETARY = de_DE.UTF-8
LC_NAME = de_DE.UTF-8
LC_NUMERIC = de_DE.UTF-8
LC_PAPER = de_DE.UTF-8
LC_TELEPHONE = de_DE.UTF-8
LC_TIME = de_DE.UTF-8
PATH = /home/sand/bin:/usr/local/bin:/usr/local/sbin:/usr/sbin:/usr/bin:/sbin:/bin:/usr/games:/usr/local/games:/snap/bin:/usr/local/perl/bin:/usr/X11/bin
PERL = /tmp/basesmoker-reloperl-niLM/bin/perl
PERL5LIB = /tmp/loop_over_bdir-1601045-niXMfj/Lingua-BioYaTeA-0.11-0/blib/arch:/tmp/loop_over_bdir-1601045-niXMfj/Lingua-BioYaTeA-0.11-0/blib/lib:/tmp/loop_over_bdir-1601045-niXMfj/Lingua-YaTeA-0.626-0/blib/arch:/tmp/loop_over_bdir-1601045-niXMfj/Lingua-YaTeA-0.626-0/blib/lib:/tmp/loop_over_bdir-1601045-niXMfj/Dpkg-1.21.19-0/blib/arch:/tmp/loop_over_bdir-1601045-niXMfj/Dpkg-1.21.19-0/blib/lib:/tmp/loop_over_bdir-1601045-niXMfj/App-oo_modulino_zsh_completion_helper-0.04-0/blib/arch:/tmp/loop_over_bdir-1601045-niXMfj/App-oo_modulino_zsh_completion_helper-0.04-0/blib/lib:/tmp/loop_over_bdir-1601045-niXMfj/ProjectBuilder-0.14.1-0/blib/arch:/tmp/loop_over_bdir-1601045-niXMfj/ProjectBuilder-0.14.1-0/blib/lib:/tmp/loop_over_bdir-1601045-niXMfj/Lemonldap-NG-Cli-0.2-0/blib/arch:/tmp/loop_over_bdir-1601045-niXMfj/Lemonldap-NG-Cli-0.2-0/blib/lib
PERL5OPT =
PERL5_CPANPLUS_IS_RUNNING = 1601116
PERL5_CPAN_IS_RUNNING = 1601116
PERL_CANARY_STABILITY_NOPROMPT = 1
PERL_MM_USE_DEFAULT = 1
PERL_USE_UNSAFE_INC = 1
SHELL = /usr/bin/zsh
TERM = screen
Perl special variables (and OS-specific diagnostics, for MSWin32):
$^X = /tmp/basesmoker-reloperl-niLM/bin/perl
$UID/$EUID = 1005 / 1005
$GID = 1005 1005
$EGID = 1005 1005
Perl module toolchain versions installed:
Module Have
------------------- --------
CPAN 2.34
CPAN::Meta 2.150010
Cwd 3.89
ExtUtils::CBuilder 0.280238
ExtUtils::Command 7.68
ExtUtils::Install 2.22
ExtUtils::MakeMaker 7.68
ExtUtils::Manifest 1.73
ExtUtils::ParseXS 3.49
File::Spec 3.88
JSON 4.10
JSON::PP 4.16
Module::Build 0.4232
Module::Signature 0.88
Parse::CPAN::Meta 2.150010
Test::Harness 3.44
Test::More 1.302194
YAML 1.30
YAML::Syck 1.34
version 0.9929
--
Summary of my perl5 (revision 5 version 37 subversion 10) configuration:
Commit id: d62f5d9eddd273f5a82c0dbad932a8f4d18f9488
Platform:
osname=linux
osvers=5.19.0-35-generic
archname=x86_64-linux-ld
uname='linux k93jammy 5.19.0-35-generic #36~22.04.1-ubuntu smp preempt_dynamic fri feb 17 15:17:25 utc 2 x86_64 x86_64 x86_64 gnulinux '
config_args='-Dprefix=/home/sand/src/perl/repoperls/installed-perls/host/k93jammy/v5.37.10/5674 -Dmyhostname=k93jammy -Dinstallusrbinperl=n -Uversiononly -Dusedevel -des -Ui_db -Dlibswanted=cl pthread socket inet nsl gdbm dbm malloc dl ld sun m crypt sec util c cposix posix ucb BSD gdbm_compat -Uuseithreads -Duselongdouble -DEBUGGING=-g'
hint=recommended
useposix=true
d_sigaction=define
useithreads=undef
usemultiplicity=undef
use64bitint=define
use64bitall=define
uselongdouble=define
usemymalloc=n
default_inc_excludes_dot=define
Compiler:
cc='cc'
ccflags ='-fwrapv -fno-strict-aliasing -pipe -fstack-protector-strong -I/usr/local/include -D_LARGEFILE_SOURCE -D_FILE_OFFSET_BITS=64'
optimize='-O2 -g'
cppflags='-fwrapv -fno-strict-aliasing -pipe -fstack-protector-strong -I/usr/local/include'
ccversion=''
gccversion='11.3.0'
gccosandvers=''
intsize=4
longsize=8
ptrsize=8
doublesize=8
byteorder=12345678
doublekind=3
d_longlong=define
longlongsize=8
d_longdbl=define
longdblsize=16
longdblkind=3
ivtype='long'
ivsize=8
nvtype='long double'
nvsize=16
Off_t='off_t'
lseeksize=8
alignbytes=16
prototype=define
Linker and Libraries:
ld='cc'
ldflags =' -fstack-protector-strong -L/usr/local/lib'
libpth=/usr/local/lib /usr/lib/x86_64-linux-gnu /usr/lib /usr/lib64
libs=-lpthread -lnsl -ldl -lm -lcrypt -lutil -lc
perllibs=-lpthread -lnsl -ldl -lm -lcrypt -lutil -lc
libc=/lib/x86_64-linux-gnu/libc.so.6
so=so
useshrplib=false
libperl=libperl.a
gnulibc_version='2.35'
Dynamic Linking:
dlsrc=dl_dlopen.xs
dlext=so
d_dlsymun=undef
ccdlflags='-Wl,-E'
cccdlflags='-fPIC'
lddlflags='-shared -O2 -g -L/usr/local/lib -fstack-protector-strong'
Characteristics of this binary (from libperl):
Compile-time options:
HAS_TIMES
PERLIO_LAYERS
PERL_COPY_ON_WRITE
PERL_DONT_CREATE_GVSV
PERL_HASH_FUNC_SIPHASH13
PERL_HASH_USE_SBOX32
PERL_MALLOC_WRAP
PERL_OP_PARENT
PERL_PRESERVE_IVUV
PERL_USE_DEVEL
PERL_USE_SAFE_PUTENV
USE_64_BIT_ALL
USE_64_BIT_INT
USE_LARGE_FILES
USE_LOCALE
USE_LOCALE_COLLATE
USE_LOCALE_CTYPE
USE_LOCALE_NUMERIC
USE_LOCALE_TIME
USE_LONG_DOUBLE
USE_PERLIO
USE_PERL_ATOF
Built under linux
Compiled at Mar 21 2023 11:44:29
%ENV:
PERL="/tmp/basesmoker-reloperl-niLM/bin/perl"
PERL5LIB="/tmp/loop_over_bdir-1601045-niXMfj/Lingua-BioYaTeA-0.11-0/blib/arch:/tmp/loop_over_bdir-1601045-niXMfj/Lingua-BioYaTeA-0.11-0/blib/lib:/tmp/loop_over_bdir-1601045-niXMfj/Lingua-YaTeA-0.626-0/blib/arch:/tmp/loop_over_bdir-1601045-niXMfj/Lingua-YaTeA-0.626-0/blib/lib:/tmp/loop_over_bdir-1601045-niXMfj/Dpkg-1.21.19-0/blib/arch:/tmp/loop_over_bdir-1601045-niXMfj/Dpkg-1.21.19-0/blib/lib:/tmp/loop_over_bdir-1601045-niXMfj/App-oo_modulino_zsh_completion_helper-0.04-0/blib/arch:/tmp/loop_over_bdir-1601045-niXMfj/App-oo_modulino_zsh_completion_helper-0.04-0/blib/lib:/tmp/loop_over_bdir-1601045-niXMfj/ProjectBuilder-0.14.1-0/blib/arch:/tmp/loop_over_bdir-1601045-niXMfj/ProjectBuilder-0.14.1-0/blib/lib:/tmp/loop_over_bdir-1601045-niXMfj/Lemonldap-NG-Cli-0.2-0/blib/arch:/tmp/loop_over_bdir-1601045-niXMfj/Lemonldap-NG-Cli-0.2-0/blib/lib"
PERL5OPT=""
PERL5_CPANPLUS_IS_RUNNING="1601116"
PERL5_CPAN_IS_RUNNING="1601116"
PERL_CANARY_STABILITY_NOPROMPT="1"
PERL_MM_USE_DEFAULT="1"
PERL_USE_UNSAFE_INC="1"
@INC:
/tmp/loop_over_bdir-1601045-niXMfj/Lingua-BioYaTeA-0.11-0/blib/arch
/tmp/loop_over_bdir-1601045-niXMfj/Lingua-BioYaTeA-0.11-0/blib/lib
/tmp/loop_over_bdir-1601045-niXMfj/Lingua-YaTeA-0.626-0/blib/arch
/tmp/loop_over_bdir-1601045-niXMfj/Lingua-YaTeA-0.626-0/blib/lib
/tmp/loop_over_bdir-1601045-niXMfj/Dpkg-1.21.19-0/blib/arch
/tmp/loop_over_bdir-1601045-niXMfj/Dpkg-1.21.19-0/blib/lib
/tmp/loop_over_bdir-1601045-niXMfj/App-oo_modulino_zsh_completion_helper-0.04-0/blib/arch
/tmp/loop_over_bdir-1601045-niXMfj/App-oo_modulino_zsh_completion_helper-0.04-0/blib/lib
/tmp/loop_over_bdir-1601045-niXMfj/ProjectBuilder-0.14.1-0/blib/arch
/tmp/loop_over_bdir-1601045-niXMfj/ProjectBuilder-0.14.1-0/blib/lib
/tmp/loop_over_bdir-1601045-niXMfj/Lemonldap-NG-Cli-0.2-0/blib/arch
/tmp/loop_over_bdir-1601045-niXMfj/Lemonldap-NG-Cli-0.2-0/blib/lib
/home/sand/src/perl/repoperls/installed-perls/host/k93jammy/v5.37.10/5674/lib/site_perl/5.37.10/x86_64-linux-ld
/home/sand/src/perl/repoperls/installed-perls/host/k93jammy/v5.37.10/5674/lib/site_perl/5.37.10
/home/sand/src/perl/repoperls/installed-perls/host/k93jammy/v5.37.10/5674/lib/5.37.10/x86_64-linux-ld
/home/sand/src/perl/repoperls/installed-perls/host/k93jammy/v5.37.10/5674/lib/5.37.10
.