Report for WWW-Yahoo-KeywordExtractor-0.5

Back
From: metabase:user:314402c4-2aae-11df-837a-5e0a49663a4f
Subject: FAIL WWW-Yahoo-KeywordExtractor-0.5 v5.10.1 GNU/Linux
Date: 2015-11-22T19:11:04Z

This distribution has been tested as part of the CPAN Testers
project, supporting the Perl programming language.  See
http://wiki.cpantesters.org/ for more information or email
questions to cpan-testers-discuss@perl.org


--
Dear Nicholas Gerakines,

This is a computer-generated report for WWW-Yahoo-KeywordExtractor-0.5
on perl 5.10.1, created by CPAN-Reporter-1.2015.

Thank you for uploading your work to CPAN.  However, there was a problem
testing your distribution.

If you think this report is invalid, please consult the CPAN Testers Wiki
for suggestions on how to avoid getting FAIL reports for missing library
or binary dependencies, unsupported operating systems, and so on:

http://wiki.cpantesters.org/wiki/CPANAuthorNotes

Sections of this report:

    * Tester comments
    * Program output
    * Prerequisites
    * Environment and other context

------------------------------
TESTER COMMENTS
------------------------------

Additional comments from tester:

none provided

------------------------------
PROGRAM OUTPUT
------------------------------

Output from '/usr/bin/make test':

PERL_DL_NONLAZY=1 "/bbbike/perl-5.10.1/bin/perl" "-MExtUtils::Command::MM" "-MTest::Harness" "-e" "undef *Test::Harness::Switches; test_harness(0, 'blib/lib', 'blib/arch')" t/*.t
t/02-pod.t ........... ok

#   Failed test 'Pod coverage on WWW::Yahoo::._KeywordExtractor'
#   at /opt/perl-5.10.1/lib/site_perl/5.10.1/Test/Pod/Coverage.pm line 133.
# WWW::Yahoo::._KeywordExtractor: couldn't find pod
# Looks like you failed 1 test of 2.
t/03-pod_coverage.t .. 
Dubious, test returned 1 (wstat 256, 0x100)
Failed 1/2 subtests 

#   Failed test 'Test::Perl::Critic for "blib/lib/WWW/Yahoo/._KeywordExtractor.pm"'
#   at /opt/perl-5.10.1/lib/site_perl/5.10.1/Test/Perl/Critic.pm line 104.
# 
# Perl::Critic had errors in "blib/lib/WWW/Yahoo/._KeywordExtractor.pm":
# 	Can't parse code: Encountered unexpected character '0'

#   Failed test 'Test::Perl::Critic for "blib/lib/WWW/Yahoo/KeywordExtractor.pm"'
#   at /opt/perl-5.10.1/lib/site_perl/5.10.1/Test/Perl/Critic.pm line 104.
# 
#    => [OTRS::RequireCamelCase] Variable, subroutine, and package names have to be in CamelCase at line 13, column 6. (no explanation).
#    => [OTRS::RequireCamelCase] Variable, subroutine, and package names have to be in CamelCase at line 13, column 14. (no explanation).
#    => [OTRS::RequireCamelCase] Variable, subroutine, and package names have to be in CamelCase at line 14, column 5. (no explanation).
#    => [OTRS::RequireCamelCase] Variable, subroutine, and package names have to be in CamelCase at line 14, column 20. (no explanation).
#    => [OTRS::RequireCamelCase] Variable, subroutine, and package names have to be in CamelCase at line 14, column 28. (no explanation).
#    => [OTRS::RequireCamelCase] Variable, subroutine, and package names have to be in CamelCase at line 15, column 9. (no explanation).
#    => [OTRS::RequireCamelCase] Variable, subroutine, and package names have to be in CamelCase at line 18, column 1. (no explanation).
#    => [OTRS::RequireCamelCase] Variable, subroutine, and package names have to be in CamelCase at line 19, column 9. (no explanation).
#    => [OTRS::RequireCamelCase] Variable, subroutine, and package names have to be in CamelCase at line 19, column 16. (no explanation).
#    => [OTRS::RequireCamelCase] Variable, subroutine, and package names have to be in CamelCase at line 20, column 11. (no explanation).
#    => [OTRS::RequireCamelCase] Variable, subroutine, and package names have to be in CamelCase at line 21, column 8. (no explanation).
#    => [OTRS::RequireCamelCase] Variable, subroutine, and package names have to be in CamelCase at line 22, column 8. (no explanation).
#    => [OTRS::RequireCamelCase] Variable, subroutine, and package names have to be in CamelCase at line 22, column 20. (no explanation).
#    => [OTRS::RequireCamelCase] Variable, subroutine, and package names have to be in CamelCase at line 26, column 22. (no explanation).
#    => [OTRS::RequireCamelCase] Variable, subroutine, and package names have to be in CamelCase at line 28, column 11. (no explanation).
#    => [OTRS::RequireCamelCase] Variable, subroutine, and package names have to be in CamelCase at line 31, column 8. (no explanation).
#    => [OTRS::RequireCamelCase] Variable, subroutine, and package names have to be in CamelCase at line 31, column 15. (no explanation).
#    => [OTRS::RequireCamelCase] Variable, subroutine, and package names have to be in CamelCase at line 32, column 8. (no explanation).
#    => [OTRS::RequireCamelCase] Variable, subroutine, and package names have to be in CamelCase at line 33, column 12. (no explanation).
#    => [OTRS::RequireCamelCase] Variable, subroutine, and package names have to be in CamelCase at line 34, column 14. (no explanation).
#    => [OTRS::RequireCamelCase] Variable, subroutine, and package names have to be in CamelCase at line 36, column 13. (no explanation).
t/04-perl_critic.t ... 
Dubious, test returned 1 (wstat 256, 0x100)
Failed 2/2 subtests 
# Testing WWW::Yahoo::KeywordExtractor 0.5, Perl 5.010001, /bbbike/perl-5.10.1/bin/perl
Error getting data!
# Looks like you planned 5 tests but ran 3.
# Looks like your test exited with 22 just after 3.
t/11-compile.t ....... 
Dubious, test returned 22 (wstat 5632, 0x1600)
Failed 2/5 subtests 

Test Summary Report
-------------------
t/03-pod_coverage.t (Wstat: 256 Tests: 2 Failed: 1)
  Failed test:  2
  Non-zero exit status: 1
t/04-perl_critic.t (Wstat: 256 Tests: 2 Failed: 2)
  Failed tests:  1-2
  Non-zero exit status: 1
t/11-compile.t     (Wstat: 5632 Tests: 3 Failed: 0)
  Non-zero exit status: 22
  Parse errors: Bad plan.  You planned 5 tests but ran 3.
Files=4, Tests=9,  2 wallclock secs ( 0.01 usr  0.03 sys +  1.30 cusr  0.42 csys =  1.76 CPU)
Result: FAIL
Failed 3/4 test programs. 3/9 subtests failed.
make: *** [test_dynamic] Error 22

------------------------------
PREREQUISITES
------------------------------

Prerequisite modules loaded:

requires:

    Module              Need Have    
    ------------------- ---- --------
    LWP::UserAgent      0    6.13    
    Test::More          0    1.001014

build_requires:

    Module              Need Have    
    ------------------- ---- --------
    ExtUtils::MakeMaker 0    7.04    


------------------------------
ENVIRONMENT AND OTHER CONTEXT
------------------------------

Environment variables:

    LANG = C
    PATH = /usr/local/bin:/usr/bin:/bin:/usr/local/sbin:/usr/sbin:/sbin:/home/eserte/bin/linux-gnu:/home/eserte/bin/sh:/home/eserte/bin:/usr/games:/home/eserte/devel:/home/eserte/src/srezic-misc/scripts
    PERL5LIB = 
    PERL5OPT = 
    PERL5_CPANPLUS_IS_RUNNING = 24594
    PERL5_CPAN_IS_RUNNING = 24594
    PERL5_CPAN_IS_RUNNING_IN_RECURSION = 32616,24594
    PERLDOC = -MPod::Perldoc::ToTextOverstrike
    PERL_BATCH = yes
    PERL_CANARY_STABILITY_NOPROMPT = 1
    PERL_CPAN_REPORTER_CONFIG = /var/tmp/cpansmoker-1001/2015112215/cpanreporter_000_config.ini
    PERL_EXTUTILS_AUTOINSTALL = --defaultdeps
    SHELL = /bin/zsh
    TERM = screen
    TMPDIR = /var/tmp/cpansmoker-1001/2015112215

Perl special variables (and OS-specific diagnostics, for MSWin32):

    $^X = /bbbike/perl-5.10.1/bin/perl
    $UID/$EUID = 1001 / 1001
    $GID = 1001 109 1001
    $EGID = 1001 109 1001

Perl module toolchain versions installed:

    Module              Have    
    ------------------- --------
    CPAN                2.05    
    CPAN::Meta          2.150005
    Cwd                 3.60    
    ExtUtils::CBuilder  0.280223
    ExtUtils::Command   1.16    
    ExtUtils::Install   2.04    
    ExtUtils::MakeMaker 7.04    
    ExtUtils::Manifest  1.68    
    ExtUtils::ParseXS   3.24    
    File::Spec          3.60    
    JSON                2.90    
    JSON::PP            2.27203 
    Module::Build       0.4214  
    Module::Signature   0.78    
    Parse::CPAN::Meta   1.4414  
    Test::Harness       3.35    
    Test::More          1.001014
    YAML                1.15    
    YAML::Syck          1.29    
    version             0.9912  


--

Summary of my perl5 (revision 5 version 10 subversion 1) configuration:
   
  Platform:
    osname=linux, osvers=3.2.0-4-amd64, archname=x86_64-linux
    uname='linux eserte 3.2.0-4-amd64 #1 smp debian 3.2.60-1+deb7u3 x86_64 gnulinux '
    config_args='-ds -e -Dprefix=/opt/perl-5.10.1'
    hint=recommended, useposix=true, d_sigaction=define
    useithreads=undef, usemultiplicity=undef
    useperlio=define, d_sfio=undef, uselargefiles=define, usesocks=undef
    use64bitint=define, use64bitall=define, uselongdouble=undef
    usemymalloc=n, bincompat5005=undef
  Compiler:
    cc='cc', ccflags ='-fno-strict-aliasing -pipe -fstack-protector -I/usr/local/include -D_LARGEFILE_SOURCE -D_FILE_OFFSET_BITS=64',
    optimize='-O2',
    cppflags='-fno-strict-aliasing -pipe -fstack-protector -I/usr/local/include'
    ccversion='', gccversion='4.7.2', gccosandvers=''
    intsize=4, longsize=8, ptrsize=8, doublesize=8, byteorder=12345678
    d_longlong=define, longlongsize=8, d_longdbl=define, longdblsize=16
    ivtype='long', ivsize=8, nvtype='double', nvsize=8, Off_t='off_t', lseeksize=8
    alignbytes=8, prototype=define
  Linker and Libraries:
    ld='cc', ldflags =' -fstack-protector -L/usr/local/lib'
    libpth=/usr/local/lib /lib/x86_64-linux-gnu /lib/../lib /usr/lib/x86_64-linux-gnu /usr/lib/../lib /lib /usr/lib
    libs=-lnsl -ldb -ldl -lm -lcrypt -lutil -lc
    perllibs=-lnsl -ldl -lm -lcrypt -lutil -lc
    libc=libc-2.13.so, so=so, useshrplib=false, libperl=libperl.a
    gnulibc_version='2.13'
  Dynamic Linking:
    dlsrc=dl_dlopen.xs, dlext=so, d_dlsymun=undef, ccdlflags='-Wl,-E'
    cccdlflags='-fPIC', lddlflags='-shared -O2 -L/usr/local/lib -fstack-protector'


Characteristics of this binary (from libperl): 
  Compile-time options: PERL_DONT_CREATE_GVSV PERL_MALLOC_WRAP USE_64_BIT_ALL
                        USE_64_BIT_INT USE_LARGE_FILES USE_PERLIO
  Built under linux
  Compiled at Aug 18 2014 20:38:33
  %ENV:
    PERL5LIB=""
    PERL5OPT=""
    PERL5_CPANPLUS_IS_RUNNING="24594"
    PERL5_CPAN_IS_RUNNING="24594"
    PERL5_CPAN_IS_RUNNING_IN_RECURSION="32616,24594"
    PERLDOC="-MPod::Perldoc::ToTextOverstrike"
    PERL_BATCH="yes"
    PERL_CANARY_STABILITY_NOPROMPT="1"
    PERL_CPAN_REPORTER_CONFIG="/var/tmp/cpansmoker-1001/2015112215/cpanreporter_000_config.ini"
    PERL_EXTUTILS_AUTOINSTALL="--defaultdeps"
  @INC:
    /opt/perl-5.10.1/lib/5.10.1/x86_64-linux
    /opt/perl-5.10.1/lib/5.10.1
    /opt/perl-5.10.1/lib/site_perl/5.10.1/x86_64-linux
    /opt/perl-5.10.1/lib/site_perl/5.10.1
    .