Pinto v0.14 Perl 5 v5.39.9 x86_64-dragonfly

Status
Fail
From
Carlos Guevara
Dist
Pinto v0.14
Platform
Perl 5 v5.39.9 x86_64-dragonfly
Date
2024-02-29 20:47:39
ID
c70ad070-d743-11ee-9bd2-786140618172
This distribution has been tested as part of the CPAN Testers
project, supporting the Perl programming language.  See
http://wiki.cpantesters.org/ for more information or email
questions to cpan-testers-discuss@perl.org


--
Dear Jeffrey Ryan Thalhammer,

This is a computer-generated report for Pinto-0.14
on perl 5.39.9, created by CPAN-Reporter-1.2019.

Thank you for uploading your work to CPAN.  However, there was a problem
testing your distribution.

If you think this report is invalid, please consult the CPAN Testers Wiki
for suggestions on how to avoid getting FAIL reports for missing library
or binary dependencies, unsupported operating systems, and so on:

http://wiki.cpantesters.org/wiki/CPANAuthorNotes

Sections of this report:

    * Tester comments
    * Program output
    * Prerequisites
    * Environment and other context

------------------------------
TESTER COMMENTS
------------------------------

Additional comments from tester:

this report is from an automated smoke testing program
and was not reviewed by a human for accuracy

------------------------------
PROGRAM OUTPUT
------------------------------

Output from '/usr/bin/make test':

PERL_DL_NONLAZY=1 "/home/cpan/bin/perl/bin/perl5.39.9" "-MExtUtils::Command::MM" "-MTest::Harness" "-e" "undef *Test::Harness::Switches; test_harness(0, 'blib/lib', 'blib/arch')" t/*.t t/01-common/*.t t/02-bowels/*.t t/03-remote/*.t t/04-server/*.t

#   Failed test 'Pinto/Database.pm loaded ok'
#   at t/00-compile.t line 183.
#          got: '139'
#     expected: '0'

#   Failed test 'Pinto/Locator/Multiplex.pm loaded ok'
#   at t/00-compile.t line 183.
#          got: '138'
#     expected: '0'

#   Failed test 'Pinto/Repository.pm loaded ok'
#   at t/00-compile.t line 183.
#          got: '138'
#     expected: '0'
Possible precedence issue with control flow operator (exit) at /home/cpan/.cpan/build/Pinto-0.14-0/blib/lib/Pinto/Server/Responder/Action.pm line 119.
# Looks like you failed 3 tests of 137.
t/00-compile.t ........................ 
Dubious, test returned 3 (wstat 768, 0x300)
Failed 3/137 subtests 
# 
# Versions for all modules listed in MYMETA.json (including optional ones):
# 
# === Configure Requires ===
# 
#     Module              Want Have
#     ------------------- ---- ----
#     ExtUtils::MakeMaker 6.64 7.70
# 
# === Configure Suggests ===
# 
#     Module      Want Have
#     -------- ------- ----
#     JSON::PP 2.27300 4.16
# 
# === Build Requires ===
# 
#     Module              Want Have
#     ------------------- ---- ----
#     ExtUtils::MakeMaker  any 7.70
# 
# === Test Requires ===
# 
#     Module                 Want     Have
#     --------------------- ----- --------
#     Apache::Htpasswd        any      1.9
#     Capture::Tiny           any     0.48
#     ExtUtils::MakeMaker     any     7.70
#     File::Spec              any     3.90
#     File::Temp              any   0.2311
#     FindBin                 any     1.54
#     HTTP::Body              any     1.22
#     HTTP::Response          any     6.45
#     HTTP::Server::PSGI      any    undef
#     IO::Handle              any     1.55
#     IPC::Open3              any     1.22
#     Module::Faker::Dist   0.014    0.025
#     Plack::Test             any    undef
#     Test::Builder::Module   any 1.302198
#     Test::Exception         any     0.43
#     Test::File              any    1.993
#     Test::LWP::UserAgent  0.018    0.036
#     Test::More             0.96 1.302198
#     Test::TCP               any     2.22
#     blib                   1.01     1.07
#     lib                     any     0.65
# 
# === Test Recommends ===
# 
#     Module         Want     Have
#     ---------- -------- --------
#     CPAN::Meta 2.120900 2.150010
# 
# === Runtime Requires ===
# 
#     Module                                Want       Have
#     ------------------------------- ---------- ----------
#     App::Cmd                             0.323      0.336
#     App::Cmd::Command::help                any      0.336
#     App::Cmd::Setup                        any      0.336
#     Archive::Extract                      0.68       0.88
#     Archive::Tar                           any   3.02_001
#     Authen::Simple::Passwd                 any        0.6
#     CPAN::Checksums                        any       2.14
#     CPAN::DistnameInfo                     any       0.12
#     CPAN::Meta                             any   2.150010
#     CPAN::Meta::Requirements               any      2.143
#     Carp                                   any       1.54
#     Class::Load                            any       0.25
#     Cwd                                    any       3.90
#     Cwd::Guard                             any       0.05
#     DBD::SQLite                           1.33       1.74
#     DBIx::Class                        0.08200   0.082843
#     DBIx::Class::Core                      any      undef
#     DBIx::Class::ResultSet                 any      undef
#     DBIx::Class::Schema                    any      undef
#     DateTime                               any       1.65
#     DateTime::TimeZone                     any       2.62
#     DateTime::TimeZone::Local::Unix        any       2.62
#     DateTime::TimeZone::OffsetOnly         any       2.62
#     Devel::StackTrace                      any       2.05
#     Digest::MD5                            any    2.58_01
#     Digest::SHA                            any       6.04
#     Dist::Metadata                       0.926      0.927
#     Encode                                 any       3.21
#     Exporter                               any       5.78
#     File::Copy                             any       2.41
#     File::Find                             any       1.44
#     File::HomeDir                          any      1.006
#     File::NFSLock                          any       1.29
#     File::Spec                             any       3.90
#     File::Temp                             any     0.2311
#     File::Which                            any       1.27
#     Getopt::Long                           any       2.57
#     HTTP::Date                             any       6.06
#     HTTP::Request::Common                  any       6.45
#     HTTP::Status                           any       6.45
#     IO::File                               any       1.55
#     IO::Handle                             any       1.55
#     IO::Interactive                        any      1.025
#     IO::Pipe                               any       1.55
#     IO::Prompt                             any   0.997004
#     IO::Select                             any       1.55
#     IO::String                             any       1.08
#     IO::Zlib                               any       1.14
#     JSON                                   any       4.10
#     JSON::PP                           2.27103       4.16
#     LWP::UserAgent                         any       6.76
#     List::MoreUtils                        any      0.430
#     List::Util                             any       1.63
#     Module::CoreList                5.20170720 5.20240320
#     Module::Metadata                  1.000031   1.000038
#     Moose                                  any     2.2207
#     Moose::Role                            any     2.2207
#     MooseX::Aliases                        any       0.11
#     MooseX::ClassAttribute                0.27       0.29
#     MooseX::Configuration                  any       0.02
#     MooseX::MarkAsMethods                  any       0.15
#     MooseX::NonMoose                       any       0.26
#     MooseX::SetOnce                        any      0.203
#     MooseX::StrictConstructor              any       0.21
#     MooseX::Types                          any       0.50
#     MooseX::Types::Moose                   any       0.50
#     Path::Class                            any       0.37
#     Path::Class::Dir                       any       0.37
#     Path::Class::File                      any       0.37
#     Plack                               1.0028     1.0051
#     Plack::MIME                            any      undef
#     Plack::Middleware::Auth::Basic         any      undef
#     Plack::Request                         any     1.0051
#     Plack::Response                        any     1.0051
#     Plack::Runner                          any      undef
#     Pod::Usage                             any       2.03
#     Proc::Fork                             any      0.808
#     Proc::Terminator                       any       0.05
#     Readonly                               any       2.05
#     Router::Simple                         any       0.17
#     Scalar::Util                           any       1.63
#     Starman                             0.3014     0.4017
#     String::Format                         any       1.18
#     Term::ANSIColor                       2.02       5.01
#     Throwable::Error                  0.200005      1.001
#     Try::Tiny                              any       0.31
#     URI                                    any       5.27
#     URI::Escape                           3.31       5.27
#     URI::file                              any       5.27
#     UUID::Tiny                             any       1.04
#     Variable::Magic                       0.57       0.63
#     base                                   any       2.27
#     overload                               any       1.37
#     strict                                 any       1.13
#     utf8                                   any       1.25
#     version                                any     0.9930
#     warnings                               any       1.68
# 
# === Other Modules ===
# 
#     Module          Have
#     ----------- --------
#     DBD::SQLite     1.74
#     DBIx::Class 0.082843
# 
t/00-report-prereqs.t ................. ok
t/01-common/01-types.t ................ ok
t/01-common/02-target-package.t ....... ok
t/01-common/03-target-distribution.t .. ok
t/01-common/04-util.t ................. ok
t/01-common/05-pauseconfig.t .......... ok
t/02-bowels/01-config.t ............... ok
t/02-bowels/02-chrome.t ............... ok
t/02-bowels/03-package.t .............. ok
t/02-bowels/04-distribution.t ......... ok
t/02-bowels/05-compare.t .............. ok
t/02-bowels/10-init.t ................. ok
t/02-bowels/11-tester.t ............... ok
t/02-bowels/12-locator.t .............. ok
t/02-bowels/19-basic.t ................ ok
t/02-bowels/20-add.t .................. ok
t/02-bowels/21-add-no-index.t ......... ok
t/02-bowels/21-pull-vreq.t ............ ok
t/02-bowels/21-pull.t ................. ok
t/02-bowels/22-add-deep.t ............. ok
t/02-bowels/23-pull-multi.t ........... ok
t/02-bowels/24-skip-prereqs.t ......... ok
t/02-bowels/31-pin.t .................. ok
t/02-bowels/32-pin-rjbs.t ............. ok
t/02-bowels/35-delete.t ............... ok
t/02-bowels/40-list.t ................. ok
t/02-bowels/41-log.t .................. 
No subtests run 
t/02-bowels/42-install.t .............. ok
t/02-bowels/43-install-and-pull.t ..... ok
t/02-bowels/50-diff.t ................. ok
t/02-bowels/51-diff-more.t ............ ok
t/02-bowels/52-intermingle.t .......... ok
t/02-bowels/53-roots.t ................ ok
t/02-bowels/54-revert.t ............... ok
t/02-bowels/60-dryrun.t ............... ok
t/02-bowels/61-nofail.t ............... ok
t/02-bowels/62-commit.t ............... ok
t/02-bowels/63-prereq-circular.t ...... ok
t/02-bowels/63-prereq-core.t .......... ok
t/02-bowels/64-metadata.t ............. ok
t/02-bowels/70-stack-copy.t ........... ok
t/02-bowels/71-stack-kill.t ........... ok
t/02-bowels/72-stack-rename.t ......... ok
t/02-bowels/73-stack-lock.t ........... ok
t/02-bowels/74-stack-default.t ........ ok
t/02-bowels/75-stack-props.t .......... ok
PINTO_STALE_LOCKFILE_TIMEOUT > 0, may steal lock !!
t/02-bowels/80-repo-lock.t ............ ok
t/03-remote/01-requests.t ............. ok
t/03-remote/02-responses.t ............ ok
    # You will see an error message here. Do not be alarmed.
Installation failed.  See the cpanm build log for details
t/03-remote/03-install.t .............. ok
Installation failed.  See the cpanm build log for details
    # You will see an error message here. Do not be alarmed.
Installation failed.  See the cpanm build log for details
t/03-remote/04-install-with-auth.t .... ok
Possible precedence issue with control flow operator (exit) at blib/lib/Pinto/Server/Responder/Action.pm line 119.
t/03-remote/05-timezone.t ............. ok
Possible precedence issue with control flow operator (exit) at /home/cpan/.cpan/build/Pinto-0.14-0/blib/lib/Pinto/Server/Responder/Action.pm line 119, <DATA> line 39.
t/04-server/01-functional.t ........... ok
Possible precedence issue with control flow operator (exit) at /home/cpan/.cpan/build/Pinto-0.14-0/blib/lib/Pinto/Server/Responder/Action.pm line 119.
t/04-server/02-authentication.t ....... ok
t/04-server/03-security.t ............. ok

Test Summary Report
-------------------
t/00-compile.t                      (Wstat: 768 (exited 3) Tests: 137 Failed: 3)
  Failed tests:  76, 89, 101
  Non-zero exit status: 3
t/02-bowels/41-log.t                (Wstat: 138 (Signal: BUS, dumped core) Tests: 0 Failed: 0)
  Non-zero wait status: 138
  Parse errors: No plan found in TAP output
t/02-bowels/42-install.t            (Wstat: 0 Tests: 9 Failed: 0)
  TODO passed:   9
Files=56, Tests=666, 268 wallclock secs ( 0.30 usr  0.15 sys + 124.31 cusr 27.41 csys = 152.17 CPU)
Result: FAIL
Failed 2/56 test programs. 3/666 subtests failed.
*** Error code 255

Stop.
make: stopped in /home/cpan/.cpan/build/Pinto-0.14-0

------------------------------
PREREQUISITES
------------------------------

Prerequisite modules loaded:

requires:

    Module                          Need       Have      
    ------------------------------- ---------- ----------
    App::Cmd                        0.323      0.336     
    App::Cmd::Command::help         0          0.336     
    App::Cmd::Setup                 0          0.336     
    Archive::Extract                0.68       0.88      
    Archive::Tar                    0          3.02_001  
    Authen::Simple::Passwd          0          0.6       
    base                            0          2.27      
    Carp                            0          1.54      
    Class::Load                     0          0.25      
    CPAN::Checksums                 0          2.14      
    CPAN::DistnameInfo              0          0.12      
    CPAN::Meta                      0          2.150010  
    CPAN::Meta::Requirements        0          2.143     
    Cwd                             0          3.90      
    Cwd::Guard                      0          0.05      
    DateTime                        0          1.65      
    DateTime::TimeZone              0          2.62      
    DateTime::TimeZone::Local::Unix 0          2.62      
    DateTime::TimeZone::OffsetOnly  0          2.62      
    DBD::SQLite                     1.33       1.74      
    DBIx::Class                     0.08200    0.082843  
    DBIx::Class::Core               0          0         
    DBIx::Class::ResultSet          0          0         
    DBIx::Class::Schema             0          0         
    Devel::StackTrace               0          2.05      
    Digest::MD5                     0          2.58_01   
    Digest::SHA                     0          6.04      
    Dist::Metadata                  0.926      0.927     
    Encode                          0          3.21      
    Exporter                        0          5.78      
    File::Copy                      0          2.41      
    File::Find                      0          1.44      
    File::HomeDir                   0          1.006     
    File::NFSLock                   0          1.29      
    File::Spec                      0          3.90      
    File::Temp                      0          0.2311    
    File::Which                     0          1.27      
    Getopt::Long                    0          2.57      
    HTTP::Date                      0          6.06      
    HTTP::Request::Common           0          6.45      
    HTTP::Status                    0          6.45      
    IO::File                        0          1.55      
    IO::Handle                      0          1.55      
    IO::Interactive                 0          1.025     
    IO::Pipe                        0          1.55      
    IO::Prompt                      0          0.997004  
    IO::Select                      0          1.55      
    IO::String                      0          1.08      
    IO::Zlib                        0          1.14      
    JSON                            0          4.10      
    JSON::PP                        2.27103    4.16      
    List::MoreUtils                 0          0.430     
    List::Util                      0          1.63      
    LWP::UserAgent                  0          6.76      
    Module::CoreList                5.20170720 5.20240320
    Module::Metadata                1.000031   1.000038  
    Moose                           0          2.2207    
    Moose::Role                     0          2.2207    
    MooseX::Aliases                 0          0.11      
    MooseX::ClassAttribute          0.27       0.29      
    MooseX::Configuration           0          0.02      
    MooseX::MarkAsMethods           0          0.15      
    MooseX::NonMoose                0          0.26      
    MooseX::SetOnce                 0          0.203     
    MooseX::StrictConstructor       0          0.21      
    MooseX::Types                   0          0.50      
    MooseX::Types::Moose            0          0.50      
    overload                        0          1.37      
    Path::Class                     0          0.37      
    Path::Class::Dir                0          0.37      
    Path::Class::File               0          0.37      
    perl                            5.008      5.039009  
    Plack                           1.0028     1.0051    
    Plack::Middleware::Auth::Basic  0          0         
    Plack::MIME                     0          0         
    Plack::Request                  0          1.0051    
    Plack::Response                 0          1.0051    
    Plack::Runner                   0          0         
    Pod::Usage                      0          2.03      
    Proc::Fork                      0          0.808     
    Proc::Terminator                0          0.05      
    Readonly                        0          2.05      
    Router::Simple                  0          0.17      
    Scalar::Util                    0          1.63      
    Starman                         0.3014     0.4017    
    strict                          0          1.13      
    String::Format                  0          1.18      
    Term::ANSIColor                 2.02       5.01      
    Throwable::Error                0.200005   1.001     
    Try::Tiny                       0          0.31      
    URI                             0          5.27      
    URI::Escape                     3.31       5.27      
    URI::file                       0          5.27      
    utf8                            0          1.25      
    UUID::Tiny                      0          1.04      
    Variable::Magic                 0.57       0.63      
    version                         0          0.9930    
    warnings                        0          1.68      

build_requires:

    Module                          Need       Have      
    ------------------------------- ---------- ----------
    Apache::Htpasswd                0          1.9       
    blib                            1.01       1.07      
    Capture::Tiny                   0          0.48      
    ExtUtils::MakeMaker             0          7.70      
    File::Spec                      0          3.90      
    File::Temp                      0          0.2311    
    FindBin                         0          1.54      
    HTTP::Body                      0          1.22      
    HTTP::Response                  0          6.45      
    HTTP::Server::PSGI              0          0         
    IO::Handle                      0          1.55      
    IPC::Open3                      0          1.22      
    lib                             0          0.65      
    Module::Faker::Dist             0.014      0.025     
    Plack::Test                     0          0         
    Test::Builder::Module           0          1.302198  
    Test::Exception                 0          0.43      
    Test::File                      0          1.993     
    Test::LWP::UserAgent            0.018      0.036     
    Test::More                      0.96       1.302198  
    Test::TCP                       0          2.22      

configure_requires:

    Module                          Need       Have      
    ------------------------------- ---------- ----------
    ExtUtils::MakeMaker             6.64       7.70      
    perl                            5.008      5.039009  


------------------------------
ENVIRONMENT AND OTHER CONTEXT
------------------------------

Environment variables:

    AUTOMATED_TESTING = 1
    DATE_MANIP_TEST_DM5 = 1
    LC_ALL = C
    NONINTERACTIVE_TESTING = 1
    NO_NETWORK_TESTING = 1
    PATH = /home/cpan/bin/perl/bin:/home/cpan/bin:/sbin:/bin:/usr/sbin:/usr/bin:/usr/games:/usr/local/sbin:/usr/local/bin:/usr/pkg/sbin:/usr/pkg/bin:/home/cpan/bin
    PERL5LIB = 
    PERL5OPT = 
    PERL5_CPANPLUS_IS_RUNNING = 86164
    PERL5_CPAN_IS_RUNNING = 86164
    PERL_MM_USE_DEFAULT = 1
    PERL_USE_UNSAFE_INC = 1
    SHELL = /usr/local/bin/bash
    TERM = screen
    TMPDIR = /home/cpan/tmp

Perl special variables (and OS-specific diagnostics, for MSWin32):

    $^X = /home/cpan/bin/perl/bin/perl5.39.9
    $UID/$EUID = 1002 / 1002
    $GID = 1002 1002
    $EGID = 1002 1002

Perl module toolchain versions installed:

    Module              Have    
    ------------------- --------
    CPAN                2.36    
    CPAN::Meta          2.150010
    Cwd                 3.90    
    ExtUtils::CBuilder  0.280240
    ExtUtils::Command   7.70    
    ExtUtils::Install   2.22    
    ExtUtils::MakeMaker 7.70    
    ExtUtils::Manifest  1.75    
    ExtUtils::ParseXS   3.51    
    File::Spec          3.90    
    JSON                4.10    
    JSON::PP            4.16    
    Module::Build       0.4234  
    Module::Signature   n/a     
    Parse::CPAN::Meta   2.150010
    Test2               1.302198
    Test::Harness       3.48    
    Test::More          1.302198
    YAML                1.31    
    YAML::Syck          n/a     
    version             0.9930  


--

Summary of my perl5 (revision 5 version 39 subversion 9) configuration:
  Commit id: abac0992d7f83a488e5ef71af60b424cd52d47e1
  Platform:
    osname=dragonfly
    osvers=6.4-release
    archname=x86_64-dragonfly
    uname='dragonfly cjg-dragonfly6 6.4-release dragonfly v6.4.0-release #54: fri dec 30 09:06:50 pst 2022 root@pkgbox64.dragonflybsd.org:usrobjusrsrcsysx86_64_generic x86_64 '
    config_args='-des -Dprefix=/home/cpan/bin/perl -Dscriptdir=/home/cpan/bin/perl/bin -Dusedevel -Duse64bitall'
    hint=recommended
    useposix=true
    d_sigaction=define
    useithreads=undef
    usemultiplicity=undef
    use64bitint=define
    use64bitall=define
    uselongdouble=undef
    usemymalloc=n
    default_inc_excludes_dot=define
  Compiler:
    cc='cc'
    ccflags ='-DHAS_FPSETMASK -DHAS_FLOATINGPOINT_H -DNO_POSIX_2008 -fwrapv -fno-strict-aliasing -pipe -fstack-protector-strong -I/usr/local/include -D_FORTIFY_SOURCE=2'
    optimize='-O2'
    cppflags='-DHAS_FPSETMASK -DHAS_FLOATINGPOINT_H -DNO_POSIX_2008 -fwrapv -fno-strict-aliasing -pipe -fstack-protector-strong -I/usr/local/include'
    ccversion=''
    gccversion='8.3 [DragonFly] Release/2019-02-22'
    gccosandvers=''
    intsize=4
    longsize=8
    ptrsize=8
    doublesize=8
    byteorder=12345678
    doublekind=3
    d_longlong=define
    longlongsize=8
    d_longdbl=define
    longdblsize=16
    longdblkind=3
    ivtype='long'
    ivsize=8
    nvtype='double'
    nvsize=8
    Off_t='off_t'
    lseeksize=8
    alignbytes=8
    prototype=define
  Linker and Libraries:
    ld='cc'
    ldflags ='-Wl,-E  -fstack-protector-strong -L/usr/local/lib'
    libpth=/usr/lib /usr/local/lib
    libs=-lpthread -ldl -lm -lcrypt -lutil -lc
    perllibs=-lpthread -ldl -lm -lcrypt -lutil -lc
    libc=
    so=so
    useshrplib=false
    libperl=libperl.a
    gnulibc_version=''
  Dynamic Linking:
    dlsrc=dl_dlopen.xs
    dlext=so
    d_dlsymun=undef
    ccdlflags=' '
    cccdlflags='-DPIC -fPIC'
    lddlflags='-shared  -L/usr/local/lib -fstack-protector-strong'


Characteristics of this binary (from libperl): 
  Compile-time options:
    HAS_LONG_DOUBLE
    HAS_STRTOLD
    HAS_TIMES
    PERLIO_LAYERS
    PERL_COPY_ON_WRITE
    PERL_DONT_CREATE_GVSV
    PERL_HASH_FUNC_SIPHASH13
    PERL_HASH_USE_SBOX32
    PERL_MALLOC_WRAP
    PERL_OP_PARENT
    PERL_PRESERVE_IVUV
    PERL_USE_DEVEL
    PERL_USE_SAFE_PUTENV
    USE_64_BIT_ALL
    USE_64_BIT_INT
    USE_LARGE_FILES
    USE_LOCALE
    USE_LOCALE_COLLATE
    USE_LOCALE_CTYPE
    USE_LOCALE_NUMERIC
    USE_LOCALE_TIME
    USE_PERLIO
    USE_PERL_ATOF
  Built under dragonfly
  Compiled at Feb 29 2024 13:41:58
  %ENV:
    PERL5LIB=""
    PERL5OPT=""
    PERL5_CPANPLUS_IS_RUNNING="86164"
    PERL5_CPAN_IS_RUNNING="86164"
    PERL_MM_USE_DEFAULT="1"
    PERL_USE_UNSAFE_INC="1"
  @INC:
    /home/cpan/bin/perl/lib/site_perl/5.39.9/x86_64-dragonfly
    /home/cpan/bin/perl/lib/site_perl/5.39.9
    /home/cpan/bin/perl/lib/5.39.9/x86_64-dragonfly
    /home/cpan/bin/perl/lib/5.39.9
    .