WWW-Shorten-ptl v0.04 Perl 5 v5.27.6 x86_64-linux
- Status
- Fail
- From
- Andreas J. König (ANDK)
- Dist
-
WWW-Shorten-ptl v0.04
- Platform
- Perl 5 v5.27.6 x86_64-linux
- Date
- 2017-11-20 07:16:50
- ID
- c72de434-cdc2-11e7-af41-8469dd2007e5
This distribution has been tested as part of the CPAN Testers
project, supporting the Perl programming language. See
http://wiki.cpantesters.org/ for more information or email
questions to cpan-testers-discuss@perl.org
--
Dear KATOU Akira,
This is a computer-generated report for WWW-Shorten-ptl-0.04
on perl 5.27.6, created by CPAN-Reporter-1.2018.
Thank you for uploading your work to CPAN. However, there was a problem
testing your distribution.
If you think this report is invalid, please consult the CPAN Testers Wiki
for suggestions on how to avoid getting FAIL reports for missing library
or binary dependencies, unsupported operating systems, and so on:
http://wiki.cpantesters.org/wiki/CPANAuthorNotes
Sections of this report:
* Tester comments
* Program output
* Prerequisites
* Environment and other context
------------------------------
TESTER COMMENTS
------------------------------
Additional comments from tester:
this report is from an automated smoke testing program
and was not reviewed by a human for accuracy
------------------------------
PROGRAM OUTPUT
------------------------------
Output from '/usr/bin/make test':
PERL_DL_NONLAZY=1 "/tmp/basesmoker-reloperl-GzWe/bin/perl" "-MExtUtils::Command::MM" "-MTest::Harness" "-e" "undef *Test::Harness::Switches; test_harness(0, 'inc', 'blib/lib', 'blib/arch')" t/*.t
t/00_compile.t ... ok
no url passed at t/01_oo.t line 30.
no url passed at t/01_oo.t line 31.
no url passed at t/01_oo.t line 32.
# Failed test at t/01_oo.t line 50.
# got: undef
# expected: 'http://www.pixiv.net/'
given url is not for p.tl : http://bit.ly/hogehoge at t/01_oo.t line 52.
# Looks like you failed 1 test of 17.
You have loaded versions of test modules known to have problems with Test2.
This could explain some test failures.
* Module 'Test::Exception' is outdated, we recommed updating above 0.42.
t/01_oo.t ........
Dubious, test returned 1 (wstat 256, 0x100)
Failed 1/17 subtests
(less 1 skipped subtest: 15 okay)
no apikey passed at t/02_function.t line 15.
# Failed test at t/02_function.t line 30.
# got: undef
# expected: 'http://www.pixiv.net/'
# Looks like you failed 1 test of 5.
You have loaded versions of test modules known to have problems with Test2.
This could explain some test failures.
* Module 'Test::Exception' is outdated, we recommed updating above 0.42.
t/02_function.t ..
Dubious, test returned 1 (wstat 256, 0x100)
Failed 1/5 subtests
(less 1 skipped subtest: 3 okay)
Test Summary Report
-------------------
t/01_oo.t (Wstat: 256 Tests: 17 Failed: 1)
Failed test: 16
Non-zero exit status: 1
t/02_function.t (Wstat: 256 Tests: 5 Failed: 1)
Failed test: 5
Non-zero exit status: 1
Files=3, Tests=23, 2 wallclock secs ( 0.02 usr 0.03 sys + 0.40 cusr 0.07 csys = 0.52 CPU)
Result: FAIL
Failed 2/3 test programs. 2/23 subtests failed.
Makefile:779: recipe for target 'test_dynamic' failed
make: *** [test_dynamic] Error 1
------------------------------
PREREQUISITES
------------------------------
Prerequisite modules loaded:
requires:
Module Need Have
--------------------- ---- --------
Carp 0 1.44
Exporter 0 5.72
JSON::Any 0 1.39
URI 0 1.72
WWW::Shorten::generic 0 3.093
build_requires:
Module Need Have
--------------------- ---- --------
ExtUtils::MakeMaker 6.42 7.30
Test::Exception 0 0.43
Test::More 0 1.302111
configure_requires:
Module Need Have
--------------------- ---- --------
ExtUtils::MakeMaker 6.42 7.30
------------------------------
ENVIRONMENT AND OTHER CONTEXT
------------------------------
Environment variables:
AUTOMATED_TESTING = 1
LANG = en_US.UTF-8
PATH = /home/sand/bin:/usr/local/bin:/usr/bin:/bin:/usr/games:/usr/local/perl/bin:/usr/X11/bin:/sbin:/usr/sbin
PERL5LIB =
PERL5OPT =
PERL5_CPANPLUS_IS_RUNNING = 9594
PERL5_CPAN_IS_RUNNING = 9594
PERL_CANARY_STABILITY_NOPROMPT = 1
PERL_MM_USE_DEFAULT = 1
PERL_USE_UNSAFE_INC = 1
SHELL = /usr/bin/zsh
TERM = screen
Perl special variables (and OS-specific diagnostics, for MSWin32):
$^X = /tmp/basesmoker-reloperl-GzWe/bin/perl
$UID/$EUID = 1005 / 1005
$GID = 1005 1005
$EGID = 1005 1005
Perl module toolchain versions installed:
Module Have
------------------- --------
CPAN 2.19
CPAN::Meta 2.150010
Cwd 3.70
ExtUtils::CBuilder 0.280229
ExtUtils::Command 7.30
ExtUtils::Install 2.14
ExtUtils::MakeMaker 7.30
ExtUtils::Manifest 1.70
ExtUtils::ParseXS 3.36
File::Spec 3.69
JSON 2.94
JSON::PP 2.94
Module::Build 0.4224
Module::Signature 0.81
Parse::CPAN::Meta 2.150010
Test::Harness 3.39
Test::More 1.302111
YAML 1.24
YAML::Syck 1.30
version 0.9918
--
Summary of my perl5 (revision 5 version 27 subversion 6) configuration:
Commit id: 3ee38754fcdc72130473d463d266c11bc5764f24
Platform:
osname=linux
osvers=4.13.0-1-amd64
archname=x86_64-linux
uname='linux k93x64sid 4.13.0-1-amd64 #1 smp debian 4.13.13-1 (2017-11-16) x86_64 gnulinux '
config_args='-Dprefix=/home/sand/src/perl/repoperls/installed-perls/host/k93x64sid/v5.27.5-424-g3ee38754fc/29a8 -Dmyhostname=k93x64sid -Dinstallusrbinperl=n -Uversiononly -Dusedevel -des -Ui_db -Dlibswanted=cl pthread socket inet nsl gdbm dbm malloc dl ld sun m crypt sec util c cposix posix ucb BSD gdbm_compat -Uuseithreads -Uuselongdouble -DDEBUGGING=-g'
hint=recommended
useposix=true
d_sigaction=define
useithreads=undef
usemultiplicity=undef
use64bitint=define
use64bitall=define
uselongdouble=undef
usemymalloc=n
default_inc_excludes_dot=define
bincompat5005=undef
Compiler:
cc='cc'
ccflags ='-fwrapv -fno-strict-aliasing -pipe -fstack-protector-strong -I/usr/local/include -D_LARGEFILE_SOURCE -D_FILE_OFFSET_BITS=64 -D_FORTIFY_SOURCE=2'
optimize='-O2 -g'
cppflags='-fwrapv -fno-strict-aliasing -pipe -fstack-protector-strong -I/usr/local/include'
ccversion=''
gccversion='7.2.0'
gccosandvers=''
intsize=4
longsize=8
ptrsize=8
doublesize=8
byteorder=12345678
doublekind=3
d_longlong=define
longlongsize=8
d_longdbl=define
longdblsize=16
longdblkind=3
ivtype='long'
ivsize=8
nvtype='double'
nvsize=8
Off_t='off_t'
lseeksize=8
alignbytes=8
prototype=define
Linker and Libraries:
ld='cc'
ldflags =' -fstack-protector-strong -L/usr/local/lib'
libpth=/usr/local/lib /usr/lib/gcc/x86_64-linux-gnu/7/include-fixed /usr/include/x86_64-linux-gnu /usr/lib /lib/x86_64-linux-gnu /lib/../lib /usr/lib/x86_64-linux-gnu /usr/lib/../lib /lib
libs=-lpthread -lnsl -ldl -lm -lcrypt -lutil -lc
perllibs=-lpthread -lnsl -ldl -lm -lcrypt -lutil -lc
libc=libc-2.25.so
so=so
useshrplib=false
libperl=libperl.a
gnulibc_version='2.25'
Dynamic Linking:
dlsrc=dl_dlopen.xs
dlext=so
d_dlsymun=undef
ccdlflags='-Wl,-E'
cccdlflags='-fPIC'
lddlflags='-shared -O2 -g -L/usr/local/lib -fstack-protector-strong'
Characteristics of this binary (from libperl):
Compile-time options:
HAS_TIMES
PERLIO_LAYERS
PERL_COPY_ON_WRITE
PERL_DONT_CREATE_GVSV
PERL_MALLOC_WRAP
PERL_OP_PARENT
PERL_PRESERVE_IVUV
PERL_USE_DEVEL
USE_64_BIT_ALL
USE_64_BIT_INT
USE_LARGE_FILES
USE_LOCALE
USE_LOCALE_COLLATE
USE_LOCALE_CTYPE
USE_LOCALE_NUMERIC
USE_LOCALE_TIME
USE_PERLIO
USE_PERL_ATOF
Built under linux
Compiled at Nov 19 2017 14:07:07
%ENV:
PERL5LIB=""
PERL5OPT=""
PERL5_CPANPLUS_IS_RUNNING="9594"
PERL5_CPAN_IS_RUNNING="9594"
PERL_CANARY_STABILITY_NOPROMPT="1"
PERL_MM_USE_DEFAULT="1"
PERL_USE_UNSAFE_INC="1"
@INC:
/home/sand/src/perl/repoperls/installed-perls/host/k93x64sid/v5.27.5-424-g3ee38754fc/29a8/lib/site_perl/5.27.6/x86_64-linux
/home/sand/src/perl/repoperls/installed-perls/host/k93x64sid/v5.27.5-424-g3ee38754fc/29a8/lib/site_perl/5.27.6
/home/sand/src/perl/repoperls/installed-perls/host/k93x64sid/v5.27.5-424-g3ee38754fc/29a8/lib/5.27.6/x86_64-linux
/home/sand/src/perl/repoperls/installed-perls/host/k93x64sid/v5.27.5-424-g3ee38754fc/29a8/lib/5.27.6
.