Report for Catalyst-TraitFor-Component-ConfigPerSite-0.12

Back
From: metabase:user:0d96120c-29e2-11e5-b049-ede3035d37de
Subject: FAIL Catalyst-TraitFor-Component-ConfigPerSite-0.12 v5.23.1 GNU/Linux
Date: 2015-08-07T23:05:21Z

This distribution has been tested as part of the CPAN Testers
project, supporting the Perl programming language.  See
http://wiki.cpantesters.org/ for more information or email
questions to cpan-testers-discuss@perl.org


--
Dear Aaron James Trevena,

This is a computer-generated report for Catalyst-TraitFor-Component-ConfigPerSite-0.12
on perl 5.23.1, created by CPAN-Reporter-1.2015.

Thank you for uploading your work to CPAN.  However, there was a problem
testing your distribution.

If you think this report is invalid, please consult the CPAN Testers Wiki
for suggestions on how to avoid getting FAIL reports for missing library
or binary dependencies, unsupported operating systems, and so on:

http://wiki.cpantesters.org/wiki/CPANAuthorNotes

Sections of this report:

    * Tester comments
    * Program output
    * Prerequisites
    * Environment and other context

------------------------------
TESTER COMMENTS
------------------------------

Additional comments from tester:

this report is from an automated smoke testing program
and was not reviewed by a human for accuracy

CPU            : Intel(R) Xeon(R) CPU E5-2680 v2 @ 2.80GHz
MEMORY         : 1.94 GB
ARCH           : x86_64
OS             : CentOS 7.1.1503
KERNEL         : Linux 4.1.0-x86_64-linode59
VIRTUALIZATION : xen0

------------------------------
PROGRAM OUTPUT
------------------------------

Output from '/usr/bin/make test':

PERL_DL_NONLAZY=1 "/home/jmaslak/perl5/perlbrew/perls/perl-5.23.1-ld/bin/perl5.23.1" "-MExtUtils::Command::MM" "-MTest::Harness" "-e" "undef *Test::Harness::Switches; test_harness(0, 'blib/lib', 'blib/arch')" t/*.t
t/01_basic.t ........... ok
t/02_pod.t ............. ok
t/03_pod_coverage.t .... ok
t/another_site_blog.t .. ok
[error] Couldn't render template "file error - blog/view_posts.tt: not found"
[error] Couldn't render template "file error - blog/view_posts.tt: not found"

#   Failed test 'got main blog page ok'
#   at t/just_the_one.t line 15.
# /blog: internal server error
# content : 
# --------------------------------
# <!DOCTYPE html PUBLIC "-//W3C//DTD XHTML 1.0 Transitional//EN"
#     "http://www.w3.org/TR/xhtml1/DTD/xhtml1-transitional.dtd">
# <html xmlns="http://www.w3.org/1999/xhtml" xml:lang="en" lang="en">
# <head>
#     <meta http-equiv="Content-Language" content="en" />
#     <meta http-equiv="Content-Type" content="text/html; charset=utf-8" />
#     <title>TestBlogApp</title>
#     <script type="text/javascript">
#         <!--
#         function toggleDump (dumpElement) {
#             var e = document.getElementById( dumpElement );
#             if (e.style.display == "none") {
#                 e.style.display = "";
#             }
#             else {
#                 e.style.display = "none";
#             }
#         }
#         -->
#     </script>
#     <style type="text/css">
#         body {
#             font-family: "Bitstream Vera Sans", "Trebuchet MS", Verdana,
#                          Tahoma, Arial, helvetica, sans-serif;
#             color: #333;
#             background-color: #eee;
#             margin: 0px;
#             padding: 0px;
#         }
#         :link, :link:hover, :visited, :visited:hover {
#             color: #000;
#         }
#         div.box {
#             position: relative;
#             background-color: #ccc;
#             border: 1px solid #aaa;
#             padding: 4px;
#             margin: 10px;
#         }
#         div.error {
#             background-color: #cce;
#             border: 1px solid #755;
#             padding: 8px;
#             margin: 4px;
#             margin-bottom: 10px;
#         }
#         div.infos {
#             background-color: #eee;
#             border: 1px solid #575;
#             padding: 8px;
#             margin: 4px;
#             margin-bottom: 10px;
#         }
#         div.name {
#             background-color: #cce;
#             border: 1px solid #557;
#             padding: 8px;
#             margin: 4px;
#         }
#         code.error {
#             display: block;
#             margin: 1em 0;
#             overflow: auto;
#         }
#         div.name h1, div.error p {
#             margin: 0;
#         }
#         h2 {
#             margin-top: 0;
#             margin-bottom: 10px;
#             font-size: medium;
#             font-weight: bold;
#             text-decoration: underline;
#         }
#         h1 {
#             font-size: medium;
#             font-weight: normal;
#         }
#         /* from http://users.tkk.fi/~tkarvine/linux/doc/pre-wrap/pre-wrap-css3-mozilla-opera-ie.html */
#         /* Browser specific (not valid) styles to make preformatted text wrap */
#         pre {
#             white-space: pre-wrap;       /* css-3 */
#             white-space: -moz-pre-wrap;  /* Mozilla, since 1999 */
#             white-space: -pre-wrap;      /* Opera 4-6 */
#             white-space: -o-pre-wrap;    /* Opera 7 */
#             word-wrap: break-word;       /* Internet Explorer 5.5+ */
#         }
#     </style>
# </head>
# <body>
#     <div class="box">
#         <div class="error"></div>
#         <div class="infos"><pre>
# (en) Please come back later
# (fr) SVP veuillez revenir plus tard
# (de) Bitte versuchen sie es spaeter nocheinmal
# (at) Konnten's bitt'schoen spaeter nochmal reinschauen
# (no) Vennligst prov igjen senere
# (dk) Venligst prov igen senere
# (pl) Prosze sprobowac pozniej
# (pt) Por favor volte mais tarde
# (ru) Попробуйте еще раз позже
# (ua) Спробуйте ще раз пізніше
# (it) Per favore riprova più tardi
# </pre>
# </div>
#         <div class="name"></div>
#     </div>
# </body>
# </html>
#                                                                                                                                                                                                                                                                                                                                                                                                                                                                                                                                 
# -----------------------------------------

#   Failed test 'title matches'
#   at t/just_the_one.t line 24.
# Expected at least one tag of type 'title' in file HTTP::Response=HASH(0x5408f98) matching condition, but got 0

#   Failed test 'main content appears as expected'
#   at t/just_the_one.t line 26.
# Expected at least one tag of type 'p' in file HTTP::Response=HASH(0x5408f98) matching condition, but got 0

#   Failed test 'no unexpected errors'
#   at t/just_the_one.t line 28.
#          got: 'HTML::Element=HASH(0x50bb430)'
#     expected: '0'
# Expected no tags of type div matching criteria in file HTTP::Response=HASH(0x5408f98), but got HTML::Element=HASH(0x50bb430)

#   Failed test 'Found link in HTML'
#   at t/just_the_one.t line 30.
# Expected at least one tag of type 'a or link' in file HTTP::Response=HASH(0x5408f98) matching condition, but got 0
# Looks like you failed 5 tests of 5.
t/just_the_one.t ....... 
Dubious, test returned 5 (wstat 1280, 0x500)
Failed 5/5 subtests 
t/simple_blog.t ........ ok

Test Summary Report
-------------------
t/just_the_one.t     (Wstat: 1280 Tests: 5 Failed: 5)
  Failed tests:  1-5
  Non-zero exit status: 5
Files=6, Tests=24,  6 wallclock secs ( 0.02 usr  0.04 sys +  4.11 cusr  0.62 csys =  4.79 CPU)
Result: FAIL
Failed 1/6 test programs. 5/24 subtests failed.
make: *** [test_dynamic] Error 255

------------------------------
PREREQUISITES
------------------------------

Prerequisite modules loaded:

requires:

    Module                           Need Have   
    -------------------------------- ---- -------
    Catalyst                         0    5.90094
    Catalyst::Action::RenderView     0    0.16   
    Catalyst::Model::DBIC::Schema    0    0.65   
    Catalyst::Plugin::ConfigLoader   0    0.34   
    Catalyst::Plugin::Static::Simple 0    0.33   
    Catalyst::View::TT               0    0.42   
    Config::General                  0    2.58   
    DateTime                         0    1.20   
    DBIx::Class::TimeStamp           0    0.14   
    Moose                            0    2.1405 
    Test::HTML::Form                 0    0.05   
    Test::Pod                        0    1.51   
    Test::Pod::Coverage              0    1.10   

build_requires:

    Module                           Need Have   
    -------------------------------- ---- -------
    ExtUtils::MakeMaker              0    7.04_01

configure_requires:

    Module                           Need Have   
    -------------------------------- ---- -------
    ExtUtils::MakeMaker              0    7.04_01


------------------------------
ENVIRONMENT AND OTHER CONTEXT
------------------------------

Environment variables:

    AUTOMATED_TESTING = 1
    LANG = en_US.UTF-8
    NONINTERACTIVE_TESTING = 1
    PATH = /home/jmaslak/perl5/perlbrew/bin:/home/jmaslak/perl5/perlbrew/perls/perl-5.23.1-ld/bin:/home/jmaslak/perltest/bin:/home/jmaslak/perltest/bin:/home/jmaslak/perltest/bin:/home/jmaslak/perl5/perlbrew/bin:/home/jmaslak/perl5/perlbrew/perls/perl-5.23.1/bin:/usr/local/bin:/usr/bin:/usr/local/sbin:/usr/sbin:/usr/sbin:~/perltest/bin
    PERL5LIB = /home/jmaslak/.cpan/build/Test-HTML-Form-0.05-Bo7y8p/blib/arch:/home/jmaslak/.cpan/build/Test-HTML-Form-0.05-Bo7y8p/blib/lib:/home/jmaslak/.cpan/build/DBIx-Class-TimeStamp-0.14-sv9yEc/blib/arch:/home/jmaslak/.cpan/build/DBIx-Class-TimeStamp-0.14-sv9yEc/blib/lib:/home/jmaslak/.cpan/build/DateTime-Format-MySQL-0.05-QO6bY_/blib/arch:/home/jmaslak/.cpan/build/DateTime-Format-MySQL-0.05-QO6bY_/blib/lib:/home/jmaslak/.cpan/build/Time-Warp-0.52-GVYoOi/blib/arch:/home/jmaslak/.cpan/build/Time-Warp-0.52-GVYoOi/blib/lib:/home/jmaslak/.cpan/build/DBIx-Class-DynamicDefault-0.04-zohGO4/blib/arch:/home/jmaslak/.cpan/build/DBIx-Class-DynamicDefault-0.04-zohGO4/blib/lib:/home/jmaslak/.cpan/build/DBICx-TestDatabase-0.05-N2gGpF/blib/arch:/home/jmaslak/.cpan/build/DBICx-TestDatabase-0.05-N2gGpF/blib/lib:/home/jmaslak/.cpan/build/DateTime-Format-SQLite-0.11-b6QYfg/blib/arch:/home/jmaslak/.cpan/build/DateTime-Format-SQLite-0.11-b6QYfg/blib/lib:/home/jmaslak/.cpan/build/DateTime-Format-Builder-0.81-S_duyQ/blib/arch:/home/jmaslak/.cpan/build/DateTime-Format-Builder-0.81-S_duyQ/blib/lib:/home/jmaslak/.cpan/build/Class-Factory-Util-1.7-G07mv6/blib/arch:/home/jmaslak/.cpan/build/Class-Factory-Util-1.7-G07mv6/blib/lib
    PERL5OPT = 
    PERL5_CPANPLUS_IS_RUNNING = 3279
    PERL5_CPAN_IS_RUNNING = 3279
    PERL5_CPAN_IS_RUNNING_IN_RECURSION = 12384,3279
    PERLBREW_BASHRC_VERSION = 0.73
    PERLBREW_HOME = /home/jmaslak/.perlbrew
    PERLBREW_LIB = 
    PERLBREW_MANPATH = /home/jmaslak/perl5/perlbrew/perls/perl-5.23.1-ld/man
    PERLBREW_PATH = /home/jmaslak/perl5/perlbrew/bin:/home/jmaslak/perl5/perlbrew/perls/perl-5.23.1-ld/bin
    PERLBREW_PERL = perl-5.23.1-ld
    PERLBREW_ROOT = /home/jmaslak/perl5/perlbrew
    PERLBREW_VERSION = 0.73
    PERL_CR_SMOKER_CURRENT = Catalyst-TraitFor-Component-ConfigPerSite-0.12
    PERL_EXTUTILS_AUTOINSTALL = --defaultdeps
    PERL_LOCAL_LIB_ROOT = 
    PERL_MM_USE_DEFAULT = 1
    SHELL = /bin/bash
    TERM = screen

Perl special variables (and OS-specific diagnostics, for MSWin32):

    $^X = /home/jmaslak/perl5/perlbrew/perls/perl-5.23.1-ld/bin/perl5.23.1
    $UID/$EUID = 1000 / 1000
    $GID = 1000 10 1000
    $EGID = 1000 10 1000

Perl module toolchain versions installed:

    Module              Have    
    ------------------- --------
    CPAN                2.11    
    CPAN::Meta          2.150005
    Cwd                 3.56    
    ExtUtils::CBuilder  0.280223
    ExtUtils::Command   1.20    
    ExtUtils::Install   2.04    
    ExtUtils::MakeMaker 7.04_01 
    ExtUtils::Manifest  1.70    
    ExtUtils::ParseXS   3.28    
    File::Spec          3.56    
    JSON                2.90    
    JSON::PP            2.27300 
    Module::Build       0.4214  
    Module::Signature   n/a     
    Parse::CPAN::Meta   1.4417  
    Test::Harness       3.35    
    Test::More          1.001014
    YAML                1.15    
    YAML::Syck          n/a     
    version             0.9909  


--

Summary of my perl5 (revision 5 version 23 subversion 1) configuration:
   
  Platform:
    osname=linux, osvers=4.1.0-x86_64-linode59, archname=x86_64-linux-ld
    uname='linux cpantest.antelope.net 4.1.0-x86_64-linode59 #1 smp mon jun 22 10:39:23 edt 2015 x86_64 x86_64 x86_64 gnulinux '
    config_args='-de -Dprefix=/home/jmaslak/perl5/perlbrew/perls/perl-5.23.1-ld -Duselongdouble -Dusedevel -Aeval:scriptdir=/home/jmaslak/perl5/perlbrew/perls/perl-5.23.1-ld/bin'
    hint=recommended, useposix=true, d_sigaction=define
    useithreads=undef, usemultiplicity=undef
    use64bitint=define, use64bitall=define, uselongdouble=define
    usemymalloc=n, bincompat5005=undef
  Compiler:
    cc='cc', ccflags ='-fwrapv -fno-strict-aliasing -pipe -fstack-protector-strong -I/usr/local/include -D_LARGEFILE_SOURCE -D_FILE_OFFSET_BITS=64 -D_FORTIFY_SOURCE=2',
    optimize='-O2',
    cppflags='-fwrapv -fno-strict-aliasing -pipe -fstack-protector-strong -I/usr/local/include'
    ccversion='', gccversion='4.8.3 20140911 (Red Hat 4.8.3-9)', gccosandvers=''
    intsize=4, longsize=8, ptrsize=8, doublesize=8, byteorder=12345678, doublekind=3
    d_longlong=define, longlongsize=8, d_longdbl=define, longdblsize=16, longdblkind=3
    ivtype='long', ivsize=8, nvtype='long double', nvsize=16, Off_t='off_t', lseeksize=8
    alignbytes=16, prototype=define
  Linker and Libraries:
    ld='cc', ldflags =' -fstack-protector-strong -L/usr/local/lib'
    libpth=/usr/local/lib /usr/lib /lib/../lib64 /usr/lib/../lib64 /lib /lib64 /usr/lib64 /usr/local/lib64
    libs=-lpthread -lnsl -ldl -lm -lcrypt -lutil -lc
    perllibs=-lpthread -lnsl -ldl -lm -lcrypt -lutil -lc
    libc=libc-2.17.so, so=so, useshrplib=false, libperl=libperl.a
    gnulibc_version='2.17'
  Dynamic Linking:
    dlsrc=dl_dlopen.xs, dlext=so, d_dlsymun=undef, ccdlflags='-Wl,-E'
    cccdlflags='-fPIC', lddlflags='-shared -O2 -L/usr/local/lib -fstack-protector-strong'


Characteristics of this binary (from libperl): 
  Compile-time options: HAS_TIMES PERLIO_LAYERS PERL_COPY_ON_WRITE
                        PERL_DONT_CREATE_GVSV
                        PERL_HASH_FUNC_ONE_AT_A_TIME_HARD PERL_MALLOC_WRAP
                        PERL_PRESERVE_IVUV PERL_USE_DEVEL USE_64_BIT_ALL
                        USE_64_BIT_INT USE_LARGE_FILES USE_LOCALE
                        USE_LOCALE_COLLATE USE_LOCALE_CTYPE
                        USE_LOCALE_NUMERIC USE_LOCALE_TIME USE_LONG_DOUBLE
                        USE_PERLIO USE_PERL_ATOF
  Locally applied patches:
	Devel::PatchPerl 1.38
  Built under linux
  Compiled at Jul 26 2015 04:54:15
  %ENV:
    PERL5LIB="/home/jmaslak/.cpan/build/Test-HTML-Form-0.05-Bo7y8p/blib/arch:/home/jmaslak/.cpan/build/Test-HTML-Form-0.05-Bo7y8p/blib/lib:/home/jmaslak/.cpan/build/DBIx-Class-TimeStamp-0.14-sv9yEc/blib/arch:/home/jmaslak/.cpan/build/DBIx-Class-TimeStamp-0.14-sv9yEc/blib/lib:/home/jmaslak/.cpan/build/DateTime-Format-MySQL-0.05-QO6bY_/blib/arch:/home/jmaslak/.cpan/build/DateTime-Format-MySQL-0.05-QO6bY_/blib/lib:/home/jmaslak/.cpan/build/Time-Warp-0.52-GVYoOi/blib/arch:/home/jmaslak/.cpan/build/Time-Warp-0.52-GVYoOi/blib/lib:/home/jmaslak/.cpan/build/DBIx-Class-DynamicDefault-0.04-zohGO4/blib/arch:/home/jmaslak/.cpan/build/DBIx-Class-DynamicDefault-0.04-zohGO4/blib/lib:/home/jmaslak/.cpan/build/DBICx-TestDatabase-0.05-N2gGpF/blib/arch:/home/jmaslak/.cpan/build/DBICx-TestDatabase-0.05-N2gGpF/blib/lib:/home/jmaslak/.cpan/build/DateTime-Format-SQLite-0.11-b6QYfg/blib/arch:/home/jmaslak/.cpan/build/DateTime-Format-SQLite-0.11-b6QYfg/blib/lib:/home/jmaslak/.cpan/build/DateTime-Format-Builder-0.81-S_duyQ/blib/arch:/home/jmaslak/.cpan/build/DateTime-Format-Builder-0.81-S_duyQ/blib/lib:/home/jmaslak/.cpan/build/Class-Factory-Util-1.7-G07mv6/blib/arch:/home/jmaslak/.cpan/build/Class-Factory-Util-1.7-G07mv6/blib/lib"
    PERL5OPT=""
    PERL5_CPANPLUS_IS_RUNNING="3279"
    PERL5_CPAN_IS_RUNNING="3279"
    PERL5_CPAN_IS_RUNNING_IN_RECURSION="12384,3279"
    PERLBREW_BASHRC_VERSION="0.73"
    PERLBREW_HOME="/home/jmaslak/.perlbrew"
    PERLBREW_LIB=""
    PERLBREW_MANPATH="/home/jmaslak/perl5/perlbrew/perls/perl-5.23.1-ld/man"
    PERLBREW_PATH="/home/jmaslak/perl5/perlbrew/bin:/home/jmaslak/perl5/perlbrew/perls/perl-5.23.1-ld/bin"
    PERLBREW_PERL="perl-5.23.1-ld"
    PERLBREW_ROOT="/home/jmaslak/perl5/perlbrew"
    PERLBREW_VERSION="0.73"
    PERL_CR_SMOKER_CURRENT="Catalyst-TraitFor-Component-ConfigPerSite-0.12"
    PERL_EXTUTILS_AUTOINSTALL="--defaultdeps"
    PERL_LOCAL_LIB_ROOT=""
    PERL_MM_USE_DEFAULT="1"
  @INC:
    /home/jmaslak/.cpan/build/Test-HTML-Form-0.05-Bo7y8p/blib/arch
    /home/jmaslak/.cpan/build/Test-HTML-Form-0.05-Bo7y8p/blib/lib
    /home/jmaslak/.cpan/build/DBIx-Class-TimeStamp-0.14-sv9yEc/blib/arch
    /home/jmaslak/.cpan/build/DBIx-Class-TimeStamp-0.14-sv9yEc/blib/lib
    /home/jmaslak/.cpan/build/DateTime-Format-MySQL-0.05-QO6bY_/blib/arch
    /home/jmaslak/.cpan/build/DateTime-Format-MySQL-0.05-QO6bY_/blib/lib
    /home/jmaslak/.cpan/build/Time-Warp-0.52-GVYoOi/blib/arch
    /home/jmaslak/.cpan/build/Time-Warp-0.52-GVYoOi/blib/lib
    /home/jmaslak/.cpan/build/DBIx-Class-DynamicDefault-0.04-zohGO4/blib/arch
    /home/jmaslak/.cpan/build/DBIx-Class-DynamicDefault-0.04-zohGO4/blib/lib
    /home/jmaslak/.cpan/build/DBICx-TestDatabase-0.05-N2gGpF/blib/arch
    /home/jmaslak/.cpan/build/DBICx-TestDatabase-0.05-N2gGpF/blib/lib
    /home/jmaslak/.cpan/build/DateTime-Format-SQLite-0.11-b6QYfg/blib/arch
    /home/jmaslak/.cpan/build/DateTime-Format-SQLite-0.11-b6QYfg/blib/lib
    /home/jmaslak/.cpan/build/DateTime-Format-Builder-0.81-S_duyQ/blib/arch
    /home/jmaslak/.cpan/build/DateTime-Format-Builder-0.81-S_duyQ/blib/lib
    /home/jmaslak/.cpan/build/Class-Factory-Util-1.7-G07mv6/blib/arch
    /home/jmaslak/.cpan/build/Class-Factory-Util-1.7-G07mv6/blib/lib
    /home/jmaslak/perl5/perlbrew/perls/perl-5.23.1-ld/lib/site_perl/5.23.1/x86_64-linux-ld
    /home/jmaslak/perl5/perlbrew/perls/perl-5.23.1-ld/lib/site_perl/5.23.1
    /home/jmaslak/perl5/perlbrew/perls/perl-5.23.1-ld/lib/5.23.1/x86_64-linux-ld
    /home/jmaslak/perl5/perlbrew/perls/perl-5.23.1-ld/lib/5.23.1
    .