Net-Azure-NotificationHubs v0.08 Perl 5 v5.14.1 i686-linux-thread-multi

Status
Fail
From
Nigel Horne
Dist
Net-Azure-NotificationHubs v0.08
Platform
Perl 5 v5.14.1 i686-linux-thread-multi
Date
2018-06-29 08:31:11
ID
c74f04cc-7b76-11e8-8fb1-ef5133556b3f
This distribution has been tested as part of the CPAN Testers
project, supporting the Perl programming language.  See
http://wiki.cpantesters.org/ for more information or email
questions to cpan-testers-discuss@perl.org


--
Dear Satoshi Azuma,

This is a computer-generated report for Net-Azure-NotificationHubs-0.08
on perl 5.14.1, created by CPAN-Reporter-1.2018.

Thank you for uploading your work to CPAN.  However, there was a problem
testing your distribution.

If you think this report is invalid, please consult the CPAN Testers Wiki
for suggestions on how to avoid getting FAIL reports for missing library
or binary dependencies, unsupported operating systems, and so on:

http://wiki.cpantesters.org/wiki/CPANAuthorNotes

Sections of this report:

    * Tester comments
    * Program output
    * Prerequisites
    * Environment and other context

------------------------------
TESTER COMMENTS
------------------------------

Additional comments from tester:

this report is from an automated smoke testing program
and was not reviewed by a human for accuracy

------------------------------
PROGRAM OUTPUT
------------------------------

Output from './Build test':

t/00_compile.t .............. ok
t/10_new.t .................. ok
t/11_send_request.t ......... ok
t/12_uri.t .................. ok
599 Internal Exception at t/21_request_do.t line 16.
# Tests were run but no plan was declared and done_testing() was not seen.
# Looks like your test exited with 255 just after 1.
t/21_request_do.t ........... 
Dubious, test returned 255 (wstat 65280, 0xff00)
All 1 subtests passed 
t/13_req.t .................. ok
    # No tests run!

#   Failed test 'No tests run for subtest "html response"'
#   at t/31_response_as_hashref.t line 16.
599 Internal Exception at t/31_response_as_hashref.t line 12.
# Tests were run but no plan was declared and done_testing() was not seen.
# Looks like your test exited with 255 just after 1.
t/31_response_as_hashref.t .. 
Dubious, test returned 255 (wstat 65280, 0xff00)
Failed 1/1 subtests 

Test Summary Report
-------------------
t/21_request_do.t         (Wstat: 65280 Tests: 1 Failed: 0)
  Non-zero exit status: 255
  Parse errors: No plan found in TAP output
t/31_response_as_hashref.t (Wstat: 65280 Tests: 1 Failed: 1)
  Failed test:  1
  Non-zero exit status: 255
  Parse errors: No plan found in TAP output
Files=7, Tests=20,  0 wallclock secs ( 0.05 usr  0.01 sys +  0.78 cusr  0.10 csys =  0.94 CPU)
Result: FAIL

------------------------------
PREREQUISITES
------------------------------

Prerequisite modules loaded:

requires:

    Module                         Need     Have    
    ------------------------------ -------- --------
    Carp                           0        1.38    
    Class::Accessor::Lite          0        0.08    
    HTTP::Tiny                     0        0.012   
    JSON                           0        2.97001 
    Net::Azure::Authorization::SAS 0.03     0.03    
    Net::SSLeay                    0        1.85    
    perl                           5.008001 5.014001
    URI                            0        1.69    

build_requires:

    Module                         Need     Have    
    ------------------------------ -------- --------
    Test::More                     0.98     1.302136
    Test::Time                     0        0.06    

configure_requires:

    Module                         Need     Have    
    ------------------------------ -------- --------
    Module::Build::Tiny            0.035    0.039   


------------------------------
ENVIRONMENT AND OTHER CONTEXT
------------------------------

Environment variables:

    AUTOMATED_TESTING = 1
    HARNESS_OPTIONS = j2
    LANG = en_US.UTF-8
    PATH = /home/njh/perl5/perlbrew/bin:/home/njh/perl5/perlbrew/perls/perl-5.14.1/bin:/usr/bin:/bin:/home/njh/src/njh/smoker/bin
    PERL5LIB = /home/njh/.cpan/build/Net-SSLeay-1.85-13/blib/arch:/home/njh/.cpan/build/Net-SSLeay-1.85-13/blib/lib:/home/njh/.cpan/build/Net-Azure-Authorization-SAS-0.03-13/blib/arch:/home/njh/.cpan/build/Net-Azure-Authorization-SAS-0.03-13/blib/lib:/home/njh/.cpan/build/Test-Time-0.06-13/blib/arch:/home/njh/.cpan/build/Test-Time-0.06-13/blib/lib:/home/njh/.cpan/build/String-CamelCase-0.04-13/blib/arch:/home/njh/.cpan/build/String-CamelCase-0.04-13/blib/lib:/home/njh/.cpan/build/Class-Accessor-Lite-0.08-13/blib/arch:/home/njh/.cpan/build/Class-Accessor-Lite-0.08-13/blib/lib:/home/njh/.cpan/build/Module-Build-Tiny-0.039-12/blib/arch:/home/njh/.cpan/build/Module-Build-Tiny-0.039-12/blib/lib:/home/njh/.cpan/build/ExtUtils-InstallPaths-0.012-12/blib/arch:/home/njh/.cpan/build/ExtUtils-InstallPaths-0.012-12/blib/lib:/home/njh/.cpan/build/ExtUtils-Helpers-0.026-12/blib/arch:/home/njh/.cpan/build/ExtUtils-Helpers-0.026-12/blib/lib:/home/njh/.cpan/build/ExtUtils-Config-0.008-12/blib/arch:/home/njh/.cpan/build/ExtUtils-Config-0.008-12/blib/lib
    PERL5OPT = 
    PERL5_CPANPLUS_IS_RUNNING = 28224
    PERL5_CPAN_IS_RUNNING = 28224
    PERLBREW_BASHRC_VERSION = 0.73
    PERLBREW_HOME = /home/njh/.perlbrew
    PERLBREW_MANPATH = /home/njh/perl5/perlbrew/perls/perl-5.14.1/man
    PERLBREW_PATH = /home/njh/perl5/perlbrew/bin:/home/njh/perl5/perlbrew/perls/perl-5.14.1/bin
    PERLBREW_PERL = perl-5.14.1
    PERLBREW_ROOT = /home/njh/perl5/perlbrew
    PERLBREW_VERSION = 0.73
    SHELL = /bin/sh
    TEMP = /tmp/user/1000
    TMPDIR = /tmp/user/1000/testwrapper.28212

Perl special variables (and OS-specific diagnostics, for MSWin32):

    $^X = /home/njh/perl5/perlbrew/perls/perl-5.14.1/bin/perl
    $UID/$EUID = 1000 / 1000
    $GID = 1000 4 24 25 29 30 44 46 108 1000
    $EGID = 1000 4 24 25 29 30 44 46 108 1000

Perl module toolchain versions installed:

    Module              Have    
    ------------------- --------
    CPAN                2.16    
    CPAN::Meta          2.143240
    Cwd                 3.36    
    ExtUtils::CBuilder  0.280203
    ExtUtils::Command   7.18    
    ExtUtils::Install   1.56    
    ExtUtils::MakeMaker 7.18    
    ExtUtils::Manifest  1.70    
    ExtUtils::ParseXS   3.35    
    File::Spec          3.33    
    JSON                2.97001 
    JSON::PP            2.97001 
    Module::Build       0.4224  
    Module::Signature   n/a     
    Parse::CPAN::Meta   1.4414  
    Test::Harness       3.35    
    Test::More          1.302136
    YAML                1.26    
    YAML::Syck          1.30    
    version             0.88    


--

Summary of my perl5 (revision 5 version 14 subversion 1) configuration:
   
  Platform:
    osname=linux, osvers=4.2.0-1-686-pae, archname=i686-linux-thread-multi
    uname='linux zack 4.2.0-1-686-pae #1 smp debian 4.2.6-1 (2015-11-10) i686 gnulinux '
    config_args='-de -Dprefix=/home/njh/perl5/perlbrew/perls/perl-5.14.1 -Duseithreads -Dusemultiplicity -Dusedevel -Accflags= -Aeval:scriptdir=/home/njh/perl5/perlbrew/perls/perl-5.14.1/bin'
    hint=recommended, useposix=true, d_sigaction=define
    useithreads=define, usemultiplicity=define
    useperlio=define, d_sfio=undef, uselargefiles=define, usesocks=undef
    use64bitint=undef, use64bitall=undef, uselongdouble=undef
    usemymalloc=n, bincompat5005=undef
  Compiler:
    cc='cc', ccflags ='-D_REENTRANT -D_GNU_SOURCE -fno-strict-aliasing -pipe -fstack-protector -I/usr/local/include -D_LARGEFILE_SOURCE -D_FILE_OFFSET_BITS=64',
    optimize='-O2',
    cppflags='-D_REENTRANT -D_GNU_SOURCE -fno-strict-aliasing -pipe -fstack-protector -I/usr/local/include'
    ccversion='', gccversion='5.2.1 20151121', gccosandvers=''
    intsize=4, longsize=4, ptrsize=4, doublesize=8, byteorder=1234
    d_longlong=define, longlongsize=8, d_longdbl=define, longdblsize=12
    ivtype='long', ivsize=4, nvtype='double', nvsize=8, Off_t='off_t', lseeksize=8
    alignbytes=4, prototype=define
  Linker and Libraries:
    ld='cc', ldflags =' -fstack-protector -L/usr/local/lib'
    libpth=/usr/local/lib /lib/i386-linux-gnu /lib/../lib /usr/lib/i386-linux-gnu /usr/lib/../lib /lib /usr/lib
    libs=-lnsl -lgdbm -ldb -ldl -lm -lcrypt -lutil -lpthread -lc -lgdbm_compat
    perllibs=-lnsl -ldl -lm -lcrypt -lutil -lpthread -lc
    libc=libc-2.19.so, so=so, useshrplib=false, libperl=libperl.a
    gnulibc_version='2.19'
  Dynamic Linking:
    dlsrc=dl_dlopen.xs, dlext=so, d_dlsymun=undef, ccdlflags='-Wl,-E'
    cccdlflags='-fPIC', lddlflags='-shared -O2 -L/usr/local/lib -fstack-protector'


Characteristics of this binary (from libperl): 
  Compile-time options: MULTIPLICITY PERL_DONT_CREATE_GVSV
                        PERL_IMPLICIT_CONTEXT PERL_MALLOC_WRAP
                        PERL_PRESERVE_IVUV PERL_USE_DEVEL USE_ITHREADS
                        USE_LARGE_FILES USE_PERLIO USE_PERL_ATOF
                        USE_REENTRANT_API
  Locally applied patches:
	Devel::PatchPerl 1.38
  Built under linux
  Compiled at Nov 24 2015 02:30:59
  %ENV:
    PERL5LIB="/home/njh/.cpan/build/Net-SSLeay-1.85-13/blib/arch:/home/njh/.cpan/build/Net-SSLeay-1.85-13/blib/lib:/home/njh/.cpan/build/Net-Azure-Authorization-SAS-0.03-13/blib/arch:/home/njh/.cpan/build/Net-Azure-Authorization-SAS-0.03-13/blib/lib:/home/njh/.cpan/build/Test-Time-0.06-13/blib/arch:/home/njh/.cpan/build/Test-Time-0.06-13/blib/lib:/home/njh/.cpan/build/String-CamelCase-0.04-13/blib/arch:/home/njh/.cpan/build/String-CamelCase-0.04-13/blib/lib:/home/njh/.cpan/build/Class-Accessor-Lite-0.08-13/blib/arch:/home/njh/.cpan/build/Class-Accessor-Lite-0.08-13/blib/lib:/home/njh/.cpan/build/Module-Build-Tiny-0.039-12/blib/arch:/home/njh/.cpan/build/Module-Build-Tiny-0.039-12/blib/lib:/home/njh/.cpan/build/ExtUtils-InstallPaths-0.012-12/blib/arch:/home/njh/.cpan/build/ExtUtils-InstallPaths-0.012-12/blib/lib:/home/njh/.cpan/build/ExtUtils-Helpers-0.026-12/blib/arch:/home/njh/.cpan/build/ExtUtils-Helpers-0.026-12/blib/lib:/home/njh/.cpan/build/ExtUtils-Config-0.008-12/blib/arch:/home/njh/.cpan/build/ExtUtils-Config-0.008-12/blib/lib"
    PERL5OPT=""
    PERL5_CPANPLUS_IS_RUNNING="28224"
    PERL5_CPAN_IS_RUNNING="28224"
    PERLBREW_BASHRC_VERSION="0.73"
    PERLBREW_HOME="/home/njh/.perlbrew"
    PERLBREW_MANPATH="/home/njh/perl5/perlbrew/perls/perl-5.14.1/man"
    PERLBREW_PATH="/home/njh/perl5/perlbrew/bin:/home/njh/perl5/perlbrew/perls/perl-5.14.1/bin"
    PERLBREW_PERL="perl-5.14.1"
    PERLBREW_ROOT="/home/njh/perl5/perlbrew"
    PERLBREW_VERSION="0.73"
  @INC:
    /home/njh/.cpan/build/Net-SSLeay-1.85-13/blib/arch
    /home/njh/.cpan/build/Net-SSLeay-1.85-13/blib/lib
    /home/njh/.cpan/build/Net-Azure-Authorization-SAS-0.03-13/blib/arch
    /home/njh/.cpan/build/Net-Azure-Authorization-SAS-0.03-13/blib/lib
    /home/njh/.cpan/build/Test-Time-0.06-13/blib/arch
    /home/njh/.cpan/build/Test-Time-0.06-13/blib/lib
    /home/njh/.cpan/build/String-CamelCase-0.04-13/blib/arch
    /home/njh/.cpan/build/String-CamelCase-0.04-13/blib/lib
    /home/njh/.cpan/build/Class-Accessor-Lite-0.08-13/blib/arch
    /home/njh/.cpan/build/Class-Accessor-Lite-0.08-13/blib/lib
    /home/njh/.cpan/build/Module-Build-Tiny-0.039-12/blib/arch
    /home/njh/.cpan/build/Module-Build-Tiny-0.039-12/blib/lib
    /home/njh/.cpan/build/ExtUtils-InstallPaths-0.012-12/blib/arch
    /home/njh/.cpan/build/ExtUtils-InstallPaths-0.012-12/blib/lib
    /home/njh/.cpan/build/ExtUtils-Helpers-0.026-12/blib/arch
    /home/njh/.cpan/build/ExtUtils-Helpers-0.026-12/blib/lib
    /home/njh/.cpan/build/ExtUtils-Config-0.008-12/blib/arch
    /home/njh/.cpan/build/ExtUtils-Config-0.008-12/blib/lib
    /home/njh/perl5/perlbrew/perls/perl-5.14.1/lib/site_perl/5.14.1/i686-linux-thread-multi
    /home/njh/perl5/perlbrew/perls/perl-5.14.1/lib/site_perl/5.14.1
    /home/njh/perl5/perlbrew/perls/perl-5.14.1/lib/5.14.1/i686-linux-thread-multi
    /home/njh/perl5/perlbrew/perls/perl-5.14.1/lib/5.14.1
    .