Net-Async-OpenTracing v1.001 Perl 5 v5.24.0 amd64-freebsd
- Status
- Fail
- From
- Chris Williams (BINGOS)
- Dist
-
Net-Async-OpenTracing v1.001
- Platform
- Perl 5 v5.24.0 amd64-freebsd
- Date
- 2024-05-12 20:18:21
- ID
- c7546cde-109c-11ef-98b0-b3c3213a625c
This distribution has been tested as part of the CPAN Testers
project, supporting the Perl programming language. See
http://wiki.cpantesters.org/ for more information or email
questions to cpan-testers-discuss@perl.org
--
Dear Tom Molesworth,
This is a computer-generated error report created automatically by
CPANPLUS, version 0.9914. Testers personal comments may appear
at the end of this report.
Thank you for uploading your work to CPAN. However, it appears that
there were some problems testing your distribution.
TEST RESULTS:
Below is the error stack from stage 'make test':
PERL_DL_NONLAZY=1 "/usr/home/cpan/pit/bare/perl-5.24.0/bin/perl" "-MExtUtils::Command::MM" "-MTest::Harness" "-e" "undef *Test::Harness::Switches; test_harness(0, 'blib/lib', 'blib/arch')" t/*.t
t/00-check-deps.t ...... ok
# Failed test 'Net/Async/OpenTracing.pm loaded ok'
# at t/00-compile.t line 43.
# got: '512'
# expected: '0'
Can't locate curry.pm in @INC (you may need to install the curry module) (@INC contains: /usr/home/cpan/pit/bare/conf/perl-5.24.0/.cpanplus/5.24.0/build/Vr1P2VWf_D/Net-Async-OpenTracing-1.001/blib/arch /usr/home/cpan/pit/bare/conf/perl-5.24.0/.cpanplus/5.24.0/build/Vr1P2VWf_D/Net-Async-OpenTracing-1.001/blib/lib /usr/home/cpan/pit/bare/conf/perl-5.24.0/.cpanplus/5.24.0/build/Vr1P2VWf_D/Net-Async-OpenTracing-1.001/blib/lib /usr/home/cpan/pit/bare/conf/perl-5.24.0/.cpanplus/5.24.0/build/Vr1P2VWf_D/Net-Async-OpenTracing-1.001/blib/arch /usr/home/cpan/pit/jail/VXWLC_KG3u/lib/perl5/5.24.0/amd64-freebsd /usr/home/cpan/pit/jail/VXWLC_KG3u/lib/perl5/5.24.0/amd64-freebsd /usr/home/cpan/pit/jail/VXWLC_KG3u/lib/perl5/5.24.0 /usr/home/cpan/pit/jail/VXWLC_KG3u/lib/perl5/amd64-freebsd /usr/home/cpan/pit/jail/VXWLC_KG3u/lib/perl5/5.24.0/amd64-freebsd /usr/home/cpan/pit/jail/VXWLC_KG3u/lib/perl5/5.24.0 /usr/home/cpan/pit/jail/VXWLC_KG3u/lib/perl5/amd64-freebsd /usr/home/cpan/pit/jail/VXWLC_KG3u/lib/perl5 /usr/home/cpan/pit/bare/conf/perl-5.24.0/.cpanplus/5.24.0/build/npHuJ6yf0g/Net-Async-HTTP-0.49/blib/lib /usr/home/cpan/pit/bare/conf/perl-5.24.0/.cpanplus/5.24.0/build/npHuJ6yf0g/Net-Async-HTTP-0.49/blib/arch /usr/home/cpan/pit/bare/conf/perl-5.24.0/.cpanplus/5.24.0/build/bGIsjMF8dc/Net-Async-HTTP-Server-0.14/blib/lib /usr/home/cpan/pit/bare/conf/perl-5.24.0/.cpanplus/5.24.0/build/bGIsjMF8dc/Net-Async-HTTP-Server-0.14/blib/arch /usr/home/cpan/pit/jail/VXWLC_KG3u/lib/perl5/5.24.0/amd64-freebsd /usr/home/cpan/pit/jail/VXWLC_KG3u/lib/perl5/5.24.0 /usr/home/cpan/pit/jail/VXWLC_KG3u/lib/perl5/amd64-freebsd /usr/home/cpan/pit/jail/VXWLC_KG3u/lib/perl5 /usr/home/cpan/pit/bare/conf/perl-5.24.0/.cpanplus/5.24.0/build/npHuJ6yf0g/Net-Async-HTTP-0.49/blib/lib /usr/home/cpan/pit/bare/conf/perl-5.24.0/.cpanplus/5.24.0/build/npHuJ6yf0g/Net-Async-HTTP-0.49/blib/arch /usr/home/cpan/pit/bare/conf/perl-5.24.0/.cpanplus/5.24.0/build/bGIsjMF8dc/Net-Async-HTTP-Server-0.14/blib/lib /usr/home/cpan/pit/bare/conf/perl-5.24.0/.cpanplus/5.24.0/build/bGIsjMF8dc/Net-Async-HTTP-Server-0.14/blib/arch /usr/home/cpan/pit/bare/conf/perl-5.24.0/.cpanplus/5.24.0/build/Vr1P2VWf_D/Net-Async-OpenTracing-1.001/blib/lib /usr/home/cpan/pit/bare/conf/perl-5.24.0/.cpanplus/5.24.0/build/Vr1P2VWf_D/Net-Async-OpenTracing-1.001/blib/arch /usr/home/cpan/pit/bare/perl-5.24.0/lib/site_perl/5.24.0/amd64-freebsd /usr/home/cpan/pit/bare/perl-5.24.0/lib/site_perl/5.24.0 /usr/home/cpan/pit/bare/perl-5.24.0/lib/5.24.0/amd64-freebsd /usr/home/cpan/pit/bare/perl-5.24.0/lib/5.24.0 .) at /usr/home/cpan/pit/bare/conf/perl-5.24.0/.cpanplus/5.24.0/build/Vr1P2VWf_D/Net-Async-OpenTracing-1.001/blib/lib/Net/Async/OpenTracing.pm line 89.
BEGIN failed--compilation aborted at /usr/home/cpan/pit/bare/conf/perl-5.24.0/.cpanplus/5.24.0/build/Vr1P2VWf_D/Net-Async-OpenTracing-1.001/blib/lib/Net/Async/OpenTracing.pm line 89.
Compilation failed in require at -e line 1.
# Looks like you failed 1 test of 1.
t/00-compile.t .........
Dubious, test returned 1 (wstat 256, 0x100)
Failed 1/1 subtests
#
# Versions for all modules listed in MYMETA.json (including optional ones):
#
# === Configure Requires ===
#
# Module Want Have
# ------------------- ---- ----
# ExtUtils::MakeMaker any 7.70
#
# === Build Requires ===
#
# Module Want Have
# ------------------- ---- ----
# ExtUtils::MakeMaker any 7.70
#
# === Test Requires ===
#
# Module Want Have
# ---------------------- -------- --------
# ExtUtils::MakeMaker any 7.70
# File::Spec any 3.75
# IO::Handle any 1.36
# IPC::Open3 any 1.20
# Log::Any::Adapter::TAP 0.003002 0.003003
# Test::CheckDeps 0.010 0.010
# Test::Deep 1.124 1.204
# Test::Fatal 0.010 0.017
# Test::More 0.98 1.302198
# Test::Refcount 0.07 0.10
# Test::Warnings 0.024 0.033
#
# === Test Recommends ===
#
# Module Want Have
# --------------- -------- --------
# CPAN::Meta 2.120900 2.150010
# Test::HexString 0.03 missing
#
# === Runtime Requires ===
#
# Module Want Have
# -------------------- ----- --------
# Encode 1.98 3.21
# Future 0.39 0.50
# IO::Async::Socket any 0.803
# Log::Any 1.045 1.717
# Log::Any::Adapter 1.045 1.717
# Math::Random::Secure any 0.080001
# OpenTracing 1.004 1.006
# Scalar::Util 1.47 1.63
# Syntax::Keyword::Try 0.04 0.29
# Time::HiRes any 1.9741
# Unicode::UTF8 any 0.62
# indirect any 0.39
# parent any 0.234
#
t/00-report-prereqs.t .. ok
Test Summary Report
-------------------
t/00-compile.t (Wstat: 256 (exited 1) Tests: 1 Failed: 1)
Failed test: 1
Non-zero exit status: 1
Files=3, Tests=28, 1 wallclock secs ( 0.04 usr 0.03 sys + 0.85 cusr 0.17 csys = 1.09 CPU)
Result: FAIL
*** Error code 255
Stop.
make: stopped in /usr/home/cpan/pit/bare/conf/perl-5.24.0/.cpanplus/5.24.0/build/Vr1P2VWf_D/Net-Async-OpenTracing-1.001
Failed 1/3 test programs. 1/28 subtests failed.
MISSING PREREQUISITES:
It was observed that the test suite seem to fail without these modules:
curry
As such, adding the prerequisite module(s) to 'PREREQ_PM' in your
Makefile.PL should solve this problem. For example:
WriteMakefile(
AUTHOR => 'Tom Molesworth (team@perlsite.co.uk)',
... # other information
PREREQ_PM => {
'curry' => '0', # or a minimum working version
}
);
Thanks! :-)
PREREQUISITES:
Here is a list of prerequisites you specified and versions we
managed to load:
Module Name Have Want
Encode 3.21 1.98
ExtUtils::MakeMaker 7.70 0
File::Spec 3.75 0
Future 0.50 0.39
IO::Async::Socket 0.803 0
IO::Handle 1.36 0
IPC::Open3 1.20 0
Log::Any 1.717 1.045
Log::Any::Adapter 1.717 1.045
Log::Any::Adapter::TAP 0.003003 0.003002
Math::Random::Secure 0.080001 0
OpenTracing 1.006 1.004
Scalar::Util 1.63 1.47
Syntax::Keyword::Try 0.29 0.04
Test::CheckDeps 0.010 0.010
Test::Deep 1.204 1.124
Test::Fatal 0.017 0.010
Test::More 1.302198 0.98
Test::Refcount 0.10 0.07
Test::Warnings 0.033 0.024
Time::HiRes 1.9741 0
Unicode::UTF8 0.62 0
indirect 0.39 0
parent 0.234 0
Perl module toolchain versions installed:
Module Name Have
CPANPLUS 0.9914
CPANPLUS::Dist::Build 0.90
Cwd 3.75
ExtUtils::CBuilder 0.280236
ExtUtils::Command 7.70
ExtUtils::Install 2.22
ExtUtils::MakeMaker 7.70
ExtUtils::Manifest 1.75
ExtUtils::ParseXS 3.51
File::Spec 3.75
Module::Build 0.4234
Pod::Parser 1.63
Pod::Simple 3.32
Test2 1.302198
Test::Harness 3.48
Test::More 1.302198
version 0.9930
******************************** NOTE ********************************
The comments above are created mechanically, possibly without manual
checking by the sender. As there are many people performing automatic
tests on each upload to CPAN, it is likely that you will receive
identical messages about the same problem.
If you believe that the message is mistaken, please reply to the first
one with correction and/or additional informations, and do not take
it personally. We appreciate your patience. :)
**********************************************************************
Additional comments:
This report was machine-generated by CPANPLUS::Dist::YACSmoke 1.08.
Powered by minismokebox version 0.68
CPANPLUS is prefering Build.PL
------------------------------
ENVIRONMENT AND OTHER CONTEXT
------------------------------
Environment variables:
AUTOMATED_TESTING = 1
LANG = C.UTF-8
NONINTERACTIVE_TESTING = 1
PATH = /sbin:/bin:/usr/sbin:/usr/bin:/usr/local/sbin:/usr/local/bin:/home/cpan/bin
PERL5LIB = /usr/home/cpan/pit/jail/VXWLC_KG3u/lib/perl5:/usr/home/cpan/pit/bare/conf/perl-5.24.0/.cpanplus/5.24.0/build/npHuJ6yf0g/Net-Async-HTTP-0.49/blib/lib:/usr/home/cpan/pit/bare/conf/perl-5.24.0/.cpanplus/5.24.0/build/npHuJ6yf0g/Net-Async-HTTP-0.49/blib/arch:/usr/home/cpan/pit/bare/conf/perl-5.24.0/.cpanplus/5.24.0/build/bGIsjMF8dc/Net-Async-HTTP-Server-0.14/blib/lib:/usr/home/cpan/pit/bare/conf/perl-5.24.0/.cpanplus/5.24.0/build/bGIsjMF8dc/Net-Async-HTTP-Server-0.14/blib/arch:/usr/home/cpan/pit/bare/conf/perl-5.24.0/.cpanplus/5.24.0/build/Vr1P2VWf_D/Net-Async-OpenTracing-1.001/blib/lib:/usr/home/cpan/pit/bare/conf/perl-5.24.0/.cpanplus/5.24.0/build/Vr1P2VWf_D/Net-Async-OpenTracing-1.001/blib/arch
PERL5_CPANPLUS_IS_RUNNING = 1787
PERL5_CPANPLUS_IS_VERSION = 0.9914
PERL5_MINISMOKEBOX = 0.68
PERL5_YACSMOKE_BASE = /usr/home/cpan/pit/bare/conf/perl-5.24.0
PERL_EXTUTILS_AUTOINSTALL = --defaultdeps
PERL_LOCAL_LIB_ROOT = /usr/home/cpan/pit/jail/VXWLC_KG3u
PERL_MB_OPT = --install_base "/usr/home/cpan/pit/jail/VXWLC_KG3u"
PERL_MM_OPT = INSTALL_BASE=/usr/home/cpan/pit/jail/VXWLC_KG3u
PERL_MM_USE_DEFAULT = 1
PERL_USE_UNSAFE_INC = 1
SHELL = /usr/local/bin/bash
TERM = screen
Perl special variables (and OS-specific diagnostics, for MSWin32):
Perl: $^X = /usr/home/cpan/pit/bare/perl-5.24.0/bin/perl
UID: $< = 1002
EUID: $> = 1002
GID: $( = 1002 1002
EGID: $) = 1002 1002
-------------------------------
--
Summary of my perl5 (revision 5 version 24 subversion 0) configuration:
Platform:
osname=freebsd, osvers=13.2-release-p8, archname=amd64-freebsd
uname='freebsd felstone 13.2-release-p8 freebsd 13.2-release-p8 generic amd64 '
config_args='-des -Dprefix=/usr/home/cpan/pit/bare/perl-5.24.0'
hint=recommended, useposix=true, d_sigaction=define
useithreads=undef, usemultiplicity=undef
use64bitint=define, use64bitall=define, uselongdouble=undef
usemymalloc=n, bincompat5005=undef
Compiler:
cc='cc', ccflags ='-DHAS_FPSETMASK -DHAS_FLOATINGPOINT_H -fno-strict-aliasing -pipe -fstack-protector-strong -I/usr/local/include',
optimize='-O2',
cppflags='-DHAS_FPSETMASK -DHAS_FLOATINGPOINT_H -fno-strict-aliasing -pipe -fstack-protector-strong -I/usr/local/include'
ccversion='', gccversion='FreeBSD Clang 14.0.5 (https://github.com/llvm/llvm-project.git llvmorg-14.0.5-0-gc12386ae247c)', gccosandvers=''
intsize=4, longsize=8, ptrsize=8, doublesize=8, byteorder=12345678, doublekind=3
d_longlong=define, longlongsize=8, d_longdbl=define, longdblsize=16, longdblkind=3
ivtype='long', ivsize=8, nvtype='double', nvsize=8, Off_t='off_t', lseeksize=8
alignbytes=8, prototype=define
Linker and Libraries:
ld='cc', ldflags ='-Wl,-E -fstack-protector-strong -L/usr/local/lib'
libpth=/usr/lib /usr/local/lib /usr/lib/clang/14.0.5/lib /usr/lib
libs=-lpthread -lgdbm -ldl -lm -lcrypt -lutil -lc
perllibs=-lpthread -ldl -lm -lcrypt -lutil -lc
libc=, so=so, useshrplib=false, libperl=libperl.a
gnulibc_version=''
Dynamic Linking:
dlsrc=dl_dlopen.xs, dlext=so, d_dlsymun=undef, ccdlflags=' '
cccdlflags='-DPIC -fPIC', lddlflags='-shared -L/usr/local/lib -fstack-protector-strong'
Characteristics of this binary (from libperl):
Compile-time options: HAS_TIMES PERLIO_LAYERS PERL_COPY_ON_WRITE
PERL_DONT_CREATE_GVSV
PERL_HASH_FUNC_ONE_AT_A_TIME_HARD PERL_MALLOC_WRAP
PERL_PRESERVE_IVUV USE_64_BIT_ALL USE_64_BIT_INT
USE_LARGE_FILES USE_LOCALE USE_LOCALE_COLLATE
USE_LOCALE_CTYPE USE_LOCALE_NUMERIC USE_LOCALE_TIME
USE_PERLIO USE_PERL_ATOF
Locally applied patches:
Devel::PatchPerl 2.08
Built under freebsd
Compiled at Dec 19 2023 00:42:17
%ENV:
PERL5LIB="/usr/home/cpan/pit/jail/VXWLC_KG3u/lib/perl5:/usr/home/cpan/pit/bare/conf/perl-5.24.0/.cpanplus/5.24.0/build/npHuJ6yf0g/Net-Async-HTTP-0.49/blib/lib:/usr/home/cpan/pit/bare/conf/perl-5.24.0/.cpanplus/5.24.0/build/npHuJ6yf0g/Net-Async-HTTP-0.49/blib/arch:/usr/home/cpan/pit/bare/conf/perl-5.24.0/.cpanplus/5.24.0/build/bGIsjMF8dc/Net-Async-HTTP-Server-0.14/blib/lib:/usr/home/cpan/pit/bare/conf/perl-5.24.0/.cpanplus/5.24.0/build/bGIsjMF8dc/Net-Async-HTTP-Server-0.14/blib/arch:/usr/home/cpan/pit/bare/conf/perl-5.24.0/.cpanplus/5.24.0/build/Vr1P2VWf_D/Net-Async-OpenTracing-1.001/blib/lib:/usr/home/cpan/pit/bare/conf/perl-5.24.0/.cpanplus/5.24.0/build/Vr1P2VWf_D/Net-Async-OpenTracing-1.001/blib/arch"
PERL5_CPANPLUS_IS_RUNNING="1787"
PERL5_CPANPLUS_IS_VERSION="0.9914"
PERL5_MINISMOKEBOX="0.68"
PERL5_YACSMOKE_BASE="/usr/home/cpan/pit/bare/conf/perl-5.24.0"
PERL_EXTUTILS_AUTOINSTALL="--defaultdeps"
PERL_LOCAL_LIB_ROOT="/usr/home/cpan/pit/jail/VXWLC_KG3u"
PERL_MB_OPT="--install_base "/usr/home/cpan/pit/jail/VXWLC_KG3u""
PERL_MM_OPT="INSTALL_BASE=/usr/home/cpan/pit/jail/VXWLC_KG3u"
PERL_MM_USE_DEFAULT="1"
PERL_USE_UNSAFE_INC="1"
@INC:
/usr/home/cpan/pit/jail/VXWLC_KG3u/lib/perl5/5.24.0/amd64-freebsd
/usr/home/cpan/pit/jail/VXWLC_KG3u/lib/perl5/5.24.0
/usr/home/cpan/pit/jail/VXWLC_KG3u/lib/perl5/amd64-freebsd
/usr/home/cpan/pit/jail/VXWLC_KG3u/lib/perl5
/usr/home/cpan/pit/bare/conf/perl-5.24.0/.cpanplus/5.24.0/build/npHuJ6yf0g/Net-Async-HTTP-0.49/blib/lib
/usr/home/cpan/pit/bare/conf/perl-5.24.0/.cpanplus/5.24.0/build/npHuJ6yf0g/Net-Async-HTTP-0.49/blib/arch
/usr/home/cpan/pit/bare/conf/perl-5.24.0/.cpanplus/5.24.0/build/bGIsjMF8dc/Net-Async-HTTP-Server-0.14/blib/lib
/usr/home/cpan/pit/bare/conf/perl-5.24.0/.cpanplus/5.24.0/build/bGIsjMF8dc/Net-Async-HTTP-Server-0.14/blib/arch
/usr/home/cpan/pit/bare/conf/perl-5.24.0/.cpanplus/5.24.0/build/Vr1P2VWf_D/Net-Async-OpenTracing-1.001/blib/lib
/usr/home/cpan/pit/bare/conf/perl-5.24.0/.cpanplus/5.24.0/build/Vr1P2VWf_D/Net-Async-OpenTracing-1.001/blib/arch
/usr/home/cpan/pit/bare/perl-5.24.0/lib/site_perl/5.24.0/amd64-freebsd
/usr/home/cpan/pit/bare/perl-5.24.0/lib/site_perl/5.24.0
/usr/home/cpan/pit/bare/perl-5.24.0/lib/5.24.0/amd64-freebsd
/usr/home/cpan/pit/bare/perl-5.24.0/lib/5.24.0
.