Back
From: metabase:user:3215efbe-2aae-11df-837a-5e0a49663a4f
Subject: FAIL Algorithm-KernelKMeans-0.03 v5.14.2 GNU/Linux
Date: 2012-03-09T16:56:13Z
This distribution has been tested as part of the CPAN Testers
project, supporting the Perl programming language. See
http://wiki.cpantesters.org/ for more information or email
questions to cpan-testers-discuss@perl.org
--
Dear Koichi SATOH,
This is a computer-generated report for Algorithm-KernelKMeans-0.03
on perl 5.14.2, created by CPAN-Reporter-1.2004.
Thank you for uploading your work to CPAN. However, there was a problem
testing your distribution.
If you think this report is invalid, please consult the CPAN Testers Wiki
for suggestions on how to avoid getting FAIL reports for missing library
or binary dependencies, unsupported operating systems, and so on:
http://wiki.cpantesters.org/wiki/CPANAuthorNotes
Sections of this report:
* Tester comments
* Program output
* Prerequisites
* Environment and other context
------------------------------
TESTER COMMENTS
------------------------------
Additional comments from tester:
this report is from an automated smoke testing program
and was not reviewed by a human for accuracy
------------------------------
PROGRAM OUTPUT
------------------------------
Output from '/usr/bin/make test':
PERL_DL_NONLAZY=1 /opt/perls/nothreads/perl-5.14.2/bin/perl "-MExtUtils::Command::MM" "-e" "test_harness(0, 'inc', 'blib/lib', 'blib/arch')" t/*.t
t/00_compile.t ......... ok
t/01_impl_detection.t .. ok
# This test may take some minutes
# Failed test '"vertices" and "weights" must be same size'
# at t/02_pp_impl.t line 40.
# died: Attribute (weights) does not pass the type constraint because: Validation failed for 'ArrayRef[MooseX::Types::Common::Numeric::PositiveNum]' with value [ 0, 1, 2, 3, 4, 5, ... ] at constructor Algorithm::KernelKMeans::PP::new (defined at /home/tf/.cpan/build/Algorithm-KernelKMeans-0.03-jgz915/blib/lib/Algorithm/KernelKMeans/PP.pm line 215) line 55, <$kmat> line 256.
# Algorithm::KernelKMeans::PP::new(** Incomplete caller override detected in &Sub::Uplevel::_uplevel_caller; @DB::args were not set **) called at t/02_pp_impl.t line 36
# Test::Exception::lives_ok(** Incomplete caller override detected in &Sub::Uplevel::_uplevel_caller; @DB::args were not set **) called at t/02_pp_impl.t line 40
# Looks like you failed 1 test of 13.
t/02_pp_impl.t .........
Dubious, test returned 1 (wstat 256, 0x100)
Failed 1/13 subtests
t/03_util.t ............ ok
Test Summary Report
-------------------
t/02_pp_impl.t (Wstat: 256 Tests: 13 Failed: 1)
Failed test: 3
Non-zero exit status: 1
Files=4, Tests=22, 316 wallclock secs ( 0.25 usr 0.03 sys + 315.08 cusr 0.26 csys = 315.62 CPU)
Result: FAIL
Failed 1/4 test programs. 1/22 subtests failed.
make: *** [test_dynamic] Error 255
------------------------------
PREREQUISITES
------------------------------
Prerequisite modules loaded:
requires:
Module Need Have
------------------------------ -------- --------
Carp 1.16 1.25
Exporter::Lite 0.02 0.02
List::MoreUtils 0.22 0.33
List::Util 1.23 1.23
Moose 1.1 2.0402
MooseX::Types::Common::Numeric 0.001001 0.001007
MooseX::Types::Moose 0.23 0.31
namespace::autoclean 0.11 0.13
parent 0.223 0.225
POSIX 1.19 1.24
UNIVERSAL::require 0.13 0.13
build_requires:
Module Need Have
------------------------------ -------- --------
ExtUtils::MakeMaker 6.42 6.62
ExtUtils::testlib 6.56 6.62
Test::Exception 0.29 0.31
Test::More 0.88 0.98
configure_requires:
Module Need Have
------------------------------ -------- --------
ExtUtils::MakeMaker 6.42 6.62
------------------------------
ENVIRONMENT AND OTHER CONTEXT
------------------------------
Environment variables:
AUTOMATED_TESTING = 1
LANG = C
PATH = /opt/perls/nothreads/perl-5.14.2/bin:/usr/local/bin:/usr/bin:/bin:/usr/local/games:/usr/games
PERL5LIB =
PERL5OPT =
PERL5_CPANPLUS_IS_RUNNING = 13547
PERL5_CPAN_IS_RUNNING = 13547
PERL5_CPAN_IS_RUNNING_IN_RECURSION = 1039,13547
PERL_CR_SMOKER_CURRENT = Algorithm-KernelKMeans-0.03
PERL_EXTUTILS_AUTOINSTALL = --defaultdeps
PERL_MM_USE_DEFAULT = 1
SHELL = /bin/bash
TERM = xterm
Perl special variables (and OS-specific diagnostics, for MSWin32):
$^X = /opt/perls/nothreads/perl-5.14.2/bin/perl
$UID/$EUID = 1000 / 1000
$GID = 1000 24 25 27 29 30 44 46 1000
$EGID = 1000 24 25 27 29 30 44 46 1000
Perl module toolchain versions installed:
Module Have
------------------- --------
CPAN 1.9800
CPAN::Meta 2.120630
Cwd 3.39_01
ExtUtils::CBuilder 0.280205
ExtUtils::Command 1.17
ExtUtils::Install 1.56
ExtUtils::MakeMaker 6.62
ExtUtils::Manifest 1.60
ExtUtils::ParseXS 3.15
File::Spec 3.39_01
JSON 2.53
JSON::PP 2.27200
Module::Build 0.40
Module::Signature 0.68
Parse::CPAN::Meta 1.4402
Test::Harness 3.23
Test::More 0.98
YAML 0.73
YAML::Syck 1.20
version 0.96
--
Summary of my perl5 (revision 5 version 14 subversion 2) configuration:
Platform:
osname=linux, osvers=2.6.32-5-kirkwood, archname=armv5tel-linux
uname='linux plugpc 2.6.32-5-kirkwood #1 tue mar 8 10:56:14 utc 2011 armv5tel gnulinux '
config_args='-des -Dprefix=/opt/perls/nothreads/perl-5.14.2'
hint=recommended, useposix=true, d_sigaction=define
useithreads=undef, usemultiplicity=undef
useperlio=define, d_sfio=undef, uselargefiles=define, usesocks=undef
use64bitint=undef, use64bitall=undef, uselongdouble=undef
usemymalloc=n, bincompat5005=undef
Compiler:
cc='cc', ccflags ='-fno-strict-aliasing -pipe -fstack-protector -I/usr/local/include -D_LARGEFILE_SOURCE -D_FILE_OFFSET_BITS=64',
optimize='-O2',
cppflags='-fno-strict-aliasing -pipe -fstack-protector -I/usr/local/include'
ccversion='', gccversion='4.4.5', gccosandvers=''
intsize=4, longsize=4, ptrsize=4, doublesize=8, byteorder=1234
d_longlong=define, longlongsize=8, d_longdbl=define, longdblsize=8
ivtype='long', ivsize=4, nvtype='double', nvsize=8, Off_t='off_t', lseeksize=8
alignbytes=8, prototype=define
Linker and Libraries:
ld='cc', ldflags =' -fstack-protector -L/usr/local/lib'
libpth=/usr/local/lib /lib /usr/lib /usr/lib/arm-linux-gnueabi
libs=-lnsl -lgdbm -ldb -ldl -lm -lcrypt -lutil -lc -lgdbm_compat
perllibs=-lnsl -ldl -lm -lcrypt -lutil -lc
libc=/lib/libc-2.11.3.so, so=so, useshrplib=false, libperl=libperl.a
gnulibc_version='2.11.3'
Dynamic Linking:
dlsrc=dl_dlopen.xs, dlext=so, d_dlsymun=undef, ccdlflags='-Wl,-E'
cccdlflags='-fPIC', lddlflags='-shared -O2 -L/usr/local/lib -fstack-protector'
Characteristics of this binary (from libperl):
Compile-time options: PERL_DONT_CREATE_GVSV PERL_MALLOC_WRAP
PERL_PRESERVE_IVUV USE_LARGE_FILES USE_PERLIO
USE_PERL_ATOF
Built under linux
Compiled at Feb 17 2012 18:25:36
%ENV:
PERL5LIB=""
PERL5OPT=""
PERL5_CPANPLUS_IS_RUNNING="13547"
PERL5_CPAN_IS_RUNNING="13547"
PERL5_CPAN_IS_RUNNING_IN_RECURSION="1039,13547"
PERL_CR_SMOKER_CURRENT="Algorithm-KernelKMeans-0.03"
PERL_EXTUTILS_AUTOINSTALL="--defaultdeps"
PERL_MM_USE_DEFAULT="1"
@INC:
/opt/perls/nothreads/perl-5.14.2/lib/site_perl/5.14.2/armv5tel-linux
/opt/perls/nothreads/perl-5.14.2/lib/site_perl/5.14.2
/opt/perls/nothreads/perl-5.14.2/lib/5.14.2/armv5tel-linux
/opt/perls/nothreads/perl-5.14.2/lib/5.14.2
.