Report for Module-Info-0.35_01

Back
From: metabase:user:320bfe00-2aae-11df-837a-5e0a49663a4f
Subject: FAIL Module-Info-0.35_01 v5.22.0 GNU/Linux
Date: 2015-06-15T21:45:03Z

This distribution has been tested as part of the CPAN Testers
project, supporting the Perl programming language.  See
http://wiki.cpantesters.org/ for more information or email
questions to cpan-testers-discuss@perl.org


--
Dear Neil Bowers,

This is a computer-generated report for Module-Info-0.35_01
on perl 5.22.0, created by CPAN-Reporter-1.2014.

Thank you for uploading your work to CPAN.  However, there was a problem
testing your distribution.

If you think this report is invalid, please consult the CPAN Testers Wiki
for suggestions on how to avoid getting FAIL reports for missing library
or binary dependencies, unsupported operating systems, and so on:

http://wiki.cpantesters.org/wiki/CPANAuthorNotes

Sections of this report:

    * Tester comments
    * Program output
    * Prerequisites
    * Environment and other context

------------------------------
TESTER COMMENTS
------------------------------

Additional comments from tester:

this report is from an automated smoke testing program
and was not reviewed by a human for accuracy

------------------------------
PROGRAM OUTPUT
------------------------------

Output from '/usr/bin/make test':

PERL_DL_NONLAZY=1 "/home/sand/src/perl/repoperls/installed-perls/perl/v5.22.0/9980/bin/perl" "-MExtUtils::Command::MM" "-MTest::Harness" "-e" "undef *Test::Harness::Switches; test_harness(0, 'blib/lib', 'blib/arch')" t/*.t
B::Module::Info,packages use failed with 2 saying:
Can't locate B/Utils.pm in @INC (you may need to install the B::Utils module) (@INC contains: blib/lib /tmp/loop_over_bdir-1308-FcVB3i/Module-Info-0.35_01-dAlKXl/blib/lib /tmp/loop_over_bdir-1308-FcVB3i/Module-Info-0.35_01-dAlKXl/blib/arch /home/sand/src/perl/repoperls/installed-perls/perl/v5.22.0/9980/lib/site_perl/5.22.0/x86_64-linux-thread-multi /home/sand/src/perl/repoperls/installed-perls/perl/v5.22.0/9980/lib/site_perl/5.22.0 /home/sand/src/perl/repoperls/installed-perls/perl/v5.22.0/9980/lib/5.22.0/x86_64-linux-thread-multi /home/sand/src/perl/repoperls/installed-perls/perl/v5.22.0/9980/lib/5.22.0 .) at blib/lib/B/Module/Info.pm line 7.

BEGIN failed--compilation aborted at blib/lib/B/Module/Info.pm line 7.

Compilation failed in require at (eval 2) line 18.

BEGIN failed--compilation aborted at (eval 2) line 18.

BEGIN failed--compilation aborted.
#     Failed test (t/Module-Info.t at line 82)
#          got: '0'
#     expected: '3'
#     Failed test (t/Module-Info.t at line 83)
#     Structures begin differing at:
#          $got->[0] = Does not exist
#     $expected->[0] = 'Module::Info'
B::Module::Info,packages use failed with 2 saying:
Can't locate B/Utils.pm in @INC (you may need to install the B::Utils module) (@INC contains: blib/lib /tmp/loop_over_bdir-1308-FcVB3i/Module-Info-0.35_01-dAlKXl/blib/lib /tmp/loop_over_bdir-1308-FcVB3i/Module-Info-0.35_01-dAlKXl/blib/arch /home/sand/src/perl/repoperls/installed-perls/perl/v5.22.0/9980/lib/site_perl/5.22.0/x86_64-linux-thread-multi /home/sand/src/perl/repoperls/installed-perls/perl/v5.22.0/9980/lib/site_perl/5.22.0 /home/sand/src/perl/repoperls/installed-perls/perl/v5.22.0/9980/lib/5.22.0/x86_64-linux-thread-multi /home/sand/src/perl/repoperls/installed-perls/perl/v5.22.0/9980/lib/5.22.0 .) at blib/lib/B/Module/Info.pm line 7.

BEGIN failed--compilation aborted at blib/lib/B/Module/Info.pm line 7.

Compilation failed in require at (eval 2) line 18.

BEGIN failed--compilation aborted at (eval 2) line 18.

BEGIN failed--compilation aborted.
#     Failed test (t/Module-Info.t at line 88)
#          got: '0'
#     expected: '3'
#     Failed test (t/Module-Info.t at line 89)
#          got: undef
#     expected: '0.3501'
B::Module::Info,subroutines use failed with 2 saying:
Can't locate B/Utils.pm in @INC (you may need to install the B::Utils module) (@INC contains: blib/lib /tmp/loop_over_bdir-1308-FcVB3i/Module-Info-0.35_01-dAlKXl/blib/lib /tmp/loop_over_bdir-1308-FcVB3i/Module-Info-0.35_01-dAlKXl/blib/arch /home/sand/src/perl/repoperls/installed-perls/perl/v5.22.0/9980/lib/site_perl/5.22.0/x86_64-linux-thread-multi /home/sand/src/perl/repoperls/installed-perls/perl/v5.22.0/9980/lib/site_perl/5.22.0 /home/sand/src/perl/repoperls/installed-perls/perl/v5.22.0/9980/lib/5.22.0/x86_64-linux-thread-multi /home/sand/src/perl/repoperls/installed-perls/perl/v5.22.0/9980/lib/5.22.0 .) at blib/lib/B/Module/Info.pm line 7.

BEGIN failed--compilation aborted at blib/lib/B/Module/Info.pm line 7.

Compilation failed in require at (eval 2) line 18.

BEGIN failed--compilation aborted at (eval 2) line 18.

BEGIN failed--compilation aborted.
#     Failed test (t/Module-Info.t at line 92)
#          got: '0'
#     expected: '32'
#     Failed test (t/Module-Info.t at line 93)
#     Structures begin differing at:
#          $got->[0] = Does not exist
#     $expected->[0] = 'Module::Info::AUTOLOAD'
B::Module::Info,modules_used use failed with 2 saying:
Can't locate B/Utils.pm in @INC (you may need to install the B::Utils module) (@INC contains: blib/lib /tmp/loop_over_bdir-1308-FcVB3i/Module-Info-0.35_01-dAlKXl/blib/lib /tmp/loop_over_bdir-1308-FcVB3i/Module-Info-0.35_01-dAlKXl/blib/arch /home/sand/src/perl/repoperls/installed-perls/perl/v5.22.0/9980/lib/site_perl/5.22.0/x86_64-linux-thread-multi /home/sand/src/perl/repoperls/installed-perls/perl/v5.22.0/9980/lib/site_perl/5.22.0 /home/sand/src/perl/repoperls/installed-perls/perl/v5.22.0/9980/lib/5.22.0/x86_64-linux-thread-multi /home/sand/src/perl/repoperls/installed-perls/perl/v5.22.0/9980/lib/5.22.0 .) at blib/lib/B/Module/Info.pm line 7.

BEGIN failed--compilation aborted at blib/lib/B/Module/Info.pm line 7.

Compilation failed in require at (eval 2) line 18.

BEGIN failed--compilation aborted at (eval 2) line 18.

BEGIN failed--compilation aborted.
#     Failed test (t/Module-Info.t at line 101)
#          got: '0'
#     expected: '7'
#     Failed test (t/Module-Info.t at line 102)
#     Structures begin differing at:
#          $got->[0] = Does not exist
#     $expected->[0] = 'Carp'
B::Module::Info,packages use failed with 2 saying:
Can't locate B/Utils.pm in @INC (you may need to install the B::Utils module) (@INC contains: blib/lib /tmp/loop_over_bdir-1308-FcVB3i/Module-Info-0.35_01-dAlKXl/blib/lib /tmp/loop_over_bdir-1308-FcVB3i/Module-Info-0.35_01-dAlKXl/blib/arch /home/sand/src/perl/repoperls/installed-perls/perl/v5.22.0/9980/lib/site_perl/5.22.0/x86_64-linux-thread-multi /home/sand/src/perl/repoperls/installed-perls/perl/v5.22.0/9980/lib/site_perl/5.22.0 /home/sand/src/perl/repoperls/installed-perls/perl/v5.22.0/9980/lib/5.22.0/x86_64-linux-thread-multi /home/sand/src/perl/repoperls/installed-perls/perl/v5.22.0/9980/lib/5.22.0 .) at blib/lib/B/Module/Info.pm line 7.

BEGIN failed--compilation aborted at blib/lib/B/Module/Info.pm line 7.

Compilation failed in require at (eval 2) line 18.

BEGIN failed--compilation aborted at (eval 2) line 18.

BEGIN failed--compilation aborted.
#     Failed test (t/Module-Info.t at line 185)
#          got: '0'
#     expected: '2'
#     Failed test (t/Module-Info.t at line 186)
B::Module::Info,packages use failed with 2 saying:
Can't locate B/Utils.pm in @INC (you may need to install the B::Utils module) (@INC contains: blib/lib /tmp/loop_over_bdir-1308-FcVB3i/Module-Info-0.35_01-dAlKXl/blib/lib /tmp/loop_over_bdir-1308-FcVB3i/Module-Info-0.35_01-dAlKXl/blib/arch /home/sand/src/perl/repoperls/installed-perls/perl/v5.22.0/9980/lib/site_perl/5.22.0/x86_64-linux-thread-multi /home/sand/src/perl/repoperls/installed-perls/perl/v5.22.0/9980/lib/site_perl/5.22.0 /home/sand/src/perl/repoperls/installed-perls/perl/v5.22.0/9980/lib/5.22.0/x86_64-linux-thread-multi /home/sand/src/perl/repoperls/installed-perls/perl/v5.22.0/9980/lib/5.22.0 .) at blib/lib/B/Module/Info.pm line 7.

BEGIN failed--compilation aborted at blib/lib/B/Module/Info.pm line 7.

Compilation failed in require at (eval 2) line 18.

BEGIN failed--compilation aborted at (eval 2) line 18.

BEGIN failed--compilation aborted.
#     Failed test (t/Module-Info.t at line 189)
#          got: '0'
#     expected: '2'
#     Failed test (t/Module-Info.t at line 190)
#          got: undef
#     expected: '7.254'
B::Module::Info,subroutines use failed with 2 saying:
Can't locate B/Utils.pm in @INC (you may need to install the B::Utils module) (@INC contains: blib/lib /tmp/loop_over_bdir-1308-FcVB3i/Module-Info-0.35_01-dAlKXl/blib/lib /tmp/loop_over_bdir-1308-FcVB3i/Module-Info-0.35_01-dAlKXl/blib/arch /home/sand/src/perl/repoperls/installed-perls/perl/v5.22.0/9980/lib/site_perl/5.22.0/x86_64-linux-thread-multi /home/sand/src/perl/repoperls/installed-perls/perl/v5.22.0/9980/lib/site_perl/5.22.0 /home/sand/src/perl/repoperls/installed-perls/perl/v5.22.0/9980/lib/5.22.0/x86_64-linux-thread-multi /home/sand/src/perl/repoperls/installed-perls/perl/v5.22.0/9980/lib/5.22.0 .) at blib/lib/B/Module/Info.pm line 7.

BEGIN failed--compilation aborted at blib/lib/B/Module/Info.pm line 7.

Compilation failed in require at (eval 2) line 18.

BEGIN failed--compilation aborted at (eval 2) line 18.

BEGIN failed--compilation aborted.
#     Failed test (t/Module-Info.t at line 194)
#          got: '0'
#     expected: '2'
#     Failed test (t/Module-Info.t at line 195)
Use of uninitialized value $start in concatenation (.) or string at t/Module-Info.t line 198.
Use of uninitialized value $end in concatenation (.) or string at t/Module-Info.t line 198.
#     Failed test (t/Module-Info.t at line 199)
#          got: undef
#     expected: '21'
#     Failed test (t/Module-Info.t at line 200)
#          got: undef
#     expected: '22'
B::Module::Info,modules_used use failed with 2 saying:
Can't locate B/Utils.pm in @INC (you may need to install the B::Utils module) (@INC contains: blib/lib /tmp/loop_over_bdir-1308-FcVB3i/Module-Info-0.35_01-dAlKXl/blib/lib /tmp/loop_over_bdir-1308-FcVB3i/Module-Info-0.35_01-dAlKXl/blib/arch /home/sand/src/perl/repoperls/installed-perls/perl/v5.22.0/9980/lib/site_perl/5.22.0/x86_64-linux-thread-multi /home/sand/src/perl/repoperls/installed-perls/perl/v5.22.0/9980/lib/site_perl/5.22.0 /home/sand/src/perl/repoperls/installed-perls/perl/v5.22.0/9980/lib/5.22.0/x86_64-linux-thread-multi /home/sand/src/perl/repoperls/installed-perls/perl/v5.22.0/9980/lib/5.22.0 .) at blib/lib/B/Module/Info.pm line 7.

BEGIN failed--compilation aborted at blib/lib/B/Module/Info.pm line 7.

Compilation failed in require at (eval 2) line 18.

BEGIN failed--compilation aborted at (eval 2) line 18.

BEGIN failed--compilation aborted.
#     Failed test (t/Module-Info.t at line 203)
#          got: '0'
#     expected: '8'
#     Failed test (t/Module-Info.t at line 204)
#     Structures begin differing at:
#          $got->[0] = Does not exist
#     $expected->[0] = 'Carp'
B::Module::Info,subs_called use failed with 2 saying:
Can't locate B/Utils.pm in @INC (you may need to install the B::Utils module) (@INC contains: blib/lib /tmp/loop_over_bdir-1308-FcVB3i/Module-Info-0.35_01-dAlKXl/blib/lib /tmp/loop_over_bdir-1308-FcVB3i/Module-Info-0.35_01-dAlKXl/blib/arch /home/sand/src/perl/repoperls/installed-perls/perl/v5.22.0/9980/lib/site_perl/5.22.0/x86_64-linux-thread-multi /home/sand/src/perl/repoperls/installed-perls/perl/v5.22.0/9980/lib/site_perl/5.22.0 /home/sand/src/perl/repoperls/installed-perls/perl/v5.22.0/9980/lib/5.22.0/x86_64-linux-thread-multi /home/sand/src/perl/repoperls/installed-perls/perl/v5.22.0/9980/lib/5.22.0 .) at blib/lib/B/Module/Info.pm line 7.

BEGIN failed--compilation aborted at blib/lib/B/Module/Info.pm line 7.

Compilation failed in require at (eval 2) line 18.

BEGIN failed--compilation aborted at (eval 2) line 18.

BEGIN failed--compilation aborted.
#     Failed test (t/Module-Info.t at line 296)
#     Structures begin differing at:
#          $got->[0] = Does not exist
#     $expected->[0] = 'HASH(0x283d0f0)'
B::Module::Info,subs_called use failed with 2 saying:
Can't locate B/Utils.pm in @INC (you may need to install the B::Utils module) (@INC contains: blib/lib /tmp/loop_over_bdir-1308-FcVB3i/Module-Info-0.35_01-dAlKXl/blib/lib /tmp/loop_over_bdir-1308-FcVB3i/Module-Info-0.35_01-dAlKXl/blib/arch /home/sand/src/perl/repoperls/installed-perls/perl/v5.22.0/9980/lib/site_perl/5.22.0/x86_64-linux-thread-multi /home/sand/src/perl/repoperls/installed-perls/perl/v5.22.0/9980/lib/site_perl/5.22.0 /home/sand/src/perl/repoperls/installed-perls/perl/v5.22.0/9980/lib/5.22.0/x86_64-linux-thread-multi /home/sand/src/perl/repoperls/installed-perls/perl/v5.22.0/9980/lib/5.22.0 .) at blib/lib/B/Module/Info.pm line 7.

BEGIN failed--compilation aborted at blib/lib/B/Module/Info.pm line 7.

Compilation failed in require at (eval 2) line 18.

BEGIN failed--compilation aborted at (eval 2) line 18.

BEGIN failed--compilation aborted.
#     Failed test (t/Module-Info.t at line 298)
#     Structures begin differing at:
#          $got->[0] = Does not exist
#     $expected->[0] = 'HASH(0x283d120)'
B::Module::Info,modules_used use failed with 2 saying:
Can't locate B/Utils.pm in @INC (you may need to install the B::Utils module) (@INC contains: blib/lib /tmp/loop_over_bdir-1308-FcVB3i/Module-Info-0.35_01-dAlKXl/blib/lib /tmp/loop_over_bdir-1308-FcVB3i/Module-Info-0.35_01-dAlKXl/blib/arch /home/sand/src/perl/repoperls/installed-perls/perl/v5.22.0/9980/lib/site_perl/5.22.0/x86_64-linux-thread-multi /home/sand/src/perl/repoperls/installed-perls/perl/v5.22.0/9980/lib/site_perl/5.22.0 /home/sand/src/perl/repoperls/installed-perls/perl/v5.22.0/9980/lib/5.22.0/x86_64-linux-thread-multi /home/sand/src/perl/repoperls/installed-perls/perl/v5.22.0/9980/lib/5.22.0 .) at blib/lib/B/Module/Info.pm line 7.

BEGIN failed--compilation aborted at blib/lib/B/Module/Info.pm line 7.

Compilation failed in require at (eval 2) line 18.

BEGIN failed--compilation aborted at (eval 2) line 18.

BEGIN failed--compilation aborted.
#     Failed test (t/Module-Info.t at line 302)
#          got: '0'
#     expected: '3'
#     Failed test (t/Module-Info.t at line 303)
#     Structures begin differing at:
#          $got->[0] = Does not exist
#     $expected->[0] = 'Carp'
# Looks like you failed 22 tests of 59.
t/Module-Info.t .......... 
Dubious, test returned 22 (wstat 5632, 0x1600)
Failed 22/59 subtests 
#     Failed test (t/n0_die_on_error.t at line 19)
# B::Module::Info,packages use failed with 2 saying:
# Can't locate B/Utils.pm in @INC (you may need to install the B::Utils module) (@INC contains: /tmp/loop_over_bdir-1308-FcVB3i/Module-Info-0.35_01-dAlKXl/blib/lib /tmp/loop_over_bdir-1308-FcVB3i/Module-Info-0.35_01-dAlKXl/blib/arch /home/sand/src/perl/repoperls/installed-perls/perl/v5.22.0/9980/lib/site_perl/5.22.0/x86_64-linux-thread-multi /home/sand/src/perl/repoperls/installed-perls/perl/v5.22.0/9980/lib/site_perl/5.22.0 /home/sand/src/perl/repoperls/installed-perls/perl/v5.22.0/9980/lib/5.22.0/x86_64-linux-thread-multi /home/sand/src/perl/repoperls/installed-perls/perl/v5.22.0/9980/lib/5.22.0 .) at /tmp/loop_over_bdir-1308-FcVB3i/Module-Info-0.35_01-dAlKXl/blib/lib/B/Module/Info.pm line 7.
# 
# BEGIN failed--compilation aborted at /tmp/loop_over_bdir-1308-FcVB3i/Module-Info-0.35_01-dAlKXl/blib/lib/B/Module/Info.pm line 7.
# 
# Compilation failed in require at (eval 2) line 18.
# 
# BEGIN failed--compilation aborted at (eval 2) line 18.
# 
# BEGIN failed--compilation aborted.
# Looks like you failed 1 tests of 4.
t/n0_die_on_error.t ...... 
Dubious, test returned 1 (wstat 256, 0x100)
Failed 1/4 subtests 
B::Module::Info,modules_used use failed with 2 saying:
Can't locate B/Utils.pm in @INC (you may need to install the B::Utils module) (@INC contains: /tmp/loop_over_bdir-1308-FcVB3i/Module-Info-0.35_01-dAlKXl/blib/lib /tmp/loop_over_bdir-1308-FcVB3i/Module-Info-0.35_01-dAlKXl/blib/arch /home/sand/src/perl/repoperls/installed-perls/perl/v5.22.0/9980/lib/site_perl/5.22.0/x86_64-linux-thread-multi /home/sand/src/perl/repoperls/installed-perls/perl/v5.22.0/9980/lib/site_perl/5.22.0 /home/sand/src/perl/repoperls/installed-perls/perl/v5.22.0/9980/lib/5.22.0/x86_64-linux-thread-multi /home/sand/src/perl/repoperls/installed-perls/perl/v5.22.0/9980/lib/5.22.0 .) at /tmp/loop_over_bdir-1308-FcVB3i/Module-Info-0.35_01-dAlKXl/blib/lib/B/Module/Info.pm line 7.

BEGIN failed--compilation aborted at /tmp/loop_over_bdir-1308-FcVB3i/Module-Info-0.35_01-dAlKXl/blib/lib/B/Module/Info.pm line 7.

Compilation failed in require at (eval 2) line 18.

BEGIN failed--compilation aborted at (eval 2) line 18.

BEGIN failed--compilation aborted.
#     Failed test (t/n1_modules_required.t at line 14)
#     Structures begin differing at:
#          $got->[0] = Does not exist
#     $expected->[0] = 'Carp'
Can't use an undefined value as an ARRAY reference at t/n1_modules_required.t line 17.
# Looks like you planned 3 tests but only ran 1.
# Looks like your test died just after 1.
t/n1_modules_required.t .. 
Dubious, test returned 255 (wstat 65280, 0xff00)
Failed 3/3 subtests 
t/n2_safe.t .............. ok
t/n3_version.t ........... ok
t/zy_pod_coverage.t ...... ok
t/zz_pod.t ............... ok

Test Summary Report
-------------------
t/Module-Info.t        (Wstat: 5632 Tests: 59 Failed: 22)
  Failed tests:  10-17, 43-46, 48-53, 56-59
  Non-zero exit status: 22
t/n0_die_on_error.t    (Wstat: 256 Tests: 4 Failed: 1)
  Failed test:  1
  Non-zero exit status: 1
t/n1_modules_required.t (Wstat: 65280 Tests: 1 Failed: 1)
  Failed test:  1
  Non-zero exit status: 255
  Parse errors: Bad plan.  You planned 3 tests but ran 1.
Files=7, Tests=112,  1 wallclock secs ( 0.04 usr  0.07 sys +  0.75 cusr  0.16 csys =  1.02 CPU)
Result: FAIL
Failed 3/7 test programs. 24/112 subtests failed.
Makefile:849: recipe for target 'test_dynamic' failed
make: *** [test_dynamic] Error 255

------------------------------
PREREQUISITES
------------------------------

Prerequisite modules loaded:

requires:

    Module              Need Have   
    ------------------- ---- -------
    File::Spec          0.8  3.56   

build_requires:

    Module              Need Have   
    ------------------- ---- -------
    ExtUtils::MakeMaker 0    7.05_22

configure_requires:

    Module              Need Have   
    ------------------- ---- -------
    ExtUtils::MakeMaker 0    7.05_22


------------------------------
ENVIRONMENT AND OTHER CONTEXT
------------------------------

Environment variables:

    AUTOMATED_TESTING = 1
    LANG = en_US.UTF-8
    LANGUAGE = en_US:en
    PATH = /home/sand/bin:/usr/local/bin:/usr/bin:/bin:/usr/games:/usr/local/perl/bin:/usr/X11/bin:/sbin:/usr/sbin
    PERL5LIB = 
    PERL5OPT = 
    PERL5_CPANPLUS_IS_RUNNING = 1310
    PERL5_CPAN_IS_RUNNING = 1310
    PERL_MM_USE_DEFAULT = 1
    SHELL = /usr/bin/zsh
    TERM = screen

Perl special variables (and OS-specific diagnostics, for MSWin32):

    $^X = /home/sand/src/perl/repoperls/installed-perls/perl/v5.22.0/9980/bin/perl
    $UID/$EUID = 1005 / 1005
    $GID = 1005 1005
    $EGID = 1005 1005

Perl module toolchain versions installed:

    Module              Have    
    ------------------- --------
    CPAN                2.11    
    CPAN::Meta          2.150005
    Cwd                 3.56    
    ExtUtils::CBuilder  0.280223
    ExtUtils::Command   7.05_22 
    ExtUtils::Install   2.04    
    ExtUtils::MakeMaker 7.05_22 
    ExtUtils::Manifest  1.70    
    ExtUtils::ParseXS   3.28    
    File::Spec          3.56    
    JSON                2.90    
    JSON::PP            2.27300 
    Module::Build       0.4214  
    Module::Signature   0.79    
    Parse::CPAN::Meta   1.4417  
    Test::Harness       3.35    
    Test::More          1.001014
    YAML                1.15    
    YAML::Syck          1.29    
    version             0.9909  


--

Summary of my perl5 (revision 5 version 22 subversion 0) configuration:
  Commit id: 70f63a4c7dba89e8e48b44de7978faae4319e693
  Platform:
    osname=linux, osvers=4.0.0-1-amd64, archname=x86_64-linux-thread-multi
    uname='linux k83 4.0.0-1-amd64 #1 smp debian 4.0.2-1 (2015-05-11) x86_64 gnulinux '
    config_args='-Dprefix=/home/sand/src/perl/repoperls/installed-perls/perl/v5.22.0/9980 -Dmyhostname=k83 -Dinstallusrbinperl=n -Uversiononly -Dusedevel -des -Ui_db -Duseithreads -Uuselongdouble -DDEBUGGING=-g'
    hint=recommended, useposix=true, d_sigaction=define
    useithreads=define, usemultiplicity=define
    use64bitint=define, use64bitall=define, uselongdouble=undef
    usemymalloc=n, bincompat5005=undef
  Compiler:
    cc='cc', ccflags ='-D_REENTRANT -D_GNU_SOURCE -fwrapv -fno-strict-aliasing -pipe -fstack-protector-strong -I/usr/local/include -D_LARGEFILE_SOURCE -D_FILE_OFFSET_BITS=64 -D_FORTIFY_SOURCE=2',
    optimize='-O2 -g',
    cppflags='-D_REENTRANT -D_GNU_SOURCE -fwrapv -fno-strict-aliasing -pipe -fstack-protector-strong -I/usr/local/include'
    ccversion='', gccversion='4.9.2', gccosandvers=''
    intsize=4, longsize=8, ptrsize=8, doublesize=8, byteorder=12345678, doublekind=3
    d_longlong=define, longlongsize=8, d_longdbl=define, longdblsize=16, longdblkind=3
    ivtype='long', ivsize=8, nvtype='double', nvsize=8, Off_t='off_t', lseeksize=8
    alignbytes=8, prototype=define
  Linker and Libraries:
    ld='cc', ldflags =' -fstack-protector-strong -L/usr/local/lib'
    libpth=/usr/local/lib /usr/lib/gcc/x86_64-linux-gnu/4.9/include-fixed /usr/include/x86_64-linux-gnu /usr/lib /lib/x86_64-linux-gnu /lib/../lib /usr/lib/x86_64-linux-gnu /usr/lib/../lib /lib
    libs=-lpthread -lnsl -lgdbm -ldb -ldl -lm -lcrypt -lutil -lc -lgdbm_compat
    perllibs=-lpthread -lnsl -ldl -lm -lcrypt -lutil -lc
    libc=libc-2.19.so, so=so, useshrplib=false, libperl=libperl.a
    gnulibc_version='2.19'
  Dynamic Linking:
    dlsrc=dl_dlopen.xs, dlext=so, d_dlsymun=undef, ccdlflags='-Wl,-E'
    cccdlflags='-fPIC', lddlflags='-shared -O2 -g -L/usr/local/lib -fstack-protector-strong'


Characteristics of this binary (from libperl): 
  Compile-time options: HAS_TIMES MULTIPLICITY PERLIO_LAYERS
                        PERL_DONT_CREATE_GVSV
                        PERL_HASH_FUNC_ONE_AT_A_TIME_HARD
                        PERL_IMPLICIT_CONTEXT PERL_MALLOC_WRAP
                        PERL_NEW_COPY_ON_WRITE PERL_PRESERVE_IVUV
                        PERL_USE_DEVEL USE_64_BIT_ALL USE_64_BIT_INT
                        USE_ITHREADS USE_LARGE_FILES USE_LOCALE
                        USE_LOCALE_COLLATE USE_LOCALE_CTYPE
                        USE_LOCALE_NUMERIC USE_LOCALE_TIME USE_PERLIO
                        USE_PERL_ATOF USE_REENTRANT_API
  Built under linux
  Compiled at Jun  9 2015 08:46:23
  %ENV:
    PERL5LIB=""
    PERL5OPT=""
    PERL5_CPANPLUS_IS_RUNNING="1310"
    PERL5_CPAN_IS_RUNNING="1310"
    PERL_MM_USE_DEFAULT="1"
  @INC:
    /home/sand/src/perl/repoperls/installed-perls/perl/v5.22.0/9980/lib/site_perl/5.22.0/x86_64-linux-thread-multi
    /home/sand/src/perl/repoperls/installed-perls/perl/v5.22.0/9980/lib/site_perl/5.22.0
    /home/sand/src/perl/repoperls/installed-perls/perl/v5.22.0/9980/lib/5.22.0/x86_64-linux-thread-multi
    /home/sand/src/perl/repoperls/installed-perls/perl/v5.22.0/9980/lib/5.22.0
    .