Back
From: metabase:user:320bfe00-2aae-11df-837a-5e0a49663a4f
Subject: FAIL HTML-Zoom-Parser-HH5P-0.002 v5.26.0 GNU/Linux
Date: 2017-06-17T18:28:37Z
This distribution has been tested as part of the CPAN Testers
project, supporting the Perl programming language. See
http://wiki.cpantesters.org/ for more information or email
questions to cpan-testers-discuss@perl.org
--
Dear Toby Inkster,
This is a computer-generated report for HTML-Zoom-Parser-HH5P-0.002
on perl 5.26.0, created by CPAN-Reporter-1.2018.
Thank you for uploading your work to CPAN. However, there was a problem
testing your distribution.
If you think this report is invalid, please consult the CPAN Testers Wiki
for suggestions on how to avoid getting FAIL reports for missing library
or binary dependencies, unsupported operating systems, and so on:
http://wiki.cpantesters.org/wiki/CPANAuthorNotes
Sections of this report:
* Tester comments
* Program output
* Prerequisites
* Environment and other context
------------------------------
TESTER COMMENTS
------------------------------
Additional comments from tester:
this report is from an automated smoke testing program
and was not reviewed by a human for accuracy
------------------------------
PROGRAM OUTPUT
------------------------------
Output from '/usr/bin/make test':
PERL_DL_NONLAZY=1 "/tmp/basesmoker-reloperl-ue0V/bin/perl" "-MExtUtils::Command::MM" "-MTest::Harness" "-e" "undef *Test::Harness::Switches; test_harness(0, 'inc', 'blib/lib', 'blib/arch')" t/hzphp-00-compile.t t/hzphp-actions.t t/hzphp-apply.t t/hzphp-balance.t t/hzphp-doctype.t t/hzphp-dwim-autoload.t t/hzphp-flush.t t/hzphp-forms.t t/hzphp-parser_weirdness.t t/hzphp-repeat_bugfixes.t t/hzphp-selectors.t t/hzphp-span.t t/hzphp-todo-repeat.t
t/hzphp-00-compile.t ........ ok
t/hzphp-actions.t ........... skipped: TODO
Can't use string ("HTML::HTML5::Parser") as a HASH ref while "strict refs" in use at /home/sand/src/perl/repoperls/installed-perls/host/k93stretch/v5.26.0/ccee/lib/site_perl/5.26.0/HTML/HTML5/Parser.pm line 389.
t/hzphp-apply.t ............. skipped: (no reason given)
Can't use string ("HTML::HTML5::Parser") as a HASH ref while "strict refs" in use at /home/sand/src/perl/repoperls/installed-perls/host/k93stretch/v5.26.0/ccee/lib/site_perl/5.26.0/HTML/HTML5/Parser.pm line 389.
t/hzphp-balance.t ...........
Dubious, test returned 255 (wstat 65280, 0xff00)
No subtests run
Can't use string ("HTML::HTML5::Parser") as a HASH ref while "strict refs" in use at /home/sand/src/perl/repoperls/installed-perls/host/k93stretch/v5.26.0/ccee/lib/site_perl/5.26.0/HTML/HTML5/Parser.pm line 389.
t/hzphp-doctype.t ........... skipped: (no reason given)
Can't use string ("HTML::HTML5::Parser") as a HASH ref while "strict refs" in use at /home/sand/src/perl/repoperls/installed-perls/host/k93stretch/v5.26.0/ccee/lib/site_perl/5.26.0/HTML/HTML5/Parser.pm line 389.
t/hzphp-dwim-autoload.t .....
Dubious, test returned 255 (wstat 65280, 0xff00)
No subtests run
t/hzphp-flush.t ............. ok
t/hzphp-forms.t ............. skipped: TODO
t/hzphp-parser_weirdness.t .. skipped: TODO
Can't use string ("HTML::HTML5::Parser") as a HASH ref while "strict refs" in use at /home/sand/src/perl/repoperls/installed-perls/host/k93stretch/v5.26.0/ccee/lib/site_perl/5.26.0/HTML/HTML5/Parser.pm line 389.
t/hzphp-repeat_bugfixes.t ...
Dubious, test returned 255 (wstat 65280, 0xff00)
No subtests run
# Failed test 'E[attr="val"] works'
# at t/hzphp-selectors.t line 66.
# got: '<div class="waargh"></div>'
# expected: '<div frew="yo">grg</div><div class="waargh"></div>'
# Failed test 'E[attr=foo\.bar] works'
# at t/hzphp-selectors.t line 84.
# got: '<div frew="yo.yo">grg</div>'
# expected: '<div frew="yo.yo">grg</div><div class="waargh"></div>'
# Failed test 'E[attr^="val"] works'
# at t/hzphp-selectors.t line 111.
# got: ''
# expected: '<div f="foobar">grg</div><div class="waargh"></div>'
# Failed test 'E[attr*="val"] works'
# at t/hzphp-selectors.t line 129.
# got: '<div class="waargh"></div>'
# expected: '<div f="foo bar">grg</div><div class="waargh"></div>'
# Failed test 'E[attr~="val"] works'
# at t/hzphp-selectors.t line 138.
# got: '<div class="waargh"></div>'
# expected: '<div frew="foo bar baz">grg</div><div class="waargh"></div>'
# Failed test 'E[attr|="val"] works'
# at t/hzphp-selectors.t line 147.
# got: '<div lang="pl"></div><div lang="en">grg</div><div lang="en-US">grg</div>'
# expected: '<div lang="pl"></div><div lang="english"></div><div lang="en">grg</div><div lang="en-US">grg</div><div class="waargh"></div>'
# Looks like you failed 6 tests of 20.
t/hzphp-selectors.t .........
Dubious, test returned 6 (wstat 1536, 0x600)
Failed 6/20 subtests
t/hzphp-span.t .............. ok
t/hzphp-todo-repeat.t ....... skipped: Totally doesn't work yet
Test Summary Report
-------------------
t/hzphp-apply.t (Wstat: 65280 Tests: 0 Failed: 0)
Non-zero exit status: 255
t/hzphp-balance.t (Wstat: 65280 Tests: 0 Failed: 0)
Non-zero exit status: 255
Parse errors: No plan found in TAP output
t/hzphp-doctype.t (Wstat: 65280 Tests: 0 Failed: 0)
Non-zero exit status: 255
t/hzphp-dwim-autoload.t (Wstat: 65280 Tests: 0 Failed: 0)
Non-zero exit status: 255
Parse errors: No plan found in TAP output
t/hzphp-repeat_bugfixes.t (Wstat: 65280 Tests: 0 Failed: 0)
Non-zero exit status: 255
Parse errors: No plan found in TAP output
t/hzphp-selectors.t (Wstat: 1536 Tests: 20 Failed: 6)
Failed tests: 6, 8, 11, 13-15
Non-zero exit status: 6
Files=13, Tests=24, 2 wallclock secs ( 0.04 usr 0.04 sys + 2.04 cusr 0.24 csys = 2.36 CPU)
Result: FAIL
Failed 6/13 test programs. 6/24 subtests failed.
Makefile:780: recipe for target 'test_dynamic' failed
make: *** [test_dynamic] Error 255
------------------------------
PREREQUISITES
------------------------------
Prerequisite modules loaded:
requires:
Module Need Have
--------------------- -------- --------
ExtUtils::MakeMaker 6.59 7.30
HTML::HTML5::Entities 0 0.004
HTML::HTML5::Parser 0.206 0.301
HTML::Zoom 0.009007 0.009009
Moo 1.000000 2.003002
namespace::clean 0 0.27
perl 5.008 5.026000
strictures 1 2.000003
XML::LibXML 2 2.0129
build_requires:
Module Need Have
--------------------- -------- --------
ExtUtils::MakeMaker 6.59 7.30
strictures 1 2.000003
configure_requires:
Module Need Have
--------------------- -------- --------
ExtUtils::MakeMaker 6.59 7.30
------------------------------
ENVIRONMENT AND OTHER CONTEXT
------------------------------
Environment variables:
AUTOMATED_TESTING = 1
LANG = C
PATH = /home/sand/bin:/usr/local/bin:/usr/bin:/bin:/usr/games:/usr/local/perl/bin:/usr/X11/bin:/sbin:/usr/sbin
PERL = /tmp/basesmoker-reloperl-ue0V/bin/perl
PERL5LIB =
PERL5OPT =
PERL5_CPANPLUS_IS_RUNNING = 30690
PERL5_CPAN_IS_RUNNING = 30690
PERL_CANARY_STABILITY_NOPROMPT = 1
PERL_MM_USE_DEFAULT = 1
PERL_USE_UNSAFE_INC = 1
SHELL = /usr/bin/zsh
TERM = screen
Perl special variables (and OS-specific diagnostics, for MSWin32):
$^X = /tmp/basesmoker-reloperl-ue0V/bin/perl
$UID/$EUID = 1005 / 1005
$GID = 1005 1005
$EGID = 1005 1005
Perl module toolchain versions installed:
Module Have
------------------- ----------
CPAN 2.18
CPAN::Meta 2.150010
Cwd 3.67
ExtUtils::CBuilder 0.280225
ExtUtils::Command 7.30
ExtUtils::Install 2.06
ExtUtils::MakeMaker 7.30
ExtUtils::Manifest 1.70
ExtUtils::ParseXS 3.34
File::Spec 3.67
JSON 2.94
JSON::PP 2.27400_02
Module::Build 0.4224
Module::Signature 0.81
Parse::CPAN::Meta 2.150010
Test::Harness 3.39
Test::More 1.302085
YAML 1.23
YAML::Syck 1.30
version 0.9917
--
Summary of my perl5 (revision 5 version 26 subversion 0) configuration:
Commit id: 95388f2eb27e74cdbfb715c0097f16aeba4e6e4e
Platform:
osname=linux
osvers=4.9.0-3-amd64
archname=x86_64-linux-thread-multi-ld
uname='linux k93stretch 4.9.0-3-amd64 #1 smp debian 4.9.30-2 (2017-06-12) x86_64 gnulinux '
config_args='-Dprefix=/home/sand/src/perl/repoperls/installed-perls/host/k93stretch/v5.26.0/ccee -Dmyhostname=k93stretch -Dinstallusrbinperl=n -Uversiononly -Dusedevel -des -Ui_db -Dlibswanted=cl pthread socket inet nsl gdbm dbm malloc dl ld sun m crypt sec util c cposix posix ucb BSD gdbm_compat -Duseithreads -Duselongdouble -DDEBUGGING=-g'
hint=recommended
useposix=true
d_sigaction=define
useithreads=define
usemultiplicity=define
use64bitint=define
use64bitall=define
uselongdouble=define
usemymalloc=n
default_inc_excludes_dot=define
bincompat5005=undef
Compiler:
cc='cc'
ccflags ='-D_REENTRANT -D_GNU_SOURCE -fwrapv -fno-strict-aliasing -pipe -fstack-protector-strong -I/usr/local/include -D_LARGEFILE_SOURCE -D_FILE_OFFSET_BITS=64'
optimize='-O2 -g'
cppflags='-D_REENTRANT -D_GNU_SOURCE -fwrapv -fno-strict-aliasing -pipe -fstack-protector-strong -I/usr/local/include'
ccversion=''
gccversion='6.3.0 20170516'
gccosandvers=''
intsize=4
longsize=8
ptrsize=8
doublesize=8
byteorder=12345678
doublekind=3
d_longlong=define
longlongsize=8
d_longdbl=define
longdblsize=16
longdblkind=3
ivtype='long'
ivsize=8
nvtype='long double'
nvsize=16
Off_t='off_t'
lseeksize=8
alignbytes=16
prototype=define
Linker and Libraries:
ld='cc'
ldflags =' -fstack-protector-strong -L/usr/local/lib'
libpth=/usr/local/lib /usr/lib/gcc/x86_64-linux-gnu/6/include-fixed /usr/include/x86_64-linux-gnu /usr/lib /lib/x86_64-linux-gnu /lib/../lib /usr/lib/x86_64-linux-gnu /usr/lib/../lib /lib
libs=-lpthread -lnsl -ldl -lm -lcrypt -lutil -lc
perllibs=-lpthread -lnsl -ldl -lm -lcrypt -lutil -lc
libc=libc-2.24.so
so=so
useshrplib=false
libperl=libperl.a
gnulibc_version='2.24'
Dynamic Linking:
dlsrc=dl_dlopen.xs
dlext=so
d_dlsymun=undef
ccdlflags='-Wl,-E'
cccdlflags='-fPIC'
lddlflags='-shared -O2 -g -L/usr/local/lib -fstack-protector-strong'
Characteristics of this binary (from libperl):
Compile-time options:
HAS_TIMES
MULTIPLICITY
PERLIO_LAYERS
PERL_COPY_ON_WRITE
PERL_DONT_CREATE_GVSV
PERL_IMPLICIT_CONTEXT
PERL_MALLOC_WRAP
PERL_OP_PARENT
PERL_PRESERVE_IVUV
PERL_USE_DEVEL
USE_64_BIT_ALL
USE_64_BIT_INT
USE_ITHREADS
USE_LARGE_FILES
USE_LOCALE
USE_LOCALE_COLLATE
USE_LOCALE_CTYPE
USE_LOCALE_NUMERIC
USE_LOCALE_TIME
USE_LONG_DOUBLE
USE_PERLIO
USE_PERL_ATOF
USE_REENTRANT_API
Built under linux
Compiled at Jun 17 2017 07:49:37
%ENV:
PERL="/tmp/basesmoker-reloperl-ue0V/bin/perl"
PERL5LIB=""
PERL5OPT=""
PERL5_CPANPLUS_IS_RUNNING="30690"
PERL5_CPAN_IS_RUNNING="30690"
PERL_CANARY_STABILITY_NOPROMPT="1"
PERL_MM_USE_DEFAULT="1"
PERL_USE_UNSAFE_INC="1"
@INC:
/home/sand/src/perl/repoperls/installed-perls/host/k93stretch/v5.26.0/ccee/lib/site_perl/5.26.0/x86_64-linux-thread-multi-ld
/home/sand/src/perl/repoperls/installed-perls/host/k93stretch/v5.26.0/ccee/lib/site_perl/5.26.0
/home/sand/src/perl/repoperls/installed-perls/host/k93stretch/v5.26.0/ccee/lib/5.26.0/x86_64-linux-thread-multi-ld
/home/sand/src/perl/repoperls/installed-perls/host/k93stretch/v5.26.0/ccee/lib/5.26.0
.