Back
From: metabase:user:322078bc-2aae-11df-837a-5e0a49663a4f
Subject: FAIL POE-Component-UserBase-0.09 v5.8.9 GNU/Linux
Date: 2011-09-12T06:09:31Z
This distribution has been tested as part of the CPAN Testers
project, supporting the Perl programming language. See
http://wiki.cpantesters.org/ for more information or email
questions to cpan-testers-discuss@perl.org
--
Dear JGOFF,
This is a computer-generated error report created automatically by
CPANPLUS, version 0.9109. Testers personal comments may appear
at the end of this report.
Thank you for uploading your work to CPAN. However, it appears that
there were some problems testing your distribution.
TEST RESULTS:
Below is the error stack from stage 'make test':
[MSG] [Mon Sep 12 07:07:27 2011] cp UserBase.pm blib/lib/POE/Component/UserBase.pm
Manifying blib/man3/POE::Component::UserBase.3
[ERROR] [Mon Sep 12 07:07:27 2011] MAKE TEST failed: PERL_DL_NONLAZY=1 /home/cpan/pit/thr/perl-5.8.9/bin/perl "-MExtUtils::Command::MM" "-e" "test_harness(0, 'blib/lib', 'blib/arch')" t/*.t
t/01_basic.t .. ok
=== 29027 === a '_stop' event was sent from /home/cpan/pit/thr/conf/perl-5.8.9/.cpanplus/5.8.9/build/POE-1.312/blib/lib/POE/Resource/Sessions.pm at 571 to session 1 (file_user_base) but session 1 (file_user_base) has neither a handler for it nor one for _default
t/02_file.t ... ok
Can't locate object method "connect" via package "DBI" (perhaps you forgot to load "DBI"?) at t/03_dbi.t line 46.
t/03_dbi.t ....
Dubious, test returned 2 (wstat 512, 0x200)
Failed 1/1 subtests
Test Summary Report
-------------------
t/03_dbi.t (Wstat: 512 Tests: 0 Failed: 0)
Non-zero exit status: 2
Parse errors: Bad plan. You planned 1 tests but ran 0.
Files=3, Tests=7, 0 wallclock secs ( 0.02 usr 0.01 sys + 0.13 cusr 0.03 csys = 0.19 CPU)
Result: FAIL
Failed 1/3 test programs. 0/7 subtests failed.
make: *** [test_dynamic] Error 2
[MSG] [Mon Sep 12 07:07:27 2011] DEFAULT 'proceed_on_test_failure' HANDLER RETURNING 'sub return value'
PREREQUISITES:
Here is a list of prerequisites you specified and versions we
managed to load:
Module Name Have Want
ExtUtils::MakeMaker 6.59 0
POE 1.312 0.11
Storable 2.30 1
Perl module toolchain versions installed:
Module Name Have
CPANPLUS 0.9109
CPANPLUS::Dist::Build 0.56
Cwd 3.33
ExtUtils::CBuilder 0.280202
ExtUtils::Command 1.16
ExtUtils::Install 1.54
ExtUtils::MakeMaker 6.59
ExtUtils::Manifest 1.60
ExtUtils::ParseXS 3.03
File::Spec 3.33
Module::Build 0.3800
Test::Harness 3.23
Test::More 0.98
version 0.94
******************************** NOTE ********************************
The comments above are created mechanically, possibly without manual
checking by the sender. As there are many people performing automatic
tests on each upload to CPAN, it is likely that you will receive
identical messages about the same problem.
If you believe that the message is mistaken, please reply to the first
one with correction and/or additional informations, and do not take
it personally. We appreciate your patience. :)
**********************************************************************
Additional comments:
This report was machine-generated by CPANPLUS::Dist::YACSmoke 0.64.
Powered by minismokebox version 0.54
------------------------------
ENVIRONMENT AND OTHER CONTEXT
------------------------------
Environment variables:
AUTOMATED_TESTING = 1
LANG = en_US
LC_COLLATE = C
PATH = /usr/local/bin:/usr/bin:/bin:/usr/games:/usr/lib64/java/bin:/usr/lib64/qt/bin:/usr/share/texmf/bin:.
PERL5LIB = :/home/cpan/pit/thr/conf/perl-5.8.9/.cpanplus/5.8.9/build/IO-1.25/blib/lib:/home/cpan/pit/thr/conf/perl-5.8.9/.cpanplus/5.8.9/build/IO-1.25/blib/arch:/home/cpan/pit/thr/conf/perl-5.8.9/.cpanplus/5.8.9/build/IO-Tty-1.10/blib/lib:/home/cpan/pit/thr/conf/perl-5.8.9/.cpanplus/5.8.9/build/IO-Tty-1.10/blib/arch:/home/cpan/pit/thr/conf/perl-5.8.9/.cpanplus/5.8.9/build/POE-Test-Loops-1.312/blib/lib:/home/cpan/pit/thr/conf/perl-5.8.9/.cpanplus/5.8.9/build/POE-Test-Loops-1.312/blib/arch:/home/cpan/pit/thr/conf/perl-5.8.9/.cpanplus/5.8.9/build/POE-1.312/blib/lib:/home/cpan/pit/thr/conf/perl-5.8.9/.cpanplus/5.8.9/build/POE-1.312/blib/arch:/home/cpan/pit/thr/conf/perl-5.8.9/.cpanplus/5.8.9/build/POE-Component-UserBase-0.09/blib/lib:/home/cpan/pit/thr/conf/perl-5.8.9/.cpanplus/5.8.9/build/POE-Component-UserBase-0.09/blib/arch
PERL5_CPANPLUS_IS_RUNNING = 28961
PERL5_CPANPLUS_IS_VERSION = 0.9109
PERL5_MINISMOKEBOX = 0.54
PERL5_YACSMOKE_BASE = /home/cpan/pit/thr/conf/perl-5.8.9
PERL_EXTUTILS_AUTOINSTALL = --defaultdeps
PERL_MM_USE_DEFAULT = 1
SHELL = /bin/bash
TERM = screen
Perl special variables (and OS-specific diagnostics, for MSWin32):
Perl: $^X = /home/cpan/pit/thr/perl-5.8.9/bin/perl
UID: $< = 1001
EUID: $> = 1001
GID: $( = 100 100
EGID: $) = 100 100
-------------------------------
--
Summary of my perl5 (revision 5 version 8 subversion 9) configuration:
Platform:
osname=linux, osvers=2.6.33.4, archname=x86_64-linux-thread-multi
uname='linux slack64 2.6.33.4 #3 smp wed may 12 23:13:09 cdt 2010 x86_64 intel(r) xeon(r) cpu e5520 @ 2.27ghz genuineintel gnulinux '
config_args='-des -Dprefix=/home/cpan/pit/thr/perl-5.8.9 -Dusethreads'
hint=recommended, useposix=true, d_sigaction=define
usethreads=define use5005threads=undef useithreads=define usemultiplicity=define
useperlio=define d_sfio=undef uselargefiles=define usesocks=undef
use64bitint=define use64bitall=define uselongdouble=undef
usemymalloc=n, bincompat5005=undef
Compiler:
cc='cc', ccflags ='-D_REENTRANT -D_GNU_SOURCE -DTHREADS_HAVE_PIDS -fno-strict-aliasing -pipe -I/usr/local/include -D_LARGEFILE_SOURCE -D_FILE_OFFSET_BITS=64',
optimize='-O2',
cppflags='-D_REENTRANT -D_GNU_SOURCE -DTHREADS_HAVE_PIDS -fno-strict-aliasing -pipe -I/usr/local/include'
ccversion='', gccversion='4.4.4', gccosandvers=''
intsize=4, longsize=8, ptrsize=8, doublesize=8, byteorder=12345678
d_longlong=define, longlongsize=8, d_longdbl=define, longdblsize=16
ivtype='long', ivsize=8, nvtype='double', nvsize=8, Off_t='off_t', lseeksize=8
alignbytes=8, prototype=define
Linker and Libraries:
ld='cc', ldflags =' -L/usr/local/lib'
libpth=/usr/local/lib /lib /usr/lib /lib64 /usr/lib64 /usr/local/lib64
libs=-lnsl -lgdbm -ldb -ldl -lm -lcrypt -lutil -lpthread -lc
perllibs=-lnsl -ldl -lm -lcrypt -lutil -lpthread -lc
libc=, so=so, useshrplib=false, libperl=libperl.a
gnulibc_version='2.11.1'
Dynamic Linking:
dlsrc=dl_dlopen.xs, dlext=so, d_dlsymun=undef, ccdlflags='-Wl,-E'
cccdlflags='-fPIC', lddlflags='-shared -O2 -L/usr/local/lib'
Characteristics of this binary (from libperl):
Compile-time options: MULTIPLICITY PERL_IMPLICIT_CONTEXT PERL_MALLOC_WRAP
THREADS_HAVE_PIDS USE_64_BIT_ALL USE_64_BIT_INT
USE_FAST_STDIO USE_ITHREADS USE_LARGE_FILES
USE_PERLIO USE_REENTRANT_API
Built under linux
Compiled at Feb 15 2011 15:08:40
%ENV:
PERL5LIB=":/home/cpan/pit/thr/conf/perl-5.8.9/.cpanplus/5.8.9/build/IO-1.25/blib/lib:/home/cpan/pit/thr/conf/perl-5.8.9/.cpanplus/5.8.9/build/IO-1.25/blib/arch:/home/cpan/pit/thr/conf/perl-5.8.9/.cpanplus/5.8.9/build/IO-Tty-1.10/blib/lib:/home/cpan/pit/thr/conf/perl-5.8.9/.cpanplus/5.8.9/build/IO-Tty-1.10/blib/arch:/home/cpan/pit/thr/conf/perl-5.8.9/.cpanplus/5.8.9/build/POE-Test-Loops-1.312/blib/lib:/home/cpan/pit/thr/conf/perl-5.8.9/.cpanplus/5.8.9/build/POE-Test-Loops-1.312/blib/arch:/home/cpan/pit/thr/conf/perl-5.8.9/.cpanplus/5.8.9/build/POE-1.312/blib/lib:/home/cpan/pit/thr/conf/perl-5.8.9/.cpanplus/5.8.9/build/POE-1.312/blib/arch:/home/cpan/pit/thr/conf/perl-5.8.9/.cpanplus/5.8.9/build/POE-Component-UserBase-0.09/blib/lib:/home/cpan/pit/thr/conf/perl-5.8.9/.cpanplus/5.8.9/build/POE-Component-UserBase-0.09/blib/arch"
PERL5_CPANPLUS_IS_RUNNING="28961"
PERL5_CPANPLUS_IS_VERSION="0.9109"
PERL5_MINISMOKEBOX="0.54"
PERL5_YACSMOKE_BASE="/home/cpan/pit/thr/conf/perl-5.8.9"
PERL_EXTUTILS_AUTOINSTALL="--defaultdeps"
PERL_MM_USE_DEFAULT="1"
@INC:
/home/cpan/pit/thr/conf/perl-5.8.9/.cpanplus/5.8.9/build/IO-1.25/blib/lib
/home/cpan/pit/thr/conf/perl-5.8.9/.cpanplus/5.8.9/build/IO-1.25/blib/arch
/home/cpan/pit/thr/conf/perl-5.8.9/.cpanplus/5.8.9/build/IO-Tty-1.10/blib/lib
/home/cpan/pit/thr/conf/perl-5.8.9/.cpanplus/5.8.9/build/IO-Tty-1.10/blib/arch
/home/cpan/pit/thr/conf/perl-5.8.9/.cpanplus/5.8.9/build/POE-Test-Loops-1.312/blib/lib
/home/cpan/pit/thr/conf/perl-5.8.9/.cpanplus/5.8.9/build/POE-Test-Loops-1.312/blib/arch
/home/cpan/pit/thr/conf/perl-5.8.9/.cpanplus/5.8.9/build/POE-1.312/blib/lib
/home/cpan/pit/thr/conf/perl-5.8.9/.cpanplus/5.8.9/build/POE-1.312/blib/arch
/home/cpan/pit/thr/conf/perl-5.8.9/.cpanplus/5.8.9/build/POE-Component-UserBase-0.09/blib/lib
/home/cpan/pit/thr/conf/perl-5.8.9/.cpanplus/5.8.9/build/POE-Component-UserBase-0.09/blib/arch
/home/cpan/pit/thr/perl-5.8.9/lib/5.8.9/x86_64-linux-thread-multi
/home/cpan/pit/thr/perl-5.8.9/lib/5.8.9
/home/cpan/pit/thr/perl-5.8.9/lib/site_perl/5.8.9/x86_64-linux-thread-multi
/home/cpan/pit/thr/perl-5.8.9/lib/site_perl/5.8.9
.