Report for HTML-Template-Parser-0.1009

Back
From: metabase:user:320bfe00-2aae-11df-837a-5e0a49663a4f
Subject: FAIL HTML-Template-Parser-0.1009 v5.14.2 GNU/Linux
Date: 2012-08-19T12:24:11Z

This distribution has been tested as part of the CPAN Testers
project, supporting the Perl programming language.  See
http://wiki.cpantesters.org/ for more information or email
questions to cpan-testers-discuss@perl.org


--
Dear Shigeki Morimoto,

This is a computer-generated report for HTML-Template-Parser-0.1009
on perl 5.14.2, created by CPAN-Reporter-1.2006.

Thank you for uploading your work to CPAN.  However, there was a problem
testing your distribution.

If you think this report is invalid, please consult the CPAN Testers Wiki
for suggestions on how to avoid getting FAIL reports for missing library
or binary dependencies, unsupported operating systems, and so on:

http://wiki.cpantesters.org/wiki/CPANAuthorNotes

Sections of this report:

    * Tester comments
    * Program output
    * Prerequisites
    * Environment and other context

------------------------------
TESTER COMMENTS
------------------------------

Additional comments from tester:

this report is from an automated smoke testing program
and was not reviewed by a human for accuracy

------------------------------
PROGRAM OUTPUT
------------------------------

Output from '/usr/bin/make test':

PERL_DL_NONLAZY=1 /mnt/k75/homesand/src/perl/repoperls/installed-perls/perl/v5.14.2/a2da/bin/perl "-MExtUtils::Command::MM" "-e" "test_harness(0, 'inc', 'blib/lib', 'blib/arch')" t/*.t t/010_expr_parser/*.t t/020_template_parser/*.t t/030_tree_writer/010_htp/*.t t/030_tree_writer/020_textxslate_metakolon/*.t t/900_bug/*.t
t/000_load.t .............................................................. ok
t/010_expr_parser/001_use.t ............................................... ok
t/010_expr_parser/002_error.t ............................................. ok
t/010_expr_parser/003_number.t ............................................ ok
t/010_expr_parser/004_string.t ............................................ ok
t/010_expr_parser/005_variable.t .......................................... ok
t/010_expr_parser/006_not.t ............................................... ok
t/010_expr_parser/007_match.t ............................................. ok
t/010_expr_parser/008_math.t .............................................. ok
t/010_expr_parser/009_compare.t ........................................... ok
t/010_expr_parser/010_andor.t ............................................. ok
t/010_expr_parser/011_complex.t ........................................... ok
t/020_template_parser/001_use.t ........................................... ok
Name "Parse::RecDescent::ERROR" used only once: possible typo at /tmp/loop_over_bdir-pmFmzS/HTML-Template-Parser-0.1009-jKccl3/blib/lib/HTML/Template/Parser.pm line 50.

       ERROR (line 1):  error near "<TMPL_VAR>"
Use of uninitialized value $error_string in split at /tmp/loop_over_bdir-pmFmzS/HTML-Template-Parser-0.1009-jKccl3/blib/lib/HTML/Template/Parser.pm line 59.
Use of uninitialized value $first_line_of_error_string in concatenation (.) or string at /tmp/loop_over_bdir-pmFmzS/HTML-Template-Parser-0.1009-jKccl3/blib/lib/HTML/Template/Parser.pm line 60.

       ERROR (line 1):  error near "<TMPL_IF>"
Use of uninitialized value $error_string in split at /tmp/loop_over_bdir-pmFmzS/HTML-Template-Parser-0.1009-jKccl3/blib/lib/HTML/Template/Parser.pm line 59.
Use of uninitialized value $first_line_of_error_string in concatenation (.) or string at /tmp/loop_over_bdir-pmFmzS/HTML-Template-Parser-0.1009-jKccl3/blib/lib/HTML/Template/Parser.pm line 60.

       ERROR (line 1):  error near "<TMPL_IF"
Use of uninitialized value $error_string in split at /tmp/loop_over_bdir-pmFmzS/HTML-Template-Parser-0.1009-jKccl3/blib/lib/HTML/Template/Parser.pm line 59.
Use of uninitialized value $first_line_of_error_string in concatenation (.) or string at /tmp/loop_over_bdir-pmFmzS/HTML-Template-Parser-0.1009-jKccl3/blib/lib/HTML/Template/Parser.pm line 60.

       ERROR (line 1):  error near "<TMPL_IF NAME='>"
Use of uninitialized value $error_string in split at /tmp/loop_over_bdir-pmFmzS/HTML-Template-Parser-0.1009-jKccl3/blib/lib/HTML/Template/Parser.pm line 59.
Use of uninitialized value $first_line_of_error_string in concatenation (.) or string at /tmp/loop_over_bdir-pmFmzS/HTML-Template-Parser-0.1009-jKccl3/blib/lib/HTML/Template/Parser.pm line 60.

       ERROR (line 1):  error near "<TMPL_IF NAME='a>"
Use of uninitialized value $error_string in split at /tmp/loop_over_bdir-pmFmzS/HTML-Template-Parser-0.1009-jKccl3/blib/lib/HTML/Template/Parser.pm line 59.
Use of uninitialized value $first_line_of_error_string in concatenation (.) or string at /tmp/loop_over_bdir-pmFmzS/HTML-Template-Parser-0.1009-jKccl3/blib/lib/HTML/Template/Parser.pm line 60.

       ERROR (line 1):  error near "<TMPL_IF NAME='ab>"
Use of uninitialized value $error_string in split at /tmp/loop_over_bdir-pmFmzS/HTML-Template-Parser-0.1009-jKccl3/blib/lib/HTML/Template/Parser.pm line 59.
Use of uninitialized value $first_line_of_error_string in concatenation (.) or string at /tmp/loop_over_bdir-pmFmzS/HTML-Template-Parser-0.1009-jKccl3/blib/lib/HTML/Template/Parser.pm line 60.

       ERROR (line 1):  error near "<TMPL_IF NAME=a'>"
Use of uninitialized value $error_string in split at /tmp/loop_over_bdir-pmFmzS/HTML-Template-Parser-0.1009-jKccl3/blib/lib/HTML/Template/Parser.pm line 59.
Use of uninitialized value $first_line_of_error_string in concatenation (.) or string at /tmp/loop_over_bdir-pmFmzS/HTML-Template-Parser-0.1009-jKccl3/blib/lib/HTML/Template/Parser.pm line 60.

       ERROR (line 1):  error near "<TMPL_IF NAME=ab'>"
Use of uninitialized value $error_string in split at /tmp/loop_over_bdir-pmFmzS/HTML-Template-Parser-0.1009-jKccl3/blib/lib/HTML/Template/Parser.pm line 59.
Use of uninitialized value $first_line_of_error_string in concatenation (.) or string at /tmp/loop_over_bdir-pmFmzS/HTML-Template-Parser-0.1009-jKccl3/blib/lib/HTML/Template/Parser.pm line 60.

       ERROR (line 1):  error near "<TMPL_IF NAME=">"
Use of uninitialized value $error_string in split at /tmp/loop_over_bdir-pmFmzS/HTML-Template-Parser-0.1009-jKccl3/blib/lib/HTML/Template/Parser.pm line 59.
Use of uninitialized value $first_line_of_error_string in concatenation (.) or string at /tmp/loop_over_bdir-pmFmzS/HTML-Template-Parser-0.1009-jKccl3/blib/lib/HTML/Template/Parser.pm line 60.

       ERROR (line 1):  error near "<TMPL_IF NAME="a>"
Use of uninitialized value $error_string in split at /tmp/loop_over_bdir-pmFmzS/HTML-Template-Parser-0.1009-jKccl3/blib/lib/HTML/Template/Parser.pm line 59.
Use of uninitialized value $first_line_of_error_string in concatenation (.) or string at /tmp/loop_over_bdir-pmFmzS/HTML-Template-Parser-0.1009-jKccl3/blib/lib/HTML/Template/Parser.pm line 60.

       ERROR (line 1):  error near "<TMPL_IF NAME="ab>"
Use of uninitialized value $error_string in split at /tmp/loop_over_bdir-pmFmzS/HTML-Template-Parser-0.1009-jKccl3/blib/lib/HTML/Template/Parser.pm line 59.
Use of uninitialized value $first_line_of_error_string in concatenation (.) or string at /tmp/loop_over_bdir-pmFmzS/HTML-Template-Parser-0.1009-jKccl3/blib/lib/HTML/Template/Parser.pm line 60.

       ERROR (line 1):  error near "<TMPL_IF NAME=a">"
Use of uninitialized value $error_string in split at /tmp/loop_over_bdir-pmFmzS/HTML-Template-Parser-0.1009-jKccl3/blib/lib/HTML/Template/Parser.pm line 59.
Use of uninitialized value $first_line_of_error_string in concatenation (.) or string at /tmp/loop_over_bdir-pmFmzS/HTML-Template-Parser-0.1009-jKccl3/blib/lib/HTML/Template/Parser.pm line 60.

       ERROR (line 1):  error near "<TMPL_IF NAME=ab">"
Use of uninitialized value $error_string in split at /tmp/loop_over_bdir-pmFmzS/HTML-Template-Parser-0.1009-jKccl3/blib/lib/HTML/Template/Parser.pm line 59.
Use of uninitialized value $first_line_of_error_string in concatenation (.) or string at /tmp/loop_over_bdir-pmFmzS/HTML-Template-Parser-0.1009-jKccl3/blib/lib/HTML/Template/Parser.pm line 60.

       ERROR (line 1):  error near "<TMPL_IF NAME='">"
Use of uninitialized value $error_string in split at /tmp/loop_over_bdir-pmFmzS/HTML-Template-Parser-0.1009-jKccl3/blib/lib/HTML/Template/Parser.pm line 59.
Use of uninitialized value $first_line_of_error_string in concatenation (.) or string at /tmp/loop_over_bdir-pmFmzS/HTML-Template-Parser-0.1009-jKccl3/blib/lib/HTML/Template/Parser.pm line 60.

       ERROR (line 1):  error near "<TMPL_IF NAME='a">"
Use of uninitialized value $error_string in split at /tmp/loop_over_bdir-pmFmzS/HTML-Template-Parser-0.1009-jKccl3/blib/lib/HTML/Template/Parser.pm line 59.
Use of uninitialized value $first_line_of_error_string in concatenation (.) or string at /tmp/loop_over_bdir-pmFmzS/HTML-Template-Parser-0.1009-jKccl3/blib/lib/HTML/Template/Parser.pm line 60.

       ERROR (line 1):  error near "<TMPL_IF NAME='ab">"
Use of uninitialized value $error_string in split at /tmp/loop_over_bdir-pmFmzS/HTML-Template-Parser-0.1009-jKccl3/blib/lib/HTML/Template/Parser.pm line 59.
Use of uninitialized value $first_line_of_error_string in concatenation (.) or string at /tmp/loop_over_bdir-pmFmzS/HTML-Template-Parser-0.1009-jKccl3/blib/lib/HTML/Template/Parser.pm line 60.

       ERROR (line 1):  error near "<TMPL_IF NAME="'>"
Use of uninitialized value $error_string in split at /tmp/loop_over_bdir-pmFmzS/HTML-Template-Parser-0.1009-jKccl3/blib/lib/HTML/Template/Parser.pm line 59.
Use of uninitialized value $first_line_of_error_string in concatenation (.) or string at /tmp/loop_over_bdir-pmFmzS/HTML-Template-Parser-0.1009-jKccl3/blib/lib/HTML/Template/Parser.pm line 60.

       ERROR (line 1):  error near "<TMPL_IF NAME="a'>"
Use of uninitialized value $error_string in split at /tmp/loop_over_bdir-pmFmzS/HTML-Template-Parser-0.1009-jKccl3/blib/lib/HTML/Template/Parser.pm line 59.
Use of uninitialized value $first_line_of_error_string in concatenation (.) or string at /tmp/loop_over_bdir-pmFmzS/HTML-Template-Parser-0.1009-jKccl3/blib/lib/HTML/Template/Parser.pm line 60.

       ERROR (line 1):  error near "<TMPL_IF NAME="ab'>"
Use of uninitialized value $error_string in split at /tmp/loop_over_bdir-pmFmzS/HTML-Template-Parser-0.1009-jKccl3/blib/lib/HTML/Template/Parser.pm line 59.
Use of uninitialized value $first_line_of_error_string in concatenation (.) or string at /tmp/loop_over_bdir-pmFmzS/HTML-Template-Parser-0.1009-jKccl3/blib/lib/HTML/Template/Parser.pm line 60.

       ERROR (line 1):  error near "<TMPL_LOOP FOO="l">"
Use of uninitialized value $error_string in split at /tmp/loop_over_bdir-pmFmzS/HTML-Template-Parser-0.1009-jKccl3/blib/lib/HTML/Template/Parser.pm line 59.
Use of uninitialized value $first_line_of_error_string in concatenation (.) or string at /tmp/loop_over_bdir-pmFmzS/HTML-Template-Parser-0.1009-jKccl3/blib/lib/HTML/Template/Parser.pm line 60.

       ERROR (line 1):  error near "<TMPL_IF NAME=1 EXPR=1>"
Use of uninitialized value $error_string in split at /tmp/loop_over_bdir-pmFmzS/HTML-Template-Parser-0.1009-jKccl3/blib/lib/HTML/Template/Parser.pm line 59.
Use of uninitialized value $first_line_of_error_string in concatenation (.) or string at /tmp/loop_over_bdir-pmFmzS/HTML-Template-Parser-0.1009-jKccl3/blib/lib/HTML/Template/Parser.pm line 60.
t/020_template_parser/002_error.t ......................................... ok
Name "Parse::RecDescent::ERROR" used only once: possible typo at /tmp/loop_over_bdir-pmFmzS/HTML-Template-Parser-0.1009-jKccl3/blib/lib/HTML/Template/Parser.pm line 50.
line 1. column 1. something wrong. Can't use ${name} at NAME. [${foo}]

# Looks like your test exited with 255 before it could output anything.
t/020_template_parser/003_to_list.t ....................................... 
Dubious, test returned 255 (wstat 65280, 0xff00)
Failed 7/7 subtests 
Name "Parse::RecDescent::ERROR" used only once: possible typo at /tmp/loop_over_bdir-pmFmzS/HTML-Template-Parser-0.1009-jKccl3/blib/lib/HTML/Template/Parser.pm line 50.
t/020_template_parser/004_to_tree.t ....................................... ok
t/030_tree_writer/010_htp/001_use.t ....................................... ok
Name "Parse::RecDescent::ERROR" used only once: possible typo at /tmp/loop_over_bdir-pmFmzS/HTML-Template-Parser-0.1009-jKccl3/blib/lib/HTML/Template/Parser.pm line 50.
t/030_tree_writer/010_htp/002_write.t ..................................... ok
t/030_tree_writer/020_textxslate_metakolon/001_use.t ...................... ok
Name "Parse::RecDescent::ERROR" used only once: possible typo at /tmp/loop_over_bdir-pmFmzS/HTML-Template-Parser-0.1009-jKccl3/blib/lib/HTML/Template/Parser.pm line 50.
Use of uninitialized value in lc at /tmp/loop_over_bdir-pmFmzS/HTML-Template-Parser-0.1009-jKccl3/blib/lib/HTML/Template/Parser/TreeWriter/TextXslate/Metakolon.pm line 58.
Use of uninitialized value in lc at /tmp/loop_over_bdir-pmFmzS/HTML-Template-Parser-0.1009-jKccl3/blib/lib/HTML/Template/Parser/TreeWriter/TextXslate/Metakolon.pm line 58.
Use of uninitialized value in lc at /tmp/loop_over_bdir-pmFmzS/HTML-Template-Parser-0.1009-jKccl3/blib/lib/HTML/Template/Parser/TreeWriter/TextXslate/Metakolon.pm line 58.
Use of uninitialized value in lc at /tmp/loop_over_bdir-pmFmzS/HTML-Template-Parser-0.1009-jKccl3/blib/lib/HTML/Template/Parser/TreeWriter/TextXslate/Metakolon.pm line 58.
Use of uninitialized value in lc at /tmp/loop_over_bdir-pmFmzS/HTML-Template-Parser-0.1009-jKccl3/blib/lib/HTML/Template/Parser/TreeWriter/TextXslate/Metakolon.pm line 58.
Use of uninitialized value in lc at /tmp/loop_over_bdir-pmFmzS/HTML-Template-Parser-0.1009-jKccl3/blib/lib/HTML/Template/Parser/TreeWriter/TextXslate/Metakolon.pm line 58.
Use of uninitialized value in lc at /tmp/loop_over_bdir-pmFmzS/HTML-Template-Parser-0.1009-jKccl3/blib/lib/HTML/Template/Parser/TreeWriter/TextXslate/Metakolon.pm line 58.
Use of uninitialized value in lc at /tmp/loop_over_bdir-pmFmzS/HTML-Template-Parser-0.1009-jKccl3/blib/lib/HTML/Template/Parser/TreeWriter/TextXslate/Metakolon.pm line 58.
Use of uninitialized value in lc at /tmp/loop_over_bdir-pmFmzS/HTML-Template-Parser-0.1009-jKccl3/blib/lib/HTML/Template/Parser/TreeWriter/TextXslate/Metakolon.pm line 58.
Use of uninitialized value in lc at /tmp/loop_over_bdir-pmFmzS/HTML-Template-Parser-0.1009-jKccl3/blib/lib/HTML/Template/Parser/TreeWriter/TextXslate/Metakolon.pm line 58.
Use of uninitialized value in lc at /tmp/loop_over_bdir-pmFmzS/HTML-Template-Parser-0.1009-jKccl3/blib/lib/HTML/Template/Parser/TreeWriter/TextXslate/Metakolon.pm line 58.
Use of uninitialized value in lc at /tmp/loop_over_bdir-pmFmzS/HTML-Template-Parser-0.1009-jKccl3/blib/lib/HTML/Template/Parser/TreeWriter/TextXslate/Metakolon.pm line 58.
Use of uninitialized value in lc at /tmp/loop_over_bdir-pmFmzS/HTML-Template-Parser-0.1009-jKccl3/blib/lib/HTML/Template/Parser/TreeWriter/TextXslate/Metakolon.pm line 58.
Use of uninitialized value in lc at /tmp/loop_over_bdir-pmFmzS/HTML-Template-Parser-0.1009-jKccl3/blib/lib/HTML/Template/Parser/TreeWriter/TextXslate/Metakolon.pm line 58.
Use of uninitialized value in lc at /tmp/loop_over_bdir-pmFmzS/HTML-Template-Parser-0.1009-jKccl3/blib/lib/HTML/Template/Parser/TreeWriter/TextXslate/Metakolon.pm line 58.
Use of uninitialized value in lc at /tmp/loop_over_bdir-pmFmzS/HTML-Template-Parser-0.1009-jKccl3/blib/lib/HTML/Template/Parser/TreeWriter/TextXslate/Metakolon.pm line 58.
Use of uninitialized value in lc at /tmp/loop_over_bdir-pmFmzS/HTML-Template-Parser-0.1009-jKccl3/blib/lib/HTML/Template/Parser/TreeWriter/TextXslate/Metakolon.pm line 58.
Use of uninitialized value in lc at /tmp/loop_over_bdir-pmFmzS/HTML-Template-Parser-0.1009-jKccl3/blib/lib/HTML/Template/Parser/TreeWriter/TextXslate/Metakolon.pm line 58.
Use of uninitialized value in lc at /tmp/loop_over_bdir-pmFmzS/HTML-Template-Parser-0.1009-jKccl3/blib/lib/HTML/Template/Parser/TreeWriter/TextXslate/Metakolon.pm line 58.
Use of uninitialized value in lc at /tmp/loop_over_bdir-pmFmzS/HTML-Template-Parser-0.1009-jKccl3/blib/lib/HTML/Template/Parser/TreeWriter/TextXslate/Metakolon.pm line 58.
Use of uninitialized value in lc at /tmp/loop_over_bdir-pmFmzS/HTML-Template-Parser-0.1009-jKccl3/blib/lib/HTML/Template/Parser/TreeWriter/TextXslate/Metakolon.pm line 58.
Use of uninitialized value in lc at /tmp/loop_over_bdir-pmFmzS/HTML-Template-Parser-0.1009-jKccl3/blib/lib/HTML/Template/Parser/TreeWriter/TextXslate/Metakolon.pm line 58.
Use of uninitialized value in lc at /tmp/loop_over_bdir-pmFmzS/HTML-Template-Parser-0.1009-jKccl3/blib/lib/HTML/Template/Parser/TreeWriter/TextXslate/Metakolon.pm line 58.
Use of uninitialized value in lc at /tmp/loop_over_bdir-pmFmzS/HTML-Template-Parser-0.1009-jKccl3/blib/lib/HTML/Template/Parser/TreeWriter/TextXslate/Metakolon.pm line 58.
Use of uninitialized value in lc at /tmp/loop_over_bdir-pmFmzS/HTML-Template-Parser-0.1009-jKccl3/blib/lib/HTML/Template/Parser/TreeWriter/TextXslate/Metakolon.pm line 58.
Use of uninitialized value in lc at /tmp/loop_over_bdir-pmFmzS/HTML-Template-Parser-0.1009-jKccl3/blib/lib/HTML/Template/Parser/TreeWriter/TextXslate/Metakolon.pm line 58.
t/030_tree_writer/020_textxslate_metakolon/002_write.t .................... ok
Name "Parse::RecDescent::ERROR" used only once: possible typo at /tmp/loop_over_bdir-pmFmzS/HTML-Template-Parser-0.1009-jKccl3/blib/lib/HTML/Template/Parser.pm line 50.
t/030_tree_writer/020_textxslate_metakolon/003_replace_tempalte_suffix.t .. ok
Name "Parse::RecDescent::ERROR" used only once: possible typo at /tmp/loop_over_bdir-pmFmzS/HTML-Template-Parser-0.1009-jKccl3/blib/lib/HTML/Template/Parser.pm line 50.
t/030_tree_writer/020_textxslate_metakolon/004_wrap_include_target.t ...... ok
t/900_bug/001_not.t ....................................................... ok
t/900_bug/002_float.t ..................................................... ok
Name "Parse::RecDescent::ERROR" used only once: possible typo at /tmp/loop_over_bdir-pmFmzS/HTML-Template-Parser-0.1009-jKccl3/blib/lib/HTML/Template/Parser.pm line 50.
t/900_bug/003_name_and_expr.t ............................................. ok

Test Summary Report
-------------------
t/020_template_parser/003_to_list.t                                     (Wstat: 65280 Tests: 0 Failed: 0)
  Non-zero exit status: 255
  Parse errors: Bad plan.  You planned 7 tests but ran 0.
Files=25, Tests=232,  4 wallclock secs ( 0.10 usr  0.03 sys +  2.54 cusr  0.31 csys =  2.98 CPU)
Result: FAIL
Failed 1/25 test programs. 0/232 subtests failed.
make: *** [test_dynamic] Error 255

------------------------------
PREREQUISITES
------------------------------

Prerequisite modules loaded:

requires:

    Module                Need     Have    
    --------------------- -------- --------
    Class::Accessor::Fast 0        0.34    
    Parse::RecDescent     0        1.967009
    perl                  5.008001 5.014002
    YAML                  0        0.84    

build_requires:

    Module                Need     Have    
    --------------------- -------- --------
    ExtUtils::MakeMaker   6.59     6.62    

configure_requires:

    Module                Need     Have    
    --------------------- -------- --------
    ExtUtils::MakeMaker   6.59     6.62    


------------------------------
ENVIRONMENT AND OTHER CONTEXT
------------------------------

Environment variables:

    AUTOMATED_TESTING = 1
    LANG = en_US.UTF-8
    LANGUAGE = en_US:en
    PATH = /home/sand/bin:/usr/local/bin:/usr/bin:/bin:/usr/bin/X11:/usr/games:/usr/local/perl/bin:/usr/X11/bin:/sbin:/usr/sbin
    PERL5LIB = 
    PERL5OPT = 
    PERL5_CPANPLUS_IS_RUNNING = 18948
    PERL5_CPAN_IS_RUNNING = 18948
    PERL_MM_USE_DEFAULT = 1
    SHELL = /usr/bin/zsh
    TERM = screen

Perl special variables (and OS-specific diagnostics, for MSWin32):

    $^X = /mnt/k75/homesand/src/perl/repoperls/installed-perls/perl/v5.14.2/a2da/bin/perl
    $UID/$EUID = 1005 / 1005
    $GID = 1005 1005
    $EGID = 1005 1005

Perl module toolchain versions installed:

    Module              Have    
    ------------------- --------
    CPAN                1.9800  
    CPAN::Meta          2.120921
    Cwd                 3.36    
    ExtUtils::CBuilder  0.280205
    ExtUtils::Command   1.17    
    ExtUtils::Install   1.56    
    ExtUtils::MakeMaker 6.62    
    ExtUtils::Manifest  1.58    
    ExtUtils::ParseXS   3.15    
    File::Spec          3.33    
    JSON                2.53    
    JSON::PP            2.27200 
    Module::Build       0.4002  
    Module::Signature   0.68    
    Parse::CPAN::Meta   1.4404  
    Test::Harness       3.25    
    Test::More          0.98    
    YAML                0.84    
    YAML::Syck          1.20    
    version             0.99    


--

Summary of my perl5 (revision 5 version 14 subversion 2) configuration:
  Commit id: dc281e6088d189558b79a5121119b7196c8b3db0
  Platform:
    osname=linux, osvers=3.2.0-3-amd64, archname=x86_64-linux-thread-multi-ld
    uname='linux k83 3.2.0-3-amd64 #1 smp mon jul 23 02:45:17 utc 2012 x86_64 gnulinux '
    config_args='-Dprefix=/home/src/perl/repoperls/installed-perls/perl/v5.14.2/a2da -Dmyhostname=k83 -Dinstallusrbinperl=n -Uversiononly -Dusedevel -des -Ui_db -Duseithreads -Duselongdouble -DDEBUGGING=-g'
    hint=recommended, useposix=true, d_sigaction=define
    useithreads=define, usemultiplicity=define
    useperlio=define, d_sfio=undef, uselargefiles=define, usesocks=undef
    use64bitint=define, use64bitall=define, uselongdouble=define
    usemymalloc=n, bincompat5005=undef
  Compiler:
    cc='cc', ccflags ='-D_REENTRANT -D_GNU_SOURCE -fno-strict-aliasing -pipe -fstack-protector -I/usr/local/include -D_LARGEFILE_SOURCE -D_FILE_OFFSET_BITS=64',
    optimize='-O2 -g',
    cppflags='-D_REENTRANT -D_GNU_SOURCE -fno-strict-aliasing -pipe -fstack-protector -I/usr/local/include'
    ccversion='', gccversion='4.7.1', gccosandvers=''
    intsize=4, longsize=8, ptrsize=8, doublesize=8, byteorder=12345678
    d_longlong=define, longlongsize=8, d_longdbl=define, longdblsize=16
    ivtype='long', ivsize=8, nvtype='long double', nvsize=16, Off_t='off_t', lseeksize=8
    alignbytes=16, prototype=define
  Linker and Libraries:
    ld='cc', ldflags =' -fstack-protector -L/usr/local/lib'
    libpth=/usr/local/lib /lib/x86_64-linux-gnu /lib/../lib /usr/lib/x86_64-linux-gnu /usr/lib/../lib /lib /usr/lib
    libs=-lnsl -ldb -ldl -lm -lcrypt -lutil -lpthread -lc
    perllibs=-lnsl -ldl -lm -lcrypt -lutil -lpthread -lc
    libc=, so=so, useshrplib=false, libperl=libperl.a
    gnulibc_version='2.13'
  Dynamic Linking:
    dlsrc=dl_dlopen.xs, dlext=so, d_dlsymun=undef, ccdlflags='-Wl,-E'
    cccdlflags='-fPIC', lddlflags='-shared -O2 -g -L/usr/local/lib -fstack-protector'


Characteristics of this binary (from libperl): 
  Compile-time options: MULTIPLICITY PERL_DONT_CREATE_GVSV
                        PERL_IMPLICIT_CONTEXT PERL_MALLOC_WRAP
                        PERL_PRESERVE_IVUV PERL_USE_DEVEL USE_64_BIT_ALL
                        USE_64_BIT_INT USE_ITHREADS USE_LARGE_FILES
                        USE_LONG_DOUBLE USE_PERLIO USE_PERL_ATOF
                        USE_REENTRANT_API
  Built under linux
  Compiled at Aug  5 2012 07:07:49
  %ENV:
    PERL5LIB=""
    PERL5OPT=""
    PERL5_CPANPLUS_IS_RUNNING="18948"
    PERL5_CPAN_IS_RUNNING="18948"
    PERL_MM_USE_DEFAULT="1"
  @INC:
    /home/src/perl/repoperls/installed-perls/perl/v5.14.2/a2da/lib/site_perl/5.14.2/x86_64-linux-thread-multi-ld
    /home/src/perl/repoperls/installed-perls/perl/v5.14.2/a2da/lib/site_perl/5.14.2
    /home/src/perl/repoperls/installed-perls/perl/v5.14.2/a2da/lib/5.14.2/x86_64-linux-thread-multi-ld
    /home/src/perl/repoperls/installed-perls/perl/v5.14.2/a2da/lib/5.14.2
    .