CPAN-SQLite v0.215 Perl 5 v5.8.5 x86_64-linux-thread-multi

Status
Fail
From
Nigel Horne
Dist
CPAN-SQLite v0.215
Platform
Perl 5 v5.8.5 x86_64-linux-thread-multi
Date
2019-01-24 04:30:30
ID
c802e91a-1f90-11e9-a526-ef40fb9f2f4e
This distribution has been tested as part of the CPAN Testers
project, supporting the Perl programming language.  See
http://wiki.cpantesters.org/ for more information or email
questions to cpan-testers-discuss@perl.org


--
Dear Serguei Trouchelle,

This is a computer-generated report for CPAN-SQLite-0.215
on perl 5.8.5, created by CPAN-Reporter-1.2018.

Thank you for uploading your work to CPAN.  However, there was a problem
testing your distribution.

If you think this report is invalid, please consult the CPAN Testers Wiki
for suggestions on how to avoid getting FAIL reports for missing library
or binary dependencies, unsupported operating systems, and so on:

http://wiki.cpantesters.org/wiki/CPANAuthorNotes

Sections of this report:

    * Tester comments
    * Program output
    * Prerequisites
    * Environment and other context

------------------------------
TESTER COMMENTS
------------------------------

Additional comments from tester:

this report is from an automated smoke testing program
and was not reviewed by a human for accuracy

------------------------------
PROGRAM OUTPUT
------------------------------

Output from '/usr/bin/make test':

PERL_DL_NONLAZY=1 "/home/njh/perl5/perlbrew/perls/perl-5.8.5/bin/perl" "-MExtUtils::Command::MM" "-MTest::Harness" "-e" "undef *Test::Harness::Switches; test_harness(0, 'blib/lib', 'blib/arch')" t/*.t
# Listing %INC
#                           AutoLoader 5.73
#                                 CPAN 2.16
#                         CPAN::Author 5.5002
#                         CPAN::Bundle 5.5002
#                       CPAN::CacheMgr 5.5002
#                       CPAN::Complete 5.5001
#                          CPAN::Debug 5.5001
#                   CPAN::DeferredCode 5.50
#                   CPAN::DistnameInfo 0.12
#                   CPAN::Distribution 2.16
#                    CPAN::Distroprefs 6.0001
#                   CPAN::Distrostatus 5.5
# CPAN::Exception::RecursiveDependency 5.5001
#  CPAN::Exception::yaml_not_installed 5.5
#  CPAN::Exception::yaml_process_error 5.5
#                            CPAN::FTP 5.5008
#                     CPAN::FTP::netrc 1.01
#              CPAN::HTTP::Credentials 1.9601
#                   CPAN::HandleConfig 5.5008
#                          CPAN::Index 2.12
#                        CPAN::InfoObj 5.5
#                 CPAN::LWP::UserAgent 1.9601
#                         CPAN::Module 5.5003
#                         CPAN::Prompt 5.5
#                          CPAN::Queue 5.5002
#                          CPAN::Shell 5.5006
#                         CPAN::Tarzip 5.5012
#                            CPAN::URL 5.5
#                        CPAN::Version 5.5003
#                                 Carp 1.26
#                          Carp::Heavy 1.26
#                  Compress::Raw::Zlib 2.06
#                       Compress::Zlib 2.06
#                               Config undef
#                                  Cwd 3.74
#                                  DBI 1.627
#                            DirHandle 1.00
#                           DynaLoader 1.05
#                               Encode 2.86
#                        Encode::Alias 2.20
#                       Encode::Config 2.05
#                     Encode::Encoding 2.07
#                              English 1.01
#                                Errno 1.09
#                             Exporter 5.68
#                      Exporter::Heavy 5.68
#                    ExtUtils::Liblist 7.34
#               ExtUtils::Liblist::Kid 7.34
#                         ExtUtils::MM 7.34
#                     ExtUtils::MM_Any 7.34
#                    ExtUtils::MM_Unix 7.34
#                         ExtUtils::MY 7.34
#                  ExtUtils::MakeMaker 7.34
#          ExtUtils::MakeMaker::Config 7.34
#          ExtUtils::MakeMaker::Locale 7.34
#         ExtUtils::MakeMaker::version 7.34
#                                Fcntl 1.05
#                       File::Basename 2.73
#                           File::Copy 2.08
#                           File::Find 1.07
#                           File::Glob 1.03
#                     File::GlobMapper 1.000
#                        File::HomeDir 1.004
#                File::HomeDir::Driver 1.004
#           File::HomeDir::FreeDesktop 1.004
#                  File::HomeDir::Unix 1.004
#                           File::Path 2.09
#                           File::Spec 3.74
#                File::Spec::Functions 3.74
#                     File::Spec::Unix 3.74
#                          File::Which 1.21
#                           FileHandle 2.01
#                         Getopt::Long 2.5
#                           HTTP::Tiny 0.028
#                       I18N::Langinfo 0.02
#                                   IO 1.25
#       IO::Compress::Adapter::Deflate 2.060
#                   IO::Compress::Base 2.060
#           IO::Compress::Base::Common 2.060
#                   IO::Compress::Gzip 2.060
#        IO::Compress::Gzip::Constants 2.060
#             IO::Compress::RawDeflate 2.060
#            IO::Compress::Zlib::Extra 2.060
#                             IO::File 1.14
#                           IO::Handle 1.28
#                         IO::Seekable 1.1
#                           IO::Socket 1.31
#                     IO::Socket::INET 1.31
#                     IO::Socket::UNIX 1.23
#     IO::Uncompress::Adapter::Inflate 2.060
#                 IO::Uncompress::Base 2.060
#               IO::Uncompress::Gunzip 2.060
#           IO::Uncompress::RawInflate 2.060
#                           List::Util 1.27
#                               Opcode 1.05
#                                 Safe 2.11
#                         Scalar::Util 1.27
#                          SelectSaver 1.00
#                               Socket 2.009
#                               Symbol 1.05
#                        Sys::Hostname 1.11
#                     Text::ParseWords 3.29
#                           Text::Tabs 2012.0818
#                           Text::Wrap 2012.0818
#                             XSLoader 0.02
#                                 base 2.18
#                                bytes 1.01
#                             constant 1.27
#                                  lib 0.63
#                             overload 1.01
#                               parent 0.225
#                                   re 0.04
#                               strict 1.03
#                                 subs 1.00
#                                 utf8 1.04
#                                 vars 1.01
#                              version 0.9902
#                         version::vxs 0.9902
#                             warnings 1.03
#                   warnings::register 1.00
t/00-all_prereqs.t ............... ok
t/00-compile.t ................... ok
# 
# Versions for all modules listed in MYMETA.json (including optional ones):
# 
# === Configure Requires ===
# 
#     Module              Want Have
#     ------------------- ---- ----
#     ExtUtils::MakeMaker  any 7.34
# 
# === Build Requires ===
# 
#     Module              Want Have
#     ------------------- ---- ----
#     ExtUtils::MakeMaker  any 7.34
# 
# === Test Requires ===
# 
#     Module              Want     Have
#     ------------------- ---- --------
#     CPAN::HandleConfig   any   5.5008
#     CPAN::Version        any   5.5003
#     Carp                 any     1.26
#     DBD::SQLite          any     1.37
#     ExtUtils::MakeMaker  any     7.34
#     File::Copy           any     2.08
#     File::Spec           any     3.74
#     FindBin              any     1.44
#     IO::Handle           any     1.28
#     IPC::Open3           any   1.0106
#     Test::Memory::Cycle  any     1.06
#     Test::More          0.94 1.302120
#     base                 any     2.18
#     lib                  any     0.63
# 
# === Test Recommends ===
# 
#     Module         Want     Have
#     ---------- -------- --------
#     CPAN::Meta 2.120900 2.150005
# 
# === Runtime Requires ===
# 
#     Module                Want  Have
#     --------------------- ---- -----
#     Archive::Tar          1.54  2.10
#     CPAN                   any  2.16
#     CPAN::DistnameInfo    0.09  0.12
#     CPAN::Index           1.93  2.12
#     Compress::Zlib         any 2.060
#     Cwd                    any  3.74
#     DBD::SQLite           1.27  1.37
#     DBI                    any 1.627
#     English                any  1.01
#     Exporter               any  5.68
#     File::Basename         any  2.73
#     File::Find             any  1.07
#     File::HomeDir          any 1.004
#     File::Path             any  2.09
#     File::Spec             any  3.74
#     File::Spec::Functions  any  3.74
#     Getopt::Long           any   2.5
#     HTTP::Tiny             any 0.028
#     IO::Zlib               any  1.10
#     Safe                   any  2.11
#     Scalar::Util           any  1.27
#     Test::Harness         3.31  3.36
#     constant               any  1.27
#     parent                 any 0.225
#     strict                 any  1.03
#     utf8                   any  1.04
#     warnings               any  1.03
# 
t/00-report-prereqs.t ............ ok
# Testing with Perl 5.008005, /home/njh/perl5/perlbrew/perls/perl-5.8.5/bin/perl
#     CPAN version is 2.16
#     CPAN::DistnameInfo version is 0.12
#     CPAN::HandleConfig version is 5.5008
#     CPAN::Version version is 5.5003
#     Carp version is 1.26
#     Compress::Zlib version is 2.06
#     Cwd version is 3.74
#     DBD::SQLite version is 1.37
#     DBI version is 1.627
#     English version is 1.01
#     Exporter version is 5.68
#     ExtUtils::MakeMaker version is 7.34
#     File::Basename version is 2.73
#     File::Copy version is 2.08
#     File::Find version is 1.07
#     File::HomeDir version is 1.004
#     File::Path version is 2.09
#     File::Spec version is 3.74
#     File::Spec::Functions version is 3.74
#     FindBin version is 1.44
#     Getopt::Long version is 2.5
#     HTTP::Tiny version is 0.028
#     IO::Handle version is 1.28
#     IPC::Open3 version is 1.0106
#     Safe version is 2.11
#     Scalar::Util version is 1.27
#     Test::Memory::Cycle version is 1.06
#     Test::More version is 1.302120
#     base version is 2.18
#     constant version is 1.27
#     lib version is 0.63
#     parent version is 0.225
#     strict version is 1.03
#     utf8 version is 1.04
#     warnings version is 1.03
t/000-report-versions.t .......... ok
t/01basic.t ...................... ok
t/02drop.t ....................... ok
t/03info.t ....................... ok
t/04search.t ..................... ok
t/04search_everything.t .......... ok
Bareword found where operator expected at t/05meta_new.t line 25, near "cpan isn't"
  (Might be a runaway multi-line // string starting on line 23)
	(Do you need to predeclare cpan?)
Global symbol "$HOME" requires explicit package name at t/05meta_new.t line 23.
syntax error at t/05meta_new.t line 25, near "cpan isn't "
Execution of t/05meta_new.t aborted due to compilation errors.
t/05meta_new.t ................... 
Dubious, test returned 2 (wstat 512, 0x200)
No subtests run 
Bareword found where operator expected at t/05meta_update.t line 24, near "cpan isn't"
  (Might be a runaway multi-line // string starting on line 22)
	(Do you need to predeclare cpan?)
Global symbol "$HOME" requires explicit package name at t/05meta_update.t line 22.
syntax error at t/05meta_update.t line 24, near "cpan isn't "
Execution of t/05meta_update.t aborted due to compilation errors.
t/05meta_update.t ................ 
Dubious, test returned 255 (wstat 65280, 0xff00)
No subtests run 
Use of uninitialized value in scalar assignment at t/06retrieve.t line 15.
Use of uninitialized value in scalar assignment at t/06retrieve.t line 15.
t/06retrieve.t ................... ok
t/07download.t ................... ok
t/08circular_references.t ........ ok
t/author-critic.t ................ skipped: these tests are for testing by the author
t/author-eol.t ................... skipped: these tests are for testing by the author
t/author-minimum-version.t ....... skipped: these tests are for testing by the author
t/author-no-tabs.t ............... skipped: these tests are for testing by the author
t/author-pod-syntax.t ............ skipped: these tests are for testing by the author
t/release-changes_has_content.t .. skipped: these tests are for release candidate testing
t/release-distmeta.t ............. skipped: these tests are for release candidate testing
t/release-fixme.t ................ skipped: these tests are for release candidate testing
t/release-has-version.t .......... skipped: these tests are for release candidate testing
t/release-kwalitee.t ............. skipped: these tests are for release candidate testing
t/release-meta-json.t ............ skipped: these tests are for release candidate testing
t/release-pause-permissions.t .... skipped: these tests are for release candidate testing

Test Summary Report
-------------------
t/05meta_new.t                 (Wstat: 512 Tests: 0 Failed: 0)
  Non-zero exit status: 2
  Parse errors: No plan found in TAP output
t/05meta_update.t              (Wstat: 65280 Tests: 0 Failed: 0)
  Non-zero exit status: 255
  Parse errors: No plan found in TAP output
Files=26, Tests=5780, 40 wallclock secs ( 0.46 usr  0.05 sys +  3.35 cusr  0.77 csys =  4.63 CPU)
Result: FAIL
Failed 2/26 test programs. 0/5780 subtests failed.
make: *** [Makefile:934: test_dynamic] Error 255

------------------------------
PREREQUISITES
------------------------------

Prerequisite modules loaded:

requires:

    Module              Need Have 
    ------------------- ---- -----
    Archive::Tar        1.54 2.10 
    Compress::Zlib      0    2.060
    CPAN::DistnameInfo  0.09 0.12 
    CPAN::Index         1.93 2.12 
    DBD::SQLite         1.27 1.37 
    File::HomeDir       0    1.004
    File::Spec          0    3.74 
    HTTP::Tiny          0    0.028
    IO::Zlib            0    1.10 
    parent              0    0.225
    Test::Harness       3.31 3.36 

build_requires:

    Module              Need Have 
    ------------------- ---- -----
    ExtUtils::MakeMaker 0    7.34 
    Test::Memory::Cycle 0    1.06 

configure_requires:

    Module              Need Have 
    ------------------- ---- -----
    ExtUtils::MakeMaker 0    7.34 


------------------------------
ENVIRONMENT AND OTHER CONTEXT
------------------------------

Environment variables:

    AUTOMATED_TESTING = 1
    HARNESS_OPTIONS = j4
    LANG = en_GB.UTF-8
    LANGUAGE = en_GB:en
    PATH = /home/njh/perl5/perlbrew/bin:/home/njh/perl5/perlbrew/perls/perl-5.8.5/bin:/usr/bin:/bin:/home/njh/src/njh/smoker/bin
    PERL5LIB = /home/njh/.cpan/build/Data-Table-1.77-7/blib/arch:/home/njh/.cpan/build/Data-Table-1.77-7/blib/lib
    PERL5OPT = 
    PERL5_CPANPLUS_IS_RUNNING = 21234
    PERL5_CPAN_IS_RUNNING = 21234
    PERLBREW_HOME = /home/njh/.perlbrew
    PERLBREW_MANPATH = /home/njh/perl5/perlbrew/perls/perl-5.8.5/man
    PERLBREW_PATH = /home/njh/perl5/perlbrew/bin:/home/njh/perl5/perlbrew/perls/perl-5.8.5/bin
    PERLBREW_PERL = perl-5.8.5
    PERLBREW_ROOT = /home/njh/perl5/perlbrew
    PERLBREW_SHELLRC_VERSION = 0.82
    PERLBREW_VERSION = 0.82
    SHELL = /bin/sh
    TEMP = /tmp/user/1000
    TMPDIR = /tmp/user/1000/testwrapper.21221

Perl special variables (and OS-specific diagnostics, for MSWin32):

    $^X = /home/njh/perl5/perlbrew/perls/perl-5.8.5/bin/perl
    $UID/$EUID = 1000 / 1000
    $GID = 1000 1000 112 108 46 44 30 29 25 24 4
    $EGID = 1000 1000 112 108 46 44 30 29 25 24 4

Perl module toolchain versions installed:

    Module              Have    
    ------------------- --------
    CPAN                2.16    
    CPAN::Meta          2.150005
    Cwd                 3.74    
    ExtUtils::CBuilder  0.280216
    ExtUtils::Command   7.34    
    ExtUtils::Install   2.06    
    ExtUtils::MakeMaker 7.34    
    ExtUtils::Manifest  1.70    
    ExtUtils::ParseXS   3.30    
    File::Spec          3.74    
    JSON                4.00    
    JSON::PP            2.27400 
    Module::Build       0.4218  
    Module::Signature   n/a     
    Parse::CPAN::Meta   1.4422  
    Test::Harness       3.36    
    Test::More          1.302120
    YAML                0.84    
    YAML::Syck          1.30    
    version             0.9902  


--

Summary of my perl5 (revision 5 version 8 subversion 5) configuration:
  Platform:
    osname=linux, osvers=3.2.0-4-amd64, archname=x86_64-linux-thread-multi
    uname='linux nigelhorne.force9.co.uk 3.2.0-4-amd64 #1 smp debian 3.2.32-1 x86_64 gnulinux '
    config_args='-de -Dprefix=/home/njh/perl5/perlbrew/perls/perl-5.8.5 -Duseithreads -Dusemultiplicity -Accflags=-O2 -W -Wformat=2 -Wswitch -Wshadow -Wwrite-strings -Wuninitialized -Wall -pipe -mtune=native -march=native -fomit-frame-pointer -mfpmath=sse -pedantic -D_FORTIFY_SOURCE=2 -Wpointer-arith -Wstrict-prototypes -fstack-protector -Wstack-protector -Wextra -Wbad-function-cast -Wcast-align -Wcast-qual -Wdisabled-optimization -Wendif-labels -Wfloat-equal -Wformat-nonliteral -Winline -Wmissing-declarations -Wmissing-prototypes -Wnested-externs -Wpointer-arith -Wundef -Wformat-security -Aeval:scriptdir=/home/njh/perl5/perlbrew/perls/perl-5.8.5/bin'
    hint=recommended, useposix=true, d_sigaction=define
    usethreads=define use5005threads=undef useithreads=define usemultiplicity=define
    useperlio=define d_sfio=undef uselargefiles=define usesocks=undef
    use64bitint=define use64bitall=define uselongdouble=undef
    usemymalloc=n, bincompat5005=undef
  Compiler:
    cc='cc', ccflags ='-D_REENTRANT -D_GNU_SOURCE -O2 -W -Wformat=2 -Wswitch -Wshadow -Wwrite-strings -Wuninitialized -Wall -pipe -mtune=native -march=native -fomit-frame-pointer -mfpmath=sse -pedantic -D_FORTIFY_SOURCE=2 -Wpointer-arith -Wstrict-prototypes -fstack-protector -Wstack-protector -Wextra -Wbad-function-cast -Wcast-align -Wcast-qual -Wdisabled-optimization -Wendif-labels -Wfloat-equal -Wformat-nonliteral -Winline -Wmissing-declarations -Wmissing-prototypes -Wnested-externs -Wpointer-arith -Wundef -Wformat-security -fno-strict-aliasing -I/usr/local/include -D_LARGEFILE_SOURCE -D_FILE_OFFSET_BITS=64',
    optimize='-O2',
    cppflags='-D_REENTRANT -D_GNU_SOURCE -O2 -W -Wformat=2 -Wswitch -Wshadow -Wwrite-strings -Wuninitialized -Wall -pipe -mtune=native -march=native -fomit-frame-pointer -mfpmath=sse -pedantic -D_FORTIFY_SOURCE=2 -Wpointer-arith -Wstrict-prototypes -fstack-protector -Wstack-protector -Wextra -Wbad-function-cast -Wcast-align -Wcast-qual -Wdisabled-optimization -Wendif-labels -Wfloat-equal -Wformat-nonliteral -Winline -Wmissing-declarations -Wmissing-prototypes -Wnested-externs -Wpointer-arith -Wundef -Wformat-security -fno-strict-aliasing -I/usr/local/include'
    ccversion='', gccversion='4.7.2', gccosandvers=''
    intsize=4, longsize=8, ptrsize=8, doublesize=8, byteorder=12345678
    d_longlong=define, longlongsize=8, d_longdbl=define, longdblsize=16
    ivtype='long', ivsize=8, nvtype='double', nvsize=8, Off_t='off_t', lseeksize=8
    alignbytes=8, prototype=define
  Linker and Libraries:
    ld='cc', ldflags =' -L/usr/local/lib'
    libpth=/usr/local/lib /lib/x86_64-linux-gnu /lib/../lib /usr/lib/x86_64-linux-gnu /usr/lib/../lib /lib /usr/lib
    libs=-lnsl -lgdbm -ldb -ldl -lm -lcrypt -lutil -lpthread -lc -lgdbm_compat
    perllibs=-lnsl -ldl -lm -lcrypt -lutil -lpthread -lc -lgdbm_compat
    libc=, so=so, useshrplib=false, libperl=libperl.a
    gnulibc_version='2.13'
  Dynamic Linking:
    dlsrc=dl_dlopen.xs, dlext=so, d_dlsymun=undef, ccdlflags='-Wl,-E'
    cccdlflags='-fpic', lddlflags='-shared -L/usr/local/lib'


Characteristics of this binary (from libperl): 
  Compile-time options: MULTIPLICITY USE_ITHREADS USE_64_BIT_INT USE_64_BIT_ALL USE_LARGE_FILES PERL_IMPLICIT_CONTEXT
  Built under linux
  Compiled at Mar  5 2013 01:04:06
  %ENV:
    PERL5LIB="/home/njh/.cpan/build/Data-Table-1.77-7/blib/arch:/home/njh/.cpan/build/Data-Table-1.77-7/blib/lib"
    PERL5OPT=""
    PERL5_CPANPLUS_IS_RUNNING="21234"
    PERL5_CPAN_IS_RUNNING="21234"
    PERLBREW_HOME="/home/njh/.perlbrew"
    PERLBREW_MANPATH="/home/njh/perl5/perlbrew/perls/perl-5.8.5/man"
    PERLBREW_PATH="/home/njh/perl5/perlbrew/bin:/home/njh/perl5/perlbrew/perls/perl-5.8.5/bin"
    PERLBREW_PERL="perl-5.8.5"
    PERLBREW_ROOT="/home/njh/perl5/perlbrew"
    PERLBREW_SHELLRC_VERSION="0.82"
    PERLBREW_VERSION="0.82"
  @INC:
    /home/njh/.cpan/build/Data-Table-1.77-7/blib/arch
    /home/njh/.cpan/build/Data-Table-1.77-7/blib/lib
    /home/njh/perl5/perlbrew/perls/perl-5.8.5/lib/5.8.5/x86_64-linux-thread-multi
    /home/njh/perl5/perlbrew/perls/perl-5.8.5/lib/5.8.5
    /home/njh/perl5/perlbrew/perls/perl-5.8.5/lib/site_perl/5.8.5/x86_64-linux-thread-multi
    /home/njh/perl5/perlbrew/perls/perl-5.8.5/lib/site_perl/5.8.5
    /home/njh/perl5/perlbrew/perls/perl-5.8.5/lib/site_perl
    .