Back
From: metabase:user:322078bc-2aae-11df-837a-5e0a49663a4f
Subject: FAIL App-Rad-1.05_01 v5.12.2 Mac OS X
Date: 2010-09-11T15:18:08Z
This distribution has been tested as part of the CPAN Testers
project, supporting the Perl programming language. See
http://wiki.cpantesters.org/ for more information or email
questions to cpan-testers-discuss@perl.org
--
Dear GARU,
This is a computer-generated error report created automatically by
CPANPLUS, version 0.9007. Testers personal comments may appear
at the end of this report.
Thank you for uploading your work to CPAN. However, it appears that
there were some problems testing your distribution.
TEST RESULTS:
Below is the error stack from stage 'make test':
[MSG] [Sat Sep 11 16:22:45 2010] cp lib/App/Rad/Exclude.pm blib/lib/App/Rad/Exclude.pm
cp lib/App/Rad/Include.pm blib/lib/App/Rad/Include.pm
cp lib/App/Rad.pm blib/lib/App/Rad.pm
cp lib/App/Rad/Plugin.pod blib/lib/App/Rad/Plugin.pod
cp lib/App/Rad/Shell.pm blib/lib/App/Rad/Shell.pm
cp lib/App/Rad/Config.pm blib/lib/App/Rad/Config.pm
cp lib/App/Rad/Help.pm blib/lib/App/Rad/Help.pm
cp lib/App/Rad/Command.pm blib/lib/App/Rad/Command.pm
Manifying blib/man3/App::Rad::Include.3
Manifying blib/man3/App::Rad::Exclude.3
Manifying blib/man3/App::Rad::Plugin.3
Manifying blib/man3/App::Rad.3
Manifying blib/man3/App::Rad::Shell.3
Manifying blib/man3/App::Rad::Help.3
Manifying blib/man3/App::Rad::Command.3
[ERROR] [Sat Sep 11 16:23:04 2010] MAKE TEST failed: No such file or directory PERL_DL_NONLAZY=1 /Volumes/Media/smoke/thr/perl-5.12.2/bin/perl "-MExtUtils::Command::MM" "-e" "test_harness(0, 'blib/lib', 'blib/arch')" t/*.t
# Failed test 'use App::Rad;'
# at t/00-load.t line 6.
# Tried to use 'App::Rad'.
# Error: Can't locate App/Rad/Parser.pm in @INC (@INC contains: /Volumes/Media/smoke/thr/conf/perl-5.12.2/.cpanplus/5.12.2/build/App-Rad-1.05_01/blib/lib /Volumes/Media/smoke/thr/conf/perl-5.12.2/.cpanplus/5.12.2/build/App-Rad-1.05_01/blib/arch /Volumes/Media/smoke/thr/perl-5.12.2/lib/site_perl/5.12.2/darwin-thread-multi-2level /Volumes/Media/smoke/thr/perl-5.12.2/lib/site_perl/5.12.2 /Volumes/Media/smoke/thr/perl-5.12.2/lib/5.12.2/darwin-thread-multi-2level /Volumes/Media/smoke/thr/perl-5.12.2/lib/5.12.2) at /Volumes/Media/smoke/thr/conf/perl-5.12.2/.cpanplus/5.12.2/build/App-Rad-1.05_01/blib/lib/App/Rad.pm line 3.
# BEGIN failed--compilation aborted at /Volumes/Media/smoke/thr/conf/perl-5.12.2/.cpanplus/5.12.2/build/App-Rad-1.05_01/blib/lib/App/Rad.pm line 3.
# Compilation failed in require at (eval 4) line 2.
# BEGIN failed--compilation aborted at (eval 4) line 2.
Use of uninitialized value $App::Rad::VERSION in concatenation (.) or string at t/00-load.t line 12.
# Testing App::Rad , Perl 5.012002, /Volumes/Media/smoke/thr/perl-5.12.2/bin/perl
# Looks like you failed 1 test of 4.
t/00-load.t ...................
Dubious, test returned 1 (wstat 256, 0x100)
Failed 1/4 subtests
t/01-standard.t ...............
Dubious, test returned 2 (wstat 512, 0x200)
Failed 14/14 subtests
Can't locate App/Rad/Parser.pm in @INC (@INC contains: /Volumes/Media/smoke/thr/conf/perl-5.12.2/.cpanplus/5.12.2/build/App-Rad-1.05_01/blib/lib /Volumes/Media/smoke/thr/conf/perl-5.12.2/.cpanplus/5.12.2/build/App-Rad-1.05_01/blib/arch /Volumes/Media/smoke/thr/conf/perl-5.12.2/.cpanplus/5.12.2/build/App-Rad-1.05_01/blib/lib /Volumes/Media/smoke/thr/conf/perl-5.12.2/.cpanplus/5.12.2/build/App-Rad-1.05_01/blib/arch /Volumes/Media/smoke/thr/perl-5.12.2/lib/site_perl/5.12.2/darwin-thread-multi-2level /Volumes/Media/smoke/thr/perl-5.12.2/lib/site_perl/5.12.2 /Volumes/Media/smoke/thr/perl-5.12.2/lib/5.12.2/darwin-thread-multi-2level /Volumes/Media/smoke/thr/perl-5.12.2/lib/5.12.2 .) at /Volumes/Media/smoke/thr/conf/perl-5.12.2/.cpanplus/5.12.2/build/App-Rad-1.05_01/blib/lib/App/Rad.pm line 3.
BEGIN failed--compilation aborted at /Volumes/Media/smoke/thr/conf/perl-5.12.2/.cpanplus/5.12.2/build/App-Rad-1.05_01/blib/lib/App/Rad.pm line 3.
Compilation failed in require at t/01-standard.t line 3.
BEGIN failed--compilation aborted at t/01-standard.t line 3.
# Looks like your test exited with 2 before it could output anything.
Can't locate App/Rad/Tester.pm in @INC (@INC contains: /Volumes/Media/smoke/thr/conf/perl-5.12.2/.cpanplus/5.12.2/build/App-Rad-1.05_01/blib/lib /Volumes/Media/smoke/thr/conf/perl-5.12.2/.cpanplus/5.12.2/build/App-Rad-1.05_01/blib/arch /Volumes/Media/smoke/thr/conf/perl-5.12.2/.cpanplus/5.12.2/build/App-Rad-1.05_01/blib/lib /Volumes/Media/smoke/thr/conf/perl-5.12.2/.cpanplus/5.12.2/build/App-Rad-1.05_01/blib/arch /Volumes/Media/smoke/thr/perl-5.12.2/lib/site_perl/5.12.2/darwin-thread-multi-2level /Volumes/Media/smoke/thr/perl-5.12.2/lib/site_perl/5.12.2 /Volumes/Media/smoke/thr/perl-5.12.2/lib/5.12.2/darwin-thread-multi-2level /Volumes/Media/smoke/thr/perl-5.12.2/lib/5.12.2 .) at t/02-defaultprogram.t line 2.
BEGIN failed--compilation aborted at t/02-defaultprogram.t line 2.
t/02-defaultprogram.t .........
Dubious, test returned 2 (wstat 512, 0x200)
Failed 2/2 subtests
# Looks like your test exited with 2 before it could output anything.
# using temporary program file '/tmp/Zldo7zOj9l' to test functionality
Can't locate App/Rad/Parser.pm in @INC (@INC contains: /Volumes/Media/smoke/thr/conf/perl-5.12.2/.cpanplus/5.12.2/build/App-Rad-1.05_01/blib/lib /Volumes/Media/smoke/thr/conf/perl-5.12.2/.cpanplus/5.12.2/build/App-Rad-1.05_01/blib/arch /Volumes/Media/smoke/thr/conf/perl-5.12.2/.cpanplus/5.12.2/build/App-Rad-1.05_01/blib/lib /Volumes/Media/smoke/thr/conf/perl-5.12.2/.cpanplus/5.12.2/build/App-Rad-1.05_01/blib/arch /Volumes/Media/smoke/thr/perl-5.12.2/lib/site_perl/5.12.2/darwin-thread-multi-2level /Volumes/Media/smoke/thr/perl-5.12.2/lib/site_perl/5.12.2 /Volumes/Media/smoke/thr/perl-5.12.2/lib/5.12.2/darwin-thread-multi-2level /Volumes/Media/smoke/thr/perl-5.12.2/lib/5.12.2 .) at /Volumes/Media/smoke/thr/conf/perl-5.12.2/.cpanplus/5.12.2/build/App-Rad-1.05_01/blib/lib/App/Rad.pm line 3.
BEGIN failed--compilation aborted at /Volumes/Media/smoke/thr/conf/perl-5.12.2/.cpanplus/5.12.2/build/App-Rad-1.05_01/blib/lib/App/Rad.pm line 3.
Compilation failed in require at /tmp/Zldo7zOj9l line 1.
BEGIN failed--compilation aborted at /tmp/Zldo7zOj9l line 1.
# Failed test at t/02.5-default_with_args.t line 30.
# got: ''
# expected: 'Usage: /tmp/Zldo7zOj9l command [arguments]
#
# Available Commands:
# exclude completely erase command from your program
# help show syntax and available commands
# include include one-liner as a command
#
# '
Can't locate App/Rad/Parser.pm in @INC (@INC contains: /Volumes/Media/smoke/thr/conf/perl-5.12.2/.cpanplus/5.12.2/build/App-Rad-1.05_01/blib/lib /Volumes/Media/smoke/thr/conf/perl-5.12.2/.cpanplus/5.12.2/build/App-Rad-1.05_01/blib/arch /Volumes/Media/smoke/thr/conf/perl-5.12.2/.cpanplus/5.12.2/build/App-Rad-1.05_01/blib/lib /Volumes/Media/smoke/thr/conf/perl-5.12.2/.cpanplus/5.12.2/build/App-Rad-1.05_01/blib/arch /Volumes/Media/smoke/thr/perl-5.12.2/lib/site_perl/5.12.2/darwin-thread-multi-2level /Volumes/Media/smoke/thr/perl-5.12.2/lib/site_perl/5.12.2 /Volumes/Media/smoke/thr/perl-5.12.2/lib/5.12.2/darwin-thread-multi-2level /Volumes/Media/smoke/thr/perl-5.12.2/lib/5.12.2 .) at /Volumes/Media/smoke/thr/conf/perl-5.12.2/.cpanplus/5.12.2/build/App-Rad-1.05_01/blib/lib/App/Rad.pm line 3.
BEGIN failed--compilation aborted at /Volumes/Media/smoke/thr/conf/perl-5.12.2/.cpanplus/5.12.2/build/App-Rad-1.05_01/blib/lib/App/Rad.pm line 3.
Compilation failed in require at /tmp/Zldo7zOj9l line 1.
BEGIN failed--compilation aborted at /tmp/Zldo7zOj9l line 1.
# Failed test at t/02.5-default_with_args.t line 34.
# got: ''
# expected: 'Usage: /tmp/Zldo7zOj9l command [arguments]
#
# Available Commands:
# exclude completely erase command from your program
# help show syntax and available commands
# include include one-liner as a command
#
# '
# Looks like you failed 2 tests of 2.
t/02.5-default_with_args.t ....
Dubious, test returned 2 (wstat 512, 0x200)
Failed 2/2 subtests
# using temporary program file '/tmp/IdEml8kCPU' to test functionality
Can't locate App/Rad/Parser.pm in @INC (@INC contains: /Volumes/Media/smoke/thr/conf/perl-5.12.2/.cpanplus/5.12.2/build/App-Rad-1.05_01/blib/lib /Volumes/Media/smoke/thr/conf/perl-5.12.2/.cpanplus/5.12.2/build/App-Rad-1.05_01/blib/arch /Volumes/Media/smoke/thr/conf/perl-5.12.2/.cpanplus/5.12.2/build/App-Rad-1.05_01/blib/lib /Volumes/Media/smoke/thr/conf/perl-5.12.2/.cpanplus/5.12.2/build/App-Rad-1.05_01/blib/arch /Volumes/Media/smoke/thr/perl-5.12.2/lib/site_perl/5.12.2/darwin-thread-multi-2level /Volumes/Media/smoke/thr/perl-5.12.2/lib/site_perl/5.12.2 /Volumes/Media/smoke/thr/perl-5.12.2/lib/5.12.2/darwin-thread-multi-2level /Volumes/Media/smoke/thr/perl-5.12.2/lib/5.12.2 .) at /Volumes/Media/smoke/thr/conf/perl-5.12.2/.cpanplus/5.12.2/build/App-Rad-1.05_01/blib/lib/App/Rad.pm line 3.
BEGIN failed--compilation aborted at /Volumes/Media/smoke/thr/conf/perl-5.12.2/.cpanplus/5.12.2/build/App-Rad-1.05_01/blib/lib/App/Rad.pm line 3.
Compilation failed in require at /tmp/IdEml8kCPU line 1.
BEGIN failed--compilation aborted at /tmp/IdEml8kCPU line 1.
# Failed test at t/03-default_override.t line 23.
# got: ''
# expected: 'this is an override of the default command
# '
Can't locate App/Rad/Parser.pm in @INC (@INC contains: /Volumes/Media/smoke/thr/conf/perl-5.12.2/.cpanplus/5.12.2/build/App-Rad-1.05_01/blib/lib /Volumes/Media/smoke/thr/conf/perl-5.12.2/.cpanplus/5.12.2/build/App-Rad-1.05_01/blib/arch /Volumes/Media/smoke/thr/conf/perl-5.12.2/.cpanplus/5.12.2/build/App-Rad-1.05_01/blib/lib /Volumes/Media/smoke/thr/conf/perl-5.12.2/.cpanplus/5.12.2/build/App-Rad-1.05_01/blib/arch /Volumes/Media/smoke/thr/perl-5.12.2/lib/site_perl/5.12.2/darwin-thread-multi-2level /Volumes/Media/smoke/thr/perl-5.12.2/lib/site_perl/5.12.2 /Volumes/Media/smoke/thr/perl-5.12.2/lib/5.12.2/darwin-thread-multi-2level /Volumes/Media/smoke/thr/perl-5.12.2/lib/5.12.2 .) at /Volumes/Media/smoke/thr/conf/perl-5.12.2/.cpanplus/5.12.2/build/App-Rad-1.05_01/blib/lib/App/Rad.pm line 3.
BEGIN failed--compilation aborted at /Volumes/Media/smoke/thr/conf/perl-5.12.2/.cpanplus/5.12.2/build/App-Rad-1.05_01/blib/lib/App/Rad.pm line 3.
Compilation failed in require at /tmp/IdEml8kCPU line 1.
BEGIN failed--compilation aborted at /tmp/IdEml8kCPU line 1.
# Failed test at t/03-default_override.t line 27.
# got: ''
# expected: 'this is an override of the default command
# '
Can't locate App/Rad/Parser.pm in @INC (@INC contains: /Volumes/Media/smoke/thr/conf/perl-5.12.2/.cpanplus/5.12.2/build/App-Rad-1.05_01/blib/lib /Volumes/Media/smoke/thr/conf/perl-5.12.2/.cpanplus/5.12.2/build/App-Rad-1.05_01/blib/arch /Volumes/Media/smoke/thr/conf/perl-5.12.2/.cpanplus/5.12.2/build/App-Rad-1.05_01/blib/lib /Volumes/Media/smoke/thr/conf/perl-5.12.2/.cpanplus/5.12.2/build/App-Rad-1.05_01/blib/arch /Volumes/Media/smoke/thr/perl-5.12.2/lib/site_perl/5.12.2/darwin-thread-multi-2level /Volumes/Media/smoke/thr/perl-5.12.2/lib/site_perl/5.12.2 /Volumes/Media/smoke/thr/perl-5.12.2/lib/5.12.2/darwin-thread-multi-2level /Volumes/Media/smoke/thr/perl-5.12.2/lib/5.12.2 .) at /Volumes/Media/smoke/thr/conf/perl-5.12.2/.cpanplus/5.12.2/build/App-Rad-1.05_01/blib/lib/App/Rad.pm line 3.
BEGIN failed--compilation aborted at /Volumes/Media/smoke/thr/conf/perl-5.12.2/.cpanplus/5.12.2/build/App-Rad-1.05_01/blib/lib/App/Rad.pm line 3.
Compilation failed in require at /tmp/IdEml8kCPU line 1.
BEGIN failed--compilation aborted at /tmp/IdEml8kCPU line 1.
# Failed test at t/03-default_override.t line 39.
# got: ''
# expected: 'Usage: /tmp/IdEml8kCPU command [arguments]
#
# Available Commands:
# help show syntax and available commands
#
# '
# Looks like you failed 3 tests of 3.
t/03-default_override.t .......
Dubious, test returned 3 (wstat 768, 0x300)
Failed 3/3 subtests
# using temporary program file '/tmp/mNbkK1TnIa' to test functionality
Can't locate App/Rad/Parser.pm in @INC (@INC contains: /Volumes/Media/smoke/thr/conf/perl-5.12.2/.cpanplus/5.12.2/build/App-Rad-1.05_01/blib/lib /Volumes/Media/smoke/thr/conf/perl-5.12.2/.cpanplus/5.12.2/build/App-Rad-1.05_01/blib/arch /Volumes/Media/smoke/thr/conf/perl-5.12.2/.cpanplus/5.12.2/build/App-Rad-1.05_01/blib/lib /Volumes/Media/smoke/thr/conf/perl-5.12.2/.cpanplus/5.12.2/build/App-Rad-1.05_01/blib/arch /Volumes/Media/smoke/thr/perl-5.12.2/lib/site_perl/5.12.2/darwin-thread-multi-2level /Volumes/Media/smoke/thr/perl-5.12.2/lib/site_perl/5.12.2 /Volumes/Media/smoke/thr/perl-5.12.2/lib/5.12.2/darwin-thread-multi-2level /Volumes/Media/smoke/thr/perl-5.12.2/lib/5.12.2 .) at /Volumes/Media/smoke/thr/conf/perl-5.12.2/.cpanplus/5.12.2/build/App-Rad-1.05_01/blib/lib/App/Rad.pm line 3.
BEGIN failed--compilation aborted at /Volumes/Media/smoke/thr/conf/perl-5.12.2/.cpanplus/5.12.2/build/App-Rad-1.05_01/blib/lib/App/Rad.pm line 3.
Compilation failed in require at /tmp/mNbkK1TnIa line 1.
BEGIN failed--compilation aborted at /tmp/mNbkK1TnIa line 1.
# Failed test 'no command (should fall to default)'
# at t/03.5-default_and_invalid.t line 36.
# got: ''
# expected: 'keys: 0
# '
Can't locate App/Rad/Parser.pm in @INC (@INC contains: /Volumes/Media/smoke/thr/conf/perl-5.12.2/.cpanplus/5.12.2/build/App-Rad-1.05_01/blib/lib /Volumes/Media/smoke/thr/conf/perl-5.12.2/.cpanplus/5.12.2/build/App-Rad-1.05_01/blib/arch /Volumes/Media/smoke/thr/conf/perl-5.12.2/.cpanplus/5.12.2/build/App-Rad-1.05_01/blib/lib /Volumes/Media/smoke/thr/conf/perl-5.12.2/.cpanplus/5.12.2/build/App-Rad-1.05_01/blib/arch /Volumes/Media/smoke/thr/perl-5.12.2/lib/site_perl/5.12.2/darwin-thread-multi-2level /Volumes/Media/smoke/thr/perl-5.12.2/lib/site_perl/5.12.2 /Volumes/Media/smoke/thr/perl-5.12.2/lib/5.12.2/darwin-thread-multi-2level /Volumes/Media/smoke/thr/perl-5.12.2/lib/5.12.2 .) at /Volumes/Media/smoke/thr/conf/perl-5.12.2/.cpanplus/5.12.2/build/App-Rad-1.05_01/blib/lib/App/Rad.pm line 3.
BEGIN failed--compilation aborted at /Volumes/Media/smoke/thr/conf/perl-5.12.2/.cpanplus/5.12.2/build/App-Rad-1.05_01/blib/lib/App/Rad.pm line 3.
Compilation failed in require at /tmp/mNbkK1TnIa line 1.
BEGIN failed--compilation aborted at /tmp/mNbkK1TnIa line 1.
# Failed test 'no command, with parameters (should fall to default)'
# at t/03.5-default_and_invalid.t line 39.
# got: ''
# expected: 'keys: 1
# '
Can't locate App/Rad/Parser.pm in @INC (@INC contains: /Volumes/Media/smoke/thr/conf/perl-5.12.2/.cpanplus/5.12.2/build/App-Rad-1.05_01/blib/lib /Volumes/Media/smoke/thr/conf/perl-5.12.2/.cpanplus/5.12.2/build/App-Rad-1.05_01/blib/arch /Volumes/Media/smoke/thr/conf/perl-5.12.2/.cpanplus/5.12.2/build/App-Rad-1.05_01/blib/lib /Volumes/Media/smoke/thr/conf/perl-5.12.2/.cpanplus/5.12.2/build/App-Rad-1.05_01/blib/arch /Volumes/Media/smoke/thr/perl-5.12.2/lib/site_perl/5.12.2/darwin-thread-multi-2level /Volumes/Media/smoke/thr/perl-5.12.2/lib/site_perl/5.12.2 /Volumes/Media/smoke/thr/perl-5.12.2/lib/5.12.2/darwin-thread-multi-2level /Volumes/Media/smoke/thr/perl-5.12.2/lib/5.12.2 .) at /Volumes/Media/smoke/thr/conf/perl-5.12.2/.cpanplus/5.12.2/build/App-Rad-1.05_01/blib/lib/App/Rad.pm line 3.
BEGIN failed--compilation aborted at /Volumes/Media/smoke/thr/conf/perl-5.12.2/.cpanplus/5.12.2/build/App-Rad-1.05_01/blib/lib/App/Rad.pm line 3.
Compilation failed in require at /tmp/mNbkK1TnIa line 1.
BEGIN failed--compilation aborted at /tmp/mNbkK1TnIa line 1.
# Failed test 'invalid command (should fall to invalid)'
# at t/03.5-default_and_invalid.t line 42.
# got: ''
# expected: 'invalid command
# '
Can't locate App/Rad/Parser.pm in @INC (@INC contains: /Volumes/Media/smoke/thr/conf/perl-5.12.2/.cpanplus/5.12.2/build/App-Rad-1.05_01/blib/lib /Volumes/Media/smoke/thr/conf/perl-5.12.2/.cpanplus/5.12.2/build/App-Rad-1.05_01/blib/arch /Volumes/Media/smoke/thr/conf/perl-5.12.2/.cpanplus/5.12.2/build/App-Rad-1.05_01/blib/lib /Volumes/Media/smoke/thr/conf/perl-5.12.2/.cpanplus/5.12.2/build/App-Rad-1.05_01/blib/arch /Volumes/Media/smoke/thr/perl-5.12.2/lib/site_perl/5.12.2/darwin-thread-multi-2level /Volumes/Media/smoke/thr/perl-5.12.2/lib/site_perl/5.12.2 /Volumes/Media/smoke/thr/perl-5.12.2/lib/5.12.2/darwin-thread-multi-2level /Volumes/Media/smoke/thr/perl-5.12.2/lib/5.12.2 .) at /Volumes/Media/smoke/thr/conf/perl-5.12.2/.cpanplus/5.12.2/build/App-Rad-1.05_01/blib/lib/App/Rad.pm line 3.
BEGIN failed--compilation aborted at /Volumes/Media/smoke/thr/conf/perl-5.12.2/.cpanplus/5.12.2/build/App-Rad-1.05_01/blib/lib/App/Rad.pm line 3.
Compilation failed in require at /tmp/mNbkK1TnIa line 1.
BEGIN failed--compilation aborted at /tmp/mNbkK1TnIa line 1.
# Failed test 'invalid command, with parameters (should fall to invalid)'
# at t/03.5-default_and_invalid.t line 45.
# got: ''
# expected: 'invalid command
# '
Can't locate App/Rad/Parser.pm in @INC (@INC contains: /Volumes/Media/smoke/thr/conf/perl-5.12.2/.cpanplus/5.12.2/build/App-Rad-1.05_01/blib/lib /Volumes/Media/smoke/thr/conf/perl-5.12.2/.cpanplus/5.12.2/build/App-Rad-1.05_01/blib/arch /Volumes/Media/smoke/thr/conf/perl-5.12.2/.cpanplus/5.12.2/build/App-Rad-1.05_01/blib/lib /Volumes/Media/smoke/thr/conf/perl-5.12.2/.cpanplus/5.12.2/build/App-Rad-1.05_01/blib/arch /Volumes/Media/smoke/thr/perl-5.12.2/lib/site_perl/5.12.2/darwin-thread-multi-2level /Volumes/Media/smoke/thr/perl-5.12.2/lib/site_perl/5.12.2 /Volumes/Media/smoke/thr/perl-5.12.2/lib/5.12.2/darwin-thread-multi-2level /Volumes/Media/smoke/thr/perl-5.12.2/lib/5.12.2 .) at /Volumes/Media/smoke/thr/conf/perl-5.12.2/.cpanplus/5.12.2/build/App-Rad-1.05_01/blib/lib/App/Rad.pm line 3.
BEGIN failed--compilation aborted at /Volumes/Media/smoke/thr/conf/perl-5.12.2/.cpanplus/5.12.2/build/App-Rad-1.05_01/blib/lib/App/Rad.pm line 3.
Compilation failed in require at /tmp/mNbkK1TnIa line 1.
BEGIN failed--compilation aborted at /tmp/mNbkK1TnIa line 1.
# Failed test at t/03.5-default_and_invalid.t line 59.
# got: ''
# expected: 'Usage: /tmp/mNbkK1TnIa command [arguments]
#
# Available Commands:
# help show syntax and available commands
#
# '
# Looks like you failed 5 tests of 5.
t/03.5-default_and_invalid.t ..
Dubious, test returned 5 (wstat 1280, 0x500)
Failed 5/5 subtests
# using temporary program file '/tmp/Qt0rzYPyrb' to test functionality
Can't locate App/Rad/Parser.pm in @INC (@INC contains: /Volumes/Media/smoke/thr/conf/perl-5.12.2/.cpanplus/5.12.2/build/App-Rad-1.05_01/blib/lib /Volumes/Media/smoke/thr/conf/perl-5.12.2/.cpanplus/5.12.2/build/App-Rad-1.05_01/blib/arch /Volumes/Media/smoke/thr/conf/perl-5.12.2/.cpanplus/5.12.2/build/App-Rad-1.05_01/blib/lib /Volumes/Media/smoke/thr/conf/perl-5.12.2/.cpanplus/5.12.2/build/App-Rad-1.05_01/blib/arch /Volumes/Media/smoke/thr/perl-5.12.2/lib/site_perl/5.12.2/darwin-thread-multi-2level /Volumes/Media/smoke/thr/perl-5.12.2/lib/site_perl/5.12.2 /Volumes/Media/smoke/thr/perl-5.12.2/lib/5.12.2/darwin-thread-multi-2level /Volumes/Media/smoke/thr/perl-5.12.2/lib/5.12.2 .) at /Volumes/Media/smoke/thr/conf/perl-5.12.2/.cpanplus/5.12.2/build/App-Rad-1.05_01/blib/lib/App/Rad.pm line 3.
BEGIN failed--compilation aborted at /Volumes/Media/smoke/thr/conf/perl-5.12.2/.cpanplus/5.12.2/build/App-Rad-1.05_01/blib/lib/App/Rad.pm line 3.
Compilation failed in require at /tmp/Qt0rzYPyrb line 1.
BEGIN failed--compilation aborted at /tmp/Qt0rzYPyrb line 1.
# Failed test at t/04-help_override.t line 28.
# got: ''
# expected: 'this is an override of the default command
# '
Can't locate App/Rad/Parser.pm in @INC (@INC contains: /Volumes/Media/smoke/thr/conf/perl-5.12.2/.cpanplus/5.12.2/build/App-Rad-1.05_01/blib/lib /Volumes/Media/smoke/thr/conf/perl-5.12.2/.cpanplus/5.12.2/build/App-Rad-1.05_01/blib/arch /Volumes/Media/smoke/thr/conf/perl-5.12.2/.cpanplus/5.12.2/build/App-Rad-1.05_01/blib/lib /Volumes/Media/smoke/thr/conf/perl-5.12.2/.cpanplus/5.12.2/build/App-Rad-1.05_01/blib/arch /Volumes/Media/smoke/thr/perl-5.12.2/lib/site_perl/5.12.2/darwin-thread-multi-2level /Volumes/Media/smoke/thr/perl-5.12.2/lib/site_perl/5.12.2 /Volumes/Media/smoke/thr/perl-5.12.2/lib/5.12.2/darwin-thread-multi-2level /Volumes/Media/smoke/thr/perl-5.12.2/lib/5.12.2 .) at /Volumes/Media/smoke/thr/conf/perl-5.12.2/.cpanplus/5.12.2/build/App-Rad-1.05_01/blib/lib/App/Rad.pm line 3.
BEGIN failed--compilation aborted at /Volumes/Media/smoke/thr/conf/perl-5.12.2/.cpanplus/5.12.2/build/App-Rad-1.05_01/blib/lib/App/Rad.pm line 3.
Compilation failed in require at /tmp/Qt0rzYPyrb line 1.
BEGIN failed--compilation aborted at /tmp/Qt0rzYPyrb line 1.
# Failed test at t/04-help_override.t line 32.
# got: ''
# expected: 'this is an override of the help command
# '
# Looks like you failed 2 tests of 2.
t/04-help_override.t ..........
Dubious, test returned 2 (wstat 512, 0x200)
Failed 2/2 subtests
Can't locate App/Rad/Tester.pm in @INC (@INC contains: /Volumes/Media/smoke/thr/conf/perl-5.12.2/.cpanplus/5.12.2/build/App-Rad-1.05_01/blib/lib /Volumes/Media/smoke/thr/conf/perl-5.12.2/.cpanplus/5.12.2/build/App-Rad-1.05_01/blib/arch /Volumes/Media/smoke/thr/conf/perl-5.12.2/.cpanplus/5.12.2/build/App-Rad-1.05_01/blib/lib /Volumes/Media/smoke/thr/conf/perl-5.12.2/.cpanplus/5.12.2/build/App-Rad-1.05_01/blib/arch /Volumes/Media/smoke/thr/perl-5.12.2/lib/site_perl/5.12.2/darwin-thread-multi-2level /Volumes/Media/smoke/thr/perl-5.12.2/lib/site_perl/5.12.2 /Volumes/Media/smoke/thr/perl-5.12.2/lib/5.12.2/darwin-thread-multi-2level /Volumes/Media/smoke/thr/perl-5.12.2/lib/5.12.2 .) at t/05-commands-set.t line 2.
BEGIN failed--compilation aborted at t/05-commands-set.t line 2.
# Looks like your test exited with 2 before it could output anything.
t/05-commands-set.t ...........
Dubious, test returned 2 (wstat 512, 0x200)
Failed 3/3 subtests
# using temporary program file '/tmp/PAHBcTI77G' to test functionality
Can't locate App/Rad/Parser.pm in @INC (@INC contains: /Volumes/Media/smoke/thr/conf/perl-5.12.2/.cpanplus/5.12.2/build/App-Rad-1.05_01/blib/lib /Volumes/Media/smoke/thr/conf/perl-5.12.2/.cpanplus/5.12.2/build/App-Rad-1.05_01/blib/arch /Volumes/Media/smoke/thr/conf/perl-5.12.2/.cpanplus/5.12.2/build/App-Rad-1.05_01/blib/lib /Volumes/Media/smoke/thr/conf/perl-5.12.2/.cpanplus/5.12.2/build/App-Rad-1.05_01/blib/arch /Volumes/Media/smoke/thr/perl-5.12.2/lib/site_perl/5.12.2/darwin-thread-multi-2level /Volumes/Media/smoke/thr/perl-5.12.2/lib/site_perl/5.12.2 /Volumes/Media/smoke/thr/perl-5.12.2/lib/5.12.2/darwin-thread-multi-2level /Volumes/Media/smoke/thr/perl-5.12.2/lib/5.12.2 .) at /Volumes/Media/smoke/thr/conf/perl-5.12.2/.cpanplus/5.12.2/build/App-Rad-1.05_01/blib/lib/App/Rad.pm line 3.
BEGIN failed--compilation aborted at /Volumes/Media/smoke/thr/conf/perl-5.12.2/.cpanplus/5.12.2/build/App-Rad-1.05_01/blib/lib/App/Rad.pm line 3.
Compilation failed in require at /tmp/PAHBcTI77G line 1.
BEGIN failed--compilation aborted at /tmp/PAHBcTI77G line 1.
# Failed test at t/05-commands.t line 40.
# got: ''
# expected: 'Usage: /tmp/PAHBcTI77G command [arguments]
#
# Available Commands:
# help show syntax and available commands
# test1
#
# '
Can't locate App/Rad/Parser.pm in @INC (@INC contains: /Volumes/Media/smoke/thr/conf/perl-5.12.2/.cpanplus/5.12.2/build/App-Rad-1.05_01/blib/lib /Volumes/Media/smoke/thr/conf/perl-5.12.2/.cpanplus/5.12.2/build/App-Rad-1.05_01/blib/arch /Volumes/Media/smoke/thr/conf/perl-5.12.2/.cpanplus/5.12.2/build/App-Rad-1.05_01/blib/lib /Volumes/Media/smoke/thr/conf/perl-5.12.2/.cpanplus/5.12.2/build/App-Rad-1.05_01/blib/arch /Volumes/Media/smoke/thr/perl-5.12.2/lib/site_perl/5.12.2/darwin-thread-multi-2level /Volumes/Media/smoke/thr/perl-5.12.2/lib/site_perl/5.12.2 /Volumes/Media/smoke/thr/perl-5.12.2/lib/5.12.2/darwin-thread-multi-2level /Volumes/Media/smoke/thr/perl-5.12.2/lib/5.12.2 .) at /Volumes/Media/smoke/thr/conf/perl-5.12.2/.cpanplus/5.12.2/build/App-Rad-1.05_01/blib/lib/App/Rad.pm line 3.
BEGIN failed--compilation aborted at /Volumes/Media/smoke/thr/conf/perl-5.12.2/.cpanplus/5.12.2/build/App-Rad-1.05_01/blib/lib/App/Rad.pm line 3.
Compilation failed in require at /tmp/PAHBcTI77G line 1.
BEGIN failed--compilation aborted at /tmp/PAHBcTI77G line 1.
# Failed test at t/05-commands.t line 45.
# got: ''
# expected: 'my test #1
# '
Can't locate App/Rad/Parser.pm in @INC (@INC contains: /Volumes/Media/smoke/thr/conf/perl-5.12.2/.cpanplus/5.12.2/build/App-Rad-1.05_01/blib/lib /Volumes/Media/smoke/thr/conf/perl-5.12.2/.cpanplus/5.12.2/build/App-Rad-1.05_01/blib/arch /Volumes/Media/smoke/thr/conf/perl-5.12.2/.cpanplus/5.12.2/build/App-Rad-1.05_01/blib/lib /Volumes/Media/smoke/thr/conf/perl-5.12.2/.cpanplus/5.12.2/build/App-Rad-1.05_01/blib/arch /Volumes/Media/smoke/thr/perl-5.12.2/lib/site_perl/5.12.2/darwin-thread-multi-2level /Volumes/Media/smoke/thr/perl-5.12.2/lib/site_perl/5.12.2 /Volumes/Media/smoke/thr/perl-5.12.2/lib/5.12.2/darwin-thread-multi-2level /Volumes/Media/smoke/thr/perl-5.12.2/lib/5.12.2 .) at /Volumes/Media/smoke/thr/conf/perl-5.12.2/.cpanplus/5.12.2/build/App-Rad-1.05_01/blib/lib/App/Rad.pm line 3.
BEGIN failed--compilation aborted at /Volumes/Media/smoke/thr/conf/perl-5.12.2/.cpanplus/5.12.2/build/App-Rad-1.05_01/blib/lib/App/Rad.pm line 3.
Compilation failed in require at /tmp/PAHBcTI77G line 1.
BEGIN failed--compilation aborted at /tmp/PAHBcTI77G line 1.
# Failed test at t/05-commands.t line 49.
# got: ''
# expected: 'got tested
# '
# Looks like you failed 3 tests of 3.
t/05-commands.t ...............
Dubious, test returned 3 (wstat 768, 0x300)
Failed 3/3 subtests
# using temporary program file '/tmp/EH9y6dRy5X' to test functionality
Can't locate App/Rad/Parser.pm in @INC (@INC contains: /Volumes/Media/smoke/thr/conf/perl-5.12.2/.cpanplus/5.12.2/build/App-Rad-1.05_01/blib/lib /Volumes/Media/smoke/thr/conf/perl-5.12.2/.cpanplus/5.12.2/build/App-Rad-1.05_01/blib/arch /Volumes/Media/smoke/thr/conf/perl-5.12.2/.cpanplus/5.12.2/build/App-Rad-1.05_01/blib/lib /Volumes/Media/smoke/thr/conf/perl-5.12.2/.cpanplus/5.12.2/build/App-Rad-1.05_01/blib/arch /Volumes/Media/smoke/thr/perl-5.12.2/lib/site_perl/5.12.2/darwin-thread-multi-2level /Volumes/Media/smoke/thr/perl-5.12.2/lib/site_perl/5.12.2 /Volumes/Media/smoke/thr/perl-5.12.2/lib/5.12.2/darwin-thread-multi-2level /Volumes/Media/smoke/thr/perl-5.12.2/lib/5.12.2 .) at /Volumes/Media/smoke/thr/conf/perl-5.12.2/.cpanplus/5.12.2/build/App-Rad-1.05_01/blib/lib/App/Rad.pm line 3.
BEGIN failed--compilation aborted at /Volumes/Media/smoke/thr/conf/perl-5.12.2/.cpanplus/5.12.2/build/App-Rad-1.05_01/blib/lib/App/Rad.pm line 3.
Compilation failed in require at /tmp/EH9y6dRy5X line 1.
BEGIN failed--compilation aborted at /tmp/EH9y6dRy5X line 1.
# Failed test at t/05.5-commands_with_args.t line 42.
# got: ''
# expected: 'Usage: /tmp/EH9y6dRy5X command [arguments]
#
# Available Commands:
# exclude completely erase command from your program
# help show syntax and available commands
# include include one-liner as a command
# test1
#
# '
Can't locate App/Rad/Parser.pm in @INC (@INC contains: /Volumes/Media/smoke/thr/conf/perl-5.12.2/.cpanplus/5.12.2/build/App-Rad-1.05_01/blib/lib /Volumes/Media/smoke/thr/conf/perl-5.12.2/.cpanplus/5.12.2/build/App-Rad-1.05_01/blib/arch /Volumes/Media/smoke/thr/conf/perl-5.12.2/.cpanplus/5.12.2/build/App-Rad-1.05_01/blib/lib /Volumes/Media/smoke/thr/conf/perl-5.12.2/.cpanplus/5.12.2/build/App-Rad-1.05_01/blib/arch /Volumes/Media/smoke/thr/perl-5.12.2/lib/site_perl/5.12.2/darwin-thread-multi-2level /Volumes/Media/smoke/thr/perl-5.12.2/lib/site_perl/5.12.2 /Volumes/Media/smoke/thr/perl-5.12.2/lib/5.12.2/darwin-thread-multi-2level /Volumes/Media/smoke/thr/perl-5.12.2/lib/5.12.2 .) at /Volumes/Media/smoke/thr/conf/perl-5.12.2/.cpanplus/5.12.2/build/App-Rad-1.05_01/blib/lib/App/Rad.pm line 3.
BEGIN failed--compilation aborted at /Volumes/Media/smoke/thr/conf/perl-5.12.2/.cpanplus/5.12.2/build/App-Rad-1.05_01/blib/lib/App/Rad.pm line 3.
Compilation failed in require at /tmp/EH9y6dRy5X line 1.
BEGIN failed--compilation aborted at /tmp/EH9y6dRy5X line 1.
# Failed test at t/05.5-commands_with_args.t line 47.
# got: ''
# expected: 'my test #1
# '
Can't locate App/Rad/Parser.pm in @INC (@INC contains: /Volumes/Media/smoke/thr/conf/perl-5.12.2/.cpanplus/5.12.2/build/App-Rad-1.05_01/blib/lib /Volumes/Media/smoke/thr/conf/perl-5.12.2/.cpanplus/5.12.2/build/App-Rad-1.05_01/blib/arch /Volumes/Media/smoke/thr/conf/perl-5.12.2/.cpanplus/5.12.2/build/App-Rad-1.05_01/blib/lib /Volumes/Media/smoke/thr/conf/perl-5.12.2/.cpanplus/5.12.2/build/App-Rad-1.05_01/blib/arch /Volumes/Media/smoke/thr/perl-5.12.2/lib/site_perl/5.12.2/darwin-thread-multi-2level /Volumes/Media/smoke/thr/perl-5.12.2/lib/site_perl/5.12.2 /Volumes/Media/smoke/thr/perl-5.12.2/lib/5.12.2/darwin-thread-multi-2level /Volumes/Media/smoke/thr/perl-5.12.2/lib/5.12.2 .) at /Volumes/Media/smoke/thr/conf/perl-5.12.2/.cpanplus/5.12.2/build/App-Rad-1.05_01/blib/lib/App/Rad.pm line 3.
BEGIN failed--compilation aborted at /Volumes/Media/smoke/thr/conf/perl-5.12.2/.cpanplus/5.12.2/build/App-Rad-1.05_01/blib/lib/App/Rad.pm line 3.
Compilation failed in require at /tmp/EH9y6dRy5X line 1.
BEGIN failed--compilation aborted at /tmp/EH9y6dRy5X line 1.
# Failed test at t/05.5-commands_with_args.t line 51.
# got: ''
# expected: 'got tested
# '
# Looks like you failed 3 tests of 3.
t/05.5-commands_with_args.t ...
Dubious, test returned 3 (wstat 768, 0x300)
Failed 3/3 subtests
# using temporary program file '/tmp/J47inT7UmT' to test functionality
Can't locate App/Rad/Parser.pm in @INC (@INC contains: /Volumes/Media/smoke/thr/conf/perl-5.12.2/.cpanplus/5.12.2/build/App-Rad-1.05_01/blib/lib /Volumes/Media/smoke/thr/conf/perl-5.12.2/.cpanplus/5.12.2/build/App-Rad-1.05_01/blib/arch /Volumes/Media/smoke/thr/conf/perl-5.12.2/.cpanplus/5.12.2/build/App-Rad-1.05_01/blib/lib /Volumes/Media/smoke/thr/conf/perl-5.12.2/.cpanplus/5.12.2/build/App-Rad-1.05_01/blib/arch /Volumes/Media/smoke/thr/perl-5.12.2/lib/site_perl/5.12.2/darwin-thread-multi-2level /Volumes/Media/smoke/thr/perl-5.12.2/lib/site_perl/5.12.2 /Volumes/Media/smoke/thr/perl-5.12.2/lib/5.12.2/darwin-thread-multi-2level /Volumes/Media/smoke/thr/perl-5.12.2/lib/5.12.2 .) at /Volumes/Media/smoke/thr/conf/perl-5.12.2/.cpanplus/5.12.2/build/App-Rad-1.05_01/blib/lib/App/Rad.pm line 3.
BEGIN failed--compilation aborted at /Volumes/Media/smoke/thr/conf/perl-5.12.2/.cpanplus/5.12.2/build/App-Rad-1.05_01/blib/lib/App/Rad.pm line 3.
Compilation failed in require at /tmp/J47inT7UmT line 1.
BEGIN failed--compilation aborted at /tmp/J47inT7UmT line 1.
# Failed test at t/06-pre_post_tear.t line 59.
# got: ''
# expected: 'Usage: /tmp/J47inT7UmT command [arguments]
#
# Available Commands:
# help show syntax and available commands
# test1
# [NARF!]
# tearing down...'
Can't locate App/Rad/Parser.pm in @INC (@INC contains: /Volumes/Media/smoke/thr/conf/perl-5.12.2/.cpanplus/5.12.2/build/App-Rad-1.05_01/blib/lib /Volumes/Media/smoke/thr/conf/perl-5.12.2/.cpanplus/5.12.2/build/App-Rad-1.05_01/blib/arch /Volumes/Media/smoke/thr/conf/perl-5.12.2/.cpanplus/5.12.2/build/App-Rad-1.05_01/blib/lib /Volumes/Media/smoke/thr/conf/perl-5.12.2/.cpanplus/5.12.2/build/App-Rad-1.05_01/blib/arch /Volumes/Media/smoke/thr/perl-5.12.2/lib/site_perl/5.12.2/darwin-thread-multi-2level /Volumes/Media/smoke/thr/perl-5.12.2/lib/site_perl/5.12.2 /Volumes/Media/smoke/thr/perl-5.12.2/lib/5.12.2/darwin-thread-multi-2level /Volumes/Media/smoke/thr/perl-5.12.2/lib/5.12.2 .) at /Volumes/Media/smoke/thr/conf/perl-5.12.2/.cpanplus/5.12.2/build/App-Rad-1.05_01/blib/lib/App/Rad.pm line 3.
BEGIN failed--compilation aborted at /Volumes/Media/smoke/thr/conf/perl-5.12.2/.cpanplus/5.12.2/build/App-Rad-1.05_01/blib/lib/App/Rad.pm line 3.
Compilation failed in require at /tmp/J47inT7UmT line 1.
BEGIN failed--compilation aborted at /tmp/J47inT7UmT line 1.
# Failed test at t/06-pre_post_tear.t line 63.
# got: ''
# expected: 'my test #1 [NARF!]
# tearing down...'
Can't locate App/Rad/Parser.pm in @INC (@INC contains: /Volumes/Media/smoke/thr/conf/perl-5.12.2/.cpanplus/5.12.2/build/App-Rad-1.05_01/blib/lib /Volumes/Media/smoke/thr/conf/perl-5.12.2/.cpanplus/5.12.2/build/App-Rad-1.05_01/blib/arch /Volumes/Media/smoke/thr/conf/perl-5.12.2/.cpanplus/5.12.2/build/App-Rad-1.05_01/blib/lib /Volumes/Media/smoke/thr/conf/perl-5.12.2/.cpanplus/5.12.2/build/App-Rad-1.05_01/blib/arch /Volumes/Media/smoke/thr/perl-5.12.2/lib/site_perl/5.12.2/darwin-thread-multi-2level /Volumes/Media/smoke/thr/perl-5.12.2/lib/site_perl/5.12.2 /Volumes/Media/smoke/thr/perl-5.12.2/lib/5.12.2/darwin-thread-multi-2level /Volumes/Media/smoke/thr/perl-5.12.2/lib/5.12.2 .) at /Volumes/Media/smoke/thr/conf/perl-5.12.2/.cpanplus/5.12.2/build/App-Rad-1.05_01/blib/lib/App/Rad.pm line 3.
BEGIN failed--compilation aborted at /Volumes/Media/smoke/thr/conf/perl-5.12.2/.cpanplus/5.12.2/build/App-Rad-1.05_01/blib/lib/App/Rad.pm line 3.
Compilation failed in require at /tmp/J47inT7UmT line 1.
BEGIN failed--compilation aborted at /tmp/J47inT7UmT line 1.
# Failed test at t/06-pre_post_tear.t line 67.
# got: ''
# expected: 'got tested again [NARF!]
# tearing down...'
# Looks like you failed 3 tests of 3.
t/06-pre_post_tear.t ..........
Dubious, test returned 3 (wstat 768, 0x300)
Failed 3/3 subtests
Can't locate App/Rad/Tester.pm in @INC (@INC contains: /Volumes/Media/smoke/thr/conf/perl-5.12.2/.cpanplus/5.12.2/build/App-Rad-1.05_01/blib/lib /Volumes/Media/smoke/thr/conf/perl-5.12.2/.cpanplus/5.12.2/build/App-Rad-1.05_01/blib/arch /Volumes/Media/smoke/thr/conf/perl-5.12.2/.cpanplus/5.12.2/build/App-Rad-1.05_01/blib/lib /Volumes/Media/smoke/thr/conf/perl-5.12.2/.cpanplus/5.12.2/build/App-Rad-1.05_01/blib/arch /Volumes/Media/smoke/thr/perl-5.12.2/lib/site_perl/5.12.2/darwin-thread-multi-2level /Volumes/Media/smoke/thr/perl-5.12.2/lib/site_perl/5.12.2 /Volumes/Media/smoke/thr/perl-5.12.2/lib/5.12.2/darwin-thread-multi-2level /Volumes/Media/smoke/thr/perl-5.12.2/lib/5.12.2 .) at t/07-argv_and_opt.t line 2.
BEGIN failed--compilation aborted at t/07-argv_and_opt.t line 2.
# Looks like your test exited with 2 before it could output anything.
t/07-argv_and_opt.t ...........
Dubious, test returned 2 (wstat 512, 0x200)
Failed 36/36 subtests
Can't locate App/Rad/Tester.pm in @INC (@INC contains: /Volumes/Media/smoke/thr/conf/perl-5.12.2/.cpanplus/5.12.2/build/App-Rad-1.05_01/blib/lib /Volumes/Media/smoke/thr/conf/perl-5.12.2/.cpanplus/5.12.2/build/App-Rad-1.05_01/blib/arch /Volumes/Media/smoke/thr/conf/perl-5.12.2/.cpanplus/5.12.2/build/App-Rad-1.05_01/blib/lib /Volumes/Media/smoke/thr/conf/perl-5.12.2/.cpanplus/5.12.2/build/App-Rad-1.05_01/blib/arch /Volumes/Media/smoke/thr/perl-5.12.2/lib/site_perl/5.12.2/darwin-thread-multi-2level /Volumes/Media/smoke/thr/perl-5.12.2/lib/site_perl/5.12.2 /Volumes/Media/smoke/thr/perl-5.12.2/lib/5.12.2/darwin-thread-multi-2level /Volumes/Media/smoke/thr/perl-5.12.2/lib/5.12.2 .) at t/08-getopt_long.t line 8.
BEGIN failed--compilation aborted at t/08-getopt_long.t line 8.
# Looks like your test exited with 2 before it could output anything.
t/08-getopt_long.t ............
Dubious, test returned 2 (wstat 512, 0x200)
Failed 17/17 subtests
# using temporary program file '/tmp/pErFB_Rbl2' to test functionality
Can't locate App/Rad/Parser.pm in @INC (@INC contains: /Volumes/Media/smoke/thr/conf/perl-5.12.2/.cpanplus/5.12.2/build/App-Rad-1.05_01/blib/lib /Volumes/Media/smoke/thr/conf/perl-5.12.2/.cpanplus/5.12.2/build/App-Rad-1.05_01/blib/arch /Volumes/Media/smoke/thr/conf/perl-5.12.2/.cpanplus/5.12.2/build/App-Rad-1.05_01/blib/lib /Volumes/Media/smoke/thr/conf/perl-5.12.2/.cpanplus/5.12.2/build/App-Rad-1.05_01/blib/arch /Volumes/Media/smoke/thr/perl-5.12.2/lib/site_perl/5.12.2/darwin-thread-multi-2level /Volumes/Media/smoke/thr/perl-5.12.2/lib/site_perl/5.12.2 /Volumes/Media/smoke/thr/perl-5.12.2/lib/5.12.2/darwin-thread-multi-2level /Volumes/Media/smoke/thr/perl-5.12.2/lib/5.12.2 .) at /Volumes/Media/smoke/thr/conf/perl-5.12.2/.cpanplus/5.12.2/build/App-Rad-1.05_01/blib/lib/App/Rad.pm line 3.
BEGIN failed--compilation aborted at /Volumes/Media/smoke/thr/conf/perl-5.12.2/.cpanplus/5.12.2/build/App-Rad-1.05_01/blib/lib/App/Rad.pm line 3.
Compilation failed in require at /tmp/pErFB_Rbl2 line 1.
BEGIN failed--compilation aborted at /tmp/pErFB_Rbl2 line 1.
# Failed test at t/09-stash.t line 52.
# got: undef
# expected: 'arrayref:onetwothree'
# Failed test at t/09-stash.t line 53.
# got: undef
# expected: 'hashref:keyvalue'
# Failed test at t/09-stash.t line 54.
# got: undef
# expected: 'num:1'
# Failed test at t/09-stash.t line 55.
# got: undef
# expected: 'string:foo'
# Looks like you failed 4 tests of 4.
t/09-stash.t ..................
Dubious, test returned 4 (wstat 1024, 0x400)
Failed 4/4 subtests
# using temporary program file '/tmp/KmuuZuWhn7' to test functionality
Can't locate App/Rad/Parser.pm in @INC (@INC contains: /Volumes/Media/smoke/thr/conf/perl-5.12.2/.cpanplus/5.12.2/build/App-Rad-1.05_01/blib/lib /Volumes/Media/smoke/thr/conf/perl-5.12.2/.cpanplus/5.12.2/build/App-Rad-1.05_01/blib/arch /Volumes/Media/smoke/thr/conf/perl-5.12.2/.cpanplus/5.12.2/build/App-Rad-1.05_01/blib/lib /Volumes/Media/smoke/thr/conf/perl-5.12.2/.cpanplus/5.12.2/build/App-Rad-1.05_01/blib/arch /Volumes/Media/smoke/thr/perl-5.12.2/lib/site_perl/5.12.2/darwin-thread-multi-2level /Volumes/Media/smoke/thr/perl-5.12.2/lib/site_perl/5.12.2 /Volumes/Media/smoke/thr/perl-5.12.2/lib/5.12.2/darwin-thread-multi-2level /Volumes/Media/smoke/thr/perl-5.12.2/lib/5.12.2 .) at /Volumes/Media/smoke/thr/conf/perl-5.12.2/.cpanplus/5.12.2/build/App-Rad-1.05_01/blib/lib/App/Rad.pm line 3.
BEGIN failed--compilation aborted at /Volumes/Media/smoke/thr/conf/perl-5.12.2/.cpanplus/5.12.2/build/App-Rad-1.05_01/blib/lib/App/Rad.pm line 3.
Compilation failed in require at /tmp/KmuuZuWhn7 line 1.
BEGIN failed--compilation aborted at /tmp/KmuuZuWhn7 line 1.
# Failed test at t/10-controller_methods.t line 69.
# got: '0'
# expected: '23'
# Failed test at t/10-controller_methods.t line 70.
# got: undef
# expected: 'Available: 6'
# Failed test at t/10-controller_methods.t line 71.
# got: undef
# expected: 'andanotherone:ok'
# Failed test at t/10-controller_methods.t line 72.
# got: undef
# expected: 'anothercommand:ok'
# Failed test at t/10-controller_methods.t line 73.
# got: undef
# expected: 'command:ok'
# Failed test at t/10-controller_methods.t line 74.
# got: undef
# expected: 'help:ok'
# Failed test at t/10-controller_methods.t line 75.
# got: undef
# expected: 'list_commands:ok'
# Failed test at t/10-controller_methods.t line 76.
# got: undef
# expected: 'yetanothercommand:ok'
# Failed test at t/10-controller_methods.t line 77.
# got: undef
# expected: ''
# Failed test at t/10-controller_methods.t line 78.
# got: undef
# expected: 'Available: 6'
# Failed test at t/10-controller_methods.t line 79.
# got: undef
# expected: 'alias:ok'
# Failed test at t/10-controller_methods.t line 80.
# got: undef
# expected: 'anothercommand:ok'
# Failed test at t/10-controller_methods.t line 81.
# got: undef
# expected: 'cmd1:ok'
# Failed test at t/10-controller_methods.t line 82.
# got: undef
# expected: 'command:ok'
# Failed test at t/10-controller_methods.t line 83.
# got: undef
# expected: 'help:ok'
# Failed test at t/10-controller_methods.t line 84.
# got: undef
# expected: 'list_commands:ok'
# Failed test at t/10-controller_methods.t line 85.
# got: undef
# expected: ''
# Failed test at t/10-controller_methods.t line 86.
# got: undef
# expected: 'this is an alias, over'
# Failed test at t/10-controller_methods.t line 87.
# got: undef
# expected: 'test'
# Failed test at t/10-controller_methods.t line 88.
# got: undef
# expected: 'Called: command (command)'
# Failed test at t/10-controller_methods.t line 89.
# got: undef
# expected: 'Called: list_commands (list_commands)'
# Failed test at t/10-controller_methods.t line 90.
# got: undef
# expected: 'Called: list_commands (list_commands)'
# Failed test at t/10-controller_methods.t line 91.
# got: undef
# expected: 'Called: alias (alias)'
# Failed test at t/10-controller_methods.t line 92.
# got: undef
# expected: 'Called: cmd1 (cmd1)'
# Looks like you failed 24 tests of 24.
t/10-controller_methods.t .....
Dubious, test returned 24 (wstat 6144, 0x1800)
Failed 24/24 subtests
Can't locate App/Rad/Tester.pm in @INC (@INC contains: /Volumes/Media/smoke/thr/conf/perl-5.12.2/.cpanplus/5.12.2/build/App-Rad-1.05_01/blib/lib /Volumes/Media/smoke/thr/conf/perl-5.12.2/.cpanplus/5.12.2/build/App-Rad-1.05_01/blib/arch /Volumes/Media/smoke/thr/conf/perl-5.12.2/.cpanplus/5.12.2/build/App-Rad-1.05_01/blib/lib /Volumes/Media/smoke/thr/conf/perl-5.12.2/.cpanplus/5.12.2/build/App-Rad-1.05_01/blib/arch /Volumes/Media/smoke/thr/perl-5.12.2/lib/site_perl/5.12.2/darwin-thread-multi-2level /Volumes/Media/smoke/thr/perl-5.12.2/lib/site_perl/5.12.2 /Volumes/Media/smoke/thr/perl-5.12.2/lib/5.12.2/darwin-thread-multi-2level /Volumes/Media/smoke/thr/perl-5.12.2/lib/5.12.2 .) at t/11-config.t line 5.
BEGIN failed--compilation aborted at t/11-config.t line 5.
# Looks like your test exited with 2 before it could output anything.
t/11-config.t .................
Dubious, test returned 2 (wstat 512, 0x200)
Failed 10/10 subtests
Can't locate App/Rad/Tester.pm in @INC (@INC contains: /Volumes/Media/smoke/thr/conf/perl-5.12.2/.cpanplus/5.12.2/build/App-Rad-1.05_01/blib/lib /Volumes/Media/smoke/thr/conf/perl-5.12.2/.cpanplus/5.12.2/build/App-Rad-1.05_01/blib/arch /Volumes/Media/smoke/thr/conf/perl-5.12.2/.cpanplus/5.12.2/build/App-Rad-1.05_01/blib/lib /Volumes/Media/smoke/thr/conf/perl-5.12.2/.cpanplus/5.12.2/build/App-Rad-1.05_01/blib/arch /Volumes/Media/smoke/thr/perl-5.12.2/lib/site_perl/5.12.2/darwin-thread-multi-2level /Volumes/Media/smoke/thr/perl-5.12.2/lib/site_perl/5.12.2 /Volumes/Media/smoke/thr/perl-5.12.2/lib/5.12.2/darwin-thread-multi-2level /Volumes/Media/smoke/thr/perl-5.12.2/lib/5.12.2 .) at t/12-register_commands-alt.t line 3.
BEGIN failed--compilation aborted at t/12-register_commands-alt.t line 3.
# Looks like your test exited with 2 before it could output anything.
t/12-register_commands-alt.t ..
Dubious, test returned 2 (wstat 512, 0x200)
Failed 7/7 subtests
# using temporary program file '/tmp/42CI1ReUZ2' to test functionality
Can't locate App/Rad/Parser.pm in @INC (@INC contains: /Volumes/Media/smoke/thr/conf/perl-5.12.2/.cpanplus/5.12.2/build/App-Rad-1.05_01/blib/lib /Volumes/Media/smoke/thr/conf/perl-5.12.2/.cpanplus/5.12.2/build/App-Rad-1.05_01/blib/arch /Volumes/Media/smoke/thr/conf/perl-5.12.2/.cpanplus/5.12.2/build/App-Rad-1.05_01/blib/lib /Volumes/Media/smoke/thr/conf/perl-5.12.2/.cpanplus/5.12.2/build/App-Rad-1.05_01/blib/arch /Volumes/Media/smoke/thr/perl-5.12.2/lib/site_perl/5.12.2/darwin-thread-multi-2level /Volumes/Media/smoke/thr/perl-5.12.2/lib/site_perl/5.12.2 /Volumes/Media/smoke/thr/perl-5.12.2/lib/5.12.2/darwin-thread-multi-2level /Volumes/Media/smoke/thr/perl-5.12.2/lib/5.12.2 .) at /Volumes/Media/smoke/thr/conf/perl-5.12.2/.cpanplus/5.12.2/build/App-Rad-1.05_01/blib/lib/App/Rad.pm line 3.
BEGIN failed--compilation aborted at /Volumes/Media/smoke/thr/conf/perl-5.12.2/.cpanplus/5.12.2/build/App-Rad-1.05_01/blib/lib/App/Rad.pm line 3.
Compilation failed in require at /tmp/42CI1ReUZ2 line 1.
BEGIN failed--compilation aborted at /tmp/42CI1ReUZ2 line 1.
# Failed test at t/12-register_commands.t line 42.
# got: ''
# expected: 'This is default. Over and out.
# '
Can't locate App/Rad/Parser.pm in @INC (@INC contains: /Volumes/Media/smoke/thr/conf/perl-5.12.2/.cpanplus/5.12.2/build/App-Rad-1.05_01/blib/lib /Volumes/Media/smoke/thr/conf/perl-5.12.2/.cpanplus/5.12.2/build/App-Rad-1.05_01/blib/arch /Volumes/Media/smoke/thr/conf/perl-5.12.2/.cpanplus/5.12.2/build/App-Rad-1.05_01/blib/lib /Volumes/Media/smoke/thr/conf/perl-5.12.2/.cpanplus/5.12.2/build/App-Rad-1.05_01/blib/arch /Volumes/Media/smoke/thr/perl-5.12.2/lib/site_perl/5.12.2/darwin-thread-multi-2level /Volumes/Media/smoke/thr/perl-5.12.2/lib/site_perl/5.12.2 /Volumes/Media/smoke/thr/perl-5.12.2/lib/5.12.2/darwin-thread-multi-2level /Volumes/Media/smoke/thr/perl-5.12.2/lib/5.12.2 .) at /Volumes/Media/smoke/thr/conf/perl-5.12.2/.cpanplus/5.12.2/build/App-Rad-1.05_01/blib/lib/App/Rad.pm line 3.
BEGIN failed--compilation aborted at /Volumes/Media/smoke/thr/conf/perl-5.12.2/.cpanplus/5.12.2/build/App-Rad-1.05_01/blib/lib/App/Rad.pm line 3.
Compilation failed in require at /tmp/42CI1ReUZ2 line 1.
BEGIN failed--compilation aborted at /tmp/42CI1ReUZ2 line 1.
# Failed test at t/12-register_commands.t line 56.
# got: ''
# expected: 'Usage: /tmp/42CI1ReUZ2 command [arguments]
#
# Available Commands:
# bar
# foo
# help show syntax and available commands
#
# '
Can't locate App/Rad/Parser.pm in @INC (@INC contains: /Volumes/Media/smoke/thr/conf/perl-5.12.2/.cpanplus/5.12.2/build/App-Rad-1.05_01/blib/lib /Volumes/Media/smoke/thr/conf/perl-5.12.2/.cpanplus/5.12.2/build/App-Rad-1.05_01/blib/arch /Volumes/Media/smoke/thr/conf/perl-5.12.2/.cpanplus/5.12.2/build/App-Rad-1.05_01/blib/lib /Volumes/Media/smoke/thr/conf/perl-5.12.2/.cpanplus/5.12.2/build/App-Rad-1.05_01/blib/arch /Volumes/Media/smoke/thr/perl-5.12.2/lib/site_perl/5.12.2/darwin-thread-multi-2level /Volumes/Media/smoke/thr/perl-5.12.2/lib/site_perl/5.12.2 /Volumes/Media/smoke/thr/perl-5.12.2/lib/5.12.2/darwin-thread-multi-2level /Volumes/Media/smoke/thr/perl-5.12.2/lib/5.12.2 .) at /Volumes/Media/smoke/thr/conf/perl-5.12.2/.cpanplus/5.12.2/build/App-Rad-1.05_01/blib/lib/App/Rad.pm line 3.
BEGIN failed--compilation aborted at /Volumes/Media/smoke/thr/conf/perl-5.12.2/.cpanplus/5.12.2/build/App-Rad-1.05_01/blib/lib/App/Rad.pm line 3.
Compilation failed in require at /tmp/42CI1ReUZ2 line 1.
BEGIN failed--compilation aborted at /tmp/42CI1ReUZ2 line 1.
# Failed test at t/12-register_commands.t line 59.
# got: ''
# expected: 'hello
# '
Can't locate App/Rad/Parser.pm in @INC (@INC contains: /Volumes/Media/smoke/thr/conf/perl-5.12.2/.cpanplus/5.12.2/build/App-Rad-1.05_01/blib/lib /Volumes/Media/smoke/thr/conf/perl-5.12.2/.cpanplus/5.12.2/build/App-Rad-1.05_01/blib/arch /Volumes/Media/smoke/thr/conf/perl-5.12.2/.cpanplus/5.12.2/build/App-Rad-1.05_01/blib/lib /Volumes/Media/smoke/thr/conf/perl-5.12.2/.cpanplus/5.12.2/build/App-Rad-1.05_01/blib/arch /Volumes/Media/smoke/thr/perl-5.12.2/lib/site_perl/5.12.2/darwin-thread-multi-2level /Volumes/Media/smoke/thr/perl-5.12.2/lib/site_perl/5.12.2 /Volumes/Media/smoke/thr/perl-5.12.2/lib/5.12.2/darwin-thread-multi-2level /Volumes/Media/smoke/thr/perl-5.12.2/lib/5.12.2 .) at /Volumes/Media/smoke/thr/conf/perl-5.12.2/.cpanplus/5.12.2/build/App-Rad-1.05_01/blib/lib/App/Rad.pm line 3.
BEGIN failed--compilation aborted at /Volumes/Media/smoke/thr/conf/perl-5.12.2/.cpanplus/5.12.2/build/App-Rad-1.05_01/blib/lib/App/Rad.pm line 3.
Compilation failed in require at /tmp/42CI1ReUZ2 line 1.
BEGIN failed--compilation aborted at /tmp/42CI1ReUZ2 line 1.
# Failed test at t/12-register_commands.t line 62.
# got: ''
# expected: 'This is default. Over and out.
# '
Can't locate App/Rad/Parser.pm in @INC (@INC contains: /Volumes/Media/smoke/thr/conf/perl-5.12.2/.cpanplus/5.12.2/build/App-Rad-1.05_01/blib/lib /Volumes/Media/smoke/thr/conf/perl-5.12.2/.cpanplus/5.12.2/build/App-Rad-1.05_01/blib/arch /Volumes/Media/smoke/thr/conf/perl-5.12.2/.cpanplus/5.12.2/build/App-Rad-1.05_01/blib/lib /Volumes/Media/smoke/thr/conf/perl-5.12.2/.cpanplus/5.12.2/build/App-Rad-1.05_01/blib/arch /Volumes/Media/smoke/thr/perl-5.12.2/lib/site_perl/5.12.2/darwin-thread-multi-2level /Volumes/Media/smoke/thr/perl-5.12.2/lib/site_perl/5.12.2 /Volumes/Media/smoke/thr/perl-5.12.2/lib/5.12.2/darwin-thread-multi-2level /Volumes/Media/smoke/thr/perl-5.12.2/lib/5.12.2 .) at /Volumes/Media/smoke/thr/conf/perl-5.12.2/.cpanplus/5.12.2/build/App-Rad-1.05_01/blib/lib/App/Rad.pm line 3.
BEGIN failed--compilation aborted at /Volumes/Media/smoke/thr/conf/perl-5.12.2/.cpanplus/5.12.2/build/App-Rad-1.05_01/blib/lib/App/Rad.pm line 3.
Compilation failed in require at /tmp/42CI1ReUZ2 line 1.
BEGIN failed--compilation aborted at /tmp/42CI1ReUZ2 line 1.
# Failed test at t/12-register_commands.t line 65.
# got: ''
# expected: 'This is default. Over and out.
# '
Can't locate App/Rad/Parser.pm in @INC (@INC contains: /Volumes/Media/smoke/thr/conf/perl-5.12.2/.cpanplus/5.12.2/build/App-Rad-1.05_01/blib/lib /Volumes/Media/smoke/thr/conf/perl-5.12.2/.cpanplus/5.12.2/build/App-Rad-1.05_01/blib/arch /Volumes/Media/smoke/thr/conf/perl-5.12.2/.cpanplus/5.12.2/build/App-Rad-1.05_01/blib/lib /Volumes/Media/smoke/thr/conf/perl-5.12.2/.cpanplus/5.12.2/build/App-Rad-1.05_01/blib/arch /Volumes/Media/smoke/thr/perl-5.12.2/lib/site_perl/5.12.2/darwin-thread-multi-2level /Volumes/Media/smoke/thr/perl-5.12.2/lib/site_perl/5.12.2 /Volumes/Media/smoke/thr/perl-5.12.2/lib/5.12.2/darwin-thread-multi-2level /Volumes/Media/smoke/thr/perl-5.12.2/lib/5.12.2 .) at /Volumes/Media/smoke/thr/conf/perl-5.12.2/.cpanplus/5.12.2/build/App-Rad-1.05_01/blib/lib/App/Rad.pm line 3.
BEGIN failed--compilation aborted at /Volumes/Media/smoke/thr/conf/perl-5.12.2/.cpanplus/5.12.2/build/App-Rad-1.05_01/blib/lib/App/Rad.pm line 3.
Compilation failed in require at /tmp/42CI1ReUZ2 line 1.
BEGIN failed--compilation aborted at /tmp/42CI1ReUZ2 line 1.
# Failed test at t/12-register_commands.t line 68.
# got: ''
# expected: 'This is default. Over and out.
# '
Can't locate App/Rad/Parser.pm in @INC (@INC contains: /Volumes/Media/smoke/thr/conf/perl-5.12.2/.cpanplus/5.12.2/build/App-Rad-1.05_01/blib/lib /Volumes/Media/smoke/thr/conf/perl-5.12.2/.cpanplus/5.12.2/build/App-Rad-1.05_01/blib/arch /Volumes/Media/smoke/thr/conf/perl-5.12.2/.cpanplus/5.12.2/build/App-Rad-1.05_01/blib/lib /Volumes/Media/smoke/thr/conf/perl-5.12.2/.cpanplus/5.12.2/build/App-Rad-1.05_01/blib/arch /Volumes/Media/smoke/thr/perl-5.12.2/lib/site_perl/5.12.2/darwin-thread-multi-2level /Volumes/Media/smoke/thr/perl-5.12.2/lib/site_perl/5.12.2 /Volumes/Media/smoke/thr/perl-5.12.2/lib/5.12.2/darwin-thread-multi-2level /Volumes/Media/smoke/thr/perl-5.12.2/lib/5.12.2 .) at /Volumes/Media/smoke/thr/conf/perl-5.12.2/.cpanplus/5.12.2/build/App-Rad-1.05_01/blib/lib/App/Rad.pm line 3.
BEGIN failed--compilation aborted at /Volumes/Media/smoke/thr/conf/perl-5.12.2/.cpanplus/5.12.2/build/App-Rad-1.05_01/blib/lib/App/Rad.pm line 3.
Compilation failed in require at /tmp/42CI1ReUZ2 line 1.
BEGIN failed--compilation aborted at /tmp/42CI1ReUZ2 line 1.
# Failed test at t/12-register_commands.t line 71.
# got: ''
# expected: 'hi
# '
# Looks like you failed 7 tests of 7.
t/12-register_commands.t ......
Dubious, test returned 7 (wstat 1792, 0x700)
Failed 7/7 subtests
# using temporary program file '/tmp/6gtSB4x3Si' to test functionality
Can't locate App/Rad/Parser.pm in @INC (@INC contains: /Volumes/Media/smoke/thr/conf/perl-5.12.2/.cpanplus/5.12.2/build/App-Rad-1.05_01/blib/lib /Volumes/Media/smoke/thr/conf/perl-5.12.2/.cpanplus/5.12.2/build/App-Rad-1.05_01/blib/arch /Volumes/Media/smoke/thr/conf/perl-5.12.2/.cpanplus/5.12.2/build/App-Rad-1.05_01/blib/lib /Volumes/Media/smoke/thr/conf/perl-5.12.2/.cpanplus/5.12.2/build/App-Rad-1.05_01/blib/arch /Volumes/Media/smoke/thr/perl-5.12.2/lib/site_perl/5.12.2/darwin-thread-multi-2level /Volumes/Media/smoke/thr/perl-5.12.2/lib/site_perl/5.12.2 /Volumes/Media/smoke/thr/perl-5.12.2/lib/5.12.2/darwin-thread-multi-2level /Volumes/Media/smoke/thr/perl-5.12.2/lib/5.12.2 .) at /Volumes/Media/smoke/thr/conf/perl-5.12.2/.cpanplus/5.12.2/build/App-Rad-1.05_01/blib/lib/App/Rad.pm line 3.
BEGIN failed--compilation aborted at /Volumes/Media/smoke/thr/conf/perl-5.12.2/.cpanplus/5.12.2/build/App-Rad-1.05_01/blib/lib/App/Rad.pm line 3.
Compilation failed in require at /tmp/6gtSB4x3Si line 1.
BEGIN failed--compilation aborted at /tmp/6gtSB4x3Si line 1.
# Failed test at t/13-register_commands2.t line 49.
# got: ''
# expected: 'Usage: /tmp/6gtSB4x3Si command [arguments]
#
# Available Commands:
# help show syntax and available commands
# ignore_prefix this is a command
# ignore_regexp this is another command
# ignore_suffix this too, since none of us start with a dash
#
# '
Can't locate App/Rad/Parser.pm in @INC (@INC contains: /Volumes/Media/smoke/thr/conf/perl-5.12.2/.cpanplus/5.12.2/build/App-Rad-1.05_01/blib/lib /Volumes/Media/smoke/thr/conf/perl-5.12.2/.cpanplus/5.12.2/build/App-Rad-1.05_01/blib/arch /Volumes/Media/smoke/thr/conf/perl-5.12.2/.cpanplus/5.12.2/build/App-Rad-1.05_01/blib/lib /Volumes/Media/smoke/thr/conf/perl-5.12.2/.cpanplus/5.12.2/build/App-Rad-1.05_01/blib/arch /Volumes/Media/smoke/thr/perl-5.12.2/lib/site_perl/5.12.2/darwin-thread-multi-2level /Volumes/Media/smoke/thr/perl-5.12.2/lib/site_perl/5.12.2 /Volumes/Media/smoke/thr/perl-5.12.2/lib/5.12.2/darwin-thread-multi-2level /Volumes/Media/smoke/thr/perl-5.12.2/lib/5.12.2 .) at /Volumes/Media/smoke/thr/conf/perl-5.12.2/.cpanplus/5.12.2/build/App-Rad-1.05_01/blib/lib/App/Rad.pm line 3.
BEGIN failed--compilation aborted at /Volumes/Media/smoke/thr/conf/perl-5.12.2/.cpanplus/5.12.2/build/App-Rad-1.05_01/blib/lib/App/Rad.pm line 3.
Compilation failed in require at /tmp/6gtSB4x3Si line 1.
BEGIN failed--compilation aborted at /tmp/6gtSB4x3Si line 1.
# Failed test at t/13-register_commands2.t line 52.
# got: ''
# expected: 'Usage: /tmp/6gtSB4x3Si command [arguments]
#
# Available Commands:
# help show syntax and available commands
# ignore_prefix this is a command
# ignore_regexp this is another command
# ignore_suffix this too, since none of us start with a dash
#
# '
Can't locate App/Rad/Parser.pm in @INC (@INC contains: /Volumes/Media/smoke/thr/conf/perl-5.12.2/.cpanplus/5.12.2/build/App-Rad-1.05_01/blib/lib /Volumes/Media/smoke/thr/conf/perl-5.12.2/.cpanplus/5.12.2/build/App-Rad-1.05_01/blib/arch /Volumes/Media/smoke/thr/conf/perl-5.12.2/.cpanplus/5.12.2/build/App-Rad-1.05_01/blib/lib /Volumes/Media/smoke/thr/conf/perl-5.12.2/.cpanplus/5.12.2/build/App-Rad-1.05_01/blib/arch /Volumes/Media/smoke/thr/perl-5.12.2/lib/site_perl/5.12.2/darwin-thread-multi-2level /Volumes/Media/smoke/thr/perl-5.12.2/lib/site_perl/5.12.2 /Volumes/Media/smoke/thr/perl-5.12.2/lib/5.12.2/darwin-thread-multi-2level /Volumes/Media/smoke/thr/perl-5.12.2/lib/5.12.2 .) at /Volumes/Media/smoke/thr/conf/perl-5.12.2/.cpanplus/5.12.2/build/App-Rad-1.05_01/blib/lib/App/Rad.pm line 3.
BEGIN failed--compilation aborted at /Volumes/Media/smoke/thr/conf/perl-5.12.2/.cpanplus/5.12.2/build/App-Rad-1.05_01/blib/lib/App/Rad.pm line 3.
Compilation failed in require at /tmp/6gtSB4x3Si line 1.
BEGIN failed--compilation aborted at /tmp/6gtSB4x3Si line 1.
# Failed test at t/13-register_commands2.t line 55.
# got: ''
# expected: '1
# '
Can't locate App/Rad/Parser.pm in @INC (@INC contains: /Volumes/Media/smoke/thr/conf/perl-5.12.2/.cpanplus/5.12.2/build/App-Rad-1.05_01/blib/lib /Volumes/Media/smoke/thr/conf/perl-5.12.2/.cpanplus/5.12.2/build/App-Rad-1.05_01/blib/arch /Volumes/Media/smoke/thr/conf/perl-5.12.2/.cpanplus/5.12.2/build/App-Rad-1.05_01/blib/lib /Volumes/Media/smoke/thr/conf/perl-5.12.2/.cpanplus/5.12.2/build/App-Rad-1.05_01/blib/arch /Volumes/Media/smoke/thr/perl-5.12.2/lib/site_perl/5.12.2/darwin-thread-multi-2level /Volumes/Media/smoke/thr/perl-5.12.2/lib/site_perl/5.12.2 /Volumes/Media/smoke/thr/perl-5.12.2/lib/5.12.2/darwin-thread-multi-2level /Volumes/Media/smoke/thr/perl-5.12.2/lib/5.12.2 .) at /Volumes/Media/smoke/thr/conf/perl-5.12.2/.cpanplus/5.12.2/build/App-Rad-1.05_01/blib/lib/App/Rad.pm line 3.
BEGIN failed--compilation aborted at /Volumes/Media/smoke/thr/conf/perl-5.12.2/.cpanplus/5.12.2/build/App-Rad-1.05_01/blib/lib/App/Rad.pm line 3.
Compilation failed in require at /tmp/6gtSB4x3Si line 1.
BEGIN failed--compilation aborted at /tmp/6gtSB4x3Si line 1.
# Failed test at t/13-register_commands2.t line 58.
# got: ''
# expected: '2
# '
Can't locate App/Rad/Parser.pm in @INC (@INC contains: /Volumes/Media/smoke/thr/conf/perl-5.12.2/.cpanplus/5.12.2/build/App-Rad-1.05_01/blib/lib /Volumes/Media/smoke/thr/conf/perl-5.12.2/.cpanplus/5.12.2/build/App-Rad-1.05_01/blib/arch /Volumes/Media/smoke/thr/conf/perl-5.12.2/.cpanplus/5.12.2/build/App-Rad-1.05_01/blib/lib /Volumes/Media/smoke/thr/conf/perl-5.12.2/.cpanplus/5.12.2/build/App-Rad-1.05_01/blib/arch /Volumes/Media/smoke/thr/perl-5.12.2/lib/site_perl/5.12.2/darwin-thread-multi-2level /Volumes/Media/smoke/thr/perl-5.12.2/lib/site_perl/5.12.2 /Volumes/Media/smoke/thr/perl-5.12.2/lib/5.12.2/darwin-thread-multi-2level /Volumes/Media/smoke/thr/perl-5.12.2/lib/5.12.2 .) at /Volumes/Media/smoke/thr/conf/perl-5.12.2/.cpanplus/5.12.2/build/App-Rad-1.05_01/blib/lib/App/Rad.pm line 3.
BEGIN failed--compilation aborted at /Volumes/Media/smoke/thr/conf/perl-5.12.2/.cpanplus/5.12.2/build/App-Rad-1.05_01/blib/lib/App/Rad.pm line 3.
Compilation failed in require at /tmp/6gtSB4x3Si line 1.
BEGIN failed--compilation aborted at /tmp/6gtSB4x3Si line 1.
# Failed test at t/13-register_commands2.t line 61.
# got: ''
# expected: '3
# '
# Looks like you failed 5 tests of 5.
t/13-register_commands2.t .....
Dubious, test returned 5 (wstat 1280, 0x500)
Failed 5/5 subtests
# using temporary program file '/tmp/imfhAICmwu' to test functionality
Can't locate App/Rad/Parser.pm in @INC (@INC contains: /Volumes/Media/smoke/thr/conf/perl-5.12.2/.cpanplus/5.12.2/build/App-Rad-1.05_01/blib/lib /Volumes/Media/smoke/thr/conf/perl-5.12.2/.cpanplus/5.12.2/build/App-Rad-1.05_01/blib/arch /Volumes/Media/smoke/thr/conf/perl-5.12.2/.cpanplus/5.12.2/build/App-Rad-1.05_01/blib/lib /Volumes/Media/smoke/thr/conf/perl-5.12.2/.cpanplus/5.12.2/build/App-Rad-1.05_01/blib/arch /Volumes/Media/smoke/thr/perl-5.12.2/lib/site_perl/5.12.2/darwin-thread-multi-2level /Volumes/Media/smoke/thr/perl-5.12.2/lib/site_perl/5.12.2 /Volumes/Media/smoke/thr/perl-5.12.2/lib/5.12.2/darwin-thread-multi-2level /Volumes/Media/smoke/thr/perl-5.12.2/lib/5.12.2 .) at /Volumes/Media/smoke/thr/conf/perl-5.12.2/.cpanplus/5.12.2/build/App-Rad-1.05_01/blib/lib/App/Rad.pm line 3.
BEGIN failed--compilation aborted at /Volumes/Media/smoke/thr/conf/perl-5.12.2/.cpanplus/5.12.2/build/App-Rad-1.05_01/blib/lib/App/Rad.pm line 3.
Compilation failed in require at /tmp/imfhAICmwu line 1.
BEGIN failed--compilation aborted at /tmp/imfhAICmwu line 1.
# Failed test at t/14-register_commands3.t line 38.
# got: ''
# expected: 'This is default. Over and out.
# '
Can't locate App/Rad/Parser.pm in @INC (@INC contains: /Volumes/Media/smoke/thr/conf/perl-5.12.2/.cpanplus/5.12.2/build/App-Rad-1.05_01/blib/lib /Volumes/Media/smoke/thr/conf/perl-5.12.2/.cpanplus/5.12.2/build/App-Rad-1.05_01/blib/arch /Volumes/Media/smoke/thr/conf/perl-5.12.2/.cpanplus/5.12.2/build/App-Rad-1.05_01/blib/lib /Volumes/Media/smoke/thr/conf/perl-5.12.2/.cpanplus/5.12.2/build/App-Rad-1.05_01/blib/arch /Volumes/Media/smoke/thr/perl-5.12.2/lib/site_perl/5.12.2/darwin-thread-multi-2level /Volumes/Media/smoke/thr/perl-5.12.2/lib/site_perl/5.12.2 /Volumes/Media/smoke/thr/perl-5.12.2/lib/5.12.2/darwin-thread-multi-2level /Volumes/Media/smoke/thr/perl-5.12.2/lib/5.12.2 .) at /Volumes/Media/smoke/thr/conf/perl-5.12.2/.cpanplus/5.12.2/build/App-Rad-1.05_01/blib/lib/App/Rad.pm line 3.
BEGIN failed--compilation aborted at /Volumes/Media/smoke/thr/conf/perl-5.12.2/.cpanplus/5.12.2/build/App-Rad-1.05_01/blib/lib/App/Rad.pm line 3.
Compilation failed in require at /tmp/imfhAICmwu line 1.
BEGIN failed--compilation aborted at /tmp/imfhAICmwu line 1.
# Failed test at t/14-register_commands3.t line 52.
# got: ''
# expected: 'Usage: /tmp/imfhAICmwu command [arguments]
#
# Available Commands:
# bar
# foo
# help show syntax and available commands
#
# '
Can't locate App/Rad/Parser.pm in @INC (@INC contains: /Volumes/Media/smoke/thr/conf/perl-5.12.2/.cpanplus/5.12.2/build/App-Rad-1.05_01/blib/lib /Volumes/Media/smoke/thr/conf/perl-5.12.2/.cpanplus/5.12.2/build/App-Rad-1.05_01/blib/arch /Volumes/Media/smoke/thr/conf/perl-5.12.2/.cpanplus/5.12.2/build/App-Rad-1.05_01/blib/lib /Volumes/Media/smoke/thr/conf/perl-5.12.2/.cpanplus/5.12.2/build/App-Rad-1.05_01/blib/arch /Volumes/Media/smoke/thr/perl-5.12.2/lib/site_perl/5.12.2/darwin-thread-multi-2level /Volumes/Media/smoke/thr/perl-5.12.2/lib/site_perl/5.12.2 /Volumes/Media/smoke/thr/perl-5.12.2/lib/5.12.2/darwin-thread-multi-2level /Volumes/Media/smoke/thr/perl-5.12.2/lib/5.12.2 .) at /Volumes/Media/smoke/thr/conf/perl-5.12.2/.cpanplus/5.12.2/build/App-Rad-1.05_01/blib/lib/App/Rad.pm line 3.
BEGIN failed--compilation aborted at /Volumes/Media/smoke/thr/conf/perl-5.12.2/.cpanplus/5.12.2/build/App-Rad-1.05_01/blib/lib/App/Rad.pm line 3.
Compilation failed in require at /tmp/imfhAICmwu line 1.
BEGIN failed--compilation aborted at /tmp/imfhAICmwu line 1.
# Failed test at t/14-register_commands3.t line 55.
# got: ''
# expected: 'hello
# '
Can't locate App/Rad/Parser.pm in @INC (@INC contains: /Volumes/Media/smoke/thr/conf/perl-5.12.2/.cpanplus/5.12.2/build/App-Rad-1.05_01/blib/lib /Volumes/Media/smoke/thr/conf/perl-5.12.2/.cpanplus/5.12.2/build/App-Rad-1.05_01/blib/arch /Volumes/Media/smoke/thr/conf/perl-5.12.2/.cpanplus/5.12.2/build/App-Rad-1.05_01/blib/lib /Volumes/Media/smoke/thr/conf/perl-5.12.2/.cpanplus/5.12.2/build/App-Rad-1.05_01/blib/arch /Volumes/Media/smoke/thr/perl-5.12.2/lib/site_perl/5.12.2/darwin-thread-multi-2level /Volumes/Media/smoke/thr/perl-5.12.2/lib/site_perl/5.12.2 /Volumes/Media/smoke/thr/perl-5.12.2/lib/5.12.2/darwin-thread-multi-2level /Volumes/Media/smoke/thr/perl-5.12.2/lib/5.12.2 .) at /Volumes/Media/smoke/thr/conf/perl-5.12.2/.cpanplus/5.12.2/build/App-Rad-1.05_01/blib/lib/App/Rad.pm line 3.
BEGIN failed--compilation aborted at /Volumes/Media/smoke/thr/conf/perl-5.12.2/.cpanplus/5.12.2/build/App-Rad-1.05_01/blib/lib/App/Rad.pm line 3.
Compilation failed in require at /tmp/imfhAICmwu line 1.
BEGIN failed--compilation aborted at /tmp/imfhAICmwu line 1.
# Failed test at t/14-register_commands3.t line 58.
# got: ''
# expected: 'This is default. Over and out.
# '
Can't locate App/Rad/Parser.pm in @INC (@INC contains: /Volumes/Media/smoke/thr/conf/perl-5.12.2/.cpanplus/5.12.2/build/App-Rad-1.05_01/blib/lib /Volumes/Media/smoke/thr/conf/perl-5.12.2/.cpanplus/5.12.2/build/App-Rad-1.05_01/blib/arch /Volumes/Media/smoke/thr/conf/perl-5.12.2/.cpanplus/5.12.2/build/App-Rad-1.05_01/blib/lib /Volumes/Media/smoke/thr/conf/perl-5.12.2/.cpanplus/5.12.2/build/App-Rad-1.05_01/blib/arch /Volumes/Media/smoke/thr/perl-5.12.2/lib/site_perl/5.12.2/darwin-thread-multi-2level /Volumes/Media/smoke/thr/perl-5.12.2/lib/site_perl/5.12.2 /Volumes/Media/smoke/thr/perl-5.12.2/lib/5.12.2/darwin-thread-multi-2level /Volumes/Media/smoke/thr/perl-5.12.2/lib/5.12.2 .) at /Volumes/Media/smoke/thr/conf/perl-5.12.2/.cpanplus/5.12.2/build/App-Rad-1.05_01/blib/lib/App/Rad.pm line 3.
BEGIN failed--compilation aborted at /Volumes/Media/smoke/thr/conf/perl-5.12.2/.cpanplus/5.12.2/build/App-Rad-1.05_01/blib/lib/App/Rad.pm line 3.
Compilation failed in require at /tmp/imfhAICmwu line 1.
BEGIN failed--compilation aborted at /tmp/imfhAICmwu line 1.
# Failed test at t/14-register_commands3.t line 61.
# got: ''
# expected: 'This is default. Over and out.
# '
Can't locate App/Rad/Parser.pm in @INC (@INC contains: /Volumes/Media/smoke/thr/conf/perl-5.12.2/.cpanplus/5.12.2/build/App-Rad-1.05_01/blib/lib /Volumes/Media/smoke/thr/conf/perl-5.12.2/.cpanplus/5.12.2/build/App-Rad-1.05_01/blib/arch /Volumes/Media/smoke/thr/conf/perl-5.12.2/.cpanplus/5.12.2/build/App-Rad-1.05_01/blib/lib /Volumes/Media/smoke/thr/conf/perl-5.12.2/.cpanplus/5.12.2/build/App-Rad-1.05_01/blib/arch /Volumes/Media/smoke/thr/perl-5.12.2/lib/site_perl/5.12.2/darwin-thread-multi-2level /Volumes/Media/smoke/thr/perl-5.12.2/lib/site_perl/5.12.2 /Volumes/Media/smoke/thr/perl-5.12.2/lib/5.12.2/darwin-thread-multi-2level /Volumes/Media/smoke/thr/perl-5.12.2/lib/5.12.2 .) at /Volumes/Media/smoke/thr/conf/perl-5.12.2/.cpanplus/5.12.2/build/App-Rad-1.05_01/blib/lib/App/Rad.pm line 3.
BEGIN failed--compilation aborted at /Volumes/Media/smoke/thr/conf/perl-5.12.2/.cpanplus/5.12.2/build/App-Rad-1.05_01/blib/lib/App/Rad.pm line 3.
Compilation failed in require at /tmp/imfhAICmwu line 1.
BEGIN failed--compilation aborted at /tmp/imfhAICmwu line 1.
# Failed test at t/14-register_commands3.t line 64.
# got: ''
# expected: 'This is default. Over and out.
# '
Can't locate App/Rad/Parser.pm in @INC (@INC contains: /Volumes/Media/smoke/thr/conf/perl-5.12.2/.cpanplus/5.12.2/build/App-Rad-1.05_01/blib/lib /Volumes/Media/smoke/thr/conf/perl-5.12.2/.cpanplus/5.12.2/build/App-Rad-1.05_01/blib/arch /Volumes/Media/smoke/thr/conf/perl-5.12.2/.cpanplus/5.12.2/build/App-Rad-1.05_01/blib/lib /Volumes/Media/smoke/thr/conf/perl-5.12.2/.cpanplus/5.12.2/build/App-Rad-1.05_01/blib/arch /Volumes/Media/smoke/thr/perl-5.12.2/lib/site_perl/5.12.2/darwin-thread-multi-2level /Volumes/Media/smoke/thr/perl-5.12.2/lib/site_perl/5.12.2 /Volumes/Media/smoke/thr/perl-5.12.2/lib/5.12.2/darwin-thread-multi-2level /Volumes/Media/smoke/thr/perl-5.12.2/lib/5.12.2 .) at /Volumes/Media/smoke/thr/conf/perl-5.12.2/.cpanplus/5.12.2/build/App-Rad-1.05_01/blib/lib/App/Rad.pm line 3.
BEGIN failed--compilation aborted at /Volumes/Media/smoke/thr/conf/perl-5.12.2/.cpanplus/5.12.2/build/App-Rad-1.05_01/blib/lib/App/Rad.pm line 3.
Compilation failed in require at /tmp/imfhAICmwu line 1.
BEGIN failed--compilation aborted at /tmp/imfhAICmwu line 1.
# Failed test at t/14-register_commands3.t line 67.
# got: ''
# expected: 'hi
# '
# Looks like you failed 7 tests of 7.
t/14-register_commands3.t .....
Dubious, test returned 7 (wstat 1792, 0x700)
Failed 7/7 subtests
# using temporary program file '/tmp/mqcyIy1y_f' to test functionality
Can't locate App/Rad/Parser.pm in @INC (@INC contains: /Volumes/Media/smoke/thr/conf/perl-5.12.2/.cpanplus/5.12.2/build/App-Rad-1.05_01/blib/lib /Volumes/Media/smoke/thr/conf/perl-5.12.2/.cpanplus/5.12.2/build/App-Rad-1.05_01/blib/arch /Volumes/Media/smoke/thr/conf/perl-5.12.2/.cpanplus/5.12.2/build/App-Rad-1.05_01/blib/lib /Volumes/Media/smoke/thr/conf/perl-5.12.2/.cpanplus/5.12.2/build/App-Rad-1.05_01/blib/arch /Volumes/Media/smoke/thr/perl-5.12.2/lib/site_perl/5.12.2/darwin-thread-multi-2level /Volumes/Media/smoke/thr/perl-5.12.2/lib/site_perl/5.12.2 /Volumes/Media/smoke/thr/perl-5.12.2/lib/5.12.2/darwin-thread-multi-2level /Volumes/Media/smoke/thr/perl-5.12.2/lib/5.12.2 .) at /Volumes/Media/smoke/thr/conf/perl-5.12.2/.cpanplus/5.12.2/build/App-Rad-1.05_01/blib/lib/App/Rad.pm line 3.
BEGIN failed--compilation aborted at /Volumes/Media/smoke/thr/conf/perl-5.12.2/.cpanplus/5.12.2/build/App-Rad-1.05_01/blib/lib/App/Rad.pm line 3.
Compilation failed in require at /tmp/mqcyIy1y_f line 1.
BEGIN failed--compilation aborted at /tmp/mqcyIy1y_f line 1.
# Failed test at t/15-register_commands4.t line 41.
# got: ''
# expected: 'This is default. Over and out.
# '
Can't locate App/Rad/Parser.pm in @INC (@INC contains: /Volumes/Media/smoke/thr/conf/perl-5.12.2/.cpanplus/5.12.2/build/App-Rad-1.05_01/blib/lib /Volumes/Media/smoke/thr/conf/perl-5.12.2/.cpanplus/5.12.2/build/App-Rad-1.05_01/blib/arch /Volumes/Media/smoke/thr/conf/perl-5.12.2/.cpanplus/5.12.2/build/App-Rad-1.05_01/blib/lib /Volumes/Media/smoke/thr/conf/perl-5.12.2/.cpanplus/5.12.2/build/App-Rad-1.05_01/blib/arch /Volumes/Media/smoke/thr/perl-5.12.2/lib/site_perl/5.12.2/darwin-thread-multi-2level /Volumes/Media/smoke/thr/perl-5.12.2/lib/site_perl/5.12.2 /Volumes/Media/smoke/thr/perl-5.12.2/lib/5.12.2/darwin-thread-multi-2level /Volumes/Media/smoke/thr/perl-5.12.2/lib/5.12.2 .) at /Volumes/Media/smoke/thr/conf/perl-5.12.2/.cpanplus/5.12.2/build/App-Rad-1.05_01/blib/lib/App/Rad.pm line 3.
BEGIN failed--compilation aborted at /Volumes/Media/smoke/thr/conf/perl-5.12.2/.cpanplus/5.12.2/build/App-Rad-1.05_01/blib/lib/App/Rad.pm line 3.
Compilation failed in require at /tmp/mqcyIy1y_f line 1.
BEGIN failed--compilation aborted at /tmp/mqcyIy1y_f line 1.
# Failed test at t/15-register_commands4.t line 56.
# got: ''
# expected: 'Usage: /tmp/mqcyIy1y_f command [arguments]
#
# Available Commands:
# bar
# foo
# foocmd
# help show syntax and available commands
#
# '
Can't locate App/Rad/Parser.pm in @INC (@INC contains: /Volumes/Media/smoke/thr/conf/perl-5.12.2/.cpanplus/5.12.2/build/App-Rad-1.05_01/blib/lib /Volumes/Media/smoke/thr/conf/perl-5.12.2/.cpanplus/5.12.2/build/App-Rad-1.05_01/blib/arch /Volumes/Media/smoke/thr/conf/perl-5.12.2/.cpanplus/5.12.2/build/App-Rad-1.05_01/blib/lib /Volumes/Media/smoke/thr/conf/perl-5.12.2/.cpanplus/5.12.2/build/App-Rad-1.05_01/blib/arch /Volumes/Media/smoke/thr/perl-5.12.2/lib/site_perl/5.12.2/darwin-thread-multi-2level /Volumes/Media/smoke/thr/perl-5.12.2/lib/site_perl/5.12.2 /Volumes/Media/smoke/thr/perl-5.12.2/lib/5.12.2/darwin-thread-multi-2level /Volumes/Media/smoke/thr/perl-5.12.2/lib/5.12.2 .) at /Volumes/Media/smoke/thr/conf/perl-5.12.2/.cpanplus/5.12.2/build/App-Rad-1.05_01/blib/lib/App/Rad.pm line 3.
BEGIN failed--compilation aborted at /Volumes/Media/smoke/thr/conf/perl-5.12.2/.cpanplus/5.12.2/build/App-Rad-1.05_01/blib/lib/App/Rad.pm line 3.
Compilation failed in require at /tmp/mqcyIy1y_f line 1.
BEGIN failed--compilation aborted at /tmp/mqcyIy1y_f line 1.
# Failed test at t/15-register_commands4.t line 59.
# got: ''
# expected: 'hello
# '
Can't locate App/Rad/Parser.pm in @INC (@INC contains: /Volumes/Media/smoke/thr/conf/perl-5.12.2/.cpanplus/5.12.2/build/App-Rad-1.05_01/blib/lib /Volumes/Media/smoke/thr/conf/perl-5.12.2/.cpanplus/5.12.2/build/App-Rad-1.05_01/blib/arch /Volumes/Media/smoke/thr/conf/perl-5.12.2/.cpanplus/5.12.2/build/App-Rad-1.05_01/blib/lib /Volumes/Media/smoke/thr/conf/perl-5.12.2/.cpanplus/5.12.2/build/App-Rad-1.05_01/blib/arch /Volumes/Media/smoke/thr/perl-5.12.2/lib/site_perl/5.12.2/darwin-thread-multi-2level /Volumes/Media/smoke/thr/perl-5.12.2/lib/site_perl/5.12.2 /Volumes/Media/smoke/thr/perl-5.12.2/lib/5.12.2/darwin-thread-multi-2level /Volumes/Media/smoke/thr/perl-5.12.2/lib/5.12.2 .) at /Volumes/Media/smoke/thr/conf/perl-5.12.2/.cpanplus/5.12.2/build/App-Rad-1.05_01/blib/lib/App/Rad.pm line 3.
BEGIN failed--compilation aborted at /Volumes/Media/smoke/thr/conf/perl-5.12.2/.cpanplus/5.12.2/build/App-Rad-1.05_01/blib/lib/App/Rad.pm line 3.
Compilation failed in require at /tmp/mqcyIy1y_f line 1.
BEGIN failed--compilation aborted at /tmp/mqcyIy1y_f line 1.
# Failed test at t/15-register_commands4.t line 62.
# got: ''
# expected: 'This is default. Over and out.
# '
Can't locate App/Rad/Parser.pm in @INC (@INC contains: /Volumes/Media/smoke/thr/conf/perl-5.12.2/.cpanplus/5.12.2/build/App-Rad-1.05_01/blib/lib /Volumes/Media/smoke/thr/conf/perl-5.12.2/.cpanplus/5.12.2/build/App-Rad-1.05_01/blib/arch /Volumes/Media/smoke/thr/conf/perl-5.12.2/.cpanplus/5.12.2/build/App-Rad-1.05_01/blib/lib /Volumes/Media/smoke/thr/conf/perl-5.12.2/.cpanplus/5.12.2/build/App-Rad-1.05_01/blib/arch /Volumes/Media/smoke/thr/perl-5.12.2/lib/site_perl/5.12.2/darwin-thread-multi-2level /Volumes/Media/smoke/thr/perl-5.12.2/lib/site_perl/5.12.2 /Volumes/Media/smoke/thr/perl-5.12.2/lib/5.12.2/darwin-thread-multi-2level /Volumes/Media/smoke/thr/perl-5.12.2/lib/5.12.2 .) at /Volumes/Media/smoke/thr/conf/perl-5.12.2/.cpanplus/5.12.2/build/App-Rad-1.05_01/blib/lib/App/Rad.pm line 3.
BEGIN failed--compilation aborted at /Volumes/Media/smoke/thr/conf/perl-5.12.2/.cpanplus/5.12.2/build/App-Rad-1.05_01/blib/lib/App/Rad.pm line 3.
Compilation failed in require at /tmp/mqcyIy1y_f line 1.
BEGIN failed--compilation aborted at /tmp/mqcyIy1y_f line 1.
# Failed test at t/15-register_commands4.t line 65.
# got: ''
# expected: 'yo
# '
Can't locate App/Rad/Parser.pm in @INC (@INC contains: /Volumes/Media/smoke/thr/conf/perl-5.12.2/.cpanplus/5.12.2/build/App-Rad-1.05_01/blib/lib /Volumes/Media/smoke/thr/conf/perl-5.12.2/.cpanplus/5.12.2/build/App-Rad-1.05_01/blib/arch /Volumes/Media/smoke/thr/conf/perl-5.12.2/.cpanplus/5.12.2/build/App-Rad-1.05_01/blib/lib /Volumes/Media/smoke/thr/conf/perl-5.12.2/.cpanplus/5.12.2/build/App-Rad-1.05_01/blib/arch /Volumes/Media/smoke/thr/perl-5.12.2/lib/site_perl/5.12.2/darwin-thread-multi-2level /Volumes/Media/smoke/thr/perl-5.12.2/lib/site_perl/5.12.2 /Volumes/Media/smoke/thr/perl-5.12.2/lib/5.12.2/darwin-thread-multi-2level /Volumes/Media/smoke/thr/perl-5.12.2/lib/5.12.2 .) at /Volumes/Media/smoke/thr/conf/perl-5.12.2/.cpanplus/5.12.2/build/App-Rad-1.05_01/blib/lib/App/Rad.pm line 3.
BEGIN failed--compilation aborted at /Volumes/Media/smoke/thr/conf/perl-5.12.2/.cpanplus/5.12.2/build/App-Rad-1.05_01/blib/lib/App/Rad.pm line 3.
Compilation failed in require at /tmp/mqcyIy1y_f line 1.
BEGIN failed--compilation aborted at /tmp/mqcyIy1y_f line 1.
# Failed test at t/15-register_commands4.t line 68.
# got: ''
# expected: 'This is default. Over and out.
# '
Can't locate App/Rad/Parser.pm in @INC (@INC contains: /Volumes/Media/smoke/thr/conf/perl-5.12.2/.cpanplus/5.12.2/build/App-Rad-1.05_01/blib/lib /Volumes/Media/smoke/thr/conf/perl-5.12.2/.cpanplus/5.12.2/build/App-Rad-1.05_01/blib/arch /Volumes/Media/smoke/thr/conf/perl-5.12.2/.cpanplus/5.12.2/build/App-Rad-1.05_01/blib/lib /Volumes/Media/smoke/thr/conf/perl-5.12.2/.cpanplus/5.12.2/build/App-Rad-1.05_01/blib/arch /Volumes/Media/smoke/thr/perl-5.12.2/lib/site_perl/5.12.2/darwin-thread-multi-2level /Volumes/Media/smoke/thr/perl-5.12.2/lib/site_perl/5.12.2 /Volumes/Media/smoke/thr/perl-5.12.2/lib/5.12.2/darwin-thread-multi-2level /Volumes/Media/smoke/thr/perl-5.12.2/lib/5.12.2 .) at /Volumes/Media/smoke/thr/conf/perl-5.12.2/.cpanplus/5.12.2/build/App-Rad-1.05_01/blib/lib/App/Rad.pm line 3.
BEGIN failed--compilation aborted at /Volumes/Media/smoke/thr/conf/perl-5.12.2/.cpanplus/5.12.2/build/App-Rad-1.05_01/blib/lib/App/Rad.pm line 3.
Compilation failed in require at /tmp/mqcyIy1y_f line 1.
BEGIN failed--compilation aborted at /tmp/mqcyIy1y_f line 1.
# Failed test at t/15-register_commands4.t line 71.
# got: ''
# expected: 'hi
# '
# Looks like you failed 7 tests of 7.
t/15-register_commands4.t .....
Dubious, test returned 7 (wstat 1792, 0x700)
Failed 7/7 subtests
# using temporary program file '/tmp/HTk7lfB2GU' to test functionality
Can't locate App/Rad/Parser.pm in @INC (@INC contains: /Volumes/Media/smoke/thr/conf/perl-5.12.2/.cpanplus/5.12.2/build/App-Rad-1.05_01/blib/lib /Volumes/Media/smoke/thr/conf/perl-5.12.2/.cpanplus/5.12.2/build/App-Rad-1.05_01/blib/arch /Volumes/Media/smoke/thr/conf/perl-5.12.2/.cpanplus/5.12.2/build/App-Rad-1.05_01/blib/lib /Volumes/Media/smoke/thr/conf/perl-5.12.2/.cpanplus/5.12.2/build/App-Rad-1.05_01/blib/arch /Volumes/Media/smoke/thr/perl-5.12.2/lib/site_perl/5.12.2/darwin-thread-multi-2level /Volumes/Media/smoke/thr/perl-5.12.2/lib/site_perl/5.12.2 /Volumes/Media/smoke/thr/perl-5.12.2/lib/5.12.2/darwin-thread-multi-2level /Volumes/Media/smoke/thr/perl-5.12.2/lib/5.12.2 .) at /Volumes/Media/smoke/thr/conf/perl-5.12.2/.cpanplus/5.12.2/build/App-Rad-1.05_01/blib/lib/App/Rad.pm line 3.
BEGIN failed--compilation aborted at /Volumes/Media/smoke/thr/conf/perl-5.12.2/.cpanplus/5.12.2/build/App-Rad-1.05_01/blib/lib/App/Rad.pm line 3.
Compilation failed in require at /tmp/HTk7lfB2GU line 1.
BEGIN failed--compilation aborted at /tmp/HTk7lfB2GU line 1.
# Failed test at t/16-register_commands5.t line 43.
# got: ''
# expected: 'This is default. Over and out.
# '
Can't locate App/Rad/Parser.pm in @INC (@INC contains: /Volumes/Media/smoke/thr/conf/perl-5.12.2/.cpanplus/5.12.2/build/App-Rad-1.05_01/blib/lib /Volumes/Media/smoke/thr/conf/perl-5.12.2/.cpanplus/5.12.2/build/App-Rad-1.05_01/blib/arch /Volumes/Media/smoke/thr/conf/perl-5.12.2/.cpanplus/5.12.2/build/App-Rad-1.05_01/blib/lib /Volumes/Media/smoke/thr/conf/perl-5.12.2/.cpanplus/5.12.2/build/App-Rad-1.05_01/blib/arch /Volumes/Media/smoke/thr/perl-5.12.2/lib/site_perl/5.12.2/darwin-thread-multi-2level /Volumes/Media/smoke/thr/perl-5.12.2/lib/site_perl/5.12.2 /Volumes/Media/smoke/thr/perl-5.12.2/lib/5.12.2/darwin-thread-multi-2level /Volumes/Media/smoke/thr/perl-5.12.2/lib/5.12.2 .) at /Volumes/Media/smoke/thr/conf/perl-5.12.2/.cpanplus/5.12.2/build/App-Rad-1.05_01/blib/lib/App/Rad.pm line 3.
BEGIN failed--compilation aborted at /Volumes/Media/smoke/thr/conf/perl-5.12.2/.cpanplus/5.12.2/build/App-Rad-1.05_01/blib/lib/App/Rad.pm line 3.
Compilation failed in require at /tmp/HTk7lfB2GU line 1.
BEGIN failed--compilation aborted at /tmp/HTk7lfB2GU line 1.
# Failed test at t/16-register_commands5.t line 58.
# got: ''
# expected: 'Usage: /tmp/HTk7lfB2GU command [arguments]
#
# Available Commands:
# bar help your bar
# foo help your foo
# foocmd
# help show syntax and available commands
#
# '
Can't locate App/Rad/Parser.pm in @INC (@INC contains: /Volumes/Media/smoke/thr/conf/perl-5.12.2/.cpanplus/5.12.2/build/App-Rad-1.05_01/blib/lib /Volumes/Media/smoke/thr/conf/perl-5.12.2/.cpanplus/5.12.2/build/App-Rad-1.05_01/blib/arch /Volumes/Media/smoke/thr/conf/perl-5.12.2/.cpanplus/5.12.2/build/App-Rad-1.05_01/blib/lib /Volumes/Media/smoke/thr/conf/perl-5.12.2/.cpanplus/5.12.2/build/App-Rad-1.05_01/blib/arch /Volumes/Media/smoke/thr/perl-5.12.2/lib/site_perl/5.12.2/darwin-thread-multi-2level /Volumes/Media/smoke/thr/perl-5.12.2/lib/site_perl/5.12.2 /Volumes/Media/smoke/thr/perl-5.12.2/lib/5.12.2/darwin-thread-multi-2level /Volumes/Media/smoke/thr/perl-5.12.2/lib/5.12.2 .) at /Volumes/Media/smoke/thr/conf/perl-5.12.2/.cpanplus/5.12.2/build/App-Rad-1.05_01/blib/lib/App/Rad.pm line 3.
BEGIN failed--compilation aborted at /Volumes/Media/smoke/thr/conf/perl-5.12.2/.cpanplus/5.12.2/build/App-Rad-1.05_01/blib/lib/App/Rad.pm line 3.
Compilation failed in require at /tmp/HTk7lfB2GU line 1.
BEGIN failed--compilation aborted at /tmp/HTk7lfB2GU line 1.
# Failed test at t/16-register_commands5.t line 61.
# got: ''
# expected: 'hello
# '
Can't locate App/Rad/Parser.pm in @INC (@INC contains: /Volumes/Media/smoke/thr/conf/perl-5.12.2/.cpanplus/5.12.2/build/App-Rad-1.05_01/blib/lib /Volumes/Media/smoke/thr/conf/perl-5.12.2/.cpanplus/5.12.2/build/App-Rad-1.05_01/blib/arch /Volumes/Media/smoke/thr/conf/perl-5.12.2/.cpanplus/5.12.2/build/App-Rad-1.05_01/blib/lib /Volumes/Media/smoke/thr/conf/perl-5.12.2/.cpanplus/5.12.2/build/App-Rad-1.05_01/blib/arch /Volumes/Media/smoke/thr/perl-5.12.2/lib/site_perl/5.12.2/darwin-thread-multi-2level /Volumes/Media/smoke/thr/perl-5.12.2/lib/site_perl/5.12.2 /Volumes/Media/smoke/thr/perl-5.12.2/lib/5.12.2/darwin-thread-multi-2level /Volumes/Media/smoke/thr/perl-5.12.2/lib/5.12.2 .) at /Volumes/Media/smoke/thr/conf/perl-5.12.2/.cpanplus/5.12.2/build/App-Rad-1.05_01/blib/lib/App/Rad.pm line 3.
BEGIN failed--compilation aborted at /Volumes/Media/smoke/thr/conf/perl-5.12.2/.cpanplus/5.12.2/build/App-Rad-1.05_01/blib/lib/App/Rad.pm line 3.
Compilation failed in require at /tmp/HTk7lfB2GU line 1.
BEGIN failed--compilation aborted at /tmp/HTk7lfB2GU line 1.
# Failed test at t/16-register_commands5.t line 64.
# got: ''
# expected: 'This is default. Over and out.
# '
Can't locate App/Rad/Parser.pm in @INC (@INC contains: /Volumes/Media/smoke/thr/conf/perl-5.12.2/.cpanplus/5.12.2/build/App-Rad-1.05_01/blib/lib /Volumes/Media/smoke/thr/conf/perl-5.12.2/.cpanplus/5.12.2/build/App-Rad-1.05_01/blib/arch /Volumes/Media/smoke/thr/conf/perl-5.12.2/.cpanplus/5.12.2/build/App-Rad-1.05_01/blib/lib /Volumes/Media/smoke/thr/conf/perl-5.12.2/.cpanplus/5.12.2/build/App-Rad-1.05_01/blib/arch /Volumes/Media/smoke/thr/perl-5.12.2/lib/site_perl/5.12.2/darwin-thread-multi-2level /Volumes/Media/smoke/thr/perl-5.12.2/lib/site_perl/5.12.2 /Volumes/Media/smoke/thr/perl-5.12.2/lib/5.12.2/darwin-thread-multi-2level /Volumes/Media/smoke/thr/perl-5.12.2/lib/5.12.2 .) at /Volumes/Media/smoke/thr/conf/perl-5.12.2/.cpanplus/5.12.2/build/App-Rad-1.05_01/blib/lib/App/Rad.pm line 3.
BEGIN failed--compilation aborted at /Volumes/Media/smoke/thr/conf/perl-5.12.2/.cpanplus/5.12.2/build/App-Rad-1.05_01/blib/lib/App/Rad.pm line 3.
Compilation failed in require at /tmp/HTk7lfB2GU line 1.
BEGIN failed--compilation aborted at /tmp/HTk7lfB2GU line 1.
# Failed test at t/16-register_commands5.t line 67.
# got: ''
# expected: 'yo
# '
Can't locate App/Rad/Parser.pm in @INC (@INC contains: /Volumes/Media/smoke/thr/conf/perl-5.12.2/.cpanplus/5.12.2/build/App-Rad-1.05_01/blib/lib /Volumes/Media/smoke/thr/conf/perl-5.12.2/.cpanplus/5.12.2/build/App-Rad-1.05_01/blib/arch /Volumes/Media/smoke/thr/conf/perl-5.12.2/.cpanplus/5.12.2/build/App-Rad-1.05_01/blib/lib /Volumes/Media/smoke/thr/conf/perl-5.12.2/.cpanplus/5.12.2/build/App-Rad-1.05_01/blib/arch /Volumes/Media/smoke/thr/perl-5.12.2/lib/site_perl/5.12.2/darwin-thread-multi-2level /Volumes/Media/smoke/thr/perl-5.12.2/lib/site_perl/5.12.2 /Volumes/Media/smoke/thr/perl-5.12.2/lib/5.12.2/darwin-thread-multi-2level /Volumes/Media/smoke/thr/perl-5.12.2/lib/5.12.2 .) at /Volumes/Media/smoke/thr/conf/perl-5.12.2/.cpanplus/5.12.2/build/App-Rad-1.05_01/blib/lib/App/Rad.pm line 3.
BEGIN failed--compilation aborted at /Volumes/Media/smoke/thr/conf/perl-5.12.2/.cpanplus/5.12.2/build/App-Rad-1.05_01/blib/lib/App/Rad.pm line 3.
Compilation failed in require at /tmp/HTk7lfB2GU line 1.
BEGIN failed--compilation aborted at /tmp/HTk7lfB2GU line 1.
# Failed test at t/16-register_commands5.t line 70.
# got: ''
# expected: 'This is default. Over and out.
# '
Can't locate App/Rad/Parser.pm in @INC (@INC contains: /Volumes/Media/smoke/thr/conf/perl-5.12.2/.cpanplus/5.12.2/build/App-Rad-1.05_01/blib/lib /Volumes/Media/smoke/thr/conf/perl-5.12.2/.cpanplus/5.12.2/build/App-Rad-1.05_01/blib/arch /Volumes/Media/smoke/thr/conf/perl-5.12.2/.cpanplus/5.12.2/build/App-Rad-1.05_01/blib/lib /Volumes/Media/smoke/thr/conf/perl-5.12.2/.cpanplus/5.12.2/build/App-Rad-1.05_01/blib/arch /Volumes/Media/smoke/thr/perl-5.12.2/lib/site_perl/5.12.2/darwin-thread-multi-2level /Volumes/Media/smoke/thr/perl-5.12.2/lib/site_perl/5.12.2 /Volumes/Media/smoke/thr/perl-5.12.2/lib/5.12.2/darwin-thread-multi-2level /Volumes/Media/smoke/thr/perl-5.12.2/lib/5.12.2 .) at /Volumes/Media/smoke/thr/conf/perl-5.12.2/.cpanplus/5.12.2/build/App-Rad-1.05_01/blib/lib/App/Rad.pm line 3.
BEGIN failed--compilation aborted at /Volumes/Media/smoke/thr/conf/perl-5.12.2/.cpanplus/5.12.2/build/App-Rad-1.05_01/blib/lib/App/Rad.pm line 3.
Compilation failed in require at /tmp/HTk7lfB2GU line 1.
BEGIN failed--compilation aborted at /tmp/HTk7lfB2GU line 1.
# Failed test at t/16-register_commands5.t line 73.
# got: ''
# expected: 'hi
# '
# Looks like you failed 7 tests of 7.
t/16-register_commands5.t .....
Dubious, test returned 7 (wstat 1792, 0x700)
Failed 7/7 subtests
# using temporary program file '/tmp/KaYZyMIyUc' to test functionality
Can't locate App/Rad/Parser.pm in @INC (@INC contains: /Volumes/Media/smoke/thr/conf/perl-5.12.2/.cpanplus/5.12.2/build/App-Rad-1.05_01/blib/lib /Volumes/Media/smoke/thr/conf/perl-5.12.2/.cpanplus/5.12.2/build/App-Rad-1.05_01/blib/arch /Volumes/Media/smoke/thr/conf/perl-5.12.2/.cpanplus/5.12.2/build/App-Rad-1.05_01/blib/lib /Volumes/Media/smoke/thr/conf/perl-5.12.2/.cpanplus/5.12.2/build/App-Rad-1.05_01/blib/arch /Volumes/Media/smoke/thr/perl-5.12.2/lib/site_perl/5.12.2/darwin-thread-multi-2level /Volumes/Media/smoke/thr/perl-5.12.2/lib/site_perl/5.12.2 /Volumes/Media/smoke/thr/perl-5.12.2/lib/5.12.2/darwin-thread-multi-2level /Volumes/Media/smoke/thr/perl-5.12.2/lib/5.12.2 .) at /Volumes/Media/smoke/thr/conf/perl-5.12.2/.cpanplus/5.12.2/build/App-Rad-1.05_01/blib/lib/App/Rad.pm line 3.
BEGIN failed--compilation aborted at /Volumes/Media/smoke/thr/conf/perl-5.12.2/.cpanplus/5.12.2/build/App-Rad-1.05_01/blib/lib/App/Rad.pm line 3.
Compilation failed in require at /tmp/KaYZyMIyUc line 1.
BEGIN failed--compilation aborted at /tmp/KaYZyMIyUc line 1.
# Failed test at t/17-register_commands6.t line 46.
# got: ''
# expected: 'This is default. Over and out.
# '
Can't locate App/Rad/Parser.pm in @INC (@INC contains: /Volumes/Media/smoke/thr/conf/perl-5.12.2/.cpanplus/5.12.2/build/App-Rad-1.05_01/blib/lib /Volumes/Media/smoke/thr/conf/perl-5.12.2/.cpanplus/5.12.2/build/App-Rad-1.05_01/blib/arch /Volumes/Media/smoke/thr/conf/perl-5.12.2/.cpanplus/5.12.2/build/App-Rad-1.05_01/blib/lib /Volumes/Media/smoke/thr/conf/perl-5.12.2/.cpanplus/5.12.2/build/App-Rad-1.05_01/blib/arch /Volumes/Media/smoke/thr/perl-5.12.2/lib/site_perl/5.12.2/darwin-thread-multi-2level /Volumes/Media/smoke/thr/perl-5.12.2/lib/site_perl/5.12.2 /Volumes/Media/smoke/thr/perl-5.12.2/lib/5.12.2/darwin-thread-multi-2level /Volumes/Media/smoke/thr/perl-5.12.2/lib/5.12.2 .) at /Volumes/Media/smoke/thr/conf/perl-5.12.2/.cpanplus/5.12.2/build/App-Rad-1.05_01/blib/lib/App/Rad.pm line 3.
BEGIN failed--compilation aborted at /Volumes/Media/smoke/thr/conf/perl-5.12.2/.cpanplus/5.12.2/build/App-Rad-1.05_01/blib/lib/App/Rad.pm line 3.
Compilation failed in require at /tmp/KaYZyMIyUc line 1.
BEGIN failed--compilation aborted at /tmp/KaYZyMIyUc line 1.
# Failed test at t/17-register_commands6.t line 62.
# got: ''
# expected: 'Usage: /tmp/KaYZyMIyUc command [arguments]
#
# Available Commands:
# bar
# baz help your baz
# foo
# foocmd
# help show syntax and available commands
#
# '
Can't locate App/Rad/Parser.pm in @INC (@INC contains: /Volumes/Media/smoke/thr/conf/perl-5.12.2/.cpanplus/5.12.2/build/App-Rad-1.05_01/blib/lib /Volumes/Media/smoke/thr/conf/perl-5.12.2/.cpanplus/5.12.2/build/App-Rad-1.05_01/blib/arch /Volumes/Media/smoke/thr/conf/perl-5.12.2/.cpanplus/5.12.2/build/App-Rad-1.05_01/blib/lib /Volumes/Media/smoke/thr/conf/perl-5.12.2/.cpanplus/5.12.2/build/App-Rad-1.05_01/blib/arch /Volumes/Media/smoke/thr/perl-5.12.2/lib/site_perl/5.12.2/darwin-thread-multi-2level /Volumes/Media/smoke/thr/perl-5.12.2/lib/site_perl/5.12.2 /Volumes/Media/smoke/thr/perl-5.12.2/lib/5.12.2/darwin-thread-multi-2level /Volumes/Media/smoke/thr/perl-5.12.2/lib/5.12.2 .) at /Volumes/Media/smoke/thr/conf/perl-5.12.2/.cpanplus/5.12.2/build/App-Rad-1.05_01/blib/lib/App/Rad.pm line 3.
BEGIN failed--compilation aborted at /Volumes/Media/smoke/thr/conf/perl-5.12.2/.cpanplus/5.12.2/build/App-Rad-1.05_01/blib/lib/App/Rad.pm line 3.
Compilation failed in require at /tmp/KaYZyMIyUc line 1.
BEGIN failed--compilation aborted at /tmp/KaYZyMIyUc line 1.
# Failed test at t/17-register_commands6.t line 65.
# got: ''
# expected: 'hello
# '
Can't locate App/Rad/Parser.pm in @INC (@INC contains: /Volumes/Media/smoke/thr/conf/perl-5.12.2/.cpanplus/5.12.2/build/App-Rad-1.05_01/blib/lib /Volumes/Media/smoke/thr/conf/perl-5.12.2/.cpanplus/5.12.2/build/App-Rad-1.05_01/blib/arch /Volumes/Media/smoke/thr/conf/perl-5.12.2/.cpanplus/5.12.2/build/App-Rad-1.05_01/blib/lib /Volumes/Media/smoke/thr/conf/perl-5.12.2/.cpanplus/5.12.2/build/App-Rad-1.05_01/blib/arch /Volumes/Media/smoke/thr/perl-5.12.2/lib/site_perl/5.12.2/darwin-thread-multi-2level /Volumes/Media/smoke/thr/perl-5.12.2/lib/site_perl/5.12.2 /Volumes/Media/smoke/thr/perl-5.12.2/lib/5.12.2/darwin-thread-multi-2level /Volumes/Media/smoke/thr/perl-5.12.2/lib/5.12.2 .) at /Volumes/Media/smoke/thr/conf/perl-5.12.2/.cpanplus/5.12.2/build/App-Rad-1.05_01/blib/lib/App/Rad.pm line 3.
BEGIN failed--compilation aborted at /Volumes/Media/smoke/thr/conf/perl-5.12.2/.cpanplus/5.12.2/build/App-Rad-1.05_01/blib/lib/App/Rad.pm line 3.
Compilation failed in require at /tmp/KaYZyMIyUc line 1.
BEGIN failed--compilation aborted at /tmp/KaYZyMIyUc line 1.
# Failed test at t/17-register_commands6.t line 68.
# got: ''
# expected: 'This is default. Over and out.
# '
Can't locate App/Rad/Parser.pm in @INC (@INC contains: /Volumes/Media/smoke/thr/conf/perl-5.12.2/.cpanplus/5.12.2/build/App-Rad-1.05_01/blib/lib /Volumes/Media/smoke/thr/conf/perl-5.12.2/.cpanplus/5.12.2/build/App-Rad-1.05_01/blib/arch /Volumes/Media/smoke/thr/conf/perl-5.12.2/.cpanplus/5.12.2/build/App-Rad-1.05_01/blib/lib /Volumes/Media/smoke/thr/conf/perl-5.12.2/.cpanplus/5.12.2/build/App-Rad-1.05_01/blib/arch /Volumes/Media/smoke/thr/perl-5.12.2/lib/site_perl/5.12.2/darwin-thread-multi-2level /Volumes/Media/smoke/thr/perl-5.12.2/lib/site_perl/5.12.2 /Volumes/Media/smoke/thr/perl-5.12.2/lib/5.12.2/darwin-thread-multi-2level /Volumes/Media/smoke/thr/perl-5.12.2/lib/5.12.2 .) at /Volumes/Media/smoke/thr/conf/perl-5.12.2/.cpanplus/5.12.2/build/App-Rad-1.05_01/blib/lib/App/Rad.pm line 3.
BEGIN failed--compilation aborted at /Volumes/Media/smoke/thr/conf/perl-5.12.2/.cpanplus/5.12.2/build/App-Rad-1.05_01/blib/lib/App/Rad.pm line 3.
Compilation failed in require at /tmp/KaYZyMIyUc line 1.
BEGIN failed--compilation aborted at /tmp/KaYZyMIyUc line 1.
# Failed test at t/17-register_commands6.t line 71.
# got: ''
# expected: 'yo
# '
Can't locate App/Rad/Parser.pm in @INC (@INC contains: /Volumes/Media/smoke/thr/conf/perl-5.12.2/.cpanplus/5.12.2/build/App-Rad-1.05_01/blib/lib /Volumes/Media/smoke/thr/conf/perl-5.12.2/.cpanplus/5.12.2/build/App-Rad-1.05_01/blib/arch /Volumes/Media/smoke/thr/conf/perl-5.12.2/.cpanplus/5.12.2/build/App-Rad-1.05_01/blib/lib /Volumes/Media/smoke/thr/conf/perl-5.12.2/.cpanplus/5.12.2/build/App-Rad-1.05_01/blib/arch /Volumes/Media/smoke/thr/perl-5.12.2/lib/site_perl/5.12.2/darwin-thread-multi-2level /Volumes/Media/smoke/thr/perl-5.12.2/lib/site_perl/5.12.2 /Volumes/Media/smoke/thr/perl-5.12.2/lib/5.12.2/darwin-thread-multi-2level /Volumes/Media/smoke/thr/perl-5.12.2/lib/5.12.2 .) at /Volumes/Media/smoke/thr/conf/perl-5.12.2/.cpanplus/5.12.2/build/App-Rad-1.05_01/blib/lib/App/Rad.pm line 3.
BEGIN failed--compilation aborted at /Volumes/Media/smoke/thr/conf/perl-5.12.2/.cpanplus/5.12.2/build/App-Rad-1.05_01/blib/lib/App/Rad.pm line 3.
Compilation failed in require at /tmp/KaYZyMIyUc line 1.
BEGIN failed--compilation aborted at /tmp/KaYZyMIyUc line 1.
# Failed test at t/17-register_commands6.t line 74.
# got: ''
# expected: 'This is default. Over and out.
# '
Can't locate App/Rad/Parser.pm in @INC (@INC contains: /Volumes/Media/smoke/thr/conf/perl-5.12.2/.cpanplus/5.12.2/build/App-Rad-1.05_01/blib/lib /Volumes/Media/smoke/thr/conf/perl-5.12.2/.cpanplus/5.12.2/build/App-Rad-1.05_01/blib/arch /Volumes/Media/smoke/thr/conf/perl-5.12.2/.cpanplus/5.12.2/build/App-Rad-1.05_01/blib/lib /Volumes/Media/smoke/thr/conf/perl-5.12.2/.cpanplus/5.12.2/build/App-Rad-1.05_01/blib/arch /Volumes/Media/smoke/thr/perl-5.12.2/lib/site_perl/5.12.2/darwin-thread-multi-2level /Volumes/Media/smoke/thr/perl-5.12.2/lib/site_perl/5.12.2 /Volumes/Media/smoke/thr/perl-5.12.2/lib/5.12.2/darwin-thread-multi-2level /Volumes/Media/smoke/thr/perl-5.12.2/lib/5.12.2 .) at /Volumes/Media/smoke/thr/conf/perl-5.12.2/.cpanplus/5.12.2/build/App-Rad-1.05_01/blib/lib/App/Rad.pm line 3.
BEGIN failed--compilation aborted at /Volumes/Media/smoke/thr/conf/perl-5.12.2/.cpanplus/5.12.2/build/App-Rad-1.05_01/blib/lib/App/Rad.pm line 3.
Compilation failed in require at /tmp/KaYZyMIyUc line 1.
BEGIN failed--compilation aborted at /tmp/KaYZyMIyUc line 1.
# Failed test at t/17-register_commands6.t line 77.
# got: ''
# expected: 'hi
# '
Can't locate App/Rad/Parser.pm in @INC (@INC contains: /Volumes/Media/smoke/thr/conf/perl-5.12.2/.cpanplus/5.12.2/build/App-Rad-1.05_01/blib/lib /Volumes/Media/smoke/thr/conf/perl-5.12.2/.cpanplus/5.12.2/build/App-Rad-1.05_01/blib/arch /Volumes/Media/smoke/thr/conf/perl-5.12.2/.cpanplus/5.12.2/build/App-Rad-1.05_01/blib/lib /Volumes/Media/smoke/thr/conf/perl-5.12.2/.cpanplus/5.12.2/build/App-Rad-1.05_01/blib/arch /Volumes/Media/smoke/thr/perl-5.12.2/lib/site_perl/5.12.2/darwin-thread-multi-2level /Volumes/Media/smoke/thr/perl-5.12.2/lib/site_perl/5.12.2 /Volumes/Media/smoke/thr/perl-5.12.2/lib/5.12.2/darwin-thread-multi-2level /Volumes/Media/smoke/thr/perl-5.12.2/lib/5.12.2 .) at /Volumes/Media/smoke/thr/conf/perl-5.12.2/.cpanplus/5.12.2/build/App-Rad-1.05_01/blib/lib/App/Rad.pm line 3.
BEGIN failed--compilation aborted at /Volumes/Media/smoke/thr/conf/perl-5.12.2/.cpanplus/5.12.2/build/App-Rad-1.05_01/blib/lib/App/Rad.pm line 3.
Compilation failed in require at /tmp/KaYZyMIyUc line 1.
BEGIN failed--compilation aborted at /tmp/KaYZyMIyUc line 1.
# Failed test at t/17-register_commands6.t line 80.
# got: ''
# expected: 'waza
# '
# Looks like you failed 8 tests of 8.
t/17-register_commands6.t .....
Dubious, test returned 8 (wstat 2048, 0x800)
Failed 8/8 subtests
# using temporary program file '/tmp/GY_lJ6umMF' to test functionality
Can't locate App/Rad/Parser.pm in @INC (@INC contains: /Volumes/Media/smoke/thr/conf/perl-5.12.2/.cpanplus/5.12.2/build/App-Rad-1.05_01/blib/lib /Volumes/Media/smoke/thr/conf/perl-5.12.2/.cpanplus/5.12.2/build/App-Rad-1.05_01/blib/arch /Volumes/Media/smoke/thr/conf/perl-5.12.2/.cpanplus/5.12.2/build/App-Rad-1.05_01/blib/lib /Volumes/Media/smoke/thr/conf/perl-5.12.2/.cpanplus/5.12.2/build/App-Rad-1.05_01/blib/arch /Volumes/Media/smoke/thr/perl-5.12.2/lib/site_perl/5.12.2/darwin-thread-multi-2level /Volumes/Media/smoke/thr/perl-5.12.2/lib/site_perl/5.12.2 /Volumes/Media/smoke/thr/perl-5.12.2/lib/5.12.2/darwin-thread-multi-2level /Volumes/Media/smoke/thr/perl-5.12.2/lib/5.12.2 .) at /Volumes/Media/smoke/thr/conf/perl-5.12.2/.cpanplus/5.12.2/build/App-Rad-1.05_01/blib/lib/App/Rad.pm line 3.
BEGIN failed--compilation aborted at /Volumes/Media/smoke/thr/conf/perl-5.12.2/.cpanplus/5.12.2/build/App-Rad-1.05_01/blib/lib/App/Rad.pm line 3.
Compilation failed in require at /tmp/GY_lJ6umMF line 1.
BEGIN failed--compilation aborted at /tmp/GY_lJ6umMF line 1.
# Failed test at t/18-help_by_attribute.t line 43.
# got: ''
# expected: 'Usage: /tmp/GY_lJ6umMF command [arguments]
#
# Available Commands:
# bar help for bar
# baz yet another help
# foo help for foo
# help show syntax and available commands
# singleword single
#
# '
# Looks like you failed 1 test of 1.
t/18-help_by_attribute.t ......
Dubious, test returned 1 (wstat 256, 0x100)
Failed 1/1 subtests
Can't locate App/Rad/Parser.pm in @INC (@INC contains: /Volumes/Media/smoke/thr/conf/perl-5.12.2/.cpanplus/5.12.2/build/App-Rad-1.05_01/t/lib /Volumes/Media/smoke/thr/conf/perl-5.12.2/.cpanplus/5.12.2/build/App-Rad-1.05_01/blib/lib /Volumes/Media/smoke/thr/conf/perl-5.12.2/.cpanplus/5.12.2/build/App-Rad-1.05_01/blib/arch /Volumes/Media/smoke/thr/perl-5.12.2/lib/site_perl/5.12.2/darwin-thread-multi-2level /Volumes/Media/smoke/thr/perl-5.12.2/lib/site_perl/5.12.2 /Volumes/Media/smoke/thr/perl-5.12.2/lib/5.12.2/darwin-thread-multi-2level /Volumes/Media/smoke/thr/perl-5.12.2/lib/5.12.2 .) at /Volumes/Media/smoke/thr/conf/perl-5.12.2/.cpanplus/5.12.2/build/App-Rad-1.05_01/blib/lib/App/Rad.pm line 3.
BEGIN failed--compilation aborted at /Volumes/Media/smoke/thr/conf/perl-5.12.2/.cpanplus/5.12.2/build/App-Rad-1.05_01/blib/lib/App/Rad.pm line 3.
Compilation failed in require at t/19-plugins.t line 5.
BEGIN failed--compilation aborted at t/19-plugins.t line 5.
# Looks like your test exited with 2 before it could output anything.
t/19-plugins.t ................
Dubious, test returned 2 (wstat 512, 0x200)
Failed 4/4 subtests
Can't locate App/Rad/Parser.pm in @INC (@INC contains: /Volumes/Media/smoke/thr/conf/perl-5.12.2/.cpanplus/5.12.2/build/App-Rad-1.05_01/t/lib /Volumes/Media/smoke/thr/conf/perl-5.12.2/.cpanplus/5.12.2/build/App-Rad-1.05_01/blib/lib /Volumes/Media/smoke/thr/conf/perl-5.12.2/.cpanplus/5.12.2/build/App-Rad-1.05_01/blib/arch /Volumes/Media/smoke/thr/perl-5.12.2/lib/site_perl/5.12.2/darwin-thread-multi-2level /Volumes/Media/smoke/thr/perl-5.12.2/lib/site_perl/5.12.2 /Volumes/Media/smoke/thr/perl-5.12.2/lib/5.12.2/darwin-thread-multi-2level /Volumes/Media/smoke/thr/perl-5.12.2/lib/5.12.2 .) at /Volumes/Media/smoke/thr/conf/perl-5.12.2/.cpanplus/5.12.2/build/App-Rad-1.05_01/blib/lib/App/Rad.pm line 3.
BEGIN failed--compilation aborted at /Volumes/Media/smoke/thr/conf/perl-5.12.2/.cpanplus/5.12.2/build/App-Rad-1.05_01/blib/lib/App/Rad.pm line 3.
Compilation failed in require at t/20-plugins2.t line 5.
BEGIN failed--compilation aborted at t/20-plugins2.t line 5.
# Looks like your test exited with 2 before it could output anything.
t/20-plugins2.t ...............
Dubious, test returned 2 (wstat 512, 0x200)
Failed 4/4 subtests
t/21-named_arguments.t ........
Dubious, test returned 2 (wstat 512, 0x200)
No subtests run
Can't locate App/Rad/Tester.pm in @INC (@INC contains: /Volumes/Media/smoke/thr/conf/perl-5.12.2/.cpanplus/5.12.2/build/App-Rad-1.05_01/blib/lib /Volumes/Media/smoke/thr/conf/perl-5.12.2/.cpanplus/5.12.2/build/App-Rad-1.05_01/blib/arch /Volumes/Media/smoke/thr/conf/perl-5.12.2/.cpanplus/5.12.2/build/App-Rad-1.05_01/blib/lib /Volumes/Media/smoke/thr/conf/perl-5.12.2/.cpanplus/5.12.2/build/App-Rad-1.05_01/blib/arch /Volumes/Media/smoke/thr/perl-5.12.2/lib/site_perl/5.12.2/darwin-thread-multi-2level /Volumes/Media/smoke/thr/perl-5.12.2/lib/site_perl/5.12.2 /Volumes/Media/smoke/thr/perl-5.12.2/lib/5.12.2/darwin-thread-multi-2level /Volumes/Media/smoke/thr/perl-5.12.2/lib/5.12.2 .) at t/21-named_arguments.t line 2.
BEGIN failed--compilation aborted at t/21-named_arguments.t line 2.
t/22-command_with_args.t ...... ok
t/pod.t ....................... skipped: Test::Pod 1.22 required for testing POD
Test Summary Report
-------------------
t/00-load.t (Wstat: 256 Tests: 4 Failed: 1)
Failed test: 1
Non-zero exit status: 1
t/01-standard.t (Wstat: 512 Tests: 0 Failed: 0)
Non-zero exit status: 2
Parse errors: Bad plan. You planned 14 tests but ran 0.
t/02-defaultprogram.t (Wstat: 512 Tests: 0 Failed: 0)
Non-zero exit status: 2
Parse errors: Bad plan. You planned 2 tests but ran 0.
t/02.5-default_with_args.t (Wstat: 512 Tests: 2 Failed: 2)
Failed tests: 1-2
Non-zero exit status: 2
t/03-default_override.t (Wstat: 768 Tests: 3 Failed: 3)
Failed tests: 1-3
Non-zero exit status: 3
t/03.5-default_and_invalid.t (Wstat: 1280 Tests: 5 Failed: 5)
Failed tests: 1-5
Non-zero exit status: 5
t/04-help_override.t (Wstat: 512 Tests: 2 Failed: 2)
Failed tests: 1-2
Non-zero exit status: 2
t/05-commands-set.t (Wstat: 512 Tests: 0 Failed: 0)
Non-zero exit status: 2
Parse errors: Bad plan. You planned 3 tests but ran 0.
t/05-commands.t (Wstat: 768 Tests: 3 Failed: 3)
Failed tests: 1-3
Non-zero exit status: 3
t/05.5-commands_with_args.t (Wstat: 768 Tests: 3 Failed: 3)
Failed tests: 1-3
Non-zero exit status: 3
t/06-pre_post_tear.t (Wstat: 768 Tests: 3 Failed: 3)
Failed tests: 1-3
Non-zero exit status: 3
t/07-argv_and_opt.t (Wstat: 512 Tests: 0 Failed: 0)
Non-zero exit status: 2
Parse errors: Bad plan. You planned 36 tests but ran 0.
t/08-getopt_long.t (Wstat: 512 Tests: 0 Failed: 0)
Non-zero exit status: 2
Parse errors: Bad plan. You planned 17 tests but ran 0.
t/09-stash.t (Wstat: 1024 Tests: 4 Failed: 4)
Failed tests: 1-4
Non-zero exit status: 4
t/10-controller_methods.t (Wstat: 6144 Tests: 24 Failed: 24)
Failed tests: 1-24
Non-zero exit status: 24
t/11-config.t (Wstat: 512 Tests: 0 Failed: 0)
Non-zero exit status: 2
Parse errors: Bad plan. You planned 10 tests but ran 0.
t/12-register_commands-alt.t (Wstat: 512 Tests: 0 Failed: 0)
Non-zero exit status: 2
Parse errors: Bad plan. You planned 7 tests but ran 0.
t/12-register_commands.t (Wstat: 1792 Tests: 7 Failed: 7)
Failed tests: 1-7
Non-zero exit status: 7
t/13-register_commands2.t (Wstat: 1280 Tests: 5 Failed: 5)
Failed tests: 1-5
Non-zero exit status: 5
t/14-register_commands3.t (Wstat: 1792 Tests: 7 Failed: 7)
Failed tests: 1-7
Non-zero exit status: 7
t/15-register_commands4.t (Wstat: 1792 Tests: 7 Failed: 7)
Failed tests: 1-7
Non-zero exit status: 7
t/16-register_commands5.t (Wstat: 1792 Tests: 7 Failed: 7)
Failed tests: 1-7
Non-zero exit status: 7
t/17-register_commands6.t (Wstat: 2048 Tests: 8 Failed: 8)
Failed tests: 1-8
Non-zero exit status: 8
t/18-help_by_attribute.t (Wstat: 256 Tests: 1 Failed: 1)
Failed test: 1
Non-zero exit status: 1
t/19-plugins.t (Wstat: 512 Tests: 0 Failed: 0)
Non-zero exit status: 2
Parse errors: Bad plan. You planned 4 tests but ran 0.
t/20-plugins2.t (Wstat: 512 Tests: 0 Failed: 0)
Non-zero exit status: 2
Parse errors: Bad plan. You planned 4 tests but ran 0.
t/21-named_arguments.t (Wstat: 512 Tests: 0 Failed: 0)
Non-zero exit status: 2
Parse errors: No plan found in TAP output
Files=29, Tests=124, 19 wallclock secs ( 0.92 usr 0.56 sys + 10.59 cusr 3.72 csys = 15.79 CPU)
Result: FAIL
Failed 27/29 test programs. 92/124 subtests failed.
make: *** [test_dynamic] Error 255
[MSG] [Sat Sep 11 16:23:05 2010] DEFAULT 'proceed_on_test_failure' HANDLER RETURNING 'sub return value'
MISSING PREREQUISITES:
It was observed that the test suite seem to fail without these modules:
App::Rad::Parser
App::Rad::Tester
As such, adding the prerequisite module(s) to 'PREREQ_PM' in your
Makefile.PL should solve this problem. For example:
WriteMakefile(
AUTHOR => 'GARU (cpanplus-info@lists.sf.net)',
... # other information
PREREQ_PM => {
'App::Rad::Parser' => '0', # or a minimum working version
'App::Rad::Tester' => '0', # or a minimum working version
}
);
Thanks! :-)
PREREQUISITES:
Here is a list of prerequisites you specified and versions we
managed to load:
Module Name Have Want
Attribute::Handlers 0.87 0
B::Deparse 0.97 0
Carp 1.17 0
File::Temp 0.22 0
FindBin 1.50 0
Getopt::Long 2.38 2.36
Test::More 0.96 0
Perl module toolchain versions installed:
Module Name Have
CPANPLUS 0.9007
CPANPLUS::Dist::Build 0.48
Cwd 3.31
ExtUtils::CBuilder 0.2703
ExtUtils::Command 1.16
ExtUtils::Install 1.55
ExtUtils::MakeMaker 6.56
ExtUtils::Manifest 1.58
ExtUtils::ParseXS 2.2206
File::Spec 3.31_01
Module::Build 0.3607
Test::Harness 3.22
Test::More 0.96
version 0.82
******************************** NOTE ********************************
The comments above are created mechanically, possibly without manual
checking by the sender. As there are many people performing automatic
tests on each upload to CPAN, it is likely that you will receive
identical messages about the same problem.
If you believe that the message is mistaken, please reply to the first
one with correction and/or additional informations, and do not take
it personally. We appreciate your patience. :)
**********************************************************************
Additional comments:
This report was machine-generated by CPANPLUS::Dist::YACSmoke 0.58.
Powered by minismokebox version 0.30
------------------------------
ENVIRONMENT AND OTHER CONTEXT
------------------------------
Environment variables:
AUTOMATED_TESTING = 1
PATH = /bin:/sbin:/usr/bin:/usr/sbin:/usr/local/bin:/usr/local/sbin
PERL5LIB = :/Volumes/Media/smoke/thr/conf/perl-5.12.2/.cpanplus/5.12.2/build/App-Rad-1.05_01/blib/lib:/Volumes/Media/smoke/thr/conf/perl-5.12.2/.cpanplus/5.12.2/build/App-Rad-1.05_01/blib/arch
PERL5_CPANPLUS_IS_RUNNING = 15873
PERL5_CPANPLUS_IS_VERSION = 0.9007
PERL5_MINISMOKEBOX = 0.30
PERL5_YACSMOKE_BASE = /Volumes/Media/smoke/thr/conf/perl-5.12.2
PERL_EXTUTILS_AUTOINSTALL = --defaultdeps
PERL_MM_USE_DEFAULT = 1
SHELL = /bin/bash
TERM = screen
Perl special variables (and OS-specific diagnostics, for MSWin32):
Perl: $^X = /Volumes/Media/smoke/thr/perl-5.12.2/bin/perl
UID: $< = 502
EUID: $> = 502
GID: $( = 502 502
EGID: $) = 502 502
-------------------------------
--
Summary of my perl5 (revision 5 version 12 subversion 2) configuration:
Platform:
osname=darwin, osvers=8.11.0, archname=darwin-thread-multi-2level
uname='darwin afalglas.bingosnet.co.uk 8.11.0 darwin kernel version 8.11.0: wed oct 10 18:26:00 pdt 2007; root:xnu-792.24.17~1release_ppc power macintosh powerpc '
config_args='-des -Dprefix=/Volumes/Media/smoke/thr/perl-5.12.2 -Dusethreads'
hint=recommended, useposix=true, d_sigaction=define
useithreads=define, usemultiplicity=define
useperlio=define, d_sfio=undef, uselargefiles=define, usesocks=undef
use64bitint=undef, use64bitall=undef, uselongdouble=undef
usemymalloc=n, bincompat5005=undef
Compiler:
cc='cc', ccflags ='-fno-common -DPERL_DARWIN -no-cpp-precomp -fno-strict-aliasing -pipe -I/usr/local/include',
optimize='-O3',
cppflags='-no-cpp-precomp -fno-common -DPERL_DARWIN -no-cpp-precomp -fno-strict-aliasing -pipe -I/usr/local/include'
ccversion='', gccversion='4.0.1 (Apple Computer, Inc. build 5367)', gccosandvers=''
intsize=4, longsize=4, ptrsize=4, doublesize=8, byteorder=4321
d_longlong=define, longlongsize=8, d_longdbl=define, longdblsize=16
ivtype='long', ivsize=4, nvtype='double', nvsize=8, Off_t='off_t', lseeksize=8
alignbytes=8, prototype=define
Linker and Libraries:
ld='env MACOSX_DEPLOYMENT_TARGET=10.3 cc', ldflags =' -L/usr/local/lib'
libpth=/usr/local/lib /usr/lib
libs=-ldbm -ldl -lm -lc
perllibs=-ldl -lm -lc
libc=/usr/lib/libc.dylib, so=dylib, useshrplib=false, libperl=libperl.a
gnulibc_version=''
Dynamic Linking:
dlsrc=dl_dlopen.xs, dlext=bundle, d_dlsymun=undef, ccdlflags=' '
cccdlflags=' ', lddlflags=' -bundle -undefined dynamic_lookup -L/usr/local/lib'
Characteristics of this binary (from libperl):
Compile-time options: MULTIPLICITY PERL_DONT_CREATE_GVSV
PERL_IMPLICIT_CONTEXT PERL_MALLOC_WRAP USE_ITHREADS
USE_LARGE_FILES USE_PERLIO USE_PERL_ATOF
USE_REENTRANT_API
Built under darwin
Compiled at Sep 8 2010 15:52:55
%ENV:
PERL5LIB=":/Volumes/Media/smoke/thr/conf/perl-5.12.2/.cpanplus/5.12.2/build/App-Rad-1.05_01/blib/lib:/Volumes/Media/smoke/thr/conf/perl-5.12.2/.cpanplus/5.12.2/build/App-Rad-1.05_01/blib/arch"
PERL5_CPANPLUS_IS_RUNNING="15873"
PERL5_CPANPLUS_IS_VERSION="0.9007"
PERL5_MINISMOKEBOX="0.30"
PERL5_YACSMOKE_BASE="/Volumes/Media/smoke/thr/conf/perl-5.12.2"
PERL_EXTUTILS_AUTOINSTALL="--defaultdeps"
PERL_MM_USE_DEFAULT="1"
@INC:
/Volumes/Media/smoke/thr/conf/perl-5.12.2/.cpanplus/5.12.2/build/App-Rad-1.05_01/blib/lib
/Volumes/Media/smoke/thr/conf/perl-5.12.2/.cpanplus/5.12.2/build/App-Rad-1.05_01/blib/arch
/Volumes/Media/smoke/thr/perl-5.12.2/lib/site_perl/5.12.2/darwin-thread-multi-2level
/Volumes/Media/smoke/thr/perl-5.12.2/lib/site_perl/5.12.2
/Volumes/Media/smoke/thr/perl-5.12.2/lib/5.12.2/darwin-thread-multi-2level
/Volumes/Media/smoke/thr/perl-5.12.2/lib/5.12.2
.