StorageDisplay v2.06 Perl 5 v5.30.0 i386-freebsd-thread-multi

Status
Fail
From
Chris Williams (BINGOS)
Dist
StorageDisplay v2.06
Platform
Perl 5 v5.30.0 i386-freebsd-thread-multi
Date
2024-05-27 19:10:29
ID
c8727e28-1c5c-11ef-98b0-b3c3213a625c
This distribution has been tested as part of the CPAN Testers
project, supporting the Perl programming language.  See
http://wiki.cpantesters.org/ for more information or email
questions to cpan-testers-discuss@perl.org


--

Dear VDANJEAN,

This is a computer-generated error report created automatically by
CPANPLUS, version 0.9914. Testers personal comments may appear
at the end of this report.


Thank you for uploading your work to CPAN.  However, it appears that
there were some problems testing your distribution.

TEST RESULTS:

Below is the error stack from stage 'make test':

PERL_DL_NONLAZY=1 "/usr/home/cpan/pit/thr/perl-5.30.0/bin/perl" "-MExtUtils::Command::MM" "-MTest::Harness" "-e" "undef *Test::Harness::Switches; test_harness(0, 'blib/lib', 'blib/arch')" t/*.t
# Testing with Perl 5.030000, /usr/home/cpan/pit/thr/perl-5.30.0/bin/perl
#     Carp version is 1.50
#     Data::Compare version is 1.29
#     Data::Dumper version is 2.174
#     ExtUtils::MakeMaker version is 7.70
#     Getopt::Long version is 2.5
#     IO::Select version is 1.40
#     JSON::PP version is 4.02
#     Math::BigFloat version is 1.999816
#     Math::BigInt version is 1.999816
#     Moose version is 2.2207
#     MooseX::NonMoose version is 0.26
#     MooseX::Role::Parameterized version is 1.11
#     Net::OpenSSH version is 0.84
#     Object::ID version is v0.1.2
#     POSIX version is 1.88
#     Path::Class version is 0.37
#     Path::Class::Dir version is 0.37
#     Pod::Usage version is 1.69
#     Scalar::Util version is 1.63
#     Storable version is 3.25
#     Term::ReadKey version is 2.38
#     Test2::V0 version is 0.000162
#     Test::File::Contents version is 0.242
#     Test::More version is 1.302198
#     Test::Script version is 1.29
#     Types::Standard version is 2.004000
#     base version is 2.27
#     bignum version is 0.51
#     bigrat version is 0.51
#     namespace::sweep version is 0.006
#     parent version is 0.237
#     strict version is 1.11
#     utf8 version is 1.22
#     warnings version is 1.44
t/000-report-versions.t .. ok
t/05_round.t ............. ok
t/06_int-data-dumper.t ... ok
# JSON::PP: boolean_values support: 1
# JSON::PP: allow_bignum support: 1
# JSON::PP has boolean_values: 1
t/07_json.t .............. ok
# $VAR1 = {
#           's1' => {
#                     'bf' => bless( {
#                                      '_e' => bless( [
#                                                       0
#                                                     ], 'Math::BigInt::Calc' ),
#                                      '_es' => '+',
#                                      '_m' => bless( [
#                                                       '401'
#                                                     ], 'Math::BigInt::Calc' ),
#                                      'sign' => '+'
#                                    }, 'Math::BigFloat' ),
#                     'bf2bf' => bless( {
#                                         '_e' => bless( [
#                                                          0
#                                                        ], 'Math::BigInt::Calc' ),
#                                         '_es' => '+',
#                                         '_m' => bless( [
#                                                          '431'
#                                                        ], 'Math::BigInt::Calc' ),
#                                         'sign' => '+'
#                                       }, 'Math::BigFloat' ),
#                     'bf2i' => bless( {
#                                        '_e' => bless( [
#                                                         0
#                                                       ], 'Math::BigInt::Calc' ),
#                                        '_es' => '+',
#                                        '_m' => bless( [
#                                                         '411'
#                                                       ], 'Math::BigInt::Calc' ),
#                                        'sign' => '+'
#                                      }, 'Math::BigFloat' ),
#                     'bf2s' => bless( {
#                                        '_e' => bless( [
#                                                         0
#                                                       ], 'Math::BigInt::Calc' ),
#                                        '_es' => '+',
#                                        '_m' => bless( [
#                                                         '421'
#                                                       ], 'Math::BigInt::Calc' ),
#                                        'sign' => '+'
#                                      }, 'Math::BigFloat' ),
#                     'bi' => bless( {
#                                      'sign' => '+',
#                                      'value' => bless( [
#                                                          '301'
#                                                        ], 'Math::BigInt::Calc' )
#                                    }, 'Math::BigInt' ),
#                     'bi2bi' => bless( {
#                                         'sign' => '+',
#                                         'value' => bless( [
#                                                             '331'
#                                                           ], 'Math::BigInt::Calc' )
#                                       }, 'Math::BigInt' ),
#                     'bi2i' => bless( {
#                                        'sign' => '+',
#                                        'value' => bless( [
#                                                            '311'
#                                                          ], 'Math::BigInt::Calc' )
#                                      }, 'Math::BigInt' ),
#                     'bi2s' => bless( {
#                                        'sign' => '+',
#                                        'value' => bless( [
#                                                            '321'
#                                                          ], 'Math::BigInt::Calc' )
#                                      }, 'Math::BigInt' ),
#                     'i' => 101,
#                     'i2i' => 111,
#                     'i2s' => 121,
#                     's' => '201',
#                     's2i' => '211',
#                     's2s' => '221'
#                   },
#           's2' => {
#                     'bf' => bless( {
#                                      '_e' => bless( [
#                                                       0
#                                                     ], 'Math::BigInt::Calc' ),
#                                      '_es' => '+',
#                                      '_m' => bless( [
#                                                       '401'
#                                                     ], 'Math::BigInt::Calc' ),
#                                      'sign' => '+'
#                                    }, 'Math::BigFloat' ),
#                     'bf2bf' => bless( {
#                                         '_e' => bless( [
#                                                          0
#                                                        ], 'Math::BigInt::Calc' ),
#                                         '_es' => '+',
#                                         '_m' => bless( [
#                                                          '431'
#                                                        ], 'Math::BigInt::Calc' ),
#                                         'sign' => '+'
#                                       }, 'Math::BigFloat' ),
#                     'bf2i' => 411,
#                     'bf2s' => '421',
#                     'bi' => bless( {
#                                      'sign' => '+',
#                                      'value' => bless( [
#                                                          '301'
#                                                        ], 'Math::BigInt::Calc' )
#                                    }, 'Math::BigInt' ),
#                     'bi2bi' => bless( {
#                                         'sign' => '+',
#                                         'value' => bless( [
#                                                             '331'
#                                                           ], 'Math::BigInt::Calc' )
#                                       }, 'Math::BigInt' ),
#                     'bi2i' => 311,
#                     'bi2s' => '321',
#                     'i' => 101,
#                     'i2i' => 111,
#                     'i2s' => '121',
#                     's' => '201',
#                     's2i' => 211,
#                     's2s' => '221'
#                   }
#         };
t/08_bigint.t ............ ok
t/10_scripts.t ........... ok
    # Failed test 'data for ge91097 are the same as the reference'
    # at t/20_reference.t line 73.
    # +--------------------+--------------------+----+--------------------+
    # | PATH               | GOT                | OP | CHECK              |
    # +--------------------+--------------------+----+--------------------+
    # | {fs}{flatfull}{401 | Math::BigInt=HASH( | eq | 2040109465600000   |
    # | }{size}            | 0x2228af90)        |    |                    |
    # |                    |                    |    |                    |
    # | {fs}{flatfull}{401 | Math::BigInt=HASH( | eq | 1418295514234880   |
    # | }{used}            | 0x222547c0)        |    |                    |
    # +--------------------+--------------------+----+--------------------+
    #   Failed test 'data/ge91097.ref.data and data/ge91097.data contents are the same'
    #   at t/20_reference.t line 73.
    # --- data/ge91097.ref.data	Thu May 23 13:56:56 2024
    # +++ data/ge91097.data	Thu May 23 17:22:04 2024
    # @@ -71,7 +71,7 @@
    #                                                               'mountpoint' => '/',
    #                                                               'name' => '/srv/kvm/recovery-nas-cyto.img',
    #                                                               'permission' => '0600',
    # -                                                             'size' => 5368709120,
    # +                                                             'size' => '5368709120',
    #                                                               'st_dev' => 64769,
    #                                                               'st_rdev' => '?',
    #                                                               'st_special' => '0:0'
    # @@ -184,7 +184,7 @@
    #                                                'vfs-options' => 'rw,nosuid,noexec,relatime'
    #                                              },
    #                                      '25' => {
    # -                                              'avail' => 6740197376,
    # +                                              'avail' => '6740197376',
    #                                                'freq' => undef,
    #                                                'fs-options' => 'rw,size=6588492k,mode=755,inode64',
    #                                                'fsroot' => '/',
    # @@ -198,7 +198,7 @@
    #                                                'partuuid' => undef,
    #                                                'passno' => undef,
    #                                                'propagation' => 'shared',
    # -                                              'size' => 6746615808,
    # +                                              'size' => '6746615808',
    #                                                'source' => 'tmpfs',
    #                                                'target' => '/run',
    #                                                'tid' => 2299514,
    # @@ -208,7 +208,7 @@
    #                                                'vfs-options' => 'rw,nosuid,nodev,noexec,relatime'
    #                                              },
    #                                      '27' => {
    # -                                              'avail' => 6194008064,
    # +                                              'avail' => '6194008064',
    #                                                'freq' => undef,
    #                                                'fs-options' => 'rw,nodelalloc,errors=remount-ro',
    #                                                'fsroot' => '/',
    # @@ -592,7 +592,7 @@
    #                                                'vfs-options' => 'rw,nosuid,nodev,noexec,relatime'
    #                                              },
    #                                      '387' => {
    # -                                               'avail' => 6746611712,
    # +                                               'avail' => '6746611712',
    #                                                 'freq' => undef,
    #                                                 'fs-options' => 'rw,size=6588488k,nr_inodes=1647122,mode=700,uid=5000,gid=5000,inode64',
    #                                                 'fsroot' => '/',
    # @@ -606,7 +606,7 @@
    #                                                 'partuuid' => undef,
    #                                                 'passno' => undef,
    #                                                 'propagation' => 'shared',
    # -                                               'size' => 6746611712,
    # +                                               'size' => '6746611712',
    #                                                 'source' => 'tmpfs',
    #                                                 'target' => '/run/user/5000',
    #                                                 'tid' => 2299514,
    # @@ -678,12 +678,26 @@
    #                                                 'partuuid' => undef,
    #                                                 'passno' => undef,
    #                                                 'propagation' => 'shared',
    # -                                               'size' => '2040109465600000',
    # +                                               'size' => bless( {
    # +                                                                  'sign' => '+',
    # +                                                                  'value' => bless( [
    # +                                                                                      5600000,
    # +                                                                                      4010946,
    # +                                                                                      20
    # +                                                                                    ], 'Math::BigInt::Calc' )
    # +                                                                }, 'Math::BigInt' ),
    #                                                 'source' => 'ngs-stockage.example.com:/',
    #                                                 'target' => '/srv/net/ngs-stockage.example.com',
    #                                                 'tid' => 2299514,
    #                                                 'use%' => '70%',
    # -                                               'used' => '1418295514234880',
    # +                                               'used' => bless( {
    # +                                                                  'sign' => '+',
    # +                                                                  'value' => bless( [
    # +                                                                                      4234880,
    # +                                                                                      1829551,
    # +                                                                                      14
    # +                                                                                    ], 'Math::BigInt::Calc' )
    # +                                                                }, 'Math::BigInt' ),
    #                                                 'uuid' => undef,
    #                                                 'vfs-options' => 'rw,relatime'
    #                                               },
    # Failed test 'storage2dot generates data/ge91097.dot'
    # at t/20_reference.t line 77.
    # 2 - I: Removing partitions of virtual machines disks
    # I:   Removing /dev/vgdata/kvm-ge91097-vm1-disk1 (in VM ge91097-vm1)
    # I:   Removing /dev/vgdata/kvm-ngs-bdd-disk1 (in VM ngs-bdd)
    # I:   Removing /dev/vgdata/kvm-ge91097-vm0-disk1 (in VM ge91097-vm0)
    # I: Creating partition tables
    # I:   Partition table on /dev/sda
    # I:   Partition table on /dev/sdb
    # I:   Partition table on /dev/sdc
    # I:   Partition table on /dev/sdd
    # I: Creating LVM volume groups
    # I:   VG vgdata
    # I: Creating LUKS devices
    # I: Creating MD devices
    # I:   MD Raid for device md127
    # I: Creating Megacli controllers
    # I: Creating SAS LSI controllers
    # I:   LSI Raid controller (SAS2Ircu) 0
    # I: Creating FS
    # I:   SWAP
    # I:   /
    # I:   /sys
    # I:   /sys/kernel/security
    # I:   /sys/fs/selinux
    # I:   /sys/fs/cgroup
    # I:   /sys/fs/pstore
    # I:   /sys/firmware/efi/efivars
    # I:   /sys/fs/bpf
    # I:   /sys/kernel/debug
    # I:   /sys/kernel/debug/tracing
    # I:   /sys/kernel/tracing
    # I:   /sys/kernel/config
    # I:   /sys/fs/fuse/connections
    # I:   /proc
    # I:   /proc/sys/fs/binfmt_misc
    # I:   /proc/sys/fs/binfmt_misc
    # I:   /proc/fs/nfsd
    # I:   /dev
    # I:   /dev/pts
    # I:   /dev/shm
    # I:   /dev/hugepages
    # I:   /dev/mqueue
    # I:   /run
    # I:   /run/lock
    # I:   /run/rpc_pipefs
    # I:   /run/user/5000
    # I:   /boot
    # I:   /boot/efi
    # I:   /srv/cifs
    # I:   /srv/net
    # I:   /srv/net/ngs-stockage.example.com
    # Attribute (used) does not pass the type constraint because: Validation failed for 'Int' with value Math::BigInt=HASH(0x22d882f0) at /usr/home/cpan/pit/jail/t0OrlzFWv5/lib/perl5/i386-freebsd-thread-multi/Moose/Object.pm line 24
    # 	Moose::Object::new('StorageDisplay::Data::FS::MP::FS', 'StorageDisplay=HASH(0x21a6fe20)', 'HASH(0x22d88330)') called at /usr/home/cpan/pit/thr/conf/perl-5.30.0/.cpanplus/5.30.0/build/SzCx7epM_j/StorageDisplay-2.06/blib/lib/StorageDisplay/Data/Elem.pm line 197
    # 	StorageDisplay::Data::Elem::newElem('StorageDisplay::Data::FS=HASH(0x22d31a90)', 'FS::MP::FS', 'StorageDisplay=HASH(0x21a6fe20)', 'HASH(0x22d88330)') called at /usr/home/cpan/pit/thr/conf/perl-5.30.0/.cpanplus/5.30.0/build/SzCx7epM_j/StorageDisplay-2.06/blib/lib/StorageDisplay/Data/FS.pm line 125
    # 	StorageDisplay::Data::FS::createFS('StorageDisplay::Data::FS=HASH(0x22d31a90)', 'StorageDisplay=HASH(0x21a6fe20)', 'HASH(0x22d88f30)', 401) called at /usr/home/cpan/pit/thr/conf/perl-5.30.0/.cpanplus/5.30.0/build/SzCx7epM_j/StorageDisplay-2.06/blib/lib/StorageDisplay/Data/FS.pm line 135
    # 	StorageDisplay::Data::FS::createFS('StorageDisplay::Data::FS=HASH(0x22d31a90)', 'StorageDisplay=HASH(0x21a6fe20)', 'HASH(0x22d88f30)', 365) called at /usr/home/cpan/pit/thr/conf/perl-5.30.0/.cpanplus/5.30.0/build/SzCx7epM_j/StorageDisplay-2.06/blib/lib/StorageDisplay/Data/FS.pm line 135
    # 	StorageDisplay::Data::FS::createFS('StorageDisplay::Data::FS=HASH(0x22d31a90)', 'StorageDisplay=HASH(0x21a6fe20)', 'HASH(0x22d88f30)', 27) called at /usr/home/cpan/pit/thr/conf/perl-5.30.0/.cpanplus/5.30.0/build/SzCx7epM_j/StorageDisplay-2.06/blib/lib/StorageDisplay/Data/FS.pm line 114
    # 	StorageDisplay::Data::FS::BUILD('StorageDisplay::Data::FS=HASH(0x22d31a90)', 'HASH(0x22d31e50)') called at /usr/home/cpan/pit/jail/t0OrlzFWv5/lib/perl5/i386-freebsd-thread-multi/Class/MOP/Method.pm line 128
    # 	Class::MOP::Method::execute('Moose::Meta::Method=HASH(0x22b3a800)', 'StorageDisplay::Data::FS=HASH(0x22d31a90)', 'HASH(0x22d31e50)') called at /usr/home/cpan/pit/jail/t0OrlzFWv5/lib/perl5/i386-freebsd-thread-multi/Moose/Object.pm line 54
    # 	Moose::Object::BUILDALL('StorageDisplay::Data::FS=HASH(0x22d31a90)', 'HASH(0x22d31e50)') called at /usr/home/cpan/pit/jail/t0OrlzFWv5/lib/perl5/i386-freebsd-thread-multi/Moose/Meta/Class.pm line 279
    # 	Moose::Meta::Class::new_object('Moose::Meta::Class=HASH(0x22977d90)', 'HASH(0x22d31e50)') called at /usr/home/cpan/pit/jail/t0OrlzFWv5/lib/perl5/i386-freebsd-thread-multi/Moose/Object.pm line 24
    # 	Moose::Object::new('StorageDisplay::Data::FS', 'StorageDisplay=HASH(0x21a6fe20)') called at /usr/home/cpan/pit/thr/conf/perl-5.30.0/.cpanplus/5.30.0/build/SzCx7epM_j/StorageDisplay-2.06/blib/lib/StorageDisplay/Data/Elem.pm line 197
    # 	StorageDisplay::Data::Elem::newElem('StorageDisplay::Data::Root=HASH(0x22cc0900)', 'FS', 'StorageDisplay=HASH(0x21a6fe20)') called at /usr/home/cpan/pit/thr/conf/perl-5.30.0/.cpanplus/5.30.0/build/SzCx7epM_j/StorageDisplay-2.06/blib/lib/StorageDisplay/Data/Elem.pm line 203
    # 	StorageDisplay::Data::Elem::newChild('StorageDisplay::Data::Root=HASH(0x22cc0900)', 'FS', 'StorageDisplay=HASH(0x21a6fe20)') called at /usr/home/cpan/pit/thr/conf/perl-5.30.0/.cpanplus/5.30.0/build/SzCx7epM_j/StorageDisplay-2.06/blib/lib/StorageDisplay.pm line 494
    # 	StorageDisplay::createFSs('StorageDisplay=HASH(0x21a6fe20)', 'StorageDisplay::Data::Root=HASH(0x22cc0900)') called at /usr/home/cpan/pit/thr/conf/perl-5.30.0/.cpanplus/5.30.0/build/SzCx7epM_j/StorageDisplay-2.06/blib/lib/StorageDisplay.pm line 306
    # 	StorageDisplay::createElems('StorageDisplay=HASH(0x21a6fe20)') called at bin/storage2dot line 266
    # 	main::main at bin/storage2dot line 270
    #   Failed test 'data/ge91097.ref.dot and data/ge91097.dot contents are the same'
    #   at t/20_reference.t line 82.
    # --- data/ge91097.ref.dot	Thu May 23 13:56:56 2024
    # +++ data/ge91097.dot	Thu May 23 17:22:06 2024
    # @@ -1,509 +0,0 @@
    # -digraph "ge91097-dom0"{ // HEADER: MACHINE
    # -	rankdir=LR; // HEADER: MACHINE
    # -	subgraph "cluster_machine@ge91097-dom0" {
    # -		style=filled;
    # -		color=lightgrey;
    # -		fillcolor=white;
    # -		node [style=filled,color=white,fillcolor=white,shape=rectangle];
    # -			{ "machine@ge91097-dom0|Partition::GPT@sda" [
    # -				label=<<TABLE BORDER="0" CELLPADDING="0" CELLSPACING="0">
    # -						<TR> <TD COLSPAN="2">ATA Samsung SSD 860</TD> </TR><TR><TD >/dev/sda<BR/>Model: Samsung_SSD_860_PRO_512GB<BR/>Serial: S42YNX0N512697B<BR/>Label: gpt<BR/>Size: 477 GiB</TD>    <TD BGCOLOR="lightgrey">
    # -						<TABLE >
    # -							<TR>
    # -								<TD bgcolor="green">
    # -								Free<BR/>Size: 1007 kiB
    # -								</TD>
    # -							</TR>
    # -							<TR>
    # -								<TD PORT="2" BGCOLOR="yellow">
    # -								/dev/sda2<BR/>EFI<BR/>Size: 300 MiB
    # -								</TD>
    # -							</TR>
    # -							<TR>
    # -								<TD PORT="3" BGCOLOR="yellow">
    # -								/dev/sda3<BR/>BOOTFS<BR/>Size: 500 MiB
    # -								</TD>
    # -							</TR>
    # -							<TR>
    # -								<TD bgcolor="green">
    # -								Free<BR/>Size: 223 MiB
    # -								</TD>
    # -							</TR>
    # -							<TR>
    # -								<TD PORT="1" BGCOLOR="yellow">
    # -								/dev/sda1<BR/>raid1A1<BR/>Size: 475 GiB
    # -								</TD>
    # -							</TR>
    # -							<TR>
    # -								<TD bgcolor="green">
    # -								Free<BR/>Size: 962 MiB
    # -								</TD>
    # -							</TR>
    # -						</TABLE>
    # -						</TD> </TR><TR> <TD COLSPAN="2"> </TD> </TR>
    # -					</TABLE>
    # -				>;
    # -				// Style node
    # -				color=white;
    # -				fillcolor=lightgrey;
    # -				shape="rectangle";
    # -				style=striped;
    # -				fillcolor="green;0.000002:pink;0.000614:pink;0.001024:green;0.000457:pink;0.995933:green;0.001970";
    # -			]; }
    # -			{ "machine@ge91097-dom0|Partition::GPT@sdb" [
    # -				label=<<TABLE BORDER="0" CELLPADDING="0" CELLSPACING="0">
    # -						<TR> <TD COLSPAN="2">SEAGATE ST33000650SS</TD> </TR><TR><TD >/dev/sdb<BR/>Model: ST33000650SS<BR/>Serial: Z293EBGJ<BR/>Label: gpt<BR/>Size: 2.73 TiB</TD>    <TD BGCOLOR="lightgrey">
    # -						<TABLE >
    # -							<TR>
    # -								<TD bgcolor="green">
    # -								Free<BR/>Size: 2.73 TiB
    # -								</TD>
    # -							</TR>
    # -						</TABLE>
    # -						</TD> </TR><TR> <TD COLSPAN="2"> </TD> </TR>
    # -					</TABLE>
    # -				>;
    # -				// Style node
    # -				color=white;
    # -				fillcolor=lightgrey;
    # -				shape="rectangle";
    # -				style=striped;
    # -				fillcolor="green;1.000000";
    # -			]; }
    # -			{ "machine@ge91097-dom0|Partition::GPT@sdc" [
    # -				label=<<TABLE BORDER="0" CELLPADDING="0" CELLSPACING="0">
    # -						<TR> <TD COLSPAN="2">SEAGATE ST33000650SS</TD> </TR><TR><TD >/dev/sdc<BR/>Model: ST33000650SS<BR/>Serial: Z2933SXF<BR/>Label: gpt<BR/>Size: 2.73 TiB</TD>    <TD BGCOLOR="lightgrey">
    # -						<TABLE >
    # -							<TR>
    # -								<TD bgcolor="green">
    # -								Free<BR/>Size: 2.73 TiB
    # -								</TD>
    # -							</TR>
    # -						</TABLE>
    # -						</TD> </TR><TR> <TD COLSPAN="2"> </TD> </TR>
    # -					</TABLE>
    # -				>;
    # -				// Style node
    # -				color=white;
    # -				fillcolor=lightgrey;
    # -				shape="rectangle";
    # -				style=striped;
    # -				fillcolor="green;1.000000";
    # -			]; }
    # -			{ "machine@ge91097-dom0|Partition::GPT@sdd" [
    # -				label=<<TABLE BORDER="0" CELLPADDING="0" CELLSPACING="0">
    # -						<TR> <TD COLSPAN="2">LSI Logical Volume</TD> </TR><TR><TD >/dev/sdd<BR/>Model: Logical_Volume<BR/>Serial: 2260419868161724514<BR/>Label: gpt<BR/>Size: 3.64 TiB</TD>    <TD BGCOLOR="lightgrey">
    # -						<TABLE >
    # -							<TR>
    # -								<TD bgcolor="green">
    # -								Free<BR/>Size: 1024 MiB
    # -								</TD>
    # -							</TR>
    # -							<TR>
    # -								<TD PORT="1" BGCOLOR="yellow">
    # -								/dev/sdd1<BR/>raid1A2<BR/>Size: 476 GiB
    # -								</TD>
    # -							</TR>
    # -							<TR>
    # -								<TD PORT="2" BGCOLOR="yellow">
    # -								/dev/sdd2<BR/>PV1<BR/>Size: 3.17 TiB
    # -								</TD>
    # -							</TR>
    # -							<TR>
    # -								<TD bgcolor="green">
    # -								Free<BR/>Size: 297 MiB
    # -								</TD>
    # -							</TR>
    # -						</TABLE>
    # -						</TD> </TR><TR> <TD COLSPAN="2"> </TD> </TR>
    # -					</TABLE>
    # -				>;
    # -				// Style node
    # -				color=white;
    # -				fillcolor=lightgrey;
    # -				shape="rectangle";
    # -				style=striped;
    # -				fillcolor="green;0.000268:pink;0.127775:pink;0.871878:green;0.000078";
    # -			]; }
    # -			subgraph "cluster_machine@ge91097-dom0|LVM::VG@vgdata" {
    # -				style=filled;
    # -				color=lightgrey;
    # -				fillcolor=lightgrey;
    # -				node [style=filled,color=lightgrey,fillcolor=lightgrey,shape=rectangle];
    # -				subgraph "cluster_machine@ge91097-dom0|LVM::VG@vgdata|::PVs" {
    # -					color=white;
    # -					fillcolor=white;
    # -					{ "machine@ge91097-dom0|LVM::VG@vgdata|::PVs|::PV@md127" [
    # -						label="PV: /dev/md/ssd-raid1-A\nSize: 475 GiB\nFree: 313 GiB\nUsed: 162 GiB";
    # -						shape=rectangle;style=striped;fillcolor="pink;0.341145.2:green"
    # -					]; }
    # -					{ "machine@ge91097-dom0|LVM::VG@vgdata|::PVs|::PV@sdd2" [
    # -						label="PV: /dev/sdd2\nSize: 3.17 TiB\nFree: 1.88 TiB\nUsed: 1.29 TiB";
    # -						shape=rectangle;style=striped;fillcolor="pink;0.406404.2:green"
    # -					]; }
    # -					label="vgdata's PVs";
    # -				}
    # -				subgraph "cluster_machine@ge91097-dom0|LVM::VG@vgdata|::LVs" {
    # -					color=white;
    # -					fillcolor=white;
    # -					{ "machine@ge91097-dom0|LVM::VG@vgdata|::LVs|::LV@home" [
    # -						label="LV: home\nSize: 500 GiB";
    # -						fillcolor="yellow"
    # -					]; }
    # -					{ "machine@ge91097-dom0|LVM::VG@vgdata|::LVs|::LV@kvm-ge91097-vm0-disk1" [
    # -						label="LV: kvm-ge91097-vm0-disk1\nSize: 50.0 GiB";
    # -						fillcolor="yellow"
    # -					]; }
    # -					{ "machine@ge91097-dom0|LVM::VG@vgdata|::LVs|::LV@kvm-ge91097-vm1-disk1" [
    # -						label="LV: kvm-ge91097-vm1-disk1\nSize: 50.0 GiB";
    # -						fillcolor="yellow"
    # -					]; }
    # -					{ "machine@ge91097-dom0|LVM::VG@vgdata|::LVs|::LV@kvm-ngs-bdd-disk1" [
    # -						label="LV: kvm-ngs-bdd-disk1\nSize: 50.0 GiB";
    # -						fillcolor="yellow"
    # -					]; }
    # -					{ "machine@ge91097-dom0|LVM::VG@vgdata|::LVs|::LV@root+debian" [
    # -						label="LV: root+debian\nSize: 30.0 GiB";
    # -						fillcolor="yellow"
    # -					]; }
    # -					{ "machine@ge91097-dom0|LVM::VG@vgdata|::LVs|::LV@root+ubuntu" [
    # -						label="LV: root+ubuntu\nSize: 20.0 GiB";
    # -						fillcolor="lightgrey"
    # -					]; }
    # -					{ "machine@ge91097-dom0|LVM::VG@vgdata|::LVs|::LV@scratch" [
    # -						label="LV: scratch\nSize: 500 GiB";
    # -						fillcolor="yellow"
    # -					]; }
    # -					{ "machine@ge91097-dom0|LVM::VG@vgdata|::LVs|::LV@swap" [
    # -						label="LV: swap\nSize: 32.0 GiB";
    # -						fillcolor="yellow"
    # -					]; }
    # -					{ "machine@ge91097-dom0|LVM::VG@vgdata|::LVs|::LV@usr+local" [
    # -						label="LV: usr+local\nSize: 250 GiB";
    # -						fillcolor="yellow"
    # -					]; }
    # -					label="vgdata's LVs";
    # -				}
    # -				label="LVM: vgdata\nSize: 3.64 TiB\nFree: 2.19 TiB";
    # -				style=striped;fillcolor="pink;0.398080.2:green"
    # -			}
    # -			subgraph "cluster_machine@ge91097-dom0|RAID::MD@md127" {
    # -				style=filled;
    # -				color=lightgrey;
    # -				fillcolor=lightgrey;
    # -				node [style=filled,color=white,fillcolor=lightgrey,shape=rectangle];
    # -				subgraph "cluster_machine@ge91097-dom0|RAID::MD@md127|::State" {
    # -					{ "machine@ge91097-dom0|RAID::MD@md127|::State|::RaidDevice@md127" [
    # -						label="/dev/md/ssd-raid1-A\nraid1\nSize: 475 GiB";
    # -						fillcolor="yellow"
    # -					]; }
    # -					label="state: clean ";
    # -					shape=oval
    # -					fillcolor=green
    # -				}
    # -				{ "machine@ge91097-dom0|RAID::MD@md127|::Device@sda1" [
    # -					label="0: /dev/sda1\nactive sync";
    # -					fillcolor=yellow
    # -				]; }
    # -				{ "machine@ge91097-dom0|RAID::MD@md127|::Device@sdd1" [
    # -					label="1: /dev/sdd1\nactive sync writemostly";
    # -					fillcolor=yellow
    # -				]; }
    # -				label="ge91097-dom0:ssd-raid1-A\n475 GiB used per device";
    # -			}
    # -			subgraph "cluster_machine@ge91097-dom0|RAID::LSI::SASIrcu@0" {
    # -				style=filled;
    # -				color=lightgrey;
    # -				fillcolor=lightgrey;
    # -				node [style=filled,color=white,fillcolor=lightgrey,shape=rectangle];
    # -				{ "machine@ge91097-dom0|RAID::LSI::SASIrcu@0|::RawDevice@LSISASIrcu@1:0" [
    # -					label="SEAGATE  ST33000650SS     Z293EBGJ\nenc/slot: 1:0\nReady (RDY)\nSize: 2.73 TiB";
    # -					fillcolor=yellow
    # -				]; }
    # -				{ "machine@ge91097-dom0|RAID::LSI::SASIrcu@0|::RawDevice@LSISASIrcu@1:1" [
    # -					label="ATA      WDC WD4003FRYZ-0 VBGGDRBF\n0: enc/slot: 1:1\nOptimal (OPT)\nSize: 3.64 TiB";
    # -					fillcolor=yellow
    # -				]; }
    # -				{ "machine@ge91097-dom0|RAID::LSI::SASIrcu@0|::RawDevice@LSISASIrcu@1:2" [
    # -					label="ATA      WDC WD4003FRYZ-0 VBGGSM2F\n1: enc/slot: 1:2\nOptimal (OPT)\nSize: 3.64 TiB";
    # -					fillcolor=yellow
    # -				]; }
    # -				{ "machine@ge91097-dom0|RAID::LSI::SASIrcu@0|::RawDevice@LSISASIrcu@1:3" [
    # -					label="SEAGATE  ST33000650SS     Z2933SXF\nenc/slot: 1:3\nReady (RDY)\nSize: 2.73 TiB";
    # -					fillcolor=yellow
    # -				]; }
    # -				subgraph "cluster_machine@ge91097-dom0|RAID::LSI::SASIrcu@0|::State@sdd" {
    # -					{ "machine@ge91097-dom0|RAID::LSI::SASIrcu@0|::State@sdd|::RaidDevice@1" [
    # -						label="/dev/sdd\nRAID1\nSize: 3.64 TiB";
    # -						fillcolor="yellow"
    # -					]; }
    # -					label="state: Okay (OKY)";
    # -					shape=oval
    # -					fillcolor=green
    # -				}
    # -				label="SAS2308_1";
    # -			}
    # -			subgraph "cluster_machine@ge91097-dom0|FS" {
    # -				style=filled;
    # -				color=lightgrey;
    # -				fillcolor=lightgrey;
    # -				node [style=filled,color=white,fillcolor=lightgrey,shape=rectangle];
    # -				subgraph "cluster_machine@ge91097-dom0|FS|::SWAP@@FS@SWAP" {
    # -					style=filled;
    # -					color=white
    # -					fillcolor=lightgrey;
    # -					node [style=filled,color=white,fillcolor=lightgrey,shape=rectangle];
    # -					label="SWAP\nSize: 0 B";
    # -					shape=rectangle;style=striped;fillcolor="yellow"
    # -				}
    # -				subgraph "cluster_machine@ge91097-dom0|FS|::MP@27@/" {
    # -					style=filled;
    # -					color=lightgrey;
    # -					fillcolor=lightgrey;
    # -					node [style=filled,color=white,fillcolor=lightgrey,shape=rectangle];
    # -					{ "machine@ge91097-dom0|FS|::MP@27@/|::FS@FS@27@/" [
    # -						label="/\nDevice: /dev/vgdata/root+debian\next4\nSize: 29.4 GiB\nFree: 5.77 GiB\nUsed: 22.2 GiB";
    # -						shape=rectangle;style=striped;fillcolor="pink;0.754636.2:green;0.196469.2:orange"
    # -					]; }
    # -					subgraph "cluster_machine@ge91097-dom0|FS|::MP@27@/|::C@27@/" {
    # -						color=white;
    # -						fillcolor=white;
    # -						subgraph "cluster_machine@ge91097-dom0|FS|::MP@27@/|::C@27@/|FS::MP@95@/boot" {
    # -							style=filled;
    # -							color=lightgrey;
    # -							fillcolor=lightgrey;
    # -							node [style=filled,color=white,fillcolor=lightgrey,shape=rectangle];
    # -							{ "machine@ge91097-dom0|FS|::MP@27@/|::C@27@/|FS::MP@95@/boot|::FS@FS@95@/boot" [
    # -								label="/boot\nDevice: /dev/sda3\next4\nSize: 474 MiB\nFree: 235 MiB\nUsed: 209 MiB";
    # -								shape=rectangle;style=striped;fillcolor="pink;0.442009.2:green;0.496804.2:orange"
    # -							]; }
    # -							subgraph "cluster_machine@ge91097-dom0|FS|::MP@27@/|::C@27@/|FS::MP@95@/boot|::C@95@/boot" {
    # -								color=white;
    # -								fillcolor=white;
    # -								{ "machine@ge91097-dom0|FS|::MP@27@/|::C@27@/|FS::MP@95@/boot|::C@95@/boot|FS::MP::FS@FS@98@/boot/efi" [
    # -									label="/boot/efi\nDevice: /dev/sda2\nvfat\nSize: 300 MiB\nFree: 294 MiB\nUsed: 5.79 MiB";
    # -									shape=rectangle;style=striped;fillcolor="pink;0.019308.2:green"
    # -								]; }
    # -								label="";
    # -							}
    # -							label="";
    # -						}
    # -						label="";
    # -					}
    # -					label="";
    # -				}
    # -				label="Mounted FS and swap";
    # -			}
    # -			subgraph "cluster_machine@ge91097-dom0|Libvirt" {
    # -				style=filled;
    # -				color=lightgrey;
    # -				fillcolor=lightgrey;
    # -				node [style=filled,color=white,fillcolor=lightgrey,shape=rectangle];
    # -				subgraph "cluster_machine@ge91097-dom0|Libvirt|::VM@recovery-nas-cyto" {
    # -					color=white;
    # -					fillcolor=white;
    # -					{ "machine@ge91097-dom0|Libvirt|::VM@recovery-nas-cyto|::Block@sda" [
    # -						label="/srv/kvm/recovery-nas-cyto.img\n(sda)\nSize: 5.00 GiB";
    # -					]; }
    # -					{ "machine@ge91097-dom0|Libvirt|::VM@recovery-nas-cyto|::Block@sdh" [
    # -						label="/srv/nfs/isilon/Archives_NGS/Test_Archivage/nas-cyto/raw/sda.raw\n(sdh)";
    # -						fillcolor=red
    # -					]; }
    # -					{ "machine@ge91097-dom0|Libvirt|::VM@recovery-nas-cyto|::Block@sdi" [
    # -						label="/srv/nfs/isilon/Archives_NGS/Test_Archivage/nas-cyto/raw/sdb.img\n(sdi)";
    # -						fillcolor=red
    # -					]; }
    # -					label="recovery-nas-cyto";
    # -				}
    # -				subgraph "cluster_machine@ge91097-dom0|Libvirt|::VM@ngs-bdd" {
    # -					color=white;
    # -					fillcolor=white;
    # -					{ "machine@ge91097-dom0|Libvirt|::VM@ngs-bdd|::Block@sda" [
    # -						label="/dev/vgdata/kvm-ngs-bdd-disk1\n(sda)\nSize: 50.0 GiB";
    # -					]; }
    # -					label="ngs-bdd";
    # -				}
    # -				subgraph "cluster_machine@ge91097-dom0|Libvirt|::VM@ge91097-vm1" {
    # -					color=white;
    # -					fillcolor=white;
    # -					{ "machine@ge91097-dom0|Libvirt|::VM@ge91097-vm1|::Block@sdc" [
    # -						label="/dev/vgdata/home\n(sdc)\nSize: 500 GiB";
    # -					]; }
    # -					{ "machine@ge91097-dom0|Libvirt|::VM@ge91097-vm1|::Block@sdb" [
    # -						label="/dev/vgdata/kvm-ge91097-vm1-disk1\n(sdb)\nSize: 50.0 GiB";
    # -					]; }
    # -					{ "machine@ge91097-dom0|Libvirt|::VM@ge91097-vm1|::Block@sde" [
    # -						label="/dev/vgdata/scratch\n(sde)\nSize: 500 GiB";
    # -					]; }
    # -					{ "machine@ge91097-dom0|Libvirt|::VM@ge91097-vm1|::Block@sdf" [
    # -						label="/dev/vgdata/swap\n(sdf)\nSize: 32.0 GiB";
    # -					]; }
    # -					{ "machine@ge91097-dom0|Libvirt|::VM@ge91097-vm1|::Block@sdd" [
    # -						label="/dev/vgdata/usr+local\n(sdd)\nSize: 250 GiB";
    # -					]; }
    # -					label="ge91097-vm1";
    # -					fillcolor=yellow
    # -				}
    # -				subgraph "cluster_machine@ge91097-dom0|Libvirt|::VM@ge91097-vm0" {
    # -					color=white;
    # -					fillcolor=white;
    # -					{ "machine@ge91097-dom0|Libvirt|::VM@ge91097-vm0|::Block@vda" [
    # -						label="/dev/vgdata/kvm-ge91097-vm0-disk1\n(vda)\nSize: 50.0 GiB";
    # -					]; }
    # -					label="ge91097-vm0";
    # -					fillcolor=yellow
    # -				}
    # -				label="Libvirt Virtual Machines";
    # -			}
    # -			// Links from LVM VG: LVM::VG@vgdata
    # -			"machine@ge91097-dom0|LVM::VG@vgdata|::PVs|::PV@sdd2" -> "machine@ge91097-dom0|LVM::VG@vgdata|::LVs|::LV@home"
    # -			"machine@ge91097-dom0|LVM::VG@vgdata|::PVs|::PV@md127" -> "machine@ge91097-dom0|LVM::VG@vgdata|::LVs|::LV@kvm-ge91097-vm0-disk1"
    # -			"machine@ge91097-dom0|LVM::VG@vgdata|::PVs|::PV@md127" -> "machine@ge91097-dom0|LVM::VG@vgdata|::LVs|::LV@kvm-ge91097-vm1-disk1"
    # -			"machine@ge91097-dom0|LVM::VG@vgdata|::PVs|::PV@sdd2" -> "machine@ge91097-dom0|LVM::VG@vgdata|::LVs|::LV@kvm-ngs-bdd-disk1"
    # -			"machine@ge91097-dom0|LVM::VG@vgdata|::PVs|::PV@md127" -> "machine@ge91097-dom0|LVM::VG@vgdata|::LVs|::LV@root+debian"
    # -			"machine@ge91097-dom0|LVM::VG@vgdata|::PVs|::PV@sdd2" -> "machine@ge91097-dom0|LVM::VG@vgdata|::LVs|::LV@root+ubuntu"
    # -			"machine@ge91097-dom0|LVM::VG@vgdata|::PVs|::PV@sdd2" -> "machine@ge91097-dom0|LVM::VG@vgdata|::LVs|::LV@scratch"
    # -			"machine@ge91097-dom0|LVM::VG@vgdata|::PVs|::PV@md127" -> "machine@ge91097-dom0|LVM::VG@vgdata|::LVs|::LV@swap"
    # -			"machine@ge91097-dom0|LVM::VG@vgdata|::PVs|::PV@sdd2" -> "machine@ge91097-dom0|LVM::VG@vgdata|::LVs|::LV@usr+local"
    # -			// Links from MD: /dev/md/ssd-raid1-A
    # -			"machine@ge91097-dom0|RAID::MD@md127|::Device@sda1" -> "machine@ge91097-dom0|RAID::MD@md127|::State|::RaidDevice@md127"
    # -			"machine@ge91097-dom0|RAID::MD@md127|::Device@sdd1" -> "machine@ge91097-dom0|RAID::MD@md127|::State|::RaidDevice@md127"
    # -			// Links from MegaCli: Controller 0
    # -			
    # -			"machine@ge91097-dom0|RAID::LSI::SASIrcu@0|::RawDevice@LSISASIrcu@1:1" -> "machine@ge91097-dom0|RAID::LSI::SASIrcu@0|::State@sdd|::RaidDevice@1"
    # -			"machine@ge91097-dom0|RAID::LSI::SASIrcu@0|::RawDevice@LSISASIrcu@1:2" -> "machine@ge91097-dom0|RAID::LSI::SASIrcu@0|::State@sdd|::RaidDevice@1"
    # -			
    # -			// Links from FS::MP::FS@FS@95@/boot
    # -			"machine@ge91097-dom0|FS|::MP@27@/|::FS@FS@27@/" -> "machine@ge91097-dom0|FS|::MP@27@/|::C@27@/|FS::MP@95@/boot|::FS@FS@95@/boot" [style=invis]
    # -			// Links from FS::MP::FS@FS@98@/boot/efi
    # -			"machine@ge91097-dom0|FS|::MP@27@/|::C@27@/|FS::MP@95@/boot|::FS@FS@95@/boot" -> "machine@ge91097-dom0|FS|::MP@27@/|::C@27@/|FS::MP@95@/boot|::C@95@/boot|FS::MP::FS@FS@98@/boot/efi" [style=invis]
    # -			// Links from Libvirt::VM::Block@sda
    # -			// SOURCE LINK: recovery-nas-cyto 5368709120 (sda) "machine@ge91097-dom0|Libvirt|::VM@recovery-nas-cyto|::Block@sda"
    # -			// Links from Libvirt::VM::Block@sdh
    # -			// SOURCE LINK: recovery-nas-cyto 0 (sdh) "machine@ge91097-dom0|Libvirt|::VM@recovery-nas-cyto|::Block@sdh"
    # -			// Links from Libvirt::VM::Block@sdi
    # -			// SOURCE LINK: recovery-nas-cyto 0 (sdi) "machine@ge91097-dom0|Libvirt|::VM@recovery-nas-cyto|::Block@sdi"
    # -			// Links from Libvirt::VM::Block@sda
    # -			// SOURCE LINK: ngs-bdd 53687091200 (sda) "machine@ge91097-dom0|Libvirt|::VM@ngs-bdd|::Block@sda"
    # -			// Links from Libvirt::VM::Block@sdc
    # -			// SOURCE LINK: ge91097-vm1 536870912000 (sdc) "machine@ge91097-dom0|Libvirt|::VM@ge91097-vm1|::Block@sdc"
    # -			// Links from Libvirt::VM::Block@sdb
    # -			// SOURCE LINK: ge91097-vm1 53687091200 (sdb) "machine@ge91097-dom0|Libvirt|::VM@ge91097-vm1|::Block@sdb"
    # -			// Links from Libvirt::VM::Block@sde
    # -			// SOURCE LINK: ge91097-vm1 536870912000 (sde) "machine@ge91097-dom0|Libvirt|::VM@ge91097-vm1|::Block@sde"
    # -			// Links from Libvirt::VM::Block@sdf
    # -			// SOURCE LINK: ge91097-vm1 34359738368 (sdf) "machine@ge91097-dom0|Libvirt|::VM@ge91097-vm1|::Block@sdf"
    # -			// Links from Libvirt::VM::Block@sdd
    # -			// SOURCE LINK: ge91097-vm1 268435456000 (sdd) "machine@ge91097-dom0|Libvirt|::VM@ge91097-vm1|::Block@sdd"
    # -			// Links from Libvirt::VM::Block@vda
    # -			// SOURCE LINK: ge91097-vm0 53687091200 (vda) "machine@ge91097-dom0|Libvirt|::VM@ge91097-vm0|::Block@vda"
    # -			// Links for Partition::GPT@sda
    # -			// TARGET LINK: ge91097-dom0 512110190592 sda "machine@ge91097-dom0|Partition::GPT@sda"
    # -			// Links for Partition::Table
    # -			// Links for Partition::Table::Part::Free@_1
    # -			// Links for Partition::Table::Part::Data@sda2
    # -			// Links for Partition::Table::Part::Data@sda3
    # -			// Links for Partition::Table::Part::Free@_2
    # -			// Links for Partition::Table::Part::Data@sda1
    # -			// Links for Partition::Table::Part::Free@_3
    # -			// Links for Partition::GPT@sdb
    # -			"machine@ge91097-dom0|RAID::LSI::SASIrcu@0|::RawDevice@LSISASIrcu@1:0" -> "machine@ge91097-dom0|Partition::GPT@sdb"
    # -			// Links for Partition::GPT@sdb
    # -			// Links for Partition::Table
    # -			// Links for Partition::Table::Part::Free@_1
    # -			// Links for Partition::GPT@sdc
    # -			"machine@ge91097-dom0|RAID::LSI::SASIrcu@0|::RawDevice@LSISASIrcu@1:3" -> "machine@ge91097-dom0|Partition::GPT@sdc"
    # -			// Links for Partition::GPT@sdc
    # -			// Links for Partition::Table
    # -			// Links for Partition::Table::Part::Free@_1
    # -			// Links for Partition::GPT@sdd
    # -			"machine@ge91097-dom0|RAID::LSI::SASIrcu@0|::State@sdd|::RaidDevice@1" -> "machine@ge91097-dom0|Partition::GPT@sdd"
    # -			// Links for Partition::GPT@sdd
    # -			// Links for Partition::Table
    # -			// Links for Partition::Table::Part::Free@_1
    # -			// Links for Partition::Table::Part::Data@sdd1
    # -			// Links for Partition::Table::Part::Data@sdd2
    # -			// Links for Partition::Table::Part::Free@_2
    # -			// Links for LVM VG: LVM::VG@vgdata
    # -			// Links for LVM::VG::PVs
    # -			// Links for LVM::VG::PVs::PV@md127
    # -			"machine@ge91097-dom0|RAID::MD@md127|::State|::RaidDevice@md127" -> "machine@ge91097-dom0|LVM::VG@vgdata|::PVs|::PV@md127"
    # -			// Links for LVM::VG::PVs::PV@md127
    # -			// Links for LVM::VG::PVs::PV@sdd2
    # -			"machine@ge91097-dom0|Partition::GPT@sdd":"2" -> "machine@ge91097-dom0|LVM::VG@vgdata|::PVs|::PV@sdd2"
    # -			// Links for LVM::VG::PVs::PV@sdd2
    # -			// Links for LVM::VG::LVs
    # -			// Links for LVM::VG::LVs::LV@home
    # -			// Links for LVM::VG::LVs::LV@kvm-ge91097-vm0-disk1
    # -			// Links for LVM::VG::LVs::LV@kvm-ge91097-vm1-disk1
    # -			// Links for LVM::VG::LVs::LV@kvm-ngs-bdd-disk1
    # -			// Links for LVM::VG::LVs::LV@root+debian
    # -			// Links for LVM::VG::LVs::LV@root+ubuntu
    # -			// Links for LVM::VG::LVs::LV@scratch
    # -			// Links for LVM::VG::LVs::LV@swap
    # -			// Links for LVM::VG::LVs::LV@usr+local
    # -			// Links for MD: /dev/md/ssd-raid1-A
    # -			// Links for RAID::MD::State
    # -			// Links for RAID::MD::State::RaidDevice@md127
    # -			// Links for RAID::MD::Device@sda1
    # -			"machine@ge91097-dom0|Partition::GPT@sda":"1" -> "machine@ge91097-dom0|RAID::MD@md127|::Device@sda1"
    # -			// Links for RAID::MD::Device@sda1
    # -			// Links for RAID::MD::Device@sdd1
    # -			"machine@ge91097-dom0|Partition::GPT@sdd":"1" -> "machine@ge91097-dom0|RAID::MD@md127|::Device@sdd1"
    # -			// Links for RAID::MD::Device@sdd1
    # -			// Links for MegaCli: Controller 0
    # -			// Links for RAID::LSI::SASIrcu::RawDevice@LSISASIrcu@1:0
    # -			// Links for RAID::LSI::SASIrcu::RawDevice@LSISASIrcu@1:1
    # -			// Links for RAID::LSI::SASIrcu::RawDevice@LSISASIrcu@1:2
    # -			// Links for RAID::LSI::SASIrcu::RawDevice@LSISASIrcu@1:3
    # -			// Links for RAID::LSI::SASIrcu::State@sdd
    # -			// Links for RAID::LSI::SASIrcu::State::RaidDevice@1
    # -			// Links for FS
    # -			// Links for FS::SWAP@@FS@SWAP
    # -			// Links for FS::MP@27@/
    # -			// Links for FS::MP::FS@FS@27@/
    # -			"machine@ge91097-dom0|LVM::VG@vgdata|::LVs|::LV@root+debian" -> "machine@ge91097-dom0|FS|::MP@27@/|::FS@FS@27@/"
    # -			// Links for FS::MP::FS@FS@27@/
    # -			// Links for FS::MP::C@27@/
    # -			// Links for FS::MP@95@/boot
    # -			// Links for FS::MP::FS@FS@95@/boot
    # -			"machine@ge91097-dom0|Partition::GPT@sda":"3" -> "machine@ge91097-dom0|FS|::MP@27@/|::C@27@/|FS::MP@95@/boot|::FS@FS@95@/boot"
    # -			// Links for FS::MP::FS@FS@95@/boot
    # -			// Links for FS::MP::C@95@/boot
    # -			// Links for FS::MP::FS@FS@98@/boot/efi
    # -			"machine@ge91097-dom0|Partition::GPT@sda":"2" -> "machine@ge91097-dom0|FS|::MP@27@/|::C@27@/|FS::MP@95@/boot|::C@95@/boot|FS::MP::FS@FS@98@/boot/efi"
    # -			// Links for FS::MP::FS@FS@98@/boot/efi
    # -			// Links for Libvirt Virtual Machines
    # -			// Links for Libvirt::VM@recovery-nas-cyto
    # -			// Links for Libvirt::VM::Block@sda
    # -			"machine@ge91097-dom0|FS|::MP@27@/|::FS@FS@27@/" -> "machine@ge91097-dom0|Libvirt|::VM@recovery-nas-cyto|::Block@sda"
    # -			// Links for Libvirt::VM::Block@sda
    # -			// Links for Libvirt::VM::Block@sdh
    # -			// Links for Libvirt::VM::Block@sdi
    # -			// Links for Libvirt::VM@ngs-bdd
    # -			// Links for Libvirt::VM::Block@sda
    # -			"machine@ge91097-dom0|LVM::VG@vgdata|::LVs|::LV@kvm-ngs-bdd-disk1" -> "machine@ge91097-dom0|Libvirt|::VM@ngs-bdd|::Block@sda"
    # -			// Links for Libvirt::VM::Block@sda
    # -			// Links for Libvirt::VM@ge91097-vm1
    # -			// Links for Libvirt::VM::Block@sdc
    # -			"machine@ge91097-dom0|LVM::VG@vgdata|::LVs|::LV@home" -> "machine@ge91097-dom0|Libvirt|::VM@ge91097-vm1|::Block@sdc"
    # -			// Links for Libvirt::VM::Block@sdc
    # -			// Links for Libvirt::VM::Block@sdb
    # -			"machine@ge91097-dom0|LVM::VG@vgdata|::LVs|::LV@kvm-ge91097-vm1-disk1" -> "machine@ge91097-dom0|Libvirt|::VM@ge91097-vm1|::Block@sdb"
    # -			// Links for Libvirt::VM::Block@sdb
    # -			// Links for Libvirt::VM::Block@sde
    # -			"machine@ge91097-dom0|LVM::VG@vgdata|::LVs|::LV@scratch" -> "machine@ge91097-dom0|Libvirt|::VM@ge91097-vm1|::Block@sde"
    # -			// Links for Libvirt::VM::Block@sde
    # -			// Links for Libvirt::VM::Block@sdf
    # -			"machine@ge91097-dom0|LVM::VG@vgdata|::LVs|::LV@swap" -> "machine@ge91097-dom0|Libvirt|::VM@ge91097-vm1|::Block@sdf"
    # -			// Links for Libvirt::VM::Block@sdf
    # -			// Links for Libvirt::VM::Block@sdd
    # -			"machine@ge91097-dom0|LVM::VG@vgdata|::LVs|::LV@usr+local" -> "machine@ge91097-dom0|Libvirt|::VM@ge91097-vm1|::Block@sdd"
    # -			// Links for Libvirt::VM::Block@sdd
    # -			// Links for Libvirt::VM@ge91097-vm0
    # -			// Links for Libvirt::VM::Block@vda
    # -			"machine@ge91097-dom0|LVM::VG@vgdata|::LVs|::LV@kvm-ge91097-vm0-disk1" -> "machine@ge91097-dom0|Libvirt|::VM@ge91097-vm0|::Block@vda"
    # -			// Links for Libvirt::VM::Block@vda
    # -		label="ge91097-dom0";
    # -	}
    # -} // FOOTER: MACHINE

# Failed test 'testing ge91097'
# at t/20_reference.t line 84.
    # Failed test 'data for ge95142-vm1 are the same as the reference'
    # at t/20_reference.t line 73.
    # +--------------------+--------------------+----+--------------------+
    # | PATH               | GOT                | OP | CHECK              |
    # +--------------------+--------------------+----+--------------------+
    # | {fs}{flatfull}{438 | Math::BigInt=HASH( | eq | 2040109465600000   |
    # | }{size}            | 0x221f3690)        |    |                    |
    # |                    |                    |    |                    |
    # | {fs}{flatfull}{438 | Math::BigInt=HASH( | eq | 1418295514234880   |
    # | }{used}            | 0x2228cf30)        |    |                    |
    # +--------------------+--------------------+----+--------------------+
    #   Failed test 'data/ge95142-vm1.ref.data and data/ge95142-vm1.data contents are the same'
    #   at t/20_reference.t line 73.
    # --- data/ge95142-vm1.ref.data	Thu May 23 13:56:56 2024
    # +++ data/ge95142-vm1.data	Thu May 23 17:22:11 2024
    # @@ -222,7 +222,7 @@
    #                                                'vfs-options' => 'rw,nosuid,nodev,noexec,relatime'
    #                                              },
    #                                      '27' => {
    # -                                              'avail' => 7492960256,
    # +                                              'avail' => '7492960256',
    #                                                'freq' => undef,
    #                                                'fs-options' => 'rw,errors=remount-ro',
    #                                                'fsroot' => '/',
    # @@ -668,12 +668,26 @@
    #                                                 'partuuid' => undef,
    #                                                 'passno' => undef,
    #                                                 'propagation' => 'shared',
    # -                                               'size' => '2040109465600000',
    # +                                               'size' => bless( {
    # +                                                                  'sign' => '+',
    # +                                                                  'value' => bless( [
    # +                                                                                      5600000,
    # +                                                                                      4010946,
    # +                                                                                      20
    # +                                                                                    ], 'Math::BigInt::Calc' )
    # +                                                                }, 'Math::BigInt' ),
    #                                                 'source' => 'ngs-stockage.example.com:/',
    #                                                 'target' => '/srv/net/ngs-stockage.example.com',
    #                                                 'tid' => 3818514,
    #                                                 'use%' => '70%',
    # -                                               'used' => '1418295514234880',
    # +                                               'used' => bless( {
    # +                                                                  'sign' => '+',
    # +                                                                  'value' => bless( [
    # +                                                                                      4234880,
    # +                                                                                      1829551,
    # +                                                                                      14
    # +                                                                                    ], 'Math::BigInt::Calc' )
    # +                                                                }, 'Math::BigInt' ),
    #                                                 'uuid' => undef,
    #                                                 'vfs-options' => 'rw,relatime'
    #                                               },
    # @@ -918,7 +932,7 @@
    #                                                'vfs-options' => 'rw,relatime'
    #                                              },
    #                                      '96' => {
    # -                                              'avail' => 4602359808,
    # +                                              'avail' => '4602359808',
    #                                                'freq' => undef,
    #                                                'fs-options' => 'rw',
    #                                                'fsroot' => '/',
    # @@ -942,7 +956,7 @@
    #                                                'vfs-options' => 'rw,relatime'
    #                                              },
    #                                      '99' => {
    # -                                              'avail' => 4602359808,
    # +                                              'avail' => '4602359808',
    #                                                'freq' => undef,
    #                                                'fs-options' => 'rw',
    #                                                'fsroot' => '/tmp',
    # Failed test 'storage2dot generates data/ge95142-vm1.dot'
    # at t/20_reference.t line 77.
    # 2 - I: Removing partitions of virtual machines disks
    # I: Creating partition tables
    # I:   Partition table on /dev/sda
    # I:   Partition table on /dev/sdb
    # I: Creating LVM volume groups
    # I:   VG vgdata
    # I: Creating LUKS devices
    # I: Creating MD devices
    # I: Creating Megacli controllers
    # I: Creating SAS LSI controllers
    # I: Creating FS
    # I:   SWAP@/dev/dm-1
    # I:   /
    # I:   /sys
    # I:   /sys/kernel/security
    # I:   /sys/fs/selinux
    # I:   /sys/fs/cgroup
    # I:   /sys/fs/pstore
    # I:   /sys/firmware/efi/efivars
    # I:   /sys/fs/bpf
    # I:   /sys/kernel/debug
    # I:   /sys/kernel/tracing
    # I:   /sys/kernel/config
    # I:   /sys/fs/fuse/connections
    # I:   /proc
    # I:   /proc/sys/fs/binfmt_misc
    # I:   /proc/sys/fs/binfmt_misc
    # I:   /dev
    # I:   /dev/pts
    # I:   /dev/shm
    # I:   /dev/mqueue
    # I:   /dev/hugepages
    # I:   /run
    # I:   /run/lock
    # I:   /run/rpc_pipefs
    # I:   /run/user/378721
    # I:   /run/user/533781
    # I:   /run/user/565525
    # I:   /run/user/260407
    # I:   /run/user/5000
    # I:   /srv/scratch
    # I:   /home
    # I:   /tmp
    # I:   /boot/efi
    # I:   /srv/cifs
    # I:   /srv/net
    # I:   /srv/net/ngs-stockage.example.com
    # Attribute (used) does not pass the type constraint because: Validation failed for 'Int' with value Math::BigInt=HASH(0x22d30e80) at /usr/home/cpan/pit/jail/t0OrlzFWv5/lib/perl5/i386-freebsd-thread-multi/Moose/Object.pm line 24
    # 	Moose::Object::new('StorageDisplay::Data::FS::MP::FS', 'StorageDisplay=HASH(0x2195c560)', 'HASH(0x22d30ec0)') called at /usr/home/cpan/pit/thr/conf/perl-5.30.0/.cpanplus/5.30.0/build/SzCx7epM_j/StorageDisplay-2.06/blib/lib/StorageDisplay/Data/Elem.pm line 197
    # 	StorageDisplay::Data::Elem::newElem('StorageDisplay::Data::FS=HASH(0x22d48b40)', 'FS::MP::FS', 'StorageDisplay=HASH(0x2195c560)', 'HASH(0x22d30ec0)') called at /usr/home/cpan/pit/thr/conf/perl-5.30.0/.cpanplus/5.30.0/build/SzCx7epM_j/StorageDisplay-2.06/blib/lib/StorageDisplay/Data/FS.pm line 125
    # 	StorageDisplay::Data::FS::createFS('StorageDisplay::Data::FS=HASH(0x22d48b40)', 'StorageDisplay=HASH(0x2195c560)', 'HASH(0x22d7a280)', 438) called at /usr/home/cpan/pit/thr/conf/perl-5.30.0/.cpanplus/5.30.0/build/SzCx7epM_j/StorageDisplay-2.06/blib/lib/StorageDisplay/Data/FS.pm line 135
    # 	StorageDisplay::Data::FS::createFS('StorageDisplay::Data::FS=HASH(0x22d48b40)', 'StorageDisplay=HASH(0x2195c560)', 'HASH(0x22d7a280)', 591) called at /usr/home/cpan/pit/thr/conf/perl-5.30.0/.cpanplus/5.30.0/build/SzCx7epM_j/StorageDisplay-2.06/blib/lib/StorageDisplay/Data/FS.pm line 135
    # 	StorageDisplay::Data::FS::createFS('StorageDisplay::Data::FS=HASH(0x22d48b40)', 'StorageDisplay=HASH(0x2195c560)', 'HASH(0x22d7a280)', 27) called at /usr/home/cpan/pit/thr/conf/perl-5.30.0/.cpanplus/5.30.0/build/SzCx7epM_j/StorageDisplay-2.06/blib/lib/StorageDisplay/Data/FS.pm line 114
    # 	StorageDisplay::Data::FS::BUILD('StorageDisplay::Data::FS=HASH(0x22d48b40)', 'HASH(0x22d48c10)') called at /usr/home/cpan/pit/jail/t0OrlzFWv5/lib/perl5/i386-freebsd-thread-multi/Class/MOP/Method.pm line 128
    # 	Class::MOP::Method::execute('Moose::Meta::Method=HASH(0x22b3a7d0)', 'StorageDisplay::Data::FS=HASH(0x22d48b40)', 'HASH(0x22d48c10)') called at /usr/home/cpan/pit/jail/t0OrlzFWv5/lib/perl5/i386-freebsd-thread-multi/Moose/Object.pm line 54
    # 	Moose::Object::BUILDALL('StorageDisplay::Data::FS=HASH(0x22d48b40)', 'HASH(0x22d48c10)') called at /usr/home/cpan/pit/jail/t0OrlzFWv5/lib/perl5/i386-freebsd-thread-multi/Moose/Meta/Class.pm line 279
    # 	Moose::Meta::Class::new_object('Moose::Meta::Class=HASH(0x229703f0)', 'HASH(0x22d48c10)') called at /usr/home/cpan/pit/jail/t0OrlzFWv5/lib/perl5/i386-freebsd-thread-multi/Moose/Object.pm line 24
    # 	Moose::Object::new('StorageDisplay::Data::FS', 'StorageDisplay=HASH(0x2195c560)') called at /usr/home/cpan/pit/thr/conf/perl-5.30.0/.cpanplus/5.30.0/build/SzCx7epM_j/StorageDisplay-2.06/blib/lib/StorageDisplay/Data/Elem.pm line 197
    # 	StorageDisplay::Data::Elem::newElem('StorageDisplay::Data::Root=HASH(0x22d17bc0)', 'FS', 'StorageDisplay=HASH(0x2195c560)') called at /usr/home/cpan/pit/thr/conf/perl-5.30.0/.cpanplus/5.30.0/build/SzCx7epM_j/StorageDisplay-2.06/blib/lib/StorageDisplay/Data/Elem.pm line 203
    # 	StorageDisplay::Data::Elem::newChild('StorageDisplay::Data::Root=HASH(0x22d17bc0)', 'FS', 'StorageDisplay=HASH(0x2195c560)') called at /usr/home/cpan/pit/thr/conf/perl-5.30.0/.cpanplus/5.30.0/build/SzCx7epM_j/StorageDisplay-2.06/blib/lib/StorageDisplay.pm line 494
    # 	StorageDisplay::createFSs('StorageDisplay=HASH(0x2195c560)', 'StorageDisplay::Data::Root=HASH(0x22d17bc0)') called at /usr/home/cpan/pit/thr/conf/perl-5.30.0/.cpanplus/5.30.0/build/SzCx7epM_j/StorageDisplay-2.06/blib/lib/StorageDisplay.pm line 306
    # 	StorageDisplay::createElems('StorageDisplay=HASH(0x2195c560)') called at bin/storage2dot line 266
    # 	main::main at bin/storage2dot line 270
    #   Failed test 'data/ge95142-vm1.ref.dot and data/ge95142-vm1.dot contents are the same'
    #   at t/20_reference.t line 82.
    # --- data/ge95142-vm1.ref.dot	Thu May 23 13:56:56 2024
    # +++ data/ge95142-vm1.dot	Thu May 23 17:22:14 2024
    # @@ -1,245 +0,0 @@
    # -digraph "ge95142-vm1"{ // HEADER: MACHINE
    # -	rankdir=LR; // HEADER: MACHINE
    # -	subgraph "cluster_machine@ge95142-vm1" {
    # -		style=filled;
    # -		color=lightgrey;
    # -		fillcolor=white;
    # -		node [style=filled,color=white,fillcolor=white,shape=rectangle];
    # -			{ "machine@ge95142-vm1|Partition::GPT@sda" [
    # -				label=<<TABLE BORDER="0" CELLPADDING="0" CELLSPACING="0">
    # -						<TR> <TD COLSPAN="2">QEMU QEMU HARDDISK</TD> </TR><TR><TD >/dev/sda<BR/>Model: QEMU_HARDDISK<BR/>Serial: drive-scsi0-0-0-2<BR/>Label: gpt<BR/>Size: 5.00 TiB</TD>    <TD BGCOLOR="lightgrey">
    # -						<TABLE >
    # -							<TR>
    # -								<TD bgcolor="green">
    # -								Free<BR/>Size: 1024 MiB
    # -								</TD>
    # -							</TR>
    # -							<TR>
    # -								<TD PORT="2" BGCOLOR="yellow">
    # -								/dev/sda2<BR/>disk2pv<BR/>Size: 4.00 TiB
    # -								</TD>
    # -							</TR>
    # -							<TR>
    # -								<TD PORT="1" BGCOLOR="yellow">
    # -								/dev/sda1<BR/>disk2pv2<BR/>Size: 1.00 TiB
    # -								</TD>
    # -							</TR>
    # -							<TR>
    # -								<TD bgcolor="green">
    # -								Free<BR/>Size: 1008 kiB
    # -								</TD>
    # -							</TR>
    # -						</TABLE>
    # -						</TD> </TR><TR> <TD COLSPAN="2"> </TD> </TR>
    # -					</TABLE>
    # -				>;
    # -				// Style node
    # -				color=white;
    # -				fillcolor=lightgrey;
    # -				shape="rectangle";
    # -				style=striped;
    # -				fillcolor="green;0.000195:pink;0.799804:pink;0.200000:green;0.000000";
    # -			]; }
    # -			{ "machine@ge95142-vm1|Partition::GPT@sdb" [
    # -				label=<<TABLE BORDER="0" CELLPADDING="0" CELLSPACING="0">
    # -						<TR> <TD COLSPAN="2">QEMU QEMU HARDDISK</TD> </TR><TR><TD >/dev/sdb<BR/>Model: QEMU_HARDDISK<BR/>Serial: drive-scsi0-0-0-0<BR/>Label: gpt<BR/>Size: 150 GiB</TD>    <TD BGCOLOR="lightgrey">
    # -						<TABLE >
    # -							<TR>
    # -								<TD bgcolor="green">
    # -								Free<BR/>Size: 1007 kiB
    # -								</TD>
    # -							</TR>
    # -							<TR>
    # -								<TD PORT="1" BGCOLOR="yellow">
    # -								/dev/sdb1<BR/>efi<BR/>Size: 94.0 MiB
    # -								</TD>
    # -							</TR>
    # -							<TR>
    # -								<TD PORT="2" BGCOLOR="yellow">
    # -								/dev/sdb2<BR/>pv-hera-disk1<BR/>Size: 149 GiB
    # -								</TD>
    # -							</TR>
    # -							<TR>
    # -								<TD bgcolor="green">
    # -								Free<BR/>Size: 1024 MiB
    # -								</TD>
    # -							</TR>
    # -						</TABLE>
    # -						</TD> </TR><TR> <TD COLSPAN="2"> </TD> </TR>
    # -					</TABLE>
    # -				>;
    # -				// Style node
    # -				color=white;
    # -				fillcolor=lightgrey;
    # -				shape="rectangle";
    # -				style=striped;
    # -				fillcolor="green;0.000006:pink;0.000612:pink;0.992715:green;0.006667";
    # -			]; }
    # -			subgraph "cluster_machine@ge95142-vm1|LVM::VG@vgdata" {
    # -				style=filled;
    # -				color=lightgrey;
    # -				fillcolor=lightgrey;
    # -				node [style=filled,color=lightgrey,fillcolor=lightgrey,shape=rectangle];
    # -				subgraph "cluster_machine@ge95142-vm1|LVM::VG@vgdata|::PVs" {
    # -					color=white;
    # -					fillcolor=white;
    # -					{ "machine@ge95142-vm1|LVM::VG@vgdata|::PVs|::PV@sda1" [
    # -						label="PV: /dev/sda1\nSize: 1024 GiB\nFree: 0 B\nUsed: 1024 GiB";
    # -						shape=rectangle;style=striped;fillcolor="pink"
    # -					]; }
    # -					{ "machine@ge95142-vm1|LVM::VG@vgdata|::PVs|::PV@sda2" [
    # -						label="PV: /dev/sda2\nSize: 4.00 TiB\nFree: 0 B\nUsed: 4.00 TiB";
    # -						shape=rectangle;style=striped;fillcolor="pink"
    # -					]; }
    # -					{ "machine@ge95142-vm1|LVM::VG@vgdata|::PVs|::PV@sdb2" [
    # -						label="PV: /dev/sdb2\nSize: 149 GiB\nFree: 78.9 GiB\nUsed: 70.0 GiB";
    # -						shape=rectangle;style=striped;fillcolor="pink;0.470094.2:green"
    # -					]; }
    # -					label="vgdata's PVs";
    # -				}
    # -				subgraph "cluster_machine@ge95142-vm1|LVM::VG@vgdata|::LVs" {
    # -					color=white;
    # -					fillcolor=white;
    # -					{ "machine@ge95142-vm1|LVM::VG@vgdata|::LVs|::LV@home" [
    # -						label="LV: home\nSize: 30.0 GiB";
    # -						fillcolor="yellow"
    # -					]; }
    # -					{ "machine@ge95142-vm1|LVM::VG@vgdata|::LVs|::LV@root" [
    # -						label="LV: root\nSize: 30.0 GiB";
    # -						fillcolor="yellow"
    # -					]; }
    # -					{ "machine@ge95142-vm1|LVM::VG@vgdata|::LVs|::LV@scratch" [
    # -						label="LV: scratch\nSize: 5.00 TiB";
    # -						fillcolor="yellow"
    # -					]; }
    # -					{ "machine@ge95142-vm1|LVM::VG@vgdata|::LVs|::LV@swap" [
    # -						label="LV: swap\nSize: 10.0 GiB";
    # -						fillcolor="yellow"
    # -					]; }
    # -					label="vgdata's LVs";
    # -				}
    # -				label="LVM: vgdata\nSize: 5.14 TiB\nFree: 78.9 GiB";
    # -				style=striped;fillcolor="pink;0.985021.2:green"
    # -			}
    # -			subgraph "cluster_machine@ge95142-vm1|FS" {
    # -				style=filled;
    # -				color=lightgrey;
    # -				fillcolor=lightgrey;
    # -				node [style=filled,color=white,fillcolor=lightgrey,shape=rectangle];
    # -				{ "machine@ge95142-vm1|FS|::SWAP::Partition@dm-1" [
    # -					label="SWAP\nDevice: /dev/vgdata/swap\nSize: 10.00 GiB\nFree: 6.35 GiB\nUsed: 3.65 GiB";
    # -					shape=rectangle;style=striped;fillcolor="pink;0.365060.2:green"
    # -				]; }
    # -				subgraph "cluster_machine@ge95142-vm1|FS|::MP@27@/" {
    # -					style=filled;
    # -					color=lightgrey;
    # -					fillcolor=lightgrey;
    # -					node [style=filled,color=white,fillcolor=lightgrey,shape=rectangle];
    # -					{ "machine@ge95142-vm1|FS|::MP@27@/|::FS@FS@27@/" [
    # -						label="/\nDevice: /dev/vgdata/root\next4\nSize: 29.4 GiB\nFree: 6.98 GiB\nUsed: 20.9 GiB";
    # -						shape=rectangle;style=striped;fillcolor="pink;0.713433.2:green;0.237672.2:orange"
    # -					]; }
    # -					subgraph "cluster_machine@ge95142-vm1|FS|::MP@27@/|::C@27@/" {
    # -						color=white;
    # -						fillcolor=white;
    # -						{ "machine@ge95142-vm1|FS|::MP@27@/|::C@27@/|FS::MP::FS@FS@93@/srv/scratch" [
    # -							label="/srv/scratch\nDevice: /dev/vgdata/scratch\next4\nSize: 4.92 TiB\nFree: 45.1 GiB\nUsed: 4.67 TiB";
    # -							shape=rectangle;style=striped;fillcolor="pink;0.948817.2:green;0.008950.2:orange"
    # -						]; }
    # -						{ "machine@ge95142-vm1|FS|::MP@27@/|::C@27@/|FS::MP::FS@FS@96@/home" [
    # -							label="/home\nDevice: /dev/vgdata/home\next4\nSize: 29.4 GiB\nFree: 4.29 GiB\nUsed: 23.8 GiB";
    # -							shape=rectangle;style=striped;fillcolor="pink;0.808934.2:green;0.145674.2:orange"
    # -						]; }
    # -						{ "machine@ge95142-vm1|FS|::MP@27@/|::C@27@/|FS::MP::FS@FS@99@/tmp" [
    # -							label="/tmp\nDevice: /dev/vgdata/home
    # -Subdir: /tmp\next4\nSize: 29.4 GiB\nFree: 4.29 GiB\nUsed: 23.8 GiB";
    # -							shape=rectangle;style=striped;fillcolor="pink;0.808934.2:green;0.145674.2:orange"
    # -						]; }
    # -						{ "machine@ge95142-vm1|FS|::MP@27@/|::C@27@/|FS::MP::FS@FS@102@/boot/efi" [
    # -							label="/boot/efi\nDevice: /dev/sdb1\nvfat\nSize: 92.5 MiB\nFree: 89.2 MiB\nUsed: 3.38 MiB";
    # -							shape=rectangle;style=striped;fillcolor="pink;0.036487.2:green"
    # -						]; }
    # -						label="";
    # -					}
    # -					label="";
    # -				}
    # -				label="Mounted FS and swap";
    # -			}
    # -			subgraph "cluster_machine@ge95142-vm1|Libvirt" {
    # -				style=filled;
    # -				color=lightgrey;
    # -				fillcolor=lightgrey;
    # -				node [style=filled,color=white,fillcolor=lightgrey,shape=rectangle];
    # -				label="Libvirt Virtual Machines";
    # -			}
    # -			// Links from LVM VG: LVM::VG@vgdata
    # -			"machine@ge95142-vm1|LVM::VG@vgdata|::PVs|::PV@sdb2" -> "machine@ge95142-vm1|LVM::VG@vgdata|::LVs|::LV@home"
    # -			"machine@ge95142-vm1|LVM::VG@vgdata|::PVs|::PV@sdb2" -> "machine@ge95142-vm1|LVM::VG@vgdata|::LVs|::LV@home"
    # -			"machine@ge95142-vm1|LVM::VG@vgdata|::PVs|::PV@sdb2" -> "machine@ge95142-vm1|LVM::VG@vgdata|::LVs|::LV@root"
    # -			"machine@ge95142-vm1|LVM::VG@vgdata|::PVs|::PV@sdb2" -> "machine@ge95142-vm1|LVM::VG@vgdata|::LVs|::LV@root"
    # -			"machine@ge95142-vm1|LVM::VG@vgdata|::PVs|::PV@sda2" -> "machine@ge95142-vm1|LVM::VG@vgdata|::LVs|::LV@scratch"
    # -			"machine@ge95142-vm1|LVM::VG@vgdata|::PVs|::PV@sda1" -> "machine@ge95142-vm1|LVM::VG@vgdata|::LVs|::LV@scratch"
    # -			"machine@ge95142-vm1|LVM::VG@vgdata|::PVs|::PV@sdb2" -> "machine@ge95142-vm1|LVM::VG@vgdata|::LVs|::LV@swap"
    # -			// Links from FS::MP::FS@FS@93@/srv/scratch
    # -			"machine@ge95142-vm1|FS|::MP@27@/|::FS@FS@27@/" -> "machine@ge95142-vm1|FS|::MP@27@/|::C@27@/|FS::MP::FS@FS@93@/srv/scratch" [style=invis]
    # -			// Links from FS::MP::FS@FS@96@/home
    # -			"machine@ge95142-vm1|FS|::MP@27@/|::FS@FS@27@/" -> "machine@ge95142-vm1|FS|::MP@27@/|::C@27@/|FS::MP::FS@FS@96@/home" [style=invis]
    # -			// Links from FS::MP::FS@FS@99@/tmp
    # -			"machine@ge95142-vm1|FS|::MP@27@/|::FS@FS@27@/" -> "machine@ge95142-vm1|FS|::MP@27@/|::C@27@/|FS::MP::FS@FS@99@/tmp" [style=invis]
    # -			// Links from FS::MP::FS@FS@102@/boot/efi
    # -			"machine@ge95142-vm1|FS|::MP@27@/|::FS@FS@27@/" -> "machine@ge95142-vm1|FS|::MP@27@/|::C@27@/|FS::MP::FS@FS@102@/boot/efi" [style=invis]
    # -			// Links for Partition::GPT@sda
    # -			// TARGET LINK: ge95142-vm1 5497558138880 sda "machine@ge95142-vm1|Partition::GPT@sda"
    # -			// Links for Partition::Table
    # -			// Links for Partition::Table::Part::Free@_1
    # -			// Links for Partition::Table::Part::Data@sda2
    # -			// Links for Partition::Table::Part::Data@sda1
    # -			// Links for Partition::Table::Part::Free@_2
    # -			// Links for Partition::GPT@sdb
    # -			// TARGET LINK: ge95142-vm1 161061273600 sdb "machine@ge95142-vm1|Partition::GPT@sdb"
    # -			// Links for Partition::Table
    # -			// Links for Partition::Table::Part::Free@_1
    # -			// Links for Partition::Table::Part::Data@sdb1
    # -			// Links for Partition::Table::Part::Data@sdb2
    # -			// Links for Partition::Table::Part::Free@_2
    # -			// Links for LVM VG: LVM::VG@vgdata
    # -			// Links for LVM::VG::PVs
    # -			// Links for LVM::VG::PVs::PV@sda1
    # -			"machine@ge95142-vm1|Partition::GPT@sda":"1" -> "machine@ge95142-vm1|LVM::VG@vgdata|::PVs|::PV@sda1"
    # -			// Links for LVM::VG::PVs::PV@sda1
    # -			// Links for LVM::VG::PVs::PV@sda2
    # -			"machine@ge95142-vm1|Partition::GPT@sda":"2" -> "machine@ge95142-vm1|LVM::VG@vgdata|::PVs|::PV@sda2"
    # -			// Links for LVM::VG::PVs::PV@sda2
    # -			// Links for LVM::VG::PVs::PV@sdb2
    # -			"machine@ge95142-vm1|Partition::GPT@sdb":"2" -> "machine@ge95142-vm1|LVM::VG@vgdata|::PVs|::PV@sdb2"
    # -			// Links for LVM::VG::PVs::PV@sdb2
    # -			// Links for LVM::VG::LVs
    # -			// Links for LVM::VG::LVs::LV@home
    # -			// Links for LVM::VG::LVs::LV@root
    # -			// Links for LVM::VG::LVs::LV@scratch
    # -			// Links for LVM::VG::LVs::LV@swap
    # -			// Links for FS
    # -			// Links for FS::SWAP::Partition@dm-1
    # -			"machine@ge95142-vm1|LVM::VG@vgdata|::LVs|::LV@swap" -> "machine@ge95142-vm1|FS|::SWAP::Partition@dm-1"
    # -			// Links for FS::SWAP::Partition@dm-1
    # -			// Links for FS::MP@27@/
    # -			// Links for FS::MP::FS@FS@27@/
    # -			"machine@ge95142-vm1|LVM::VG@vgdata|::LVs|::LV@root" -> "machine@ge95142-vm1|FS|::MP@27@/|::FS@FS@27@/"
    # -			// Links for FS::MP::FS@FS@27@/
    # -			// Links for FS::MP::C@27@/
    # -			// Links for FS::MP::FS@FS@93@/srv/scratch
    # -			"machine@ge95142-vm1|LVM::VG@vgdata|::LVs|::LV@scratch" -> "machine@ge95142-vm1|FS|::MP@27@/|::C@27@/|FS::MP::FS@FS@93@/srv/scratch"
    # -			// Links for FS::MP::FS@FS@93@/srv/scratch
    # -			// Links for FS::MP::FS@FS@96@/home
    # -			"machine@ge95142-vm1|LVM::VG@vgdata|::LVs|::LV@home" -> "machine@ge95142-vm1|FS|::MP@27@/|::C@27@/|FS::MP::FS@FS@96@/home"
    # -			// Links for FS::MP::FS@FS@96@/home
    # -			// Links for FS::MP::FS@FS@99@/tmp
    # -			"machine@ge95142-vm1|LVM::VG@vgdata|::LVs|::LV@home" -> "machine@ge95142-vm1|FS|::MP@27@/|::C@27@/|FS::MP::FS@FS@99@/tmp"
    # -			// Links for FS::MP::FS@FS@99@/tmp
    # -			// Links for FS::MP::FS@FS@102@/boot/efi
    # -			"machine@ge95142-vm1|Partition::GPT@sdb":"1" -> "machine@ge95142-vm1|FS|::MP@27@/|::C@27@/|FS::MP::FS@FS@102@/boot/efi"
    # -			// Links for FS::MP::FS@FS@102@/boot/efi
    # -			// Links for Libvirt Virtual Machines
    # -		label="ge95142-vm1";
    # -	}
    # -} // FOOTER: MACHINE

# Failed test 'testing ge95142-vm1'
# at t/20_reference.t line 84.
# Seeded srand with seed '20240523' from local date.
# Looks like you failed 2 tests of 7.
t/20_reference.t ......... 
Dubious, test returned 2 (wstat 512, 0x200)
Failed 2/7 subtests 
t/author-critic.t ........ skipped: these tests are for testing by the author
t/author-distmeta.t ...... skipped: these tests are for testing by the author
t/author-pod-syntax.t .... skipped: these tests are for testing by the author

Test Summary Report
-------------------
t/20_reference.t       (Wstat: 512 (exited 2) Tests: 7 Failed: 2)
  Failed tests:  3, 5
  Non-zero exit status: 2
Files=10, Tests=93, 41 wallclock secs ( 0.07 usr  0.09 sys + 34.19 cusr  5.80 csys = 40.15 CPU)
Result: FAIL
Failed 1/10 test programs. 2/93 subtests failed.
*** Error code 255

Stop.
make: stopped in /usr/home/cpan/pit/thr/conf/perl-5.30.0/.cpanplus/5.30.0/build/SzCx7epM_j/StorageDisplay-2.06


PREREQUISITES:

Here is a list of prerequisites you specified and versions we
managed to load:

	  Module Name                        Have     Want
	  Carp                               1.50        0
	  Data::Compare                      1.29        0
	  Data::Dumper                      2.174        0
	  ExtUtils::MakeMaker                7.70        0
	  Getopt::Long                        2.5        0
	  IO::Select                         1.40        0
	  JSON::PP                           4.02        0
	  Math::BigFloat                 1.999816        0
	  Math::BigInt                   1.999816        0
	  Moose                            2.2207        0
	  Moose::Role                      2.2207        0
	  MooseX::NonMoose                   0.26        0
	  MooseX::Role::Parameterized        1.11        0
	  Net::OpenSSH                       0.84        0
	  Object::ID                       v0.1.2        0
	  POSIX                              1.88        0
	  Path::Class                        0.37        0
	  Path::Class::Dir                   0.37        0
	  Pod::Usage                         1.69        0
	  Scalar::Util                       1.63        0
	  Storable                           3.25        0
	  Term::ReadKey                      2.38        0
	  Test2::V0                      0.000162        0
	  Test::File::Contents              0.242        0
	  Test::More                     1.302198     0.94
	  Test::Script                       1.29        0
	  Types::Standard                2.004000        0
	  base                               2.27        0
	  bignum                             0.51     0.51
	  bigrat                             0.51     0.51
	  namespace::sweep                  0.006        0
	  parent                            0.237        0
	  strict                             1.11        0
	  utf8                               1.22        0
	  warnings                           1.44        0

Perl module toolchain versions installed:
	Module Name                        Have
	CPANPLUS                         0.9914
	CPANPLUS::Dist::Build              0.90
	Cwd                                3.78
	ExtUtils::CBuilder             0.280236
	ExtUtils::Command                  7.70
	ExtUtils::Install                  2.22
	ExtUtils::MakeMaker                7.70
	ExtUtils::Manifest                 1.75
	ExtUtils::ParseXS                  3.51
	File::Spec                         3.78
	Module::Build                    0.4234
	Pod::Parser                        1.63
	Pod::Simple                        3.35
	Test2                          1.302198
	Test::Harness                      3.48
	Test::More                     1.302198
	version                          0.9930

******************************** NOTE ********************************
The comments above are created mechanically, possibly without manual
checking by the sender.  As there are many people performing automatic
tests on each upload to CPAN, it is likely that you will receive
identical messages about the same problem.

If you believe that the message is mistaken, please reply to the first
one with correction and/or additional informations, and do not take
it personally.  We appreciate your patience. :)
**********************************************************************

Additional comments:


This report was machine-generated by CPANPLUS::Dist::YACSmoke 1.08.
Powered by minismokebox version 0.68

CPANPLUS is prefering Build.PL

------------------------------
ENVIRONMENT AND OTHER CONTEXT
------------------------------

Environment variables:

    AUTOMATED_TESTING = 1
    NONINTERACTIVE_TESTING = 1
    PATH = /usr/home/cpan/pit/thr/conf/perl-5.30.0/.cpanplus/5.30.0/build/SzCx7epM_j/StorageDisplay-2.06/blib/script:/sbin:/bin:/usr/sbin:/usr/bin:/usr/local/sbin:/usr/local/bin:/home/cpan/bin
    PERL5LIB = /usr/home/cpan/pit/jail/t0OrlzFWv5/lib/perl5:/usr/home/cpan/pit/thr/conf/perl-5.30.0/.cpanplus/5.30.0/build/SzCx7epM_j/StorageDisplay-2.06/blib/lib:/usr/home/cpan/pit/thr/conf/perl-5.30.0/.cpanplus/5.30.0/build/SzCx7epM_j/StorageDisplay-2.06/blib/arch
    PERL5_CPANPLUS_IS_RUNNING = 18385
    PERL5_CPANPLUS_IS_VERSION = 0.9914
    PERL5_MINISMOKEBOX = 0.68
    PERL5_YACSMOKE_BASE = /usr/home/cpan/pit/thr/conf/perl-5.30.0
    PERL_EXTUTILS_AUTOINSTALL = --defaultdeps
    PERL_LOCAL_LIB_ROOT = /usr/home/cpan/pit/jail/t0OrlzFWv5
    PERL_MB_OPT = --install_base "/usr/home/cpan/pit/jail/t0OrlzFWv5"
    PERL_MM_OPT = INSTALL_BASE=/usr/home/cpan/pit/jail/t0OrlzFWv5
    PERL_MM_USE_DEFAULT = 1
    SHELL = /usr/local/bin/bash
    TERM = screen

Perl special variables (and OS-specific diagnostics, for MSWin32):

    Perl: $^X = /usr/home/cpan/pit/thr/perl-5.30.0/bin/perl
    UID:  $<  = 1002
    EUID: $>  = 1002
    GID:  $(  = 1002 1002
    EGID: $)  = 1002 1002


-------------------------------


--

Summary of my perl5 (revision 5 version 30 subversion 0) configuration:
   
  Platform:
    osname=freebsd
    osvers=12.4-release
    archname=i386-freebsd-thread-multi
    uname='freebsd ffyrc 12.4-release freebsd 12.4-release r372781 generic i386 '
    config_args='-des -Dprefix=/usr/home/cpan/pit/thr/perl-5.30.0 -Dusethreads'
    hint=recommended
    useposix=true
    d_sigaction=define
    useithreads=define
    usemultiplicity=define
    use64bitint=undef
    use64bitall=undef
    uselongdouble=undef
    usemymalloc=n
    default_inc_excludes_dot=define
    bincompat5005=undef
  Compiler:
    cc='cc'
    ccflags ='-DHAS_FPSETMASK -DHAS_FLOATINGPOINT_H -fno-strict-aliasing -pipe -fstack-protector-strong -I/usr/local/include'
    optimize='-O2'
    cppflags='-DHAS_FPSETMASK -DHAS_FLOATINGPOINT_H -fno-strict-aliasing -pipe -fstack-protector-strong -I/usr/local/include'
    ccversion=''
    gccversion='FreeBSD Clang 13.0.0 (git@github.com:llvm/llvm-project.git llvmorg-13.0.0-0-gd7b669b3a303)'
    gccosandvers=''
    intsize=4
    longsize=4
    ptrsize=4
    doublesize=8
    byteorder=1234
    doublekind=3
    d_longlong=define
    longlongsize=8
    d_longdbl=define
    longdblsize=12
    longdblkind=3
    ivtype='long'
    ivsize=4
    nvtype='double'
    nvsize=8
    Off_t='off_t'
    lseeksize=8
    alignbytes=4
    prototype=define
  Linker and Libraries:
    ld='cc'
    ldflags ='-pthread -Wl,-E  -fstack-protector-strong -L/usr/local/lib'
    libpth=/usr/lib /usr/local/lib /usr/lib/clang/13.0.0/lib /usr/lib
    libs=-lpthread -lgdbm -ldl -lm -lcrypt -lutil
    perllibs=-lpthread -ldl -lm -lcrypt -lutil
    libc=
    so=so
    useshrplib=false
    libperl=libperl.a
    gnulibc_version=''
  Dynamic Linking:
    dlsrc=dl_dlopen.xs
    dlext=so
    d_dlsymun=undef
    ccdlflags=' '
    cccdlflags='-DPIC -fPIC'
    lddlflags='-shared  -L/usr/local/lib -fstack-protector-strong'


Characteristics of this binary (from libperl): 
  Compile-time options:
    HAS_TIMES
    MULTIPLICITY
    PERLIO_LAYERS
    PERL_COPY_ON_WRITE
    PERL_DONT_CREATE_GVSV
    PERL_IMPLICIT_CONTEXT
    PERL_MALLOC_WRAP
    PERL_OP_PARENT
    PERL_PRESERVE_IVUV
    USE_ITHREADS
    USE_LARGE_FILES
    USE_LOCALE
    USE_LOCALE_COLLATE
    USE_LOCALE_CTYPE
    USE_LOCALE_NUMERIC
    USE_LOCALE_TIME
    USE_PERLIO
    USE_PERL_ATOF
    USE_REENTRANT_API
    USE_THREAD_SAFE_LOCALE
  Locally applied patches:
    Devel::PatchPerl 2.08
  Built under freebsd
  Compiled at Apr  4 2023 17:13:59
  %ENV:
    PERL5LIB="/usr/home/cpan/pit/jail/t0OrlzFWv5/lib/perl5:/usr/home/cpan/pit/thr/conf/perl-5.30.0/.cpanplus/5.30.0/build/SzCx7epM_j/StorageDisplay-2.06/blib/lib:/usr/home/cpan/pit/thr/conf/perl-5.30.0/.cpanplus/5.30.0/build/SzCx7epM_j/StorageDisplay-2.06/blib/arch"
    PERL5_CPANPLUS_IS_RUNNING="18385"
    PERL5_CPANPLUS_IS_VERSION="0.9914"
    PERL5_MINISMOKEBOX="0.68"
    PERL5_YACSMOKE_BASE="/usr/home/cpan/pit/thr/conf/perl-5.30.0"
    PERL_EXTUTILS_AUTOINSTALL="--defaultdeps"
    PERL_LOCAL_LIB_ROOT="/usr/home/cpan/pit/jail/t0OrlzFWv5"
    PERL_MB_OPT="--install_base "/usr/home/cpan/pit/jail/t0OrlzFWv5""
    PERL_MM_OPT="INSTALL_BASE=/usr/home/cpan/pit/jail/t0OrlzFWv5"
    PERL_MM_USE_DEFAULT="1"
  @INC:
    /usr/home/cpan/pit/jail/t0OrlzFWv5/lib/perl5/5.30.0/i386-freebsd-thread-multi
    /usr/home/cpan/pit/jail/t0OrlzFWv5/lib/perl5/5.30.0
    /usr/home/cpan/pit/jail/t0OrlzFWv5/lib/perl5/i386-freebsd-thread-multi
    /usr/home/cpan/pit/jail/t0OrlzFWv5/lib/perl5
    /usr/home/cpan/pit/thr/conf/perl-5.30.0/.cpanplus/5.30.0/build/SzCx7epM_j/StorageDisplay-2.06/blib/lib
    /usr/home/cpan/pit/thr/conf/perl-5.30.0/.cpanplus/5.30.0/build/SzCx7epM_j/StorageDisplay-2.06/blib/arch
    /usr/home/cpan/pit/thr/perl-5.30.0/lib/site_perl/5.30.0/i386-freebsd-thread-multi
    /usr/home/cpan/pit/thr/perl-5.30.0/lib/site_perl/5.30.0
    /usr/home/cpan/pit/thr/perl-5.30.0/lib/5.30.0/i386-freebsd-thread-multi
    /usr/home/cpan/pit/thr/perl-5.30.0/lib/5.30.0