SQL-Translator v1.64 Perl 5 v5.14.4 i386-freebsd-thread-multi

Status
Fail
From
Chris Williams (BINGOS)
Dist
SQL-Translator v1.64
Platform
Perl 5 v5.14.4 i386-freebsd-thread-multi
Date
2024-04-20 05:13:55
ID
c8e2fffe-fed4-11ee-98b0-b3c3213a625c
This distribution has been tested as part of the CPAN Testers
project, supporting the Perl programming language.  See
http://wiki.cpantesters.org/ for more information or email
questions to cpan-testers-discuss@perl.org


--

Dear Avishai Goldman,

This is a computer-generated error report created automatically by
CPANPLUS, version 0.9914. Testers personal comments may appear
at the end of this report.


Thank you for uploading your work to CPAN.  However, it appears that
there were some problems testing your distribution.

TEST RESULTS:

Below is the error stack from stage 'make test':

Skip blib/lib/auto/share/dist/SQL-Translator/PrecompiledParsers/Parse/RecDescent/DDL/SQLT/README (unchanged)
Skip blib/lib/auto/share/dist/SQL-Translator/DiaUml/uml-class-start.tt2 (unchanged)
Skip blib/lib/auto/share/dist/SQL-Translator/DiaUml/schema.tt2 (unchanged)
Skip blib/lib/auto/share/dist/SQL-Translator/DiaUml/uml-class.tt2 (unchanged)
Skip blib/lib/auto/share/dist/SQL-Translator/DiaUml/uml-class-end.tt2 (unchanged)
Skip blib/lib/auto/share/dist/SQL-Translator/DiaUml/uml-attribute.tt2 (unchanged)
Skip blib/lib/auto/share/dist/SQL-Translator/DiaUml/diagram.tt2 (unchanged)
Skip blib/lib/auto/share/dist/SQL-Translator/DiaUml/layer.tt2 (unchanged)
Skip blib/lib/auto/share/dist/SQL-Translator/DiaUml/uml-class-all.tt2 (unchanged)
PERL_DL_NONLAZY=1 "/usr/home/cpan/pit/thr/perl-5.14.4/bin/perl" "-MExtUtils::Command::MM" "-MTest::Harness" "-e" "undef *Test::Harness::Switches; test_harness(0, 'blib/lib', 'blib/arch')" t/*.t
"any" is not exported by the List::Util module
Can't continue after import errors at /usr/home/cpan/pit/thr/conf/perl-5.14.4/.cpanplus/5.14.4/build/3mE8_lnq_2/SQL-Translator-1.64/blib/lib/SQL/Translator/Utils.pm line 10.
BEGIN failed--compilation aborted at /usr/home/cpan/pit/thr/conf/perl-5.14.4/.cpanplus/5.14.4/build/3mE8_lnq_2/SQL-Translator-1.64/blib/lib/SQL/Translator/Utils.pm line 10.
Compilation failed in require at /usr/home/cpan/pit/thr/conf/perl-5.14.4/.cpanplus/5.14.4/build/3mE8_lnq_2/SQL-Translator-1.64/blib/lib/SQL/Translator/Schema/Procedure.pm line 31.
BEGIN failed--compilation aborted at /usr/home/cpan/pit/thr/conf/perl-5.14.4/.cpanplus/5.14.4/build/3mE8_lnq_2/SQL-Translator-1.64/blib/lib/SQL/Translator/Schema/Procedure.pm line 31.
Compilation failed in require at /usr/home/cpan/pit/thr/conf/perl-5.14.4/.cpanplus/5.14.4/build/3mE8_lnq_2/SQL-Translator-1.64/blib/lib/SQL/Translator/Schema.pm line 31.
BEGIN failed--compilation aborted at /usr/home/cpan/pit/thr/conf/perl-5.14.4/.cpanplus/5.14.4/build/3mE8_lnq_2/SQL-Translator-1.64/blib/lib/SQL/Translator/Schema.pm line 31.
Compilation failed in require at /usr/home/cpan/pit/thr/conf/perl-5.14.4/.cpanplus/5.14.4/build/3mE8_lnq_2/SQL-Translator-1.64/blib/lib/SQL/Translator.pm line 20.
BEGIN failed--compilation aborted at /usr/home/cpan/pit/thr/conf/perl-5.14.4/.cpanplus/5.14.4/build/3mE8_lnq_2/SQL-Translator-1.64/blib/lib/SQL/Translator.pm line 20.
Compilation failed in require at t/02mysql-parser.t line 8.
BEGIN failed--compilation aborted at t/02mysql-parser.t line 8.
t/02mysql-parser.t ...................... 
Dubious, test returned 255 (wstat 65280, 0xff00)
No subtests run 
"any" is not exported by the List::Util module
Can't continue after import errors at /usr/home/cpan/pit/thr/conf/perl-5.14.4/.cpanplus/5.14.4/build/3mE8_lnq_2/SQL-Translator-1.64/blib/lib/SQL/Translator/Utils.pm line 10.
BEGIN failed--compilation aborted at /usr/home/cpan/pit/thr/conf/perl-5.14.4/.cpanplus/5.14.4/build/3mE8_lnq_2/SQL-Translator-1.64/blib/lib/SQL/Translator/Utils.pm line 10.
Compilation failed in require at /usr/home/cpan/pit/thr/conf/perl-5.14.4/.cpanplus/5.14.4/build/3mE8_lnq_2/SQL-Translator-1.64/blib/lib/SQL/Translator/Schema/Procedure.pm line 31.
BEGIN failed--compilation aborted at /usr/home/cpan/pit/thr/conf/perl-5.14.4/.cpanplus/5.14.4/build/3mE8_lnq_2/SQL-Translator-1.64/blib/lib/SQL/Translator/Schema/Procedure.pm line 31.
Compilation failed in require at /usr/home/cpan/pit/thr/conf/perl-5.14.4/.cpanplus/5.14.4/build/3mE8_lnq_2/SQL-Translator-1.64/blib/lib/SQL/Translator/Schema.pm line 31.
BEGIN failed--compilation aborted at /usr/home/cpan/pit/thr/conf/perl-5.14.4/.cpanplus/5.14.4/build/3mE8_lnq_2/SQL-Translator-1.64/blib/lib/SQL/Translator/Schema.pm line 31.
Compilation failed in require at /usr/home/cpan/pit/thr/conf/perl-5.14.4/.cpanplus/5.14.4/build/3mE8_lnq_2/SQL-Translator-1.64/blib/lib/SQL/Translator.pm line 20.
BEGIN failed--compilation aborted at /usr/home/cpan/pit/thr/conf/perl-5.14.4/.cpanplus/5.14.4/build/3mE8_lnq_2/SQL-Translator-1.64/blib/lib/SQL/Translator.pm line 20.
Compilation failed in require at t/03mysql-to-oracle.t line 6.
BEGIN failed--compilation aborted at t/03mysql-to-oracle.t line 6.
t/03mysql-to-oracle.t ................... 
Dubious, test returned 255 (wstat 65280, 0xff00)
No subtests run 
"any" is not exported by the List::Util module
Can't continue after import errors at /usr/home/cpan/pit/thr/conf/perl-5.14.4/.cpanplus/5.14.4/build/3mE8_lnq_2/SQL-Translator-1.64/blib/lib/SQL/Translator/Utils.pm line 10.
BEGIN failed--compilation aborted at /usr/home/cpan/pit/thr/conf/perl-5.14.4/.cpanplus/5.14.4/build/3mE8_lnq_2/SQL-Translator-1.64/blib/lib/SQL/Translator/Utils.pm line 10.
Compilation failed in require at /usr/home/cpan/pit/thr/conf/perl-5.14.4/.cpanplus/5.14.4/build/3mE8_lnq_2/SQL-Translator-1.64/blib/lib/SQL/Translator/Schema/Procedure.pm line 31.
BEGIN failed--compilation aborted at /usr/home/cpan/pit/thr/conf/perl-5.14.4/.cpanplus/5.14.4/build/3mE8_lnq_2/SQL-Translator-1.64/blib/lib/SQL/Translator/Schema/Procedure.pm line 31.
Compilation failed in require at /usr/home/cpan/pit/thr/conf/perl-5.14.4/.cpanplus/5.14.4/build/3mE8_lnq_2/SQL-Translator-1.64/blib/lib/SQL/Translator/Schema.pm line 31.
BEGIN failed--compilation aborted at /usr/home/cpan/pit/thr/conf/perl-5.14.4/.cpanplus/5.14.4/build/3mE8_lnq_2/SQL-Translator-1.64/blib/lib/SQL/Translator/Schema.pm line 31.
Compilation failed in require at /usr/home/cpan/pit/thr/conf/perl-5.14.4/.cpanplus/5.14.4/build/3mE8_lnq_2/SQL-Translator-1.64/blib/lib/SQL/Translator.pm line 20.
BEGIN failed--compilation aborted at /usr/home/cpan/pit/thr/conf/perl-5.14.4/.cpanplus/5.14.4/build/3mE8_lnq_2/SQL-Translator-1.64/blib/lib/SQL/Translator.pm line 20.
Compilation failed in require at t/04file,fh,string.t line 15.
BEGIN failed--compilation aborted at t/04file,fh,string.t line 15.
t/04file,fh,string.t .................... 
Dubious, test returned 255 (wstat 65280, 0xff00)
No subtests run 
"any" is not exported by the List::Util module
Can't continue after import errors at /usr/home/cpan/pit/thr/conf/perl-5.14.4/.cpanplus/5.14.4/build/3mE8_lnq_2/SQL-Translator-1.64/blib/lib/SQL/Translator/Utils.pm line 10.
BEGIN failed--compilation aborted at /usr/home/cpan/pit/thr/conf/perl-5.14.4/.cpanplus/5.14.4/build/3mE8_lnq_2/SQL-Translator-1.64/blib/lib/SQL/Translator/Utils.pm line 10.
Compilation failed in require at /usr/home/cpan/pit/thr/conf/perl-5.14.4/.cpanplus/5.14.4/build/3mE8_lnq_2/SQL-Translator-1.64/blib/lib/SQL/Translator/Schema/Procedure.pm line 31.
BEGIN failed--compilation aborted at /usr/home/cpan/pit/thr/conf/perl-5.14.4/.cpanplus/5.14.4/build/3mE8_lnq_2/SQL-Translator-1.64/blib/lib/SQL/Translator/Schema/Procedure.pm line 31.
Compilation failed in require at /usr/home/cpan/pit/thr/conf/perl-5.14.4/.cpanplus/5.14.4/build/3mE8_lnq_2/SQL-Translator-1.64/blib/lib/SQL/Translator/Schema.pm line 31.
BEGIN failed--compilation aborted at /usr/home/cpan/pit/thr/conf/perl-5.14.4/.cpanplus/5.14.4/build/3mE8_lnq_2/SQL-Translator-1.64/blib/lib/SQL/Translator/Schema.pm line 31.
Compilation failed in require at /usr/home/cpan/pit/thr/conf/perl-5.14.4/.cpanplus/5.14.4/build/3mE8_lnq_2/SQL-Translator-1.64/blib/lib/SQL/Translator.pm line 20.
BEGIN failed--compilation aborted at /usr/home/cpan/pit/thr/conf/perl-5.14.4/.cpanplus/5.14.4/build/3mE8_lnq_2/SQL-Translator-1.64/blib/lib/SQL/Translator.pm line 20.
Compilation failed in require at t/05bgep-re.t line 10.
BEGIN failed--compilation aborted at t/05bgep-re.t line 10.
t/05bgep-re.t ........................... 
Dubious, test returned 255 (wstat 65280, 0xff00)
No subtests run 
"any" is not exported by the List::Util module
Can't continue after import errors at /usr/home/cpan/pit/thr/conf/perl-5.14.4/.cpanplus/5.14.4/build/3mE8_lnq_2/SQL-Translator-1.64/blib/lib/SQL/Translator/Utils.pm line 10.
BEGIN failed--compilation aborted at /usr/home/cpan/pit/thr/conf/perl-5.14.4/.cpanplus/5.14.4/build/3mE8_lnq_2/SQL-Translator-1.64/blib/lib/SQL/Translator/Utils.pm line 10.
Compilation failed in require at /usr/home/cpan/pit/thr/conf/perl-5.14.4/.cpanplus/5.14.4/build/3mE8_lnq_2/SQL-Translator-1.64/blib/lib/SQL/Translator/Schema/Procedure.pm line 31.
BEGIN failed--compilation aborted at /usr/home/cpan/pit/thr/conf/perl-5.14.4/.cpanplus/5.14.4/build/3mE8_lnq_2/SQL-Translator-1.64/blib/lib/SQL/Translator/Schema/Procedure.pm line 31.
Compilation failed in require at /usr/home/cpan/pit/thr/conf/perl-5.14.4/.cpanplus/5.14.4/build/3mE8_lnq_2/SQL-Translator-1.64/blib/lib/SQL/Translator/Schema.pm line 31.
BEGIN failed--compilation aborted at /usr/home/cpan/pit/thr/conf/perl-5.14.4/.cpanplus/5.14.4/build/3mE8_lnq_2/SQL-Translator-1.64/blib/lib/SQL/Translator/Schema.pm line 31.
Compilation failed in require at /usr/home/cpan/pit/thr/conf/perl-5.14.4/.cpanplus/5.14.4/build/3mE8_lnq_2/SQL-Translator-1.64/blib/lib/SQL/Translator.pm line 20.
BEGIN failed--compilation aborted at /usr/home/cpan/pit/thr/conf/perl-5.14.4/.cpanplus/5.14.4/build/3mE8_lnq_2/SQL-Translator-1.64/blib/lib/SQL/Translator.pm line 20.
Compilation failed in require at t/06xsv.t line 8.
BEGIN failed--compilation aborted at t/06xsv.t line 8.
t/06xsv.t ............................... 
Dubious, test returned 255 (wstat 65280, 0xff00)
No subtests run 
"any" is not exported by the List::Util module
Can't continue after import errors at /usr/home/cpan/pit/thr/conf/perl-5.14.4/.cpanplus/5.14.4/build/3mE8_lnq_2/SQL-Translator-1.64/blib/lib/SQL/Translator/Utils.pm line 10.
BEGIN failed--compilation aborted at /usr/home/cpan/pit/thr/conf/perl-5.14.4/.cpanplus/5.14.4/build/3mE8_lnq_2/SQL-Translator-1.64/blib/lib/SQL/Translator/Utils.pm line 10.
Compilation failed in require at /usr/home/cpan/pit/thr/conf/perl-5.14.4/.cpanplus/5.14.4/build/3mE8_lnq_2/SQL-Translator-1.64/blib/lib/SQL/Translator/Schema/Procedure.pm line 31.
BEGIN failed--compilation aborted at /usr/home/cpan/pit/thr/conf/perl-5.14.4/.cpanplus/5.14.4/build/3mE8_lnq_2/SQL-Translator-1.64/blib/lib/SQL/Translator/Schema/Procedure.pm line 31.
Compilation failed in require at /usr/home/cpan/pit/thr/conf/perl-5.14.4/.cpanplus/5.14.4/build/3mE8_lnq_2/SQL-Translator-1.64/blib/lib/SQL/Translator/Schema.pm line 31.
BEGIN failed--compilation aborted at /usr/home/cpan/pit/thr/conf/perl-5.14.4/.cpanplus/5.14.4/build/3mE8_lnq_2/SQL-Translator-1.64/blib/lib/SQL/Translator/Schema.pm line 31.
Compilation failed in require at /usr/home/cpan/pit/thr/conf/perl-5.14.4/.cpanplus/5.14.4/build/3mE8_lnq_2/SQL-Translator-1.64/blib/lib/SQL/Translator.pm line 20.
BEGIN failed--compilation aborted at /usr/home/cpan/pit/thr/conf/perl-5.14.4/.cpanplus/5.14.4/build/3mE8_lnq_2/SQL-Translator-1.64/blib/lib/SQL/Translator.pm line 20.
Compilation failed in require at t/07p_args.t line 8.
BEGIN failed--compilation aborted at t/07p_args.t line 8.
t/07p_args.t ............................ 
Dubious, test returned 255 (wstat 65280, 0xff00)
No subtests run 
"any" is not exported by the List::Util module
Can't continue after import errors at /usr/home/cpan/pit/thr/conf/perl-5.14.4/.cpanplus/5.14.4/build/3mE8_lnq_2/SQL-Translator-1.64/blib/lib/SQL/Translator/Utils.pm line 10.
BEGIN failed--compilation aborted at /usr/home/cpan/pit/thr/conf/perl-5.14.4/.cpanplus/5.14.4/build/3mE8_lnq_2/SQL-Translator-1.64/blib/lib/SQL/Translator/Utils.pm line 10.
Compilation failed in require at /usr/home/cpan/pit/thr/conf/perl-5.14.4/.cpanplus/5.14.4/build/3mE8_lnq_2/SQL-Translator-1.64/blib/lib/SQL/Translator/Schema/Procedure.pm line 31.
BEGIN failed--compilation aborted at /usr/home/cpan/pit/thr/conf/perl-5.14.4/.cpanplus/5.14.4/build/3mE8_lnq_2/SQL-Translator-1.64/blib/lib/SQL/Translator/Schema/Procedure.pm line 31.
Compilation failed in require at /usr/home/cpan/pit/thr/conf/perl-5.14.4/.cpanplus/5.14.4/build/3mE8_lnq_2/SQL-Translator-1.64/blib/lib/SQL/Translator/Schema.pm line 31.
BEGIN failed--compilation aborted at /usr/home/cpan/pit/thr/conf/perl-5.14.4/.cpanplus/5.14.4/build/3mE8_lnq_2/SQL-Translator-1.64/blib/lib/SQL/Translator/Schema.pm line 31.
Compilation failed in require at /usr/home/cpan/pit/thr/conf/perl-5.14.4/.cpanplus/5.14.4/build/3mE8_lnq_2/SQL-Translator-1.64/blib/lib/SQL/Translator.pm line 20.
BEGIN failed--compilation aborted at /usr/home/cpan/pit/thr/conf/perl-5.14.4/.cpanplus/5.14.4/build/3mE8_lnq_2/SQL-Translator-1.64/blib/lib/SQL/Translator.pm line 20.
Compilation failed in require at t/08postgres-to-mysql.t line 6.
BEGIN failed--compilation aborted at t/08postgres-to-mysql.t line 6.
t/08postgres-to-mysql.t ................. 
Dubious, test returned 255 (wstat 65280, 0xff00)
No subtests run 
t/09sqlt-diagram.t ...................... skipped: Missing dependencies: GD, Graph::Directed, GD, SQL::Translator::Parser::MySQL: "any" is not exported by the List::Util module\nCan't continue after import errors at /usr/home/cpan/pit/thr/conf/perl-5.14.4/.cpanplus/5.14.4/build/3mE8_lnq_2/SQL-Translator-1.64/blib/lib/SQL/Translator/Utils.pm line 10.\nBEGIN failed--compilation aborted at /usr/home/cpan/pit/thr/conf/perl-5.14.4/.cpanplus/5.14.4/build/3mE8_lnq_2/SQL-Translator-1.64/blib/lib/SQL/Translator/Utils.pm line 10.\nCompilation failed in require at /usr/home/cpan/pit/thr/conf/perl-5.14.4/.cpanplus/5.14.4/build/3mE8_lnq_2/SQL-Translator-1.64/blib/lib/SQL/Translator/Parser/MySQL.pm line 143.\nBEGIN failed--compilation aborted at /usr/home/cpan/pit/thr/conf/perl-5.14.4/.cpanplus/5.14.4/build/3mE8_lnq_2/SQL-Translator-1.64/blib/lib/SQL/Translator/Parser/MySQL.pm line 143.\nCompilation failed in require at (eval 18) line 1.\nBEGIN failed--compilation aborted at (eval 18) line 1.\n
"any" is not exported by the List::Util module
Can't continue after import errors at /usr/home/cpan/pit/thr/conf/perl-5.14.4/.cpanplus/5.14.4/build/3mE8_lnq_2/SQL-Translator-1.64/blib/lib/SQL/Translator/Utils.pm line 10.
BEGIN failed--compilation aborted at /usr/home/cpan/pit/thr/conf/perl-5.14.4/.cpanplus/5.14.4/build/3mE8_lnq_2/SQL-Translator-1.64/blib/lib/SQL/Translator/Utils.pm line 10.
Compilation failed in require at /usr/home/cpan/pit/thr/conf/perl-5.14.4/.cpanplus/5.14.4/build/3mE8_lnq_2/SQL-Translator-1.64/blib/lib/SQL/Translator/Schema/Procedure.pm line 31.
BEGIN failed--compilation aborted at /usr/home/cpan/pit/thr/conf/perl-5.14.4/.cpanplus/5.14.4/build/3mE8_lnq_2/SQL-Translator-1.64/blib/lib/SQL/Translator/Schema/Procedure.pm line 31.
Compilation failed in require at /usr/home/cpan/pit/thr/conf/perl-5.14.4/.cpanplus/5.14.4/build/3mE8_lnq_2/SQL-Translator-1.64/blib/lib/SQL/Translator/Schema.pm line 31.
BEGIN failed--compilation aborted at /usr/home/cpan/pit/thr/conf/perl-5.14.4/.cpanplus/5.14.4/build/3mE8_lnq_2/SQL-Translator-1.64/blib/lib/SQL/Translator/Schema.pm line 31.
Compilation failed in require at /usr/home/cpan/pit/thr/conf/perl-5.14.4/.cpanplus/5.14.4/build/3mE8_lnq_2/SQL-Translator-1.64/blib/lib/SQL/Translator.pm line 20.
BEGIN failed--compilation aborted at /usr/home/cpan/pit/thr/conf/perl-5.14.4/.cpanplus/5.14.4/build/3mE8_lnq_2/SQL-Translator-1.64/blib/lib/SQL/Translator.pm line 20.
Compilation failed in require at t/10excel.t line 5.
BEGIN failed--compilation aborted at t/10excel.t line 5.
t/10excel.t ............................. 
Dubious, test returned 255 (wstat 65280, 0xff00)
No subtests run 
"any" is not exported by the List::Util module
Can't continue after import errors at /usr/home/cpan/pit/thr/conf/perl-5.14.4/.cpanplus/5.14.4/build/3mE8_lnq_2/SQL-Translator-1.64/blib/lib/SQL/Translator/Utils.pm line 10.
BEGIN failed--compilation aborted at /usr/home/cpan/pit/thr/conf/perl-5.14.4/.cpanplus/5.14.4/build/3mE8_lnq_2/SQL-Translator-1.64/blib/lib/SQL/Translator/Utils.pm line 10.
Compilation failed in require at t/11normalize.t line 6.
BEGIN failed--compilation aborted at t/11normalize.t line 6.
t/11normalize.t ......................... 
Dubious, test returned 2 (wstat 512, 0x200)
No subtests run 
"any" is not exported by the List::Util module
Can't continue after import errors at /usr/home/cpan/pit/thr/conf/perl-5.14.4/.cpanplus/5.14.4/build/3mE8_lnq_2/SQL-Translator-1.64/blib/lib/SQL/Translator/Utils.pm line 10.
BEGIN failed--compilation aborted at /usr/home/cpan/pit/thr/conf/perl-5.14.4/.cpanplus/5.14.4/build/3mE8_lnq_2/SQL-Translator-1.64/blib/lib/SQL/Translator/Utils.pm line 10.
Compilation failed in require at t/12header_comment.t line 6.
BEGIN failed--compilation aborted at t/12header_comment.t line 6.
# Looks like your test exited with 2 before it could output anything.
t/12header_comment.t .................... 
Dubious, test returned 2 (wstat 512, 0x200)
Failed 5/5 subtests 

#   Failed test 'require SQL::Translator;'
#   at t/13schema.t line 12.
#     Tried to require 'SQL::Translator'.
#     Error:  "any" is not exported by the List::Util module
# Can't continue after import errors at /usr/home/cpan/pit/thr/conf/perl-5.14.4/.cpanplus/5.14.4/build/3mE8_lnq_2/SQL-Translator-1.64/blib/lib/SQL/Translator/Utils.pm line 10.
# BEGIN failed--compilation aborted at /usr/home/cpan/pit/thr/conf/perl-5.14.4/.cpanplus/5.14.4/build/3mE8_lnq_2/SQL-Translator-1.64/blib/lib/SQL/Translator/Utils.pm line 10.
# Compilation failed in require at /usr/home/cpan/pit/thr/conf/perl-5.14.4/.cpanplus/5.14.4/build/3mE8_lnq_2/SQL-Translator-1.64/blib/lib/SQL/Translator/Schema/Procedure.pm line 31.
# BEGIN failed--compilation aborted at /usr/home/cpan/pit/thr/conf/perl-5.14.4/.cpanplus/5.14.4/build/3mE8_lnq_2/SQL-Translator-1.64/blib/lib/SQL/Translator/Schema/Procedure.pm line 31.
# Compilation failed in require at /usr/home/cpan/pit/thr/conf/perl-5.14.4/.cpanplus/5.14.4/build/3mE8_lnq_2/SQL-Translator-1.64/blib/lib/SQL/Translator/Schema.pm line 31.
# BEGIN failed--compilation aborted at /usr/home/cpan/pit/thr/conf/perl-5.14.4/.cpanplus/5.14.4/build/3mE8_lnq_2/SQL-Translator-1.64/blib/lib/SQL/Translator/Schema.pm line 31.
# Compilation failed in require at /usr/home/cpan/pit/thr/conf/perl-5.14.4/.cpanplus/5.14.4/build/3mE8_lnq_2/SQL-Translator-1.64/blib/lib/SQL/Translator.pm line 20.
# BEGIN failed--compilation aborted at /usr/home/cpan/pit/thr/conf/perl-5.14.4/.cpanplus/5.14.4/build/3mE8_lnq_2/SQL-Translator-1.64/blib/lib/SQL/Translator.pm line 20.
# Compilation failed in require at (eval 12) line 2.

#   Failed test 'require SQL::Translator::Schema;'
#   at t/13schema.t line 13.
#     Tried to require 'SQL::Translator::Schema'.
#     Error:  Attempt to reload SQL/Translator/Schema.pm aborted.
# Compilation failed in require at (eval 18) line 2.
Can't locate object method "name" via package "SQL::Translator::Schema" at t/13schema.t line 25.
# Tests were run but no plan was declared and done_testing() was not seen.
# Looks like your test exited with 255 just after 3.
t/13schema.t ............................ 
Dubious, test returned 255 (wstat 65280, 0xff00)
Failed 2/3 subtests 
"any" is not exported by the List::Util module
Can't continue after import errors at /usr/home/cpan/pit/thr/conf/perl-5.14.4/.cpanplus/5.14.4/build/3mE8_lnq_2/SQL-Translator-1.64/blib/lib/SQL/Translator/Utils.pm line 10.
BEGIN failed--compilation aborted at /usr/home/cpan/pit/thr/conf/perl-5.14.4/.cpanplus/5.14.4/build/3mE8_lnq_2/SQL-Translator-1.64/blib/lib/SQL/Translator/Utils.pm line 10.
Compilation failed in require at /usr/home/cpan/pit/thr/conf/perl-5.14.4/.cpanplus/5.14.4/build/3mE8_lnq_2/SQL-Translator-1.64/blib/lib/SQL/Translator/Schema/Procedure.pm line 31.
BEGIN failed--compilation aborted at /usr/home/cpan/pit/thr/conf/perl-5.14.4/.cpanplus/5.14.4/build/3mE8_lnq_2/SQL-Translator-1.64/blib/lib/SQL/Translator/Schema/Procedure.pm line 31.
Compilation failed in require at /usr/home/cpan/pit/thr/conf/perl-5.14.4/.cpanplus/5.14.4/build/3mE8_lnq_2/SQL-Translator-1.64/blib/lib/SQL/Translator/Schema.pm line 31.
BEGIN failed--compilation aborted at /usr/home/cpan/pit/thr/conf/perl-5.14.4/.cpanplus/5.14.4/build/3mE8_lnq_2/SQL-Translator-1.64/blib/lib/SQL/Translator/Schema.pm line 31.
Compilation failed in require at /usr/home/cpan/pit/thr/conf/perl-5.14.4/.cpanplus/5.14.4/build/3mE8_lnq_2/SQL-Translator-1.64/blib/lib/SQL/Translator.pm line 20.
BEGIN failed--compilation aborted at /usr/home/cpan/pit/thr/conf/perl-5.14.4/.cpanplus/5.14.4/build/3mE8_lnq_2/SQL-Translator-1.64/blib/lib/SQL/Translator.pm line 20.
Compilation failed in require at t/14postgres-parser.t line 6.
BEGIN failed--compilation aborted at t/14postgres-parser.t line 6.
t/14postgres-parser.t ................... 
Dubious, test returned 255 (wstat 65280, 0xff00)
No subtests run 
"any" is not exported by the List::Util module
Can't continue after import errors at /usr/home/cpan/pit/thr/conf/perl-5.14.4/.cpanplus/5.14.4/build/3mE8_lnq_2/SQL-Translator-1.64/blib/lib/SQL/Translator/Utils.pm line 10.
BEGIN failed--compilation aborted at /usr/home/cpan/pit/thr/conf/perl-5.14.4/.cpanplus/5.14.4/build/3mE8_lnq_2/SQL-Translator-1.64/blib/lib/SQL/Translator/Utils.pm line 10.
Compilation failed in require at /usr/home/cpan/pit/thr/conf/perl-5.14.4/.cpanplus/5.14.4/build/3mE8_lnq_2/SQL-Translator-1.64/blib/lib/SQL/Translator/Schema/Procedure.pm line 31.
BEGIN failed--compilation aborted at /usr/home/cpan/pit/thr/conf/perl-5.14.4/.cpanplus/5.14.4/build/3mE8_lnq_2/SQL-Translator-1.64/blib/lib/SQL/Translator/Schema/Procedure.pm line 31.
Compilation failed in require at /usr/home/cpan/pit/thr/conf/perl-5.14.4/.cpanplus/5.14.4/build/3mE8_lnq_2/SQL-Translator-1.64/blib/lib/SQL/Translator/Schema.pm line 31.
BEGIN failed--compilation aborted at /usr/home/cpan/pit/thr/conf/perl-5.14.4/.cpanplus/5.14.4/build/3mE8_lnq_2/SQL-Translator-1.64/blib/lib/SQL/Translator/Schema.pm line 31.
Compilation failed in require at /usr/home/cpan/pit/thr/conf/perl-5.14.4/.cpanplus/5.14.4/build/3mE8_lnq_2/SQL-Translator-1.64/blib/lib/SQL/Translator.pm line 20.
BEGIN failed--compilation aborted at /usr/home/cpan/pit/thr/conf/perl-5.14.4/.cpanplus/5.14.4/build/3mE8_lnq_2/SQL-Translator-1.64/blib/lib/SQL/Translator.pm line 20.
Compilation failed in require at t/15oracle-parser.t line 6.
BEGIN failed--compilation aborted at t/15oracle-parser.t line 6.
t/15oracle-parser.t ..................... 
Dubious, test returned 255 (wstat 65280, 0xff00)
No subtests run 
"any" is not exported by the List::Util module
Can't continue after import errors at /usr/home/cpan/pit/thr/conf/perl-5.14.4/.cpanplus/5.14.4/build/3mE8_lnq_2/SQL-Translator-1.64/blib/lib/SQL/Translator/Utils.pm line 10.
BEGIN failed--compilation aborted at /usr/home/cpan/pit/thr/conf/perl-5.14.4/.cpanplus/5.14.4/build/3mE8_lnq_2/SQL-Translator-1.64/blib/lib/SQL/Translator/Utils.pm line 10.
Compilation failed in require at /usr/home/cpan/pit/thr/conf/perl-5.14.4/.cpanplus/5.14.4/build/3mE8_lnq_2/SQL-Translator-1.64/blib/lib/SQL/Translator/Schema/Procedure.pm line 31.
BEGIN failed--compilation aborted at /usr/home/cpan/pit/thr/conf/perl-5.14.4/.cpanplus/5.14.4/build/3mE8_lnq_2/SQL-Translator-1.64/blib/lib/SQL/Translator/Schema/Procedure.pm line 31.
Compilation failed in require at /usr/home/cpan/pit/thr/conf/perl-5.14.4/.cpanplus/5.14.4/build/3mE8_lnq_2/SQL-Translator-1.64/blib/lib/SQL/Translator/Schema.pm line 31.
BEGIN failed--compilation aborted at /usr/home/cpan/pit/thr/conf/perl-5.14.4/.cpanplus/5.14.4/build/3mE8_lnq_2/SQL-Translator-1.64/blib/lib/SQL/Translator/Schema.pm line 31.
Compilation failed in require at /usr/home/cpan/pit/thr/conf/perl-5.14.4/.cpanplus/5.14.4/build/3mE8_lnq_2/SQL-Translator-1.64/blib/lib/SQL/Translator.pm line 20.
BEGIN failed--compilation aborted at /usr/home/cpan/pit/thr/conf/perl-5.14.4/.cpanplus/5.14.4/build/3mE8_lnq_2/SQL-Translator-1.64/blib/lib/SQL/Translator.pm line 20.
Compilation failed in require at t/16xml-parser.t line 17.
BEGIN failed--compilation aborted at t/16xml-parser.t line 17.
t/16xml-parser.t ........................ 
Dubious, test returned 255 (wstat 65280, 0xff00)
No subtests run 
t/17sqlfxml-producer.t .................. skipped: Missing dependency: SQL::Translator::Producer::XML::SQLFairy: "any" is not exported by the List::Util module\nCan't continue after import errors at /usr/home/cpan/pit/thr/conf/perl-5.14.4/.cpanplus/5.14.4/build/3mE8_lnq_2/SQL-Translator-1.64/blib/lib/SQL/Translator/Utils.pm line 10.\nBEGIN failed--compilation aborted at /usr/home/cpan/pit/thr/conf/perl-5.14.4/.cpanplus/5.14.4/build/3mE8_lnq_2/SQL-Translator-1.64/blib/lib/SQL/Translator/Utils.pm line 10.\nCompilation failed in require at /usr/home/cpan/pit/thr/conf/perl-5.14.4/.cpanplus/5.14.4/build/3mE8_lnq_2/SQL-Translator-1.64/blib/lib/SQL/Translator/Producer/XML/SQLFairy.pm line 152.\nBEGIN failed--compilation aborted at /usr/home/cpan/pit/thr/conf/perl-5.14.4/.cpanplus/5.14.4/build/3mE8_lnq_2/SQL-Translator-1.64/blib/lib/SQL/Translator/Producer/XML/SQLFairy.pm line 152.\nCompilation failed in require at (eval 15) line 1.\nBEGIN failed--compilation aborted at (eval 15) line 1.\n
t/18ttschema-producer.t ................. skipped: Missing dependencies: SQL::Translator::Parser::XML::SQLFairy: "any" is not exported by the List::Util module\nCan't continue after import errors at /usr/home/cpan/pit/thr/conf/perl-5.14.4/.cpanplus/5.14.4/build/3mE8_lnq_2/SQL-Translator-1.64/blib/lib/SQL/Translator/Utils.pm line 10.\nBEGIN failed--compilation aborted at /usr/home/cpan/pit/thr/conf/perl-5.14.4/.cpanplus/5.14.4/build/3mE8_lnq_2/SQL-Translator-1.64/blib/lib/SQL/Translator/Utils.pm line 10.\nCompilation failed in require at /usr/home/cpan/pit/thr/conf/perl-5.14.4/.cpanplus/5.14.4/build/3mE8_lnq_2/SQL-Translator-1.64/blib/lib/SQL/Translator/Parser/XML/SQLFairy.pm line 92.\nBEGIN failed--compilation aborted at /usr/home/cpan/pit/thr/conf/perl-5.14.4/.cpanplus/5.14.4/build/3mE8_lnq_2/SQL-Translator-1.64/blib/lib/SQL/Translator/Parser/XML/SQLFairy.pm line 92.\nCompilation failed in require at (eval 11) line 1.\nBEGIN failed--compilation aborted at (eval 11) line 1.\n, Template
"any" is not exported by the List::Util module
Can't continue after import errors at /usr/home/cpan/pit/thr/conf/perl-5.14.4/.cpanplus/5.14.4/build/3mE8_lnq_2/SQL-Translator-1.64/blib/lib/SQL/Translator/Utils.pm line 10.
BEGIN failed--compilation aborted at /usr/home/cpan/pit/thr/conf/perl-5.14.4/.cpanplus/5.14.4/build/3mE8_lnq_2/SQL-Translator-1.64/blib/lib/SQL/Translator/Utils.pm line 10.
Compilation failed in require at /usr/home/cpan/pit/thr/conf/perl-5.14.4/.cpanplus/5.14.4/build/3mE8_lnq_2/SQL-Translator-1.64/blib/lib/SQL/Translator/Schema/Procedure.pm line 31.
BEGIN failed--compilation aborted at /usr/home/cpan/pit/thr/conf/perl-5.14.4/.cpanplus/5.14.4/build/3mE8_lnq_2/SQL-Translator-1.64/blib/lib/SQL/Translator/Schema/Procedure.pm line 31.
Compilation failed in require at /usr/home/cpan/pit/thr/conf/perl-5.14.4/.cpanplus/5.14.4/build/3mE8_lnq_2/SQL-Translator-1.64/blib/lib/SQL/Translator/Schema.pm line 31.
BEGIN failed--compilation aborted at /usr/home/cpan/pit/thr/conf/perl-5.14.4/.cpanplus/5.14.4/build/3mE8_lnq_2/SQL-Translator-1.64/blib/lib/SQL/Translator/Schema.pm line 31.
Compilation failed in require at /usr/home/cpan/pit/thr/conf/perl-5.14.4/.cpanplus/5.14.4/build/3mE8_lnq_2/SQL-Translator-1.64/blib/lib/SQL/Translator.pm line 20.
BEGIN failed--compilation aborted at /usr/home/cpan/pit/thr/conf/perl-5.14.4/.cpanplus/5.14.4/build/3mE8_lnq_2/SQL-Translator-1.64/blib/lib/SQL/Translator.pm line 20.
Compilation failed in require at t/19sybase-parser.t line 10.
BEGIN failed--compilation aborted at t/19sybase-parser.t line 10.
t/19sybase-parser.t ..................... 
Dubious, test returned 255 (wstat 65280, 0xff00)
No subtests run 
"any" is not exported by the List::Util module
Can't continue after import errors at /usr/home/cpan/pit/thr/conf/perl-5.14.4/.cpanplus/5.14.4/build/3mE8_lnq_2/SQL-Translator-1.64/blib/lib/SQL/Translator/Utils.pm line 10.
BEGIN failed--compilation aborted at /usr/home/cpan/pit/thr/conf/perl-5.14.4/.cpanplus/5.14.4/build/3mE8_lnq_2/SQL-Translator-1.64/blib/lib/SQL/Translator/Utils.pm line 10.
Compilation failed in require at /usr/home/cpan/pit/thr/conf/perl-5.14.4/.cpanplus/5.14.4/build/3mE8_lnq_2/SQL-Translator-1.64/blib/lib/SQL/Translator/Schema/Procedure.pm line 31.
BEGIN failed--compilation aborted at /usr/home/cpan/pit/thr/conf/perl-5.14.4/.cpanplus/5.14.4/build/3mE8_lnq_2/SQL-Translator-1.64/blib/lib/SQL/Translator/Schema/Procedure.pm line 31.
Compilation failed in require at /usr/home/cpan/pit/thr/conf/perl-5.14.4/.cpanplus/5.14.4/build/3mE8_lnq_2/SQL-Translator-1.64/blib/lib/SQL/Translator/Schema.pm line 31.
BEGIN failed--compilation aborted at /usr/home/cpan/pit/thr/conf/perl-5.14.4/.cpanplus/5.14.4/build/3mE8_lnq_2/SQL-Translator-1.64/blib/lib/SQL/Translator/Schema.pm line 31.
Compilation failed in require at /usr/home/cpan/pit/thr/conf/perl-5.14.4/.cpanplus/5.14.4/build/3mE8_lnq_2/SQL-Translator-1.64/blib/lib/SQL/Translator.pm line 20.
BEGIN failed--compilation aborted at /usr/home/cpan/pit/thr/conf/perl-5.14.4/.cpanplus/5.14.4/build/3mE8_lnq_2/SQL-Translator-1.64/blib/lib/SQL/Translator.pm line 20.
Compilation failed in require at t/20format_X_name.t line 6.
BEGIN failed--compilation aborted at t/20format_X_name.t line 6.
t/20format_X_name.t ..................... 
Dubious, test returned 255 (wstat 65280, 0xff00)
No subtests run 
"any" is not exported by the List::Util module
Can't continue after import errors at /usr/home/cpan/pit/thr/conf/perl-5.14.4/.cpanplus/5.14.4/build/3mE8_lnq_2/SQL-Translator-1.64/blib/lib/SQL/Translator/Utils.pm line 10.
BEGIN failed--compilation aborted at /usr/home/cpan/pit/thr/conf/perl-5.14.4/.cpanplus/5.14.4/build/3mE8_lnq_2/SQL-Translator-1.64/blib/lib/SQL/Translator/Utils.pm line 10.
Compilation failed in require at /usr/home/cpan/pit/thr/conf/perl-5.14.4/.cpanplus/5.14.4/build/3mE8_lnq_2/SQL-Translator-1.64/blib/lib/SQL/Translator/Schema/Procedure.pm line 31.
BEGIN failed--compilation aborted at /usr/home/cpan/pit/thr/conf/perl-5.14.4/.cpanplus/5.14.4/build/3mE8_lnq_2/SQL-Translator-1.64/blib/lib/SQL/Translator/Schema/Procedure.pm line 31.
Compilation failed in require at /usr/home/cpan/pit/thr/conf/perl-5.14.4/.cpanplus/5.14.4/build/3mE8_lnq_2/SQL-Translator-1.64/blib/lib/SQL/Translator/Schema.pm line 31.
BEGIN failed--compilation aborted at /usr/home/cpan/pit/thr/conf/perl-5.14.4/.cpanplus/5.14.4/build/3mE8_lnq_2/SQL-Translator-1.64/blib/lib/SQL/Translator/Schema.pm line 31.
Compilation failed in require at /usr/home/cpan/pit/thr/conf/perl-5.14.4/.cpanplus/5.14.4/build/3mE8_lnq_2/SQL-Translator-1.64/blib/lib/SQL/Translator.pm line 20.
BEGIN failed--compilation aborted at /usr/home/cpan/pit/thr/conf/perl-5.14.4/.cpanplus/5.14.4/build/3mE8_lnq_2/SQL-Translator-1.64/blib/lib/SQL/Translator.pm line 20.
Compilation failed in require at t/23json.t line 6.
BEGIN failed--compilation aborted at t/23json.t line 6.
t/23json.t .............................. 
Dubious, test returned 255 (wstat 65280, 0xff00)
No subtests run 
"any" is not exported by the List::Util module
Can't continue after import errors at /usr/home/cpan/pit/thr/conf/perl-5.14.4/.cpanplus/5.14.4/build/3mE8_lnq_2/SQL-Translator-1.64/blib/lib/SQL/Translator/Utils.pm line 10.
BEGIN failed--compilation aborted at /usr/home/cpan/pit/thr/conf/perl-5.14.4/.cpanplus/5.14.4/build/3mE8_lnq_2/SQL-Translator-1.64/blib/lib/SQL/Translator/Utils.pm line 10.
Compilation failed in require at /usr/home/cpan/pit/thr/conf/perl-5.14.4/.cpanplus/5.14.4/build/3mE8_lnq_2/SQL-Translator-1.64/blib/lib/SQL/Translator/Schema/Procedure.pm line 31.
BEGIN failed--compilation aborted at /usr/home/cpan/pit/thr/conf/perl-5.14.4/.cpanplus/5.14.4/build/3mE8_lnq_2/SQL-Translator-1.64/blib/lib/SQL/Translator/Schema/Procedure.pm line 31.
Compilation failed in require at /usr/home/cpan/pit/thr/conf/perl-5.14.4/.cpanplus/5.14.4/build/3mE8_lnq_2/SQL-Translator-1.64/blib/lib/SQL/Translator/Schema.pm line 31.
BEGIN failed--compilation aborted at /usr/home/cpan/pit/thr/conf/perl-5.14.4/.cpanplus/5.14.4/build/3mE8_lnq_2/SQL-Translator-1.64/blib/lib/SQL/Translator/Schema.pm line 31.
Compilation failed in require at /usr/home/cpan/pit/thr/conf/perl-5.14.4/.cpanplus/5.14.4/build/3mE8_lnq_2/SQL-Translator-1.64/blib/lib/SQL/Translator.pm line 20.
BEGIN failed--compilation aborted at /usr/home/cpan/pit/thr/conf/perl-5.14.4/.cpanplus/5.14.4/build/3mE8_lnq_2/SQL-Translator-1.64/blib/lib/SQL/Translator.pm line 20.
Compilation failed in require at t/24yaml.t line 6.
BEGIN failed--compilation aborted at t/24yaml.t line 6.
t/24yaml.t .............................. 
Dubious, test returned 255 (wstat 65280, 0xff00)
No subtests run 

#   Failed test 'use SQL::Translator::Parser::Storable;'
#   at t/25storable.t line 3.
#     Tried to use 'SQL::Translator::Parser::Storable'.
#     Error:  "any" is not exported by the List::Util module
# Can't continue after import errors at /usr/home/cpan/pit/thr/conf/perl-5.14.4/.cpanplus/5.14.4/build/3mE8_lnq_2/SQL-Translator-1.64/blib/lib/SQL/Translator/Utils.pm line 10.
# BEGIN failed--compilation aborted at /usr/home/cpan/pit/thr/conf/perl-5.14.4/.cpanplus/5.14.4/build/3mE8_lnq_2/SQL-Translator-1.64/blib/lib/SQL/Translator/Utils.pm line 10.
# Compilation failed in require at /usr/home/cpan/pit/thr/conf/perl-5.14.4/.cpanplus/5.14.4/build/3mE8_lnq_2/SQL-Translator-1.64/blib/lib/SQL/Translator/Parser/Storable.pm line 30.
# BEGIN failed--compilation aborted at /usr/home/cpan/pit/thr/conf/perl-5.14.4/.cpanplus/5.14.4/build/3mE8_lnq_2/SQL-Translator-1.64/blib/lib/SQL/Translator/Parser/Storable.pm line 30.
# Compilation failed in require at t/25storable.t line 3.
# BEGIN failed--compilation aborted at t/25storable.t line 3.
# Looks like you failed 1 test of 2.
t/25storable.t .......................... 
Dubious, test returned 1 (wstat 256, 0x100)
Failed 1/2 subtests 
t/26sybase.t ............................ skipped: Missing dependency: SQL::Translator::Parser::DBI::Sybase: "any" is not exported by the List::Util module\nCan't continue after import errors at /usr/home/cpan/pit/thr/conf/perl-5.14.4/.cpanplus/5.14.4/build/3mE8_lnq_2/SQL-Translator-1.64/blib/lib/SQL/Translator/Utils.pm line 10.\nBEGIN failed--compilation aborted at /usr/home/cpan/pit/thr/conf/perl-5.14.4/.cpanplus/5.14.4/build/3mE8_lnq_2/SQL-Translator-1.64/blib/lib/SQL/Translator/Utils.pm line 10.\nCompilation failed in require at /usr/home/cpan/pit/thr/conf/perl-5.14.4/.cpanplus/5.14.4/build/3mE8_lnq_2/SQL-Translator-1.64/blib/lib/SQL/Translator/Schema/Procedure.pm line 31.\nBEGIN failed--compilation aborted at /usr/home/cpan/pit/thr/conf/perl-5.14.4/.cpanplus/5.14.4/build/3mE8_lnq_2/SQL-Translator-1.64/blib/lib/SQL/Translator/Schema/Procedure.pm line 31.\nCompilation failed in require at /usr/home/cpan/pit/thr/conf/perl-5.14.4/.cpanplus/5.14.4/build/3mE8_lnq_2/SQL-Translator-1.64/blib/lib/SQL/Translator/Schema.pm line 31.\nBEGIN failed--compilation aborted at /usr/home/cpan/pit/thr/conf/perl-5.14.4/.cpanplus/5.14.4/build/3mE8_lnq_2/SQL-Translator-1.64/blib/lib/SQL/Translator/Schema.pm line 31.\nCompilation failed in require at /usr/home/cpan/pit/thr/conf/perl-5.14.4/.cpanplus/5.14.4/build/3mE8_lnq_2/SQL-Translator-1.64/blib/lib/SQL/Translator/Parser/DBI/Sybase.pm line 20.\nBEGIN failed--compilation aborted at /usr/home/cpan/pit/thr/conf/perl-5.14.4/.cpanplus/5.14.4/build/3mE8_lnq_2/SQL-Translator-1.64/blib/lib/SQL/Translator/Parser/DBI/Sybase.pm line 20.\nCompilation failed in require at (eval 10) line 1.\nBEGIN failed--compilation aborted at (eval 10) line 1.\n
"any" is not exported by the List::Util module
Can't continue after import errors at /usr/home/cpan/pit/thr/conf/perl-5.14.4/.cpanplus/5.14.4/build/3mE8_lnq_2/SQL-Translator-1.64/blib/lib/SQL/Translator/Utils.pm line 10.
BEGIN failed--compilation aborted at /usr/home/cpan/pit/thr/conf/perl-5.14.4/.cpanplus/5.14.4/build/3mE8_lnq_2/SQL-Translator-1.64/blib/lib/SQL/Translator/Utils.pm line 10.
Compilation failed in require at /usr/home/cpan/pit/thr/conf/perl-5.14.4/.cpanplus/5.14.4/build/3mE8_lnq_2/SQL-Translator-1.64/blib/lib/SQL/Translator/Schema/Procedure.pm line 31.
BEGIN failed--compilation aborted at /usr/home/cpan/pit/thr/conf/perl-5.14.4/.cpanplus/5.14.4/build/3mE8_lnq_2/SQL-Translator-1.64/blib/lib/SQL/Translator/Schema/Procedure.pm line 31.
Compilation failed in require at /usr/home/cpan/pit/thr/conf/perl-5.14.4/.cpanplus/5.14.4/build/3mE8_lnq_2/SQL-Translator-1.64/blib/lib/SQL/Translator/Schema.pm line 31.
BEGIN failed--compilation aborted at /usr/home/cpan/pit/thr/conf/perl-5.14.4/.cpanplus/5.14.4/build/3mE8_lnq_2/SQL-Translator-1.64/blib/lib/SQL/Translator/Schema.pm line 31.
Compilation failed in require at /usr/home/cpan/pit/thr/conf/perl-5.14.4/.cpanplus/5.14.4/build/3mE8_lnq_2/SQL-Translator-1.64/blib/lib/SQL/Translator.pm line 20.
BEGIN failed--compilation aborted at /usr/home/cpan/pit/thr/conf/perl-5.14.4/.cpanplus/5.14.4/build/3mE8_lnq_2/SQL-Translator-1.64/blib/lib/SQL/Translator.pm line 20.
Compilation failed in require at t/27sqlite-parser.t line 9.
BEGIN failed--compilation aborted at t/27sqlite-parser.t line 9.
t/27sqlite-parser.t ..................... 
Dubious, test returned 255 (wstat 65280, 0xff00)
No subtests run 
"any" is not exported by the List::Util module
Can't continue after import errors at /usr/home/cpan/pit/thr/conf/perl-5.14.4/.cpanplus/5.14.4/build/3mE8_lnq_2/SQL-Translator-1.64/blib/lib/SQL/Translator/Utils.pm line 10.
BEGIN failed--compilation aborted at /usr/home/cpan/pit/thr/conf/perl-5.14.4/.cpanplus/5.14.4/build/3mE8_lnq_2/SQL-Translator-1.64/blib/lib/SQL/Translator/Utils.pm line 10.
Compilation failed in require at /usr/home/cpan/pit/thr/conf/perl-5.14.4/.cpanplus/5.14.4/build/3mE8_lnq_2/SQL-Translator-1.64/blib/lib/SQL/Translator/Schema/Procedure.pm line 31.
BEGIN failed--compilation aborted at /usr/home/cpan/pit/thr/conf/perl-5.14.4/.cpanplus/5.14.4/build/3mE8_lnq_2/SQL-Translator-1.64/blib/lib/SQL/Translator/Schema/Procedure.pm line 31.
Compilation failed in require at /usr/home/cpan/pit/thr/conf/perl-5.14.4/.cpanplus/5.14.4/build/3mE8_lnq_2/SQL-Translator-1.64/blib/lib/SQL/Translator/Schema.pm line 31.
BEGIN failed--compilation aborted at /usr/home/cpan/pit/thr/conf/perl-5.14.4/.cpanplus/5.14.4/build/3mE8_lnq_2/SQL-Translator-1.64/blib/lib/SQL/Translator/Schema.pm line 31.
Compilation failed in require at /usr/home/cpan/pit/thr/conf/perl-5.14.4/.cpanplus/5.14.4/build/3mE8_lnq_2/SQL-Translator-1.64/blib/lib/SQL/Translator.pm line 20.
BEGIN failed--compilation aborted at /usr/home/cpan/pit/thr/conf/perl-5.14.4/.cpanplus/5.14.4/build/3mE8_lnq_2/SQL-Translator-1.64/blib/lib/SQL/Translator.pm line 20.
Compilation failed in require at t/29html.t line 13.
BEGIN failed--compilation aborted at t/29html.t line 13.
t/29html.t .............................. 
Dubious, test returned 255 (wstat 65280, 0xff00)
No subtests run 
"any" is not exported by the List::Util module
Can't continue after import errors at /usr/home/cpan/pit/thr/conf/perl-5.14.4/.cpanplus/5.14.4/build/3mE8_lnq_2/SQL-Translator-1.64/blib/lib/SQL/Translator/Utils.pm line 10.
BEGIN failed--compilation aborted at /usr/home/cpan/pit/thr/conf/perl-5.14.4/.cpanplus/5.14.4/build/3mE8_lnq_2/SQL-Translator-1.64/blib/lib/SQL/Translator/Utils.pm line 10.
Compilation failed in require at /usr/home/cpan/pit/thr/conf/perl-5.14.4/.cpanplus/5.14.4/build/3mE8_lnq_2/SQL-Translator-1.64/blib/lib/SQL/Translator/Schema/Procedure.pm line 31.
BEGIN failed--compilation aborted at /usr/home/cpan/pit/thr/conf/perl-5.14.4/.cpanplus/5.14.4/build/3mE8_lnq_2/SQL-Translator-1.64/blib/lib/SQL/Translator/Schema/Procedure.pm line 31.
Compilation failed in require at /usr/home/cpan/pit/thr/conf/perl-5.14.4/.cpanplus/5.14.4/build/3mE8_lnq_2/SQL-Translator-1.64/blib/lib/SQL/Translator/Schema.pm line 31.
BEGIN failed--compilation aborted at /usr/home/cpan/pit/thr/conf/perl-5.14.4/.cpanplus/5.14.4/build/3mE8_lnq_2/SQL-Translator-1.64/blib/lib/SQL/Translator/Schema.pm line 31.
Compilation failed in require at /usr/home/cpan/pit/thr/conf/perl-5.14.4/.cpanplus/5.14.4/build/3mE8_lnq_2/SQL-Translator-1.64/blib/lib/SQL/Translator.pm line 20.
BEGIN failed--compilation aborted at /usr/home/cpan/pit/thr/conf/perl-5.14.4/.cpanplus/5.14.4/build/3mE8_lnq_2/SQL-Translator-1.64/blib/lib/SQL/Translator.pm line 20.
Compilation failed in require at t/30sqlt-new-diff-mysql.t line 6.
BEGIN failed--compilation aborted at t/30sqlt-new-diff-mysql.t line 6.
t/30sqlt-new-diff-mysql.t ............... 
Dubious, test returned 255 (wstat 65280, 0xff00)
No subtests run 
"any" is not exported by the List::Util module
Can't continue after import errors at /usr/home/cpan/pit/thr/conf/perl-5.14.4/.cpanplus/5.14.4/build/3mE8_lnq_2/SQL-Translator-1.64/blib/lib/SQL/Translator/Utils.pm line 10.
BEGIN failed--compilation aborted at /usr/home/cpan/pit/thr/conf/perl-5.14.4/.cpanplus/5.14.4/build/3mE8_lnq_2/SQL-Translator-1.64/blib/lib/SQL/Translator/Utils.pm line 10.
Compilation failed in require at /usr/home/cpan/pit/thr/conf/perl-5.14.4/.cpanplus/5.14.4/build/3mE8_lnq_2/SQL-Translator-1.64/blib/lib/SQL/Translator/Schema/Procedure.pm line 31.
BEGIN failed--compilation aborted at /usr/home/cpan/pit/thr/conf/perl-5.14.4/.cpanplus/5.14.4/build/3mE8_lnq_2/SQL-Translator-1.64/blib/lib/SQL/Translator/Schema/Procedure.pm line 31.
Compilation failed in require at /usr/home/cpan/pit/thr/conf/perl-5.14.4/.cpanplus/5.14.4/build/3mE8_lnq_2/SQL-Translator-1.64/blib/lib/SQL/Translator/Schema.pm line 31.
BEGIN failed--compilation aborted at /usr/home/cpan/pit/thr/conf/perl-5.14.4/.cpanplus/5.14.4/build/3mE8_lnq_2/SQL-Translator-1.64/blib/lib/SQL/Translator/Schema.pm line 31.
Compilation failed in require at /usr/home/cpan/pit/thr/conf/perl-5.14.4/.cpanplus/5.14.4/build/3mE8_lnq_2/SQL-Translator-1.64/blib/lib/SQL/Translator.pm line 20.
BEGIN failed--compilation aborted at /usr/home/cpan/pit/thr/conf/perl-5.14.4/.cpanplus/5.14.4/build/3mE8_lnq_2/SQL-Translator-1.64/blib/lib/SQL/Translator.pm line 20.
Compilation failed in require at t/30sqlt-new-diff-pgsql.t line 6.
BEGIN failed--compilation aborted at t/30sqlt-new-diff-pgsql.t line 6.
t/30sqlt-new-diff-pgsql.t ............... 
Dubious, test returned 255 (wstat 65280, 0xff00)
No subtests run 
"any" is not exported by the List::Util module
Can't continue after import errors at /usr/home/cpan/pit/thr/conf/perl-5.14.4/.cpanplus/5.14.4/build/3mE8_lnq_2/SQL-Translator-1.64/blib/lib/SQL/Translator/Utils.pm line 10.
BEGIN failed--compilation aborted at /usr/home/cpan/pit/thr/conf/perl-5.14.4/.cpanplus/5.14.4/build/3mE8_lnq_2/SQL-Translator-1.64/blib/lib/SQL/Translator/Utils.pm line 10.
Compilation failed in require at /usr/home/cpan/pit/thr/conf/perl-5.14.4/.cpanplus/5.14.4/build/3mE8_lnq_2/SQL-Translator-1.64/blib/lib/SQL/Translator/Schema/Procedure.pm line 31.
BEGIN failed--compilation aborted at /usr/home/cpan/pit/thr/conf/perl-5.14.4/.cpanplus/5.14.4/build/3mE8_lnq_2/SQL-Translator-1.64/blib/lib/SQL/Translator/Schema/Procedure.pm line 31.
Compilation failed in require at /usr/home/cpan/pit/thr/conf/perl-5.14.4/.cpanplus/5.14.4/build/3mE8_lnq_2/SQL-Translator-1.64/blib/lib/SQL/Translator/Schema.pm line 31.
BEGIN failed--compilation aborted at /usr/home/cpan/pit/thr/conf/perl-5.14.4/.cpanplus/5.14.4/build/3mE8_lnq_2/SQL-Translator-1.64/blib/lib/SQL/Translator/Schema.pm line 31.
Compilation failed in require at /usr/home/cpan/pit/thr/conf/perl-5.14.4/.cpanplus/5.14.4/build/3mE8_lnq_2/SQL-Translator-1.64/blib/lib/SQL/Translator.pm line 20.
BEGIN failed--compilation aborted at /usr/home/cpan/pit/thr/conf/perl-5.14.4/.cpanplus/5.14.4/build/3mE8_lnq_2/SQL-Translator-1.64/blib/lib/SQL/Translator.pm line 20.
Compilation failed in require at t/30sqlt-new-diff-sqlite.t line 6.
BEGIN failed--compilation aborted at t/30sqlt-new-diff-sqlite.t line 6.
t/30sqlt-new-diff-sqlite.t .............. 
Dubious, test returned 255 (wstat 65280, 0xff00)
No subtests run 
"any" is not exported by the List::Util module
Can't continue after import errors at /usr/home/cpan/pit/thr/conf/perl-5.14.4/.cpanplus/5.14.4/build/3mE8_lnq_2/SQL-Translator-1.64/blib/lib/SQL/Translator/Utils.pm line 10.
BEGIN failed--compilation aborted at /usr/home/cpan/pit/thr/conf/perl-5.14.4/.cpanplus/5.14.4/build/3mE8_lnq_2/SQL-Translator-1.64/blib/lib/SQL/Translator/Utils.pm line 10.
Compilation failed in require at /usr/home/cpan/pit/thr/conf/perl-5.14.4/.cpanplus/5.14.4/build/3mE8_lnq_2/SQL-Translator-1.64/blib/lib/SQL/Translator/Schema/Procedure.pm line 31.
BEGIN failed--compilation aborted at /usr/home/cpan/pit/thr/conf/perl-5.14.4/.cpanplus/5.14.4/build/3mE8_lnq_2/SQL-Translator-1.64/blib/lib/SQL/Translator/Schema/Procedure.pm line 31.
Compilation failed in require at /usr/home/cpan/pit/thr/conf/perl-5.14.4/.cpanplus/5.14.4/build/3mE8_lnq_2/SQL-Translator-1.64/blib/lib/SQL/Translator/Schema.pm line 31.
BEGIN failed--compilation aborted at /usr/home/cpan/pit/thr/conf/perl-5.14.4/.cpanplus/5.14.4/build/3mE8_lnq_2/SQL-Translator-1.64/blib/lib/SQL/Translator/Schema.pm line 31.
Compilation failed in require at /usr/home/cpan/pit/thr/conf/perl-5.14.4/.cpanplus/5.14.4/build/3mE8_lnq_2/SQL-Translator-1.64/blib/lib/SQL/Translator.pm line 20.
BEGIN failed--compilation aborted at /usr/home/cpan/pit/thr/conf/perl-5.14.4/.cpanplus/5.14.4/build/3mE8_lnq_2/SQL-Translator-1.64/blib/lib/SQL/Translator.pm line 20.
Compilation failed in require at t/30sqlt-new-diff.t line 6.
BEGIN failed--compilation aborted at t/30sqlt-new-diff.t line 6.
t/30sqlt-new-diff.t ..................... 
Dubious, test returned 255 (wstat 65280, 0xff00)
No subtests run 
"any" is not exported by the List::Util module
Can't continue after import errors at /usr/home/cpan/pit/thr/conf/perl-5.14.4/.cpanplus/5.14.4/build/3mE8_lnq_2/SQL-Translator-1.64/blib/lib/SQL/Translator/Utils.pm line 10.
BEGIN failed--compilation aborted at /usr/home/cpan/pit/thr/conf/perl-5.14.4/.cpanplus/5.14.4/build/3mE8_lnq_2/SQL-Translator-1.64/blib/lib/SQL/Translator/Utils.pm line 10.
Compilation failed in require at /usr/home/cpan/pit/thr/conf/perl-5.14.4/.cpanplus/5.14.4/build/3mE8_lnq_2/SQL-Translator-1.64/blib/lib/SQL/Translator/Schema/Procedure.pm line 31.
BEGIN failed--compilation aborted at /usr/home/cpan/pit/thr/conf/perl-5.14.4/.cpanplus/5.14.4/build/3mE8_lnq_2/SQL-Translator-1.64/blib/lib/SQL/Translator/Schema/Procedure.pm line 31.
Compilation failed in require at /usr/home/cpan/pit/thr/conf/perl-5.14.4/.cpanplus/5.14.4/build/3mE8_lnq_2/SQL-Translator-1.64/blib/lib/SQL/Translator/Schema.pm line 31.
BEGIN failed--compilation aborted at /usr/home/cpan/pit/thr/conf/perl-5.14.4/.cpanplus/5.14.4/build/3mE8_lnq_2/SQL-Translator-1.64/blib/lib/SQL/Translator/Schema.pm line 31.
Compilation failed in require at /usr/home/cpan/pit/thr/conf/perl-5.14.4/.cpanplus/5.14.4/build/3mE8_lnq_2/SQL-Translator-1.64/blib/lib/SQL/Translator.pm line 20.
BEGIN failed--compilation aborted at /usr/home/cpan/pit/thr/conf/perl-5.14.4/.cpanplus/5.14.4/build/3mE8_lnq_2/SQL-Translator-1.64/blib/lib/SQL/Translator.pm line 20.
Compilation failed in require at t/31dumper.t line 9.
BEGIN failed--compilation aborted at t/31dumper.t line 9.
t/31dumper.t ............................ 
Dubious, test returned 255 (wstat 65280, 0xff00)
No subtests run 
"any" is not exported by the List::Util module
Can't continue after import errors at /usr/home/cpan/pit/thr/conf/perl-5.14.4/.cpanplus/5.14.4/build/3mE8_lnq_2/SQL-Translator-1.64/blib/lib/SQL/Translator/Utils.pm line 10.
BEGIN failed--compilation aborted at /usr/home/cpan/pit/thr/conf/perl-5.14.4/.cpanplus/5.14.4/build/3mE8_lnq_2/SQL-Translator-1.64/blib/lib/SQL/Translator/Utils.pm line 10.
Compilation failed in require at /usr/home/cpan/pit/thr/conf/perl-5.14.4/.cpanplus/5.14.4/build/3mE8_lnq_2/SQL-Translator-1.64/blib/lib/SQL/Translator/Schema/Procedure.pm line 31.
BEGIN failed--compilation aborted at /usr/home/cpan/pit/thr/conf/perl-5.14.4/.cpanplus/5.14.4/build/3mE8_lnq_2/SQL-Translator-1.64/blib/lib/SQL/Translator/Schema/Procedure.pm line 31.
Compilation failed in require at /usr/home/cpan/pit/thr/conf/perl-5.14.4/.cpanplus/5.14.4/build/3mE8_lnq_2/SQL-Translator-1.64/blib/lib/SQL/Translator/Schema.pm line 31.
BEGIN failed--compilation aborted at /usr/home/cpan/pit/thr/conf/perl-5.14.4/.cpanplus/5.14.4/build/3mE8_lnq_2/SQL-Translator-1.64/blib/lib/SQL/Translator/Schema.pm line 31.
Compilation failed in require at /usr/home/cpan/pit/thr/conf/perl-5.14.4/.cpanplus/5.14.4/build/3mE8_lnq_2/SQL-Translator-1.64/blib/lib/SQL/Translator.pm line 20.
BEGIN failed--compilation aborted at /usr/home/cpan/pit/thr/conf/perl-5.14.4/.cpanplus/5.14.4/build/3mE8_lnq_2/SQL-Translator-1.64/blib/lib/SQL/Translator.pm line 20.
Compilation failed in require at t/32schema-lookups.t line 16.
BEGIN failed--compilation aborted at t/32schema-lookups.t line 16.
t/32schema-lookups.t .................... 
Dubious, test returned 255 (wstat 65280, 0xff00)
No subtests run 
t/33tt-table-producer.t ................. skipped: Missing dependency: Template
t/34tt-base.t ........................... skipped: Missing dependencies: Template, SQL::Translator::Parser::XML::SQLFairy: "any" is not exported by the List::Util module\nCan't continue after import errors at /usr/home/cpan/pit/thr/conf/perl-5.14.4/.cpanplus/5.14.4/build/3mE8_lnq_2/SQL-Translator-1.64/blib/lib/SQL/Translator/Utils.pm line 10.\nBEGIN failed--compilation aborted at /usr/home/cpan/pit/thr/conf/perl-5.14.4/.cpanplus/5.14.4/build/3mE8_lnq_2/SQL-Translator-1.64/blib/lib/SQL/Translator/Utils.pm line 10.\nCompilation failed in require at /usr/home/cpan/pit/thr/conf/perl-5.14.4/.cpanplus/5.14.4/build/3mE8_lnq_2/SQL-Translator-1.64/blib/lib/SQL/Translator/Parser/XML/SQLFairy.pm line 92.\nBEGIN failed--compilation aborted at /usr/home/cpan/pit/thr/conf/perl-5.14.4/.cpanplus/5.14.4/build/3mE8_lnq_2/SQL-Translator-1.64/blib/lib/SQL/Translator/Parser/XML/SQLFairy.pm line 92.\nCompilation failed in require at (eval 14) line 1.\nBEGIN failed--compilation aborted at (eval 14) line 1.\n
"any" is not exported by the List::Util module
Can't continue after import errors at /usr/home/cpan/pit/thr/conf/perl-5.14.4/.cpanplus/5.14.4/build/3mE8_lnq_2/SQL-Translator-1.64/blib/lib/SQL/Translator/Utils.pm line 10.
BEGIN failed--compilation aborted at /usr/home/cpan/pit/thr/conf/perl-5.14.4/.cpanplus/5.14.4/build/3mE8_lnq_2/SQL-Translator-1.64/blib/lib/SQL/Translator/Utils.pm line 10.
Compilation failed in require at /usr/home/cpan/pit/thr/conf/perl-5.14.4/.cpanplus/5.14.4/build/3mE8_lnq_2/SQL-Translator-1.64/blib/lib/SQL/Translator/Schema/Procedure.pm line 31.
BEGIN failed--compilation aborted at /usr/home/cpan/pit/thr/conf/perl-5.14.4/.cpanplus/5.14.4/build/3mE8_lnq_2/SQL-Translator-1.64/blib/lib/SQL/Translator/Schema/Procedure.pm line 31.
Compilation failed in require at /usr/home/cpan/pit/thr/conf/perl-5.14.4/.cpanplus/5.14.4/build/3mE8_lnq_2/SQL-Translator-1.64/blib/lib/SQL/Translator/Schema.pm line 31.
BEGIN failed--compilation aborted at /usr/home/cpan/pit/thr/conf/perl-5.14.4/.cpanplus/5.14.4/build/3mE8_lnq_2/SQL-Translator-1.64/blib/lib/SQL/Translator/Schema.pm line 31.
Compilation failed in require at /usr/home/cpan/pit/thr/conf/perl-5.14.4/.cpanplus/5.14.4/build/3mE8_lnq_2/SQL-Translator-1.64/blib/lib/SQL/Translator.pm line 20.
BEGIN failed--compilation aborted at /usr/home/cpan/pit/thr/conf/perl-5.14.4/.cpanplus/5.14.4/build/3mE8_lnq_2/SQL-Translator-1.64/blib/lib/SQL/Translator.pm line 20.
Compilation failed in require at t/35-access-parser.t line 9.
BEGIN failed--compilation aborted at t/35-access-parser.t line 9.
t/35-access-parser.t .................... skipped: (no reason given)
t/36-filters.t .......................... skipped: Missing dependencies: Template, SQL::Translator::Parser::YAML: "any" is not exported by the List::Util module\nCan't continue after import errors at /usr/home/cpan/pit/thr/conf/perl-5.14.4/.cpanplus/5.14.4/build/3mE8_lnq_2/SQL-Translator-1.64/blib/lib/SQL/Translator/Utils.pm line 10.\nBEGIN failed--compilation aborted at /usr/home/cpan/pit/thr/conf/perl-5.14.4/.cpanplus/5.14.4/build/3mE8_lnq_2/SQL-Translator-1.64/blib/lib/SQL/Translator/Utils.pm line 10.\nCompilation failed in require at /usr/home/cpan/pit/thr/conf/perl-5.14.4/.cpanplus/5.14.4/build/3mE8_lnq_2/SQL-Translator-1.64/blib/lib/SQL/Translator/Schema/Procedure.pm line 31.\nBEGIN failed--compilation aborted at /usr/home/cpan/pit/thr/conf/perl-5.14.4/.cpanplus/5.14.4/build/3mE8_lnq_2/SQL-Translator-1.64/blib/lib/SQL/Translator/Schema/Procedure.pm line 31.\nCompilation failed in require at /usr/home/cpan/pit/thr/conf/perl-5.14.4/.cpanplus/5.14.4/build/3mE8_lnq_2/SQL-Translator-1.64/blib/lib/SQL/Translator/Schema.pm line 31.\nBEGIN failed--compilation aborted at /usr/home/cpan/pit/thr/conf/perl-5.14.4/.cpanplus/5.14.4/build/3mE8_lnq_2/SQL-Translator-1.64/blib/lib/SQL/Translator/Schema.pm line 31.\nCompilation failed in require at /usr/home/cpan/pit/thr/conf/perl-5.14.4/.cpanplus/5.14.4/build/3mE8_lnq_2/SQL-Translator-1.64/blib/lib/SQL/Translator/Parser/YAML.pm line 7.\nBEGIN failed--compilation aborted at /usr/home/cpan/pit/thr/conf/perl-5.14.4/.cpanplus/5.14.4/build/3mE8_lnq_2/SQL-Translator-1.64/blib/lib/SQL/Translator/Parser/YAML.pm line 7.\nCompilation failed in require at (eval 14) line 1.\nBEGIN failed--compilation aborted at (eval 14) line 1.\n
"any" is not exported by the List::Util module
Can't continue after import errors at /usr/home/cpan/pit/thr/conf/perl-5.14.4/.cpanplus/5.14.4/build/3mE8_lnq_2/SQL-Translator-1.64/blib/lib/SQL/Translator/Utils.pm line 10.
BEGIN failed--compilation aborted at /usr/home/cpan/pit/thr/conf/perl-5.14.4/.cpanplus/5.14.4/build/3mE8_lnq_2/SQL-Translator-1.64/blib/lib/SQL/Translator/Utils.pm line 10.
Compilation failed in require at /usr/home/cpan/pit/thr/conf/perl-5.14.4/.cpanplus/5.14.4/build/3mE8_lnq_2/SQL-Translator-1.64/blib/lib/SQL/Translator/Schema/Procedure.pm line 31.
BEGIN failed--compilation aborted at /usr/home/cpan/pit/thr/conf/perl-5.14.4/.cpanplus/5.14.4/build/3mE8_lnq_2/SQL-Translator-1.64/blib/lib/SQL/Translator/Schema/Procedure.pm line 31.
Compilation failed in require at /usr/home/cpan/pit/thr/conf/perl-5.14.4/.cpanplus/5.14.4/build/3mE8_lnq_2/SQL-Translator-1.64/blib/lib/SQL/Translator/Schema.pm line 31.
BEGIN failed--compilation aborted at /usr/home/cpan/pit/thr/conf/perl-5.14.4/.cpanplus/5.14.4/build/3mE8_lnq_2/SQL-Translator-1.64/blib/lib/SQL/Translator/Schema.pm line 31.
Compilation failed in require at /usr/home/cpan/pit/thr/conf/perl-5.14.4/.cpanplus/5.14.4/build/3mE8_lnq_2/SQL-Translator-1.64/blib/lib/SQL/Translator.pm line 20.
BEGIN failed--compilation aborted at /usr/home/cpan/pit/thr/conf/perl-5.14.4/.cpanplus/5.14.4/build/3mE8_lnq_2/SQL-Translator-1.64/blib/lib/SQL/Translator.pm line 20.
Compilation failed in require at t/38-filter-names.t line 18.
BEGIN failed--compilation aborted at t/38-filter-names.t line 18.
# Looks like your test exited with 255 before it could output anything.
t/38-filter-names.t ..................... 
Dubious, test returned 255 (wstat 65280, 0xff00)
Failed 4/4 subtests 
t/38-mysql-producer.t ................... skipped: Missing dependency: SQL::Translator::Producer::MySQL: "any" is not exported by the List::Util module\nCan't continue after import errors at /usr/home/cpan/pit/thr/conf/perl-5.14.4/.cpanplus/5.14.4/build/3mE8_lnq_2/SQL-Translator-1.64/blib/lib/SQL/Translator/Utils.pm line 10.\nBEGIN failed--compilation aborted at /usr/home/cpan/pit/thr/conf/perl-5.14.4/.cpanplus/5.14.4/build/3mE8_lnq_2/SQL-Translator-1.64/blib/lib/SQL/Translator/Utils.pm line 10.\nCompilation failed in require at /usr/home/cpan/pit/thr/conf/perl-5.14.4/.cpanplus/5.14.4/build/3mE8_lnq_2/SQL-Translator-1.64/blib/lib/SQL/Translator/Producer/MySQL.pm line 97.\nBEGIN failed--compilation aborted at /usr/home/cpan/pit/thr/conf/perl-5.14.4/.cpanplus/5.14.4/build/3mE8_lnq_2/SQL-Translator-1.64/blib/lib/SQL/Translator/Producer/MySQL.pm line 101.\nCompilation failed in require at (eval 14) line 1.\nBEGIN failed--compilation aborted at (eval 14) line 1.\n
"any" is not exported by the List::Util module
Can't continue after import errors at /usr/home/cpan/pit/thr/conf/perl-5.14.4/.cpanplus/5.14.4/build/3mE8_lnq_2/SQL-Translator-1.64/blib/lib/SQL/Translator/Utils.pm line 10.
BEGIN failed--compilation aborted at /usr/home/cpan/pit/thr/conf/perl-5.14.4/.cpanplus/5.14.4/build/3mE8_lnq_2/SQL-Translator-1.64/blib/lib/SQL/Translator/Utils.pm line 10.
Compilation failed in require at /usr/home/cpan/pit/thr/conf/perl-5.14.4/.cpanplus/5.14.4/build/3mE8_lnq_2/SQL-Translator-1.64/blib/lib/SQL/Translator/Schema/Procedure.pm line 31.
BEGIN failed--compilation aborted at /usr/home/cpan/pit/thr/conf/perl-5.14.4/.cpanplus/5.14.4/build/3mE8_lnq_2/SQL-Translator-1.64/blib/lib/SQL/Translator/Schema/Procedure.pm line 31.
Compilation failed in require at /usr/home/cpan/pit/thr/conf/perl-5.14.4/.cpanplus/5.14.4/build/3mE8_lnq_2/SQL-Translator-1.64/blib/lib/SQL/Translator/Schema.pm line 31.
BEGIN failed--compilation aborted at /usr/home/cpan/pit/thr/conf/perl-5.14.4/.cpanplus/5.14.4/build/3mE8_lnq_2/SQL-Translator-1.64/blib/lib/SQL/Translator/Schema.pm line 31.
Compilation failed in require at /usr/home/cpan/pit/thr/conf/perl-5.14.4/.cpanplus/5.14.4/build/3mE8_lnq_2/SQL-Translator-1.64/blib/lib/SQL/Translator.pm line 20.
BEGIN failed--compilation aborted at /usr/home/cpan/pit/thr/conf/perl-5.14.4/.cpanplus/5.14.4/build/3mE8_lnq_2/SQL-Translator-1.64/blib/lib/SQL/Translator.pm line 20.
Compilation failed in require at t/39-filter-globals.t line 16.
BEGIN failed--compilation aborted at t/39-filter-globals.t line 16.
# Looks like your test exited with 255 before it could output anything.
t/39-filter-globals.t ................... 
Dubious, test returned 255 (wstat 65280, 0xff00)
Failed 3/3 subtests 
t/40oracle-parser-dbi.t ................. skipped: Missing dependency: SQL::Translator::Parser::DBI::Oracle: "any" is not exported by the List::Util module\nCan't continue after import errors at /usr/home/cpan/pit/thr/conf/perl-5.14.4/.cpanplus/5.14.4/build/3mE8_lnq_2/SQL-Translator-1.64/blib/lib/SQL/Translator/Utils.pm line 10.\nBEGIN failed--compilation aborted at /usr/home/cpan/pit/thr/conf/perl-5.14.4/.cpanplus/5.14.4/build/3mE8_lnq_2/SQL-Translator-1.64/blib/lib/SQL/Translator/Utils.pm line 10.\nCompilation failed in require at /usr/home/cpan/pit/thr/conf/perl-5.14.4/.cpanplus/5.14.4/build/3mE8_lnq_2/SQL-Translator-1.64/blib/lib/SQL/Translator/Schema/Table.pm line 23.\nBEGIN failed--compilation aborted at /usr/home/cpan/pit/thr/conf/perl-5.14.4/.cpanplus/5.14.4/build/3mE8_lnq_2/SQL-Translator-1.64/blib/lib/SQL/Translator/Schema/Table.pm line 23.\nCompilation failed in require at /usr/home/cpan/pit/thr/conf/perl-5.14.4/.cpanplus/5.14.4/build/3mE8_lnq_2/SQL-Translator-1.64/blib/lib/SQL/Translator/Parser/DBI/Oracle.pm line 21.\nBEGIN failed--compilation aborted at /usr/home/cpan/pit/thr/conf/perl-5.14.4/.cpanplus/5.14.4/build/3mE8_lnq_2/SQL-Translator-1.64/blib/lib/SQL/Translator/Parser/DBI/Oracle.pm line 21.\nCompilation failed in require at (eval 10) line 1.\nBEGIN failed--compilation aborted at (eval 10) line 1.\n
"any" is not exported by the List::Util module
Can't continue after import errors at /usr/home/cpan/pit/thr/conf/perl-5.14.4/.cpanplus/5.14.4/build/3mE8_lnq_2/SQL-Translator-1.64/blib/lib/SQL/Translator/Utils.pm line 10.
BEGIN failed--compilation aborted at /usr/home/cpan/pit/thr/conf/perl-5.14.4/.cpanplus/5.14.4/build/3mE8_lnq_2/SQL-Translator-1.64/blib/lib/SQL/Translator/Utils.pm line 10.
Compilation failed in require at /usr/home/cpan/pit/thr/conf/perl-5.14.4/.cpanplus/5.14.4/build/3mE8_lnq_2/SQL-Translator-1.64/blib/lib/SQL/Translator/Schema/Procedure.pm line 31.
BEGIN failed--compilation aborted at /usr/home/cpan/pit/thr/conf/perl-5.14.4/.cpanplus/5.14.4/build/3mE8_lnq_2/SQL-Translator-1.64/blib/lib/SQL/Translator/Schema/Procedure.pm line 31.
Compilation failed in require at /usr/home/cpan/pit/thr/conf/perl-5.14.4/.cpanplus/5.14.4/build/3mE8_lnq_2/SQL-Translator-1.64/blib/lib/SQL/Translator/Schema.pm line 31.
BEGIN failed--compilation aborted at /usr/home/cpan/pit/thr/conf/perl-5.14.4/.cpanplus/5.14.4/build/3mE8_lnq_2/SQL-Translator-1.64/blib/lib/SQL/Translator/Schema.pm line 31.
Compilation failed in require at /usr/home/cpan/pit/thr/conf/perl-5.14.4/.cpanplus/5.14.4/build/3mE8_lnq_2/SQL-Translator-1.64/blib/lib/SQL/Translator.pm line 20.
BEGIN failed--compilation aborted at /usr/home/cpan/pit/thr/conf/perl-5.14.4/.cpanplus/5.14.4/build/3mE8_lnq_2/SQL-Translator-1.64/blib/lib/SQL/Translator.pm line 20.
Compilation failed in require at t/43xml-to-db2.t line 10.
BEGIN failed--compilation aborted at t/43xml-to-db2.t line 10.
t/43xml-to-db2.t ........................ 
Dubious, test returned 255 (wstat 65280, 0xff00)
No subtests run 
"any" is not exported by the List::Util module
Can't continue after import errors at /usr/home/cpan/pit/thr/conf/perl-5.14.4/.cpanplus/5.14.4/build/3mE8_lnq_2/SQL-Translator-1.64/blib/lib/SQL/Translator/Utils.pm line 10.
BEGIN failed--compilation aborted at /usr/home/cpan/pit/thr/conf/perl-5.14.4/.cpanplus/5.14.4/build/3mE8_lnq_2/SQL-Translator-1.64/blib/lib/SQL/Translator/Utils.pm line 10.
Compilation failed in require at /usr/home/cpan/pit/thr/conf/perl-5.14.4/.cpanplus/5.14.4/build/3mE8_lnq_2/SQL-Translator-1.64/blib/lib/SQL/Translator/Schema/Procedure.pm line 31.
BEGIN failed--compilation aborted at /usr/home/cpan/pit/thr/conf/perl-5.14.4/.cpanplus/5.14.4/build/3mE8_lnq_2/SQL-Translator-1.64/blib/lib/SQL/Translator/Schema/Procedure.pm line 31.
Compilation failed in require at /usr/home/cpan/pit/thr/conf/perl-5.14.4/.cpanplus/5.14.4/build/3mE8_lnq_2/SQL-Translator-1.64/blib/lib/SQL/Translator/Schema.pm line 31.
BEGIN failed--compilation aborted at /usr/home/cpan/pit/thr/conf/perl-5.14.4/.cpanplus/5.14.4/build/3mE8_lnq_2/SQL-Translator-1.64/blib/lib/SQL/Translator/Schema.pm line 31.
Compilation failed in require at /usr/home/cpan/pit/thr/conf/perl-5.14.4/.cpanplus/5.14.4/build/3mE8_lnq_2/SQL-Translator-1.64/blib/lib/SQL/Translator.pm line 20.
BEGIN failed--compilation aborted at /usr/home/cpan/pit/thr/conf/perl-5.14.4/.cpanplus/5.14.4/build/3mE8_lnq_2/SQL-Translator-1.64/blib/lib/SQL/Translator.pm line 20.
Compilation failed in require at t/44-xml-to-db2-array.t line 9.
BEGIN failed--compilation aborted at t/44-xml-to-db2-array.t line 9.
t/44-xml-to-db2-array.t ................. 
Dubious, test returned 255 (wstat 65280, 0xff00)
No subtests run 
t/45db2-producer.t ...................... skipped: Missing dependency: SQL::Translator::Producer::DB2: "any" is not exported by the List::Util module\nCan't continue after import errors at /usr/home/cpan/pit/thr/conf/perl-5.14.4/.cpanplus/5.14.4/build/3mE8_lnq_2/SQL-Translator-1.64/blib/lib/SQL/Translator/Utils.pm line 10.\nBEGIN failed--compilation aborted at /usr/home/cpan/pit/thr/conf/perl-5.14.4/.cpanplus/5.14.4/build/3mE8_lnq_2/SQL-Translator-1.64/blib/lib/SQL/Translator/Utils.pm line 10.\nCompilation failed in require at /usr/home/cpan/pit/thr/conf/perl-5.14.4/.cpanplus/5.14.4/build/3mE8_lnq_2/SQL-Translator-1.64/blib/lib/SQL/Translator/Producer/DB2.pm line 28.\nBEGIN failed--compilation aborted at /usr/home/cpan/pit/thr/conf/perl-5.14.4/.cpanplus/5.14.4/build/3mE8_lnq_2/SQL-Translator-1.64/blib/lib/SQL/Translator/Producer/DB2.pm line 28.\nCompilation failed in require at (eval 11) line 1.\nBEGIN failed--compilation aborted at (eval 11) line 1.\n
"any" is not exported by the List::Util module
Can't continue after import errors at /usr/home/cpan/pit/thr/conf/perl-5.14.4/.cpanplus/5.14.4/build/3mE8_lnq_2/SQL-Translator-1.64/blib/lib/SQL/Translator/Utils.pm line 10.
BEGIN failed--compilation aborted at /usr/home/cpan/pit/thr/conf/perl-5.14.4/.cpanplus/5.14.4/build/3mE8_lnq_2/SQL-Translator-1.64/blib/lib/SQL/Translator/Utils.pm line 10.
Compilation failed in require at /usr/home/cpan/pit/thr/conf/perl-5.14.4/.cpanplus/5.14.4/build/3mE8_lnq_2/SQL-Translator-1.64/blib/lib/SQL/Translator/Schema/Procedure.pm line 31.
BEGIN failed--compilation aborted at /usr/home/cpan/pit/thr/conf/perl-5.14.4/.cpanplus/5.14.4/build/3mE8_lnq_2/SQL-Translator-1.64/blib/lib/SQL/Translator/Schema/Procedure.pm line 31.
Compilation failed in require at /usr/home/cpan/pit/thr/conf/perl-5.14.4/.cpanplus/5.14.4/build/3mE8_lnq_2/SQL-Translator-1.64/blib/lib/SQL/Translator/Schema.pm line 31.
BEGIN failed--compilation aborted at /usr/home/cpan/pit/thr/conf/perl-5.14.4/.cpanplus/5.14.4/build/3mE8_lnq_2/SQL-Translator-1.64/blib/lib/SQL/Translator/Schema.pm line 31.
Compilation failed in require at /usr/home/cpan/pit/thr/conf/perl-5.14.4/.cpanplus/5.14.4/build/3mE8_lnq_2/SQL-Translator-1.64/blib/lib/SQL/Translator.pm line 20.
BEGIN failed--compilation aborted at /usr/home/cpan/pit/thr/conf/perl-5.14.4/.cpanplus/5.14.4/build/3mE8_lnq_2/SQL-Translator-1.64/blib/lib/SQL/Translator.pm line 20.
Compilation failed in require at t/46xml-to-pg.t line 10.
BEGIN failed--compilation aborted at t/46xml-to-pg.t line 10.
t/46xml-to-pg.t ......................... 
Dubious, test returned 255 (wstat 65280, 0xff00)
No subtests run 
t/47postgres-producer.t ................. skipped: Missing dependency: SQL::Translator::Producer::PostgreSQL: "any" is not exported by the List::Util module\nCan't continue after import errors at /usr/home/cpan/pit/thr/conf/perl-5.14.4/.cpanplus/5.14.4/build/3mE8_lnq_2/SQL-Translator-1.64/blib/lib/SQL/Translator/Utils.pm line 10.\nBEGIN failed--compilation aborted at /usr/home/cpan/pit/thr/conf/perl-5.14.4/.cpanplus/5.14.4/build/3mE8_lnq_2/SQL-Translator-1.64/blib/lib/SQL/Translator/Utils.pm line 10.\nCompilation failed in require at /usr/home/cpan/pit/thr/conf/perl-5.14.4/.cpanplus/5.14.4/build/3mE8_lnq_2/SQL-Translator-1.64/blib/lib/SQL/Translator/Producer/PostgreSQL.pm line 113.\nBEGIN failed--compilation aborted at /usr/home/cpan/pit/thr/conf/perl-5.14.4/.cpanplus/5.14.4/build/3mE8_lnq_2/SQL-Translator-1.64/blib/lib/SQL/Translator/Producer/PostgreSQL.pm line 113.\nCompilation failed in require at (eval 11) line 1.\nBEGIN failed--compilation aborted at (eval 11) line 1.\n
"any" is not exported by the List::Util module
Can't continue after import errors at /usr/home/cpan/pit/thr/conf/perl-5.14.4/.cpanplus/5.14.4/build/3mE8_lnq_2/SQL-Translator-1.64/blib/lib/SQL/Translator/Utils.pm line 10.
BEGIN failed--compilation aborted at /usr/home/cpan/pit/thr/conf/perl-5.14.4/.cpanplus/5.14.4/build/3mE8_lnq_2/SQL-Translator-1.64/blib/lib/SQL/Translator/Utils.pm line 10.
Compilation failed in require at /usr/home/cpan/pit/thr/conf/perl-5.14.4/.cpanplus/5.14.4/build/3mE8_lnq_2/SQL-Translator-1.64/blib/lib/SQL/Translator/Schema/Procedure.pm line 31.
BEGIN failed--compilation aborted at /usr/home/cpan/pit/thr/conf/perl-5.14.4/.cpanplus/5.14.4/build/3mE8_lnq_2/SQL-Translator-1.64/blib/lib/SQL/Translator/Schema/Procedure.pm line 31.
Compilation failed in require at /usr/home/cpan/pit/thr/conf/perl-5.14.4/.cpanplus/5.14.4/build/3mE8_lnq_2/SQL-Translator-1.64/blib/lib/SQL/Translator/Schema.pm line 31.
BEGIN failed--compilation aborted at /usr/home/cpan/pit/thr/conf/perl-5.14.4/.cpanplus/5.14.4/build/3mE8_lnq_2/SQL-Translator-1.64/blib/lib/SQL/Translator/Schema.pm line 31.
Compilation failed in require at /usr/home/cpan/pit/thr/conf/perl-5.14.4/.cpanplus/5.14.4/build/3mE8_lnq_2/SQL-Translator-1.64/blib/lib/SQL/Translator.pm line 20.
BEGIN failed--compilation aborted at /usr/home/cpan/pit/thr/conf/perl-5.14.4/.cpanplus/5.14.4/build/3mE8_lnq_2/SQL-Translator-1.64/blib/lib/SQL/Translator.pm line 20.
Compilation failed in require at t/48xml-to-sqlite.t line 10.
BEGIN failed--compilation aborted at t/48xml-to-sqlite.t line 10.
t/48xml-to-sqlite.t ..................... 
Dubious, test returned 255 (wstat 65280, 0xff00)
No subtests run 
"any" is not exported by the List::Util module
Can't continue after import errors at /usr/home/cpan/pit/thr/conf/perl-5.14.4/.cpanplus/5.14.4/build/3mE8_lnq_2/SQL-Translator-1.64/blib/lib/SQL/Translator/Utils.pm line 10.
BEGIN failed--compilation aborted at /usr/home/cpan/pit/thr/conf/perl-5.14.4/.cpanplus/5.14.4/build/3mE8_lnq_2/SQL-Translator-1.64/blib/lib/SQL/Translator/Utils.pm line 10.
Compilation failed in require at /usr/home/cpan/pit/thr/conf/perl-5.14.4/.cpanplus/5.14.4/build/3mE8_lnq_2/SQL-Translator-1.64/blib/lib/SQL/Translator/Schema/Procedure.pm line 31.
BEGIN failed--compilation aborted at /usr/home/cpan/pit/thr/conf/perl-5.14.4/.cpanplus/5.14.4/build/3mE8_lnq_2/SQL-Translator-1.64/blib/lib/SQL/Translator/Schema/Procedure.pm line 31.
Compilation failed in require at /usr/home/cpan/pit/thr/conf/perl-5.14.4/.cpanplus/5.14.4/build/3mE8_lnq_2/SQL-Translator-1.64/blib/lib/SQL/Translator/Schema.pm line 31.
BEGIN failed--compilation aborted at /usr/home/cpan/pit/thr/conf/perl-5.14.4/.cpanplus/5.14.4/build/3mE8_lnq_2/SQL-Translator-1.64/blib/lib/SQL/Translator/Schema.pm line 31.
Compilation failed in require at /usr/home/cpan/pit/thr/conf/perl-5.14.4/.cpanplus/5.14.4/build/3mE8_lnq_2/SQL-Translator-1.64/blib/lib/SQL/Translator.pm line 20.
BEGIN failed--compilation aborted at /usr/home/cpan/pit/thr/conf/perl-5.14.4/.cpanplus/5.14.4/build/3mE8_lnq_2/SQL-Translator-1.64/blib/lib/SQL/Translator.pm line 20.
Compilation failed in require at t/49xml-to-pg-samefield.t line 9.
BEGIN failed--compilation aborted at t/49xml-to-pg-samefield.t line 9.
t/49xml-to-pg-samefield.t ............... 
Dubious, test returned 255 (wstat 65280, 0xff00)
No subtests run 
"any" is not exported by the List::Util module
Can't continue after import errors at /usr/home/cpan/pit/thr/conf/perl-5.14.4/.cpanplus/5.14.4/build/3mE8_lnq_2/SQL-Translator-1.64/blib/lib/SQL/Translator/Utils.pm line 10.
BEGIN failed--compilation aborted at /usr/home/cpan/pit/thr/conf/perl-5.14.4/.cpanplus/5.14.4/build/3mE8_lnq_2/SQL-Translator-1.64/blib/lib/SQL/Translator/Utils.pm line 10.
Compilation failed in require at /usr/home/cpan/pit/thr/conf/perl-5.14.4/.cpanplus/5.14.4/build/3mE8_lnq_2/SQL-Translator-1.64/blib/lib/SQL/Translator/Schema/Procedure.pm line 31.
BEGIN failed--compilation aborted at /usr/home/cpan/pit/thr/conf/perl-5.14.4/.cpanplus/5.14.4/build/3mE8_lnq_2/SQL-Translator-1.64/blib/lib/SQL/Translator/Schema/Procedure.pm line 31.
Compilation failed in require at /usr/home/cpan/pit/thr/conf/perl-5.14.4/.cpanplus/5.14.4/build/3mE8_lnq_2/SQL-Translator-1.64/blib/lib/SQL/Translator/Schema.pm line 31.
BEGIN failed--compilation aborted at /usr/home/cpan/pit/thr/conf/perl-5.14.4/.cpanplus/5.14.4/build/3mE8_lnq_2/SQL-Translator-1.64/blib/lib/SQL/Translator/Schema.pm line 31.
Compilation failed in require at /usr/home/cpan/pit/thr/conf/perl-5.14.4/.cpanplus/5.14.4/build/3mE8_lnq_2/SQL-Translator-1.64/blib/lib/SQL/Translator.pm line 20.
BEGIN failed--compilation aborted at /usr/home/cpan/pit/thr/conf/perl-5.14.4/.cpanplus/5.14.4/build/3mE8_lnq_2/SQL-Translator-1.64/blib/lib/SQL/Translator.pm line 20.
Compilation failed in require at t/50-sqlserver-parser.t line 12.
BEGIN failed--compilation aborted at t/50-sqlserver-parser.t line 12.
t/50-sqlserver-parser.t ................. 
Dubious, test returned 255 (wstat 65280, 0xff00)
No subtests run 
"any" is not exported by the List::Util module
Can't continue after import errors at /usr/home/cpan/pit/thr/conf/perl-5.14.4/.cpanplus/5.14.4/build/3mE8_lnq_2/SQL-Translator-1.64/blib/lib/SQL/Translator/Utils.pm line 10.
BEGIN failed--compilation aborted at /usr/home/cpan/pit/thr/conf/perl-5.14.4/.cpanplus/5.14.4/build/3mE8_lnq_2/SQL-Translator-1.64/blib/lib/SQL/Translator/Utils.pm line 10.
Compilation failed in require at /usr/home/cpan/pit/thr/conf/perl-5.14.4/.cpanplus/5.14.4/build/3mE8_lnq_2/SQL-Translator-1.64/blib/lib/SQL/Translator/Schema/Procedure.pm line 31.
BEGIN failed--compilation aborted at /usr/home/cpan/pit/thr/conf/perl-5.14.4/.cpanplus/5.14.4/build/3mE8_lnq_2/SQL-Translator-1.64/blib/lib/SQL/Translator/Schema/Procedure.pm line 31.
Compilation failed in require at /usr/home/cpan/pit/thr/conf/perl-5.14.4/.cpanplus/5.14.4/build/3mE8_lnq_2/SQL-Translator-1.64/blib/lib/SQL/Translator/Schema.pm line 31.
BEGIN failed--compilation aborted at /usr/home/cpan/pit/thr/conf/perl-5.14.4/.cpanplus/5.14.4/build/3mE8_lnq_2/SQL-Translator-1.64/blib/lib/SQL/Translator/Schema.pm line 31.
Compilation failed in require at /usr/home/cpan/pit/thr/conf/perl-5.14.4/.cpanplus/5.14.4/build/3mE8_lnq_2/SQL-Translator-1.64/blib/lib/SQL/Translator.pm line 20.
BEGIN failed--compilation aborted at /usr/home/cpan/pit/thr/conf/perl-5.14.4/.cpanplus/5.14.4/build/3mE8_lnq_2/SQL-Translator-1.64/blib/lib/SQL/Translator.pm line 20.
Compilation failed in require at t/51-xml-to-oracle.t line 10.
BEGIN failed--compilation aborted at t/51-xml-to-oracle.t line 10.
t/51-xml-to-oracle.t .................... 
Dubious, test returned 255 (wstat 65280, 0xff00)
No subtests run 
"any" is not exported by the List::Util module
Can't continue after import errors at /usr/home/cpan/pit/thr/conf/perl-5.14.4/.cpanplus/5.14.4/build/3mE8_lnq_2/SQL-Translator-1.64/blib/lib/SQL/Translator/Utils.pm line 10.
BEGIN failed--compilation aborted at /usr/home/cpan/pit/thr/conf/perl-5.14.4/.cpanplus/5.14.4/build/3mE8_lnq_2/SQL-Translator-1.64/blib/lib/SQL/Translator/Utils.pm line 10.
Compilation failed in require at /usr/home/cpan/pit/thr/conf/perl-5.14.4/.cpanplus/5.14.4/build/3mE8_lnq_2/SQL-Translator-1.64/blib/lib/SQL/Translator/Schema/Procedure.pm line 31.
BEGIN failed--compilation aborted at /usr/home/cpan/pit/thr/conf/perl-5.14.4/.cpanplus/5.14.4/build/3mE8_lnq_2/SQL-Translator-1.64/blib/lib/SQL/Translator/Schema/Procedure.pm line 31.
Compilation failed in require at /usr/home/cpan/pit/thr/conf/perl-5.14.4/.cpanplus/5.14.4/build/3mE8_lnq_2/SQL-Translator-1.64/blib/lib/SQL/Translator/Schema.pm line 31.
BEGIN failed--compilation aborted at /usr/home/cpan/pit/thr/conf/perl-5.14.4/.cpanplus/5.14.4/build/3mE8_lnq_2/SQL-Translator-1.64/blib/lib/SQL/Translator/Schema.pm line 31.
Compilation failed in require at /usr/home/cpan/pit/thr/conf/perl-5.14.4/.cpanplus/5.14.4/build/3mE8_lnq_2/SQL-Translator-1.64/blib/lib/SQL/Translator.pm line 20.
BEGIN failed--compilation aborted at /usr/home/cpan/pit/thr/conf/perl-5.14.4/.cpanplus/5.14.4/build/3mE8_lnq_2/SQL-Translator-1.64/blib/lib/SQL/Translator.pm line 20.
Compilation failed in require at t/51-xml-to-oracle_quoted.t line 10.
BEGIN failed--compilation aborted at t/51-xml-to-oracle_quoted.t line 10.
t/51-xml-to-oracle_quoted.t ............. 
Dubious, test returned 255 (wstat 65280, 0xff00)
No subtests run 
"any" is not exported by the List::Util module
Can't continue after import errors at /usr/home/cpan/pit/thr/conf/perl-5.14.4/.cpanplus/5.14.4/build/3mE8_lnq_2/SQL-Translator-1.64/blib/lib/SQL/Translator/Utils.pm line 10.
BEGIN failed--compilation aborted at /usr/home/cpan/pit/thr/conf/perl-5.14.4/.cpanplus/5.14.4/build/3mE8_lnq_2/SQL-Translator-1.64/blib/lib/SQL/Translator/Utils.pm line 10.
Compilation failed in require at /usr/home/cpan/pit/thr/conf/perl-5.14.4/.cpanplus/5.14.4/build/3mE8_lnq_2/SQL-Translator-1.64/blib/lib/SQL/Translator/Schema/Procedure.pm line 31.
BEGIN failed--compilation aborted at /usr/home/cpan/pit/thr/conf/perl-5.14.4/.cpanplus/5.14.4/build/3mE8_lnq_2/SQL-Translator-1.64/blib/lib/SQL/Translator/Schema/Procedure.pm line 31.
Compilation failed in require at /usr/home/cpan/pit/thr/conf/perl-5.14.4/.cpanplus/5.14.4/build/3mE8_lnq_2/SQL-Translator-1.64/blib/lib/SQL/Translator/Schema.pm line 31.
BEGIN failed--compilation aborted at /usr/home/cpan/pit/thr/conf/perl-5.14.4/.cpanplus/5.14.4/build/3mE8_lnq_2/SQL-Translator-1.64/blib/lib/SQL/Translator/Schema.pm line 31.
Compilation failed in require at /usr/home/cpan/pit/thr/conf/perl-5.14.4/.cpanplus/5.14.4/build/3mE8_lnq_2/SQL-Translator-1.64/blib/lib/SQL/Translator.pm line 20.
BEGIN failed--compilation aborted at /usr/home/cpan/pit/thr/conf/perl-5.14.4/.cpanplus/5.14.4/build/3mE8_lnq_2/SQL-Translator-1.64/blib/lib/SQL/Translator.pm line 20.
Compilation failed in require at t/52-oracle-options.t line 9.
BEGIN failed--compilation aborted at t/52-oracle-options.t line 9.
t/52-oracle-options.t ................... 
Dubious, test returned 255 (wstat 65280, 0xff00)
No subtests run 
"any" is not exported by the List::Util module
Can't continue after import errors at /usr/home/cpan/pit/thr/conf/perl-5.14.4/.cpanplus/5.14.4/build/3mE8_lnq_2/SQL-Translator-1.64/blib/lib/SQL/Translator/Utils.pm line 10.
BEGIN failed--compilation aborted at /usr/home/cpan/pit/thr/conf/perl-5.14.4/.cpanplus/5.14.4/build/3mE8_lnq_2/SQL-Translator-1.64/blib/lib/SQL/Translator/Utils.pm line 10.
Compilation failed in require at /usr/home/cpan/pit/thr/conf/perl-5.14.4/.cpanplus/5.14.4/build/3mE8_lnq_2/SQL-Translator-1.64/blib/lib/SQL/Translator/Schema/Procedure.pm line 31.
BEGIN failed--compilation aborted at /usr/home/cpan/pit/thr/conf/perl-5.14.4/.cpanplus/5.14.4/build/3mE8_lnq_2/SQL-Translator-1.64/blib/lib/SQL/Translator/Schema/Procedure.pm line 31.
Compilation failed in require at /usr/home/cpan/pit/thr/conf/perl-5.14.4/.cpanplus/5.14.4/build/3mE8_lnq_2/SQL-Translator-1.64/blib/lib/SQL/Translator/Schema.pm line 31.
BEGIN failed--compilation aborted at /usr/home/cpan/pit/thr/conf/perl-5.14.4/.cpanplus/5.14.4/build/3mE8_lnq_2/SQL-Translator-1.64/blib/lib/SQL/Translator/Schema.pm line 31.
Compilation failed in require at /usr/home/cpan/pit/thr/conf/perl-5.14.4/.cpanplus/5.14.4/build/3mE8_lnq_2/SQL-Translator-1.64/blib/lib/SQL/Translator.pm line 20.
BEGIN failed--compilation aborted at /usr/home/cpan/pit/thr/conf/perl-5.14.4/.cpanplus/5.14.4/build/3mE8_lnq_2/SQL-Translator-1.64/blib/lib/SQL/Translator.pm line 20.
Compilation failed in require at t/53-oracle-delay-constraints.t line 9.
BEGIN failed--compilation aborted at t/53-oracle-delay-constraints.t line 9.
t/53-oracle-delay-constraints.t ......... 
Dubious, test returned 255 (wstat 65280, 0xff00)
No subtests run 
"any" is not exported by the List::Util module
Can't continue after import errors at /usr/home/cpan/pit/thr/conf/perl-5.14.4/.cpanplus/5.14.4/build/3mE8_lnq_2/SQL-Translator-1.64/blib/lib/SQL/Translator/Utils.pm line 10.
BEGIN failed--compilation aborted at /usr/home/cpan/pit/thr/conf/perl-5.14.4/.cpanplus/5.14.4/build/3mE8_lnq_2/SQL-Translator-1.64/blib/lib/SQL/Translator/Utils.pm line 10.
Compilation failed in require at /usr/home/cpan/pit/thr/conf/perl-5.14.4/.cpanplus/5.14.4/build/3mE8_lnq_2/SQL-Translator-1.64/blib/lib/SQL/Translator/Schema/Procedure.pm line 31.
BEGIN failed--compilation aborted at /usr/home/cpan/pit/thr/conf/perl-5.14.4/.cpanplus/5.14.4/build/3mE8_lnq_2/SQL-Translator-1.64/blib/lib/SQL/Translator/Schema/Procedure.pm line 31.
Compilation failed in require at /usr/home/cpan/pit/thr/conf/perl-5.14.4/.cpanplus/5.14.4/build/3mE8_lnq_2/SQL-Translator-1.64/blib/lib/SQL/Translator/Schema.pm line 31.
BEGIN failed--compilation aborted at /usr/home/cpan/pit/thr/conf/perl-5.14.4/.cpanplus/5.14.4/build/3mE8_lnq_2/SQL-Translator-1.64/blib/lib/SQL/Translator/Schema.pm line 31.
Compilation failed in require at /usr/home/cpan/pit/thr/conf/perl-5.14.4/.cpanplus/5.14.4/build/3mE8_lnq_2/SQL-Translator-1.64/blib/lib/SQL/Translator.pm line 20.
BEGIN failed--compilation aborted at /usr/home/cpan/pit/thr/conf/perl-5.14.4/.cpanplus/5.14.4/build/3mE8_lnq_2/SQL-Translator-1.64/blib/lib/SQL/Translator.pm line 20.
Compilation failed in require at t/53-oracle-delay-constraints_quoted.t line 9.
BEGIN failed--compilation aborted at t/53-oracle-delay-constraints_quoted.t line 9.
t/53-oracle-delay-constraints_quoted.t .. 
Dubious, test returned 255 (wstat 65280, 0xff00)
No subtests run 
"any" is not exported by the List::Util module
Can't continue after import errors at /usr/home/cpan/pit/thr/conf/perl-5.14.4/.cpanplus/5.14.4/build/3mE8_lnq_2/SQL-Translator-1.64/blib/lib/SQL/Translator/Utils.pm line 10.
BEGIN failed--compilation aborted at /usr/home/cpan/pit/thr/conf/perl-5.14.4/.cpanplus/5.14.4/build/3mE8_lnq_2/SQL-Translator-1.64/blib/lib/SQL/Translator/Utils.pm line 10.
Compilation failed in require at /usr/home/cpan/pit/thr/conf/perl-5.14.4/.cpanplus/5.14.4/build/3mE8_lnq_2/SQL-Translator-1.64/blib/lib/SQL/Translator/Schema/Procedure.pm line 31.
BEGIN failed--compilation aborted at /usr/home/cpan/pit/thr/conf/perl-5.14.4/.cpanplus/5.14.4/build/3mE8_lnq_2/SQL-Translator-1.64/blib/lib/SQL/Translator/Schema/Procedure.pm line 31.
Compilation failed in require at /usr/home/cpan/pit/thr/conf/perl-5.14.4/.cpanplus/5.14.4/build/3mE8_lnq_2/SQL-Translator-1.64/blib/lib/SQL/Translator/Schema.pm line 31.
BEGIN failed--compilation aborted at /usr/home/cpan/pit/thr/conf/perl-5.14.4/.cpanplus/5.14.4/build/3mE8_lnq_2/SQL-Translator-1.64/blib/lib/SQL/Translator/Schema.pm line 31.
Compilation failed in require at /usr/home/cpan/pit/thr/conf/perl-5.14.4/.cpanplus/5.14.4/build/3mE8_lnq_2/SQL-Translator-1.64/blib/lib/SQL/Translator.pm line 20.
BEGIN failed--compilation aborted at /usr/home/cpan/pit/thr/conf/perl-5.14.4/.cpanplus/5.14.4/build/3mE8_lnq_2/SQL-Translator-1.64/blib/lib/SQL/Translator.pm line 20.
Compilation failed in require at t/54-oracle-alter-constraint.t line 8.
BEGIN failed--compilation aborted at t/54-oracle-alter-constraint.t line 8.
t/54-oracle-alter-constraint.t .......... 
Dubious, test returned 255 (wstat 65280, 0xff00)
No subtests run 
"any" is not exported by the List::Util module
Can't continue after import errors at /usr/home/cpan/pit/thr/conf/perl-5.14.4/.cpanplus/5.14.4/build/3mE8_lnq_2/SQL-Translator-1.64/blib/lib/SQL/Translator/Utils.pm line 10.
BEGIN failed--compilation aborted at /usr/home/cpan/pit/thr/conf/perl-5.14.4/.cpanplus/5.14.4/build/3mE8_lnq_2/SQL-Translator-1.64/blib/lib/SQL/Translator/Utils.pm line 10.
Compilation failed in require at /usr/home/cpan/pit/thr/conf/perl-5.14.4/.cpanplus/5.14.4/build/3mE8_lnq_2/SQL-Translator-1.64/blib/lib/SQL/Translator/Schema/Procedure.pm line 31.
BEGIN failed--compilation aborted at /usr/home/cpan/pit/thr/conf/perl-5.14.4/.cpanplus/5.14.4/build/3mE8_lnq_2/SQL-Translator-1.64/blib/lib/SQL/Translator/Schema/Procedure.pm line 31.
Compilation failed in require at /usr/home/cpan/pit/thr/conf/perl-5.14.4/.cpanplus/5.14.4/build/3mE8_lnq_2/SQL-Translator-1.64/blib/lib/SQL/Translator/Schema.pm line 31.
BEGIN failed--compilation aborted at /usr/home/cpan/pit/thr/conf/perl-5.14.4/.cpanplus/5.14.4/build/3mE8_lnq_2/SQL-Translator-1.64/blib/lib/SQL/Translator/Schema.pm line 31.
Compilation failed in require at /usr/home/cpan/pit/thr/conf/perl-5.14.4/.cpanplus/5.14.4/build/3mE8_lnq_2/SQL-Translator-1.64/blib/lib/SQL/Translator.pm line 20.
BEGIN failed--compilation aborted at /usr/home/cpan/pit/thr/conf/perl-5.14.4/.cpanplus/5.14.4/build/3mE8_lnq_2/SQL-Translator-1.64/blib/lib/SQL/Translator.pm line 20.
Compilation failed in require at t/54-oracle-alter-field.t line 8.
BEGIN failed--compilation aborted at t/54-oracle-alter-field.t line 8.
t/54-oracle-alter-field.t ............... 
Dubious, test returned 255 (wstat 65280, 0xff00)
No subtests run 
"any" is not exported by the List::Util module
Can't continue after import errors at /usr/home/cpan/pit/thr/conf/perl-5.14.4/.cpanplus/5.14.4/build/3mE8_lnq_2/SQL-Translator-1.64/blib/lib/SQL/Translator/Utils.pm line 10.
BEGIN failed--compilation aborted at /usr/home/cpan/pit/thr/conf/perl-5.14.4/.cpanplus/5.14.4/build/3mE8_lnq_2/SQL-Translator-1.64/blib/lib/SQL/Translator/Utils.pm line 10.
Compilation failed in require at /usr/home/cpan/pit/thr/conf/perl-5.14.4/.cpanplus/5.14.4/build/3mE8_lnq_2/SQL-Translator-1.64/blib/lib/SQL/Translator/Schema/Procedure.pm line 31.
BEGIN failed--compilation aborted at /usr/home/cpan/pit/thr/conf/perl-5.14.4/.cpanplus/5.14.4/build/3mE8_lnq_2/SQL-Translator-1.64/blib/lib/SQL/Translator/Schema/Procedure.pm line 31.
Compilation failed in require at /usr/home/cpan/pit/thr/conf/perl-5.14.4/.cpanplus/5.14.4/build/3mE8_lnq_2/SQL-Translator-1.64/blib/lib/SQL/Translator/Schema.pm line 31.
BEGIN failed--compilation aborted at /usr/home/cpan/pit/thr/conf/perl-5.14.4/.cpanplus/5.14.4/build/3mE8_lnq_2/SQL-Translator-1.64/blib/lib/SQL/Translator/Schema.pm line 31.
Compilation failed in require at /usr/home/cpan/pit/thr/conf/perl-5.14.4/.cpanplus/5.14.4/build/3mE8_lnq_2/SQL-Translator-1.64/blib/lib/SQL/Translator.pm line 20.
BEGIN failed--compilation aborted at /usr/home/cpan/pit/thr/conf/perl-5.14.4/.cpanplus/5.14.4/build/3mE8_lnq_2/SQL-Translator-1.64/blib/lib/SQL/Translator.pm line 20.
Compilation failed in require at t/54-oracle-sql-diff.t line 8.
BEGIN failed--compilation aborted at t/54-oracle-sql-diff.t line 8.
t/54-oracle-sql-diff.t .................. 
Dubious, test returned 255 (wstat 65280, 0xff00)
No subtests run 
"any" is not exported by the List::Util module
Can't continue after import errors at /usr/home/cpan/pit/thr/conf/perl-5.14.4/.cpanplus/5.14.4/build/3mE8_lnq_2/SQL-Translator-1.64/blib/lib/SQL/Translator/Utils.pm line 10.
BEGIN failed--compilation aborted at /usr/home/cpan/pit/thr/conf/perl-5.14.4/.cpanplus/5.14.4/build/3mE8_lnq_2/SQL-Translator-1.64/blib/lib/SQL/Translator/Utils.pm line 10.
Compilation failed in require at /usr/home/cpan/pit/thr/conf/perl-5.14.4/.cpanplus/5.14.4/build/3mE8_lnq_2/SQL-Translator-1.64/blib/lib/SQL/Translator/Schema/Procedure.pm line 31.
BEGIN failed--compilation aborted at /usr/home/cpan/pit/thr/conf/perl-5.14.4/.cpanplus/5.14.4/build/3mE8_lnq_2/SQL-Translator-1.64/blib/lib/SQL/Translator/Schema/Procedure.pm line 31.
Compilation failed in require at /usr/home/cpan/pit/thr/conf/perl-5.14.4/.cpanplus/5.14.4/build/3mE8_lnq_2/SQL-Translator-1.64/blib/lib/SQL/Translator/Schema.pm line 31.
BEGIN failed--compilation aborted at /usr/home/cpan/pit/thr/conf/perl-5.14.4/.cpanplus/5.14.4/build/3mE8_lnq_2/SQL-Translator-1.64/blib/lib/SQL/Translator/Schema.pm line 31.
Compilation failed in require at /usr/home/cpan/pit/thr/conf/perl-5.14.4/.cpanplus/5.14.4/build/3mE8_lnq_2/SQL-Translator-1.64/blib/lib/SQL/Translator.pm line 20.
BEGIN failed--compilation aborted at /usr/home/cpan/pit/thr/conf/perl-5.14.4/.cpanplus/5.14.4/build/3mE8_lnq_2/SQL-Translator-1.64/blib/lib/SQL/Translator.pm line 20.
Compilation failed in require at t/55-oracle-add-drop-field.t line 8.
BEGIN failed--compilation aborted at t/55-oracle-add-drop-field.t line 8.
t/55-oracle-add-drop-field.t ............ 
Dubious, test returned 255 (wstat 65280, 0xff00)
No subtests run 
"any" is not exported by the List::Util module
Can't continue after import errors at /usr/home/cpan/pit/thr/conf/perl-5.14.4/.cpanplus/5.14.4/build/3mE8_lnq_2/SQL-Translator-1.64/blib/lib/SQL/Translator/Utils.pm line 10.
BEGIN failed--compilation aborted at /usr/home/cpan/pit/thr/conf/perl-5.14.4/.cpanplus/5.14.4/build/3mE8_lnq_2/SQL-Translator-1.64/blib/lib/SQL/Translator/Utils.pm line 10.
Compilation failed in require at /usr/home/cpan/pit/thr/conf/perl-5.14.4/.cpanplus/5.14.4/build/3mE8_lnq_2/SQL-Translator-1.64/blib/lib/SQL/Translator/Schema/Table.pm line 23.
BEGIN failed--compilation aborted at /usr/home/cpan/pit/thr/conf/perl-5.14.4/.cpanplus/5.14.4/build/3mE8_lnq_2/SQL-Translator-1.64/blib/lib/SQL/Translator/Schema/Table.pm line 23.
Compilation failed in require at t/55-oracle-producer.t line 9.
BEGIN failed--compilation aborted at t/55-oracle-producer.t line 9.
t/55-oracle-producer.t .................. 
Dubious, test returned 255 (wstat 65280, 0xff00)
No subtests run 
"any" is not exported by the List::Util module
Can't continue after import errors at /usr/home/cpan/pit/thr/conf/perl-5.14.4/.cpanplus/5.14.4/build/3mE8_lnq_2/SQL-Translator-1.64/blib/lib/SQL/Translator/Utils.pm line 10.
BEGIN failed--compilation aborted at /usr/home/cpan/pit/thr/conf/perl-5.14.4/.cpanplus/5.14.4/build/3mE8_lnq_2/SQL-Translator-1.64/blib/lib/SQL/Translator/Utils.pm line 10.
Compilation failed in require at /usr/home/cpan/pit/thr/conf/perl-5.14.4/.cpanplus/5.14.4/build/3mE8_lnq_2/SQL-Translator-1.64/blib/lib/SQL/Translator/Schema/Procedure.pm line 31.
BEGIN failed--compilation aborted at /usr/home/cpan/pit/thr/conf/perl-5.14.4/.cpanplus/5.14.4/build/3mE8_lnq_2/SQL-Translator-1.64/blib/lib/SQL/Translator/Schema/Procedure.pm line 31.
Compilation failed in require at /usr/home/cpan/pit/thr/conf/perl-5.14.4/.cpanplus/5.14.4/build/3mE8_lnq_2/SQL-Translator-1.64/blib/lib/SQL/Translator/Schema.pm line 31.
BEGIN failed--compilation aborted at /usr/home/cpan/pit/thr/conf/perl-5.14.4/.cpanplus/5.14.4/build/3mE8_lnq_2/SQL-Translator-1.64/blib/lib/SQL/Translator/Schema.pm line 31.
Compilation failed in require at t/56-sqlite-producer.t line 8.
BEGIN failed--compilation aborted at t/56-sqlite-producer.t line 8.
t/56-sqlite-producer.t .................. 
Dubious, test returned 255 (wstat 65280, 0xff00)
No subtests run 
"any" is not exported by the List::Util module
Can't continue after import errors at /usr/home/cpan/pit/thr/conf/perl-5.14.4/.cpanplus/5.14.4/build/3mE8_lnq_2/SQL-Translator-1.64/blib/lib/SQL/Translator/Utils.pm line 10.
BEGIN failed--compilation aborted at /usr/home/cpan/pit/thr/conf/perl-5.14.4/.cpanplus/5.14.4/build/3mE8_lnq_2/SQL-Translator-1.64/blib/lib/SQL/Translator/Utils.pm line 10.
Compilation failed in require at /usr/home/cpan/pit/thr/conf/perl-5.14.4/.cpanplus/5.14.4/build/3mE8_lnq_2/SQL-Translator-1.64/blib/lib/SQL/Translator/Schema/View.pm line 27.
BEGIN failed--compilation aborted at /usr/home/cpan/pit/thr/conf/perl-5.14.4/.cpanplus/5.14.4/build/3mE8_lnq_2/SQL-Translator-1.64/blib/lib/SQL/Translator/Schema/View.pm line 27.
Compilation failed in require at t/57-class-dbi.t line 9.
BEGIN failed--compilation aborted at t/57-class-dbi.t line 9.
# Looks like your test exited with 255 before it could output anything.
t/57-class-dbi.t ........................ 
Dubious, test returned 255 (wstat 65280, 0xff00)
Failed 2/2 subtests 
"any" is not exported by the List::Util module
Can't continue after import errors at /usr/home/cpan/pit/thr/conf/perl-5.14.4/.cpanplus/5.14.4/build/3mE8_lnq_2/SQL-Translator-1.64/blib/lib/SQL/Translator/Utils.pm line 10.
BEGIN failed--compilation aborted at /usr/home/cpan/pit/thr/conf/perl-5.14.4/.cpanplus/5.14.4/build/3mE8_lnq_2/SQL-Translator-1.64/blib/lib/SQL/Translator/Utils.pm line 10.
Compilation failed in require at /usr/home/cpan/pit/thr/conf/perl-5.14.4/.cpanplus/5.14.4/build/3mE8_lnq_2/SQL-Translator-1.64/blib/lib/SQL/Translator/Schema/Procedure.pm line 31.
BEGIN failed--compilation aborted at /usr/home/cpan/pit/thr/conf/perl-5.14.4/.cpanplus/5.14.4/build/3mE8_lnq_2/SQL-Translator-1.64/blib/lib/SQL/Translator/Schema/Procedure.pm line 31.
Compilation failed in require at /usr/home/cpan/pit/thr/conf/perl-5.14.4/.cpanplus/5.14.4/build/3mE8_lnq_2/SQL-Translator-1.64/blib/lib/SQL/Translator/Schema.pm line 31.
BEGIN failed--compilation aborted at /usr/home/cpan/pit/thr/conf/perl-5.14.4/.cpanplus/5.14.4/build/3mE8_lnq_2/SQL-Translator-1.64/blib/lib/SQL/Translator/Schema.pm line 31.
Compilation failed in require at /usr/home/cpan/pit/thr/conf/perl-5.14.4/.cpanplus/5.14.4/build/3mE8_lnq_2/SQL-Translator-1.64/blib/lib/SQL/Translator.pm line 20.
BEGIN failed--compilation aborted at /usr/home/cpan/pit/thr/conf/perl-5.14.4/.cpanplus/5.14.4/build/3mE8_lnq_2/SQL-Translator-1.64/blib/lib/SQL/Translator.pm line 20.
Compilation failed in require at t/60roundtrip.t line 10.
BEGIN failed--compilation aborted at t/60roundtrip.t line 10.
t/60roundtrip.t ......................... skipped: (no reason given)
t/61translator_agnostic.t ............... skipped: Missing dependencies: SQL::Translator::Parser::XML: "any" is not exported by the List::Util module\nCan't continue after import errors at /usr/home/cpan/pit/thr/conf/perl-5.14.4/.cpanplus/5.14.4/build/3mE8_lnq_2/SQL-Translator-1.64/blib/lib/SQL/Translator/Utils.pm line 10.\nBEGIN failed--compilation aborted at /usr/home/cpan/pit/thr/conf/perl-5.14.4/.cpanplus/5.14.4/build/3mE8_lnq_2/SQL-Translator-1.64/blib/lib/SQL/Translator/Utils.pm line 10.\nCompilation failed in require at /usr/home/cpan/pit/thr/conf/perl-5.14.4/.cpanplus/5.14.4/build/3mE8_lnq_2/SQL-Translator-1.64/blib/lib/SQL/Translator/Parser/XML/SQLFairy.pm line 92.\nBEGIN failed--compilation aborted at /usr/home/cpan/pit/thr/conf/perl-5.14.4/.cpanplus/5.14.4/build/3mE8_lnq_2/SQL-Translator-1.64/blib/lib/SQL/Translator/Parser/XML/SQLFairy.pm line 92.\nCompilation failed in require at /usr/home/cpan/pit/thr/conf/perl-5.14.4/.cpanplus/5.14.4/build/3mE8_lnq_2/SQL-Translator-1.64/blib/lib/SQL/Translator/Parser/XML.pm line 29.\nBEGIN failed--compilation aborted at /usr/home/cpan/pit/thr/conf/perl-5.14.4/.cpanplus/5.14.4/build/3mE8_lnq_2/SQL-Translator-1.64/blib/lib/SQL/Translator/Parser/XML.pm line 29.\nCompilation failed in require at (eval 10) line 1.\nBEGIN failed--compilation aborted at (eval 10) line 1.\n, SQL::Translator::Producer::XML: Attempt to reload SQL/Translator/Utils.pm aborted.\nCompilation failed in require at /usr/home/cpan/pit/thr/conf/perl-5.14.4/.cpanplus/5.14.4/build/3mE8_lnq_2/SQL-Translator-1.64/blib/lib/SQL/Translator/Producer/XML/SQLFairy.pm line 152.\nBEGIN failed--compilation aborted at /usr/home/cpan/pit/thr/conf/perl-5.14.4/.cpanplus/5.14.4/build/3mE8_lnq_2/SQL-Translator-1.64/blib/lib/SQL/Translator/Producer/XML/SQLFairy.pm line 152.\nCompilation failed in require at /usr/home/cpan/pit/thr/conf/perl-5.14.4/.cpanplus/5.14.4/build/3mE8_lnq_2/SQL-Translator-1.64/blib/lib/SQL/Translator/Producer/XML.pm line 31.\nBEGIN failed--compilation aborted at /usr/home/cpan/pit/thr/conf/perl-5.14.4/.cpanplus/5.14.4/build/3mE8_lnq_2/SQL-Translator-1.64/blib/lib/SQL/Translator/Producer/XML.pm line 31.\nCompilation failed in require at (eval 12) line 1.\nBEGIN failed--compilation aborted at (eval 12) line 1.\n
t/62roundtrip_datacheck.t ............... skipped: Missing dependencies: SQL::Translator::Parser::XML: "any" is not exported by the List::Util module\nCan't continue after import errors at /usr/home/cpan/pit/thr/conf/perl-5.14.4/.cpanplus/5.14.4/build/3mE8_lnq_2/SQL-Translator-1.64/blib/lib/SQL/Translator/Utils.pm line 10.\nBEGIN failed--compilation aborted at /usr/home/cpan/pit/thr/conf/perl-5.14.4/.cpanplus/5.14.4/build/3mE8_lnq_2/SQL-Translator-1.64/blib/lib/SQL/Translator/Utils.pm line 10.\nCompilation failed in require at /usr/home/cpan/pit/thr/conf/perl-5.14.4/.cpanplus/5.14.4/build/3mE8_lnq_2/SQL-Translator-1.64/blib/lib/SQL/Translator/Parser/XML/SQLFairy.pm line 92.\nBEGIN failed--compilation aborted at /usr/home/cpan/pit/thr/conf/perl-5.14.4/.cpanplus/5.14.4/build/3mE8_lnq_2/SQL-Translator-1.64/blib/lib/SQL/Translator/Parser/XML/SQLFairy.pm line 92.\nCompilation failed in require at /usr/home/cpan/pit/thr/conf/perl-5.14.4/.cpanplus/5.14.4/build/3mE8_lnq_2/SQL-Translator-1.64/blib/lib/SQL/Translator/Parser/XML.pm line 29.\nBEGIN failed--compilation aborted at /usr/home/cpan/pit/thr/conf/perl-5.14.4/.cpanplus/5.14.4/build/3mE8_lnq_2/SQL-Translator-1.64/blib/lib/SQL/Translator/Parser/XML.pm line 29.\nCompilation failed in require at (eval 11) line 1.\nBEGIN failed--compilation aborted at (eval 11) line 1.\n, SQL::Translator::Producer::XML: Attempt to reload SQL/Translator/Utils.pm aborted.\nCompilation failed in require at /usr/home/cpan/pit/thr/conf/perl-5.14.4/.cpanplus/5.14.4/build/3mE8_lnq_2/SQL-Translator-1.64/blib/lib/SQL/Translator/Producer/XML/SQLFairy.pm line 152.\nBEGIN failed--compilation aborted at /usr/home/cpan/pit/thr/conf/perl-5.14.4/.cpanplus/5.14.4/build/3mE8_lnq_2/SQL-Translator-1.64/blib/lib/SQL/Translator/Producer/XML/SQLFairy.pm line 152.\nCompilation failed in require at /usr/home/cpan/pit/thr/conf/perl-5.14.4/.cpanplus/5.14.4/build/3mE8_lnq_2/SQL-Translator-1.64/blib/lib/SQL/Translator/Producer/XML.pm line 31.\nBEGIN failed--compilation aborted at /usr/home/cpan/pit/thr/conf/perl-5.14.4/.cpanplus/5.14.4/build/3mE8_lnq_2/SQL-Translator-1.64/blib/lib/SQL/Translator/Producer/XML.pm line 31.\nCompilation failed in require at (eval 13) line 1.\nBEGIN failed--compilation aborted at (eval 13) line 1.\n
t/63-spacial-pgsql.t .................... skipped: Missing dependency: SQL::Translator::Producer::PostgreSQL: "any" is not exported by the List::Util module\nCan't continue after import errors at /usr/home/cpan/pit/thr/conf/perl-5.14.4/.cpanplus/5.14.4/build/3mE8_lnq_2/SQL-Translator-1.64/blib/lib/SQL/Translator/Utils.pm line 10.\nBEGIN failed--compilation aborted at /usr/home/cpan/pit/thr/conf/perl-5.14.4/.cpanplus/5.14.4/build/3mE8_lnq_2/SQL-Translator-1.64/blib/lib/SQL/Translator/Utils.pm line 10.\nCompilation failed in require at /usr/home/cpan/pit/thr/conf/perl-5.14.4/.cpanplus/5.14.4/build/3mE8_lnq_2/SQL-Translator-1.64/blib/lib/SQL/Translator/Producer/PostgreSQL.pm line 113.\nBEGIN failed--compilation aborted at /usr/home/cpan/pit/thr/conf/perl-5.14.4/.cpanplus/5.14.4/build/3mE8_lnq_2/SQL-Translator-1.64/blib/lib/SQL/Translator/Producer/PostgreSQL.pm line 113.\nCompilation failed in require at (eval 11) line 1.\nBEGIN failed--compilation aborted at (eval 11) line 1.\n
"any" is not exported by the List::Util module
Can't continue after import errors at /usr/home/cpan/pit/thr/conf/perl-5.14.4/.cpanplus/5.14.4/build/3mE8_lnq_2/SQL-Translator-1.64/blib/lib/SQL/Translator/Utils.pm line 10.
BEGIN failed--compilation aborted at /usr/home/cpan/pit/thr/conf/perl-5.14.4/.cpanplus/5.14.4/build/3mE8_lnq_2/SQL-Translator-1.64/blib/lib/SQL/Translator/Utils.pm line 10.
Compilation failed in require at /usr/home/cpan/pit/thr/conf/perl-5.14.4/.cpanplus/5.14.4/build/3mE8_lnq_2/SQL-Translator-1.64/blib/lib/SQL/Translator/Schema/Procedure.pm line 31.
BEGIN failed--compilation aborted at /usr/home/cpan/pit/thr/conf/perl-5.14.4/.cpanplus/5.14.4/build/3mE8_lnq_2/SQL-Translator-1.64/blib/lib/SQL/Translator/Schema/Procedure.pm line 31.
Compilation failed in require at /usr/home/cpan/pit/thr/conf/perl-5.14.4/.cpanplus/5.14.4/build/3mE8_lnq_2/SQL-Translator-1.64/blib/lib/SQL/Translator/Schema.pm line 31.
BEGIN failed--compilation aborted at /usr/home/cpan/pit/thr/conf/perl-5.14.4/.cpanplus/5.14.4/build/3mE8_lnq_2/SQL-Translator-1.64/blib/lib/SQL/Translator/Schema.pm line 31.
Compilation failed in require at /usr/home/cpan/pit/thr/conf/perl-5.14.4/.cpanplus/5.14.4/build/3mE8_lnq_2/SQL-Translator-1.64/blib/lib/SQL/Translator.pm line 20.
BEGIN failed--compilation aborted at /usr/home/cpan/pit/thr/conf/perl-5.14.4/.cpanplus/5.14.4/build/3mE8_lnq_2/SQL-Translator-1.64/blib/lib/SQL/Translator.pm line 20.
Compilation failed in require at t/64xml-to-mysql.t line 10.
BEGIN failed--compilation aborted at t/64xml-to-mysql.t line 10.
t/64xml-to-mysql.t ...................... 
Dubious, test returned 255 (wstat 65280, 0xff00)
No subtests run 
"any" is not exported by the List::Util module
Can't continue after import errors at /usr/home/cpan/pit/thr/conf/perl-5.14.4/.cpanplus/5.14.4/build/3mE8_lnq_2/SQL-Translator-1.64/blib/lib/SQL/Translator/Utils.pm line 10.
BEGIN failed--compilation aborted at /usr/home/cpan/pit/thr/conf/perl-5.14.4/.cpanplus/5.14.4/build/3mE8_lnq_2/SQL-Translator-1.64/blib/lib/SQL/Translator/Utils.pm line 10.
Compilation failed in require at /usr/home/cpan/pit/thr/conf/perl-5.14.4/.cpanplus/5.14.4/build/3mE8_lnq_2/SQL-Translator-1.64/blib/lib/SQL/Translator/Schema/Procedure.pm line 31.
BEGIN failed--compilation aborted at /usr/home/cpan/pit/thr/conf/perl-5.14.4/.cpanplus/5.14.4/build/3mE8_lnq_2/SQL-Translator-1.64/blib/lib/SQL/Translator/Schema/Procedure.pm line 31.
Compilation failed in require at /usr/home/cpan/pit/thr/conf/perl-5.14.4/.cpanplus/5.14.4/build/3mE8_lnq_2/SQL-Translator-1.64/blib/lib/SQL/Translator/Schema.pm line 31.
BEGIN failed--compilation aborted at /usr/home/cpan/pit/thr/conf/perl-5.14.4/.cpanplus/5.14.4/build/3mE8_lnq_2/SQL-Translator-1.64/blib/lib/SQL/Translator/Schema.pm line 31.
Compilation failed in require at /usr/home/cpan/pit/thr/conf/perl-5.14.4/.cpanplus/5.14.4/build/3mE8_lnq_2/SQL-Translator-1.64/blib/lib/SQL/Translator.pm line 20.
BEGIN failed--compilation aborted at /usr/home/cpan/pit/thr/conf/perl-5.14.4/.cpanplus/5.14.4/build/3mE8_lnq_2/SQL-Translator-1.64/blib/lib/SQL/Translator.pm line 20.
Compilation failed in require at t/66-postgres-dbi-parser.t line 6.
BEGIN failed--compilation aborted at t/66-postgres-dbi-parser.t line 6.
t/66-postgres-dbi-parser.t .............. 
Dubious, test returned 255 (wstat 65280, 0xff00)
No subtests run 
t/70sqlt-diff_script.t .................. skipped: Missing dependency: SQL::Translator::Parser::MySQL: "any" is not exported by the List::Util module\nCan't continue after import errors at /usr/home/cpan/pit/thr/conf/perl-5.14.4/.cpanplus/5.14.4/build/3mE8_lnq_2/SQL-Translator-1.64/blib/lib/SQL/Translator/Utils.pm line 10.\nBEGIN failed--compilation aborted at /usr/home/cpan/pit/thr/conf/perl-5.14.4/.cpanplus/5.14.4/build/3mE8_lnq_2/SQL-Translator-1.64/blib/lib/SQL/Translator/Utils.pm line 10.\nCompilation failed in require at /usr/home/cpan/pit/thr/conf/perl-5.14.4/.cpanplus/5.14.4/build/3mE8_lnq_2/SQL-Translator-1.64/blib/lib/SQL/Translator/Parser/MySQL.pm line 143.\nBEGIN failed--compilation aborted at /usr/home/cpan/pit/thr/conf/perl-5.14.4/.cpanplus/5.14.4/build/3mE8_lnq_2/SQL-Translator-1.64/blib/lib/SQL/Translator/Parser/MySQL.pm line 143.\nCompilation failed in require at (eval 10) line 1.\nBEGIN failed--compilation aborted at (eval 10) line 1.\n
t/70sqlt-diff_script_old.t .............. skipped: Missing dependencies: SQL::Translator::Parser::SQLite: "any" is not exported by the List::Util module\nCan't continue after import errors at /usr/home/cpan/pit/thr/conf/perl-5.14.4/.cpanplus/5.14.4/build/3mE8_lnq_2/SQL-Translator-1.64/blib/lib/SQL/Translator/Utils.pm line 10.\nBEGIN failed--compilation aborted at /usr/home/cpan/pit/thr/conf/perl-5.14.4/.cpanplus/5.14.4/build/3mE8_lnq_2/SQL-Translator-1.64/blib/lib/SQL/Translator/Utils.pm line 10.\nCompilation failed in require at /usr/home/cpan/pit/thr/conf/perl-5.14.4/.cpanplus/5.14.4/build/3mE8_lnq_2/SQL-Translator-1.64/blib/lib/SQL/Translator/Parser/SQLite.pm line 142.\nBEGIN failed--compilation aborted at /usr/home/cpan/pit/thr/conf/perl-5.14.4/.cpanplus/5.14.4/build/3mE8_lnq_2/SQL-Translator-1.64/blib/lib/SQL/Translator/Parser/SQLite.pm line 142.\nCompilation failed in require at (eval 10) line 1.\nBEGIN failed--compilation aborted at (eval 10) line 1.\n, SQL::Translator::Parser::MySQL: Attempt to reload SQL/Translator/Utils.pm aborted.\nCompilation failed in require at /usr/home/cpan/pit/thr/conf/perl-5.14.4/.cpanplus/5.14.4/build/3mE8_lnq_2/SQL-Translator-1.64/blib/lib/SQL/Translator/Parser/MySQL.pm line 143.\nBEGIN failed--compilation aborted at /usr/home/cpan/pit/thr/conf/perl-5.14.4/.cpanplus/5.14.4/build/3mE8_lnq_2/SQL-Translator-1.64/blib/lib/SQL/Translator/Parser/MySQL.pm line 143.\nCompilation failed in require at (eval 11) line 1.\nBEGIN failed--compilation aborted at (eval 11) line 1.\n, SQL::Translator::Parser::Oracle: Attempt to reload SQL/Translator/Utils.pm aborted.\nCompilation failed in require at /usr/home/cpan/pit/thr/conf/perl-5.14.4/.cpanplus/5.14.4/build/3mE8_lnq_2/SQL-Translator-1.64/blib/lib/SQL/Translator/Parser/Oracle.pm line 87.\nBEGIN failed--compilation aborted at /usr/home/cpan/pit/thr/conf/perl-5.14.4/.cpanplus/5.14.4/build/3mE8_lnq_2/SQL-Translator-1.64/blib/lib/SQL/Translator/Parser/Oracle.pm line 87.\nCompilation failed in require at (eval 13) line 1.\nBEGIN failed--compilation aborted at (eval 13) line 1.\n
"any" is not exported by the List::Util module
Can't continue after import errors at /usr/home/cpan/pit/thr/conf/perl-5.14.4/.cpanplus/5.14.4/build/3mE8_lnq_2/SQL-Translator-1.64/blib/lib/SQL/Translator/Utils.pm line 10.
BEGIN failed--compilation aborted at /usr/home/cpan/pit/thr/conf/perl-5.14.4/.cpanplus/5.14.4/build/3mE8_lnq_2/SQL-Translator-1.64/blib/lib/SQL/Translator/Utils.pm line 10.
Compilation failed in require at /usr/home/cpan/pit/thr/conf/perl-5.14.4/.cpanplus/5.14.4/build/3mE8_lnq_2/SQL-Translator-1.64/blib/lib/SQL/Translator/Generator/Role/DDL.pm line 15.
BEGIN failed--compilation aborted at /usr/home/cpan/pit/thr/conf/perl-5.14.4/.cpanplus/5.14.4/build/3mE8_lnq_2/SQL-Translator-1.64/blib/lib/SQL/Translator/Generator/Role/DDL.pm line 15.
Compilation failed in require at /usr/home/cpan/pit/thr/conf/perl-5.14.4/.cpanplus/5.14.4/build/3mE8_lnq_2/SQL-Translator-1.64/blib/lib/SQL/Translator/Generator/DDL/SQLServer.pm line 18.
Compilation failed in require at t/71-generator-sql_server.t line 6.
BEGIN failed--compilation aborted at t/71-generator-sql_server.t line 6.
t/71-generator-sql_server.t ............. 
Dubious, test returned 255 (wstat 65280, 0xff00)
No subtests run 
"any" is not exported by the List::Util module
Can't continue after import errors at /usr/home/cpan/pit/thr/conf/perl-5.14.4/.cpanplus/5.14.4/build/3mE8_lnq_2/SQL-Translator-1.64/blib/lib/SQL/Translator/Utils.pm line 10.
BEGIN failed--compilation aborted at /usr/home/cpan/pit/thr/conf/perl-5.14.4/.cpanplus/5.14.4/build/3mE8_lnq_2/SQL-Translator-1.64/blib/lib/SQL/Translator/Utils.pm line 10.
Compilation failed in require at /usr/home/cpan/pit/thr/conf/perl-5.14.4/.cpanplus/5.14.4/build/3mE8_lnq_2/SQL-Translator-1.64/blib/lib/SQL/Translator/Schema/Procedure.pm line 31.
BEGIN failed--compilation aborted at /usr/home/cpan/pit/thr/conf/perl-5.14.4/.cpanplus/5.14.4/build/3mE8_lnq_2/SQL-Translator-1.64/blib/lib/SQL/Translator/Schema/Procedure.pm line 31.
Compilation failed in require at /usr/home/cpan/pit/thr/conf/perl-5.14.4/.cpanplus/5.14.4/build/3mE8_lnq_2/SQL-Translator-1.64/blib/lib/SQL/Translator/Schema.pm line 31.
BEGIN failed--compilation aborted at /usr/home/cpan/pit/thr/conf/perl-5.14.4/.cpanplus/5.14.4/build/3mE8_lnq_2/SQL-Translator-1.64/blib/lib/SQL/Translator/Schema.pm line 31.
Compilation failed in require at /usr/home/cpan/pit/thr/conf/perl-5.14.4/.cpanplus/5.14.4/build/3mE8_lnq_2/SQL-Translator-1.64/blib/lib/SQL/Translator.pm line 20.
BEGIN failed--compilation aborted at /usr/home/cpan/pit/thr/conf/perl-5.14.4/.cpanplus/5.14.4/build/3mE8_lnq_2/SQL-Translator-1.64/blib/lib/SQL/Translator.pm line 20.
Compilation failed in require at t/72-sqlite-add-drop-fields.t line 8.
BEGIN failed--compilation aborted at t/72-sqlite-add-drop-fields.t line 8.
# Looks like your test exited with 255 before it could output anything.
t/72-sqlite-add-drop-fields.t ........... 
Dubious, test returned 255 (wstat 65280, 0xff00)
Failed 4/4 subtests 
"any" is not exported by the List::Util module
Can't continue after import errors at /usr/home/cpan/pit/thr/conf/perl-5.14.4/.cpanplus/5.14.4/build/3mE8_lnq_2/SQL-Translator-1.64/blib/lib/SQL/Translator/Utils.pm line 10.
BEGIN failed--compilation aborted at /usr/home/cpan/pit/thr/conf/perl-5.14.4/.cpanplus/5.14.4/build/3mE8_lnq_2/SQL-Translator-1.64/blib/lib/SQL/Translator/Utils.pm line 10.
Compilation failed in require at /usr/home/cpan/pit/thr/conf/perl-5.14.4/.cpanplus/5.14.4/build/3mE8_lnq_2/SQL-Translator-1.64/blib/lib/SQL/Translator/Schema/Procedure.pm line 31.
BEGIN failed--compilation aborted at /usr/home/cpan/pit/thr/conf/perl-5.14.4/.cpanplus/5.14.4/build/3mE8_lnq_2/SQL-Translator-1.64/blib/lib/SQL/Translator/Schema/Procedure.pm line 31.
Compilation failed in require at /usr/home/cpan/pit/thr/conf/perl-5.14.4/.cpanplus/5.14.4/build/3mE8_lnq_2/SQL-Translator-1.64/blib/lib/SQL/Translator/Schema.pm line 31.
BEGIN failed--compilation aborted at /usr/home/cpan/pit/thr/conf/perl-5.14.4/.cpanplus/5.14.4/build/3mE8_lnq_2/SQL-Translator-1.64/blib/lib/SQL/Translator/Schema.pm line 31.
Compilation failed in require at /usr/home/cpan/pit/thr/conf/perl-5.14.4/.cpanplus/5.14.4/build/3mE8_lnq_2/SQL-Translator-1.64/blib/lib/SQL/Translator.pm line 20.
BEGIN failed--compilation aborted at /usr/home/cpan/pit/thr/conf/perl-5.14.4/.cpanplus/5.14.4/build/3mE8_lnq_2/SQL-Translator-1.64/blib/lib/SQL/Translator.pm line 20.
Compilation failed in require at t/73-sqlite-respects-quote.t line 9.
BEGIN failed--compilation aborted at t/73-sqlite-respects-quote.t line 9.
# Looks like your test exited with 255 before it could output anything.
t/73-sqlite-respects-quote.t ............ 
Dubious, test returned 255 (wstat 65280, 0xff00)
Failed 3/3 subtests 
"any" is not exported by the List::Util module
Can't continue after import errors at /usr/home/cpan/pit/thr/conf/perl-5.14.4/.cpanplus/5.14.4/build/3mE8_lnq_2/SQL-Translator-1.64/blib/lib/SQL/Translator/Utils.pm line 10.
BEGIN failed--compilation aborted at /usr/home/cpan/pit/thr/conf/perl-5.14.4/.cpanplus/5.14.4/build/3mE8_lnq_2/SQL-Translator-1.64/blib/lib/SQL/Translator/Utils.pm line 10.
Compilation failed in require at /usr/home/cpan/pit/thr/conf/perl-5.14.4/.cpanplus/5.14.4/build/3mE8_lnq_2/SQL-Translator-1.64/blib/lib/SQL/Translator/Schema/Procedure.pm line 31.
BEGIN failed--compilation aborted at /usr/home/cpan/pit/thr/conf/perl-5.14.4/.cpanplus/5.14.4/build/3mE8_lnq_2/SQL-Translator-1.64/blib/lib/SQL/Translator/Schema/Procedure.pm line 31.
Compilation failed in require at /usr/home/cpan/pit/thr/conf/perl-5.14.4/.cpanplus/5.14.4/build/3mE8_lnq_2/SQL-Translator-1.64/blib/lib/SQL/Translator/Schema.pm line 31.
BEGIN failed--compilation aborted at /usr/home/cpan/pit/thr/conf/perl-5.14.4/.cpanplus/5.14.4/build/3mE8_lnq_2/SQL-Translator-1.64/blib/lib/SQL/Translator/Schema.pm line 31.
Compilation failed in require at /usr/home/cpan/pit/thr/conf/perl-5.14.4/.cpanplus/5.14.4/build/3mE8_lnq_2/SQL-Translator-1.64/blib/lib/SQL/Translator.pm line 20.
BEGIN failed--compilation aborted at /usr/home/cpan/pit/thr/conf/perl-5.14.4/.cpanplus/5.14.4/build/3mE8_lnq_2/SQL-Translator-1.64/blib/lib/SQL/Translator.pm line 20.
Compilation failed in require at t/74-filename-arrayref.t line 9.
BEGIN failed--compilation aborted at t/74-filename-arrayref.t line 9.
t/74-filename-arrayref.t ................ 
Dubious, test returned 255 (wstat 65280, 0xff00)
No subtests run 
t/75-sqlserver-producer.t ............... skipped: Missing dependency: SQL::Translator::Producer::SQLServer: "any" is not exported by the List::Util module\nCan't continue after import errors at /usr/home/cpan/pit/thr/conf/perl-5.14.4/.cpanplus/5.14.4/build/3mE8_lnq_2/SQL-Translator-1.64/blib/lib/SQL/Translator/Utils.pm line 10.\nBEGIN failed--compilation aborted at /usr/home/cpan/pit/thr/conf/perl-5.14.4/.cpanplus/5.14.4/build/3mE8_lnq_2/SQL-Translator-1.64/blib/lib/SQL/Translator/Utils.pm line 10.\nCompilation failed in require at /usr/home/cpan/pit/thr/conf/perl-5.14.4/.cpanplus/5.14.4/build/3mE8_lnq_2/SQL-Translator-1.64/blib/lib/SQL/Translator/Producer/SQLServer.pm line 10.\nBEGIN failed--compilation aborted at /usr/home/cpan/pit/thr/conf/perl-5.14.4/.cpanplus/5.14.4/build/3mE8_lnq_2/SQL-Translator-1.64/blib/lib/SQL/Translator/Producer/SQLServer.pm line 10.\nCompilation failed in require at (eval 13) line 1.\nBEGIN failed--compilation aborted at (eval 13) line 1.\n

#   Failed test 'use SQL::Translator;'
#   at t/mysql-sqlite-translate.t line 5.
#     Tried to use 'SQL::Translator'.
#     Error:  "any" is not exported by the List::Util module
# Can't continue after import errors at /usr/home/cpan/pit/thr/conf/perl-5.14.4/.cpanplus/5.14.4/build/3mE8_lnq_2/SQL-Translator-1.64/blib/lib/SQL/Translator/Utils.pm line 10.
# BEGIN failed--compilation aborted at /usr/home/cpan/pit/thr/conf/perl-5.14.4/.cpanplus/5.14.4/build/3mE8_lnq_2/SQL-Translator-1.64/blib/lib/SQL/Translator/Utils.pm line 10.
# Compilation failed in require at /usr/home/cpan/pit/thr/conf/perl-5.14.4/.cpanplus/5.14.4/build/3mE8_lnq_2/SQL-Translator-1.64/blib/lib/SQL/Translator/Schema/Procedure.pm line 31.
# BEGIN failed--compilation aborted at /usr/home/cpan/pit/thr/conf/perl-5.14.4/.cpanplus/5.14.4/build/3mE8_lnq_2/SQL-Translator-1.64/blib/lib/SQL/Translator/Schema/Procedure.pm line 31.
# Compilation failed in require at /usr/home/cpan/pit/thr/conf/perl-5.14.4/.cpanplus/5.14.4/build/3mE8_lnq_2/SQL-Translator-1.64/blib/lib/SQL/Translator/Schema.pm line 31.
# BEGIN failed--compilation aborted at /usr/home/cpan/pit/thr/conf/perl-5.14.4/.cpanplus/5.14.4/build/3mE8_lnq_2/SQL-Translator-1.64/blib/lib/SQL/Translator/Schema.pm line 31.
# Compilation failed in require at /usr/home/cpan/pit/thr/conf/perl-5.14.4/.cpanplus/5.14.4/build/3mE8_lnq_2/SQL-Translator-1.64/blib/lib/SQL/Translator.pm line 20.
# BEGIN failed--compilation aborted at /usr/home/cpan/pit/thr/conf/perl-5.14.4/.cpanplus/5.14.4/build/3mE8_lnq_2/SQL-Translator-1.64/blib/lib/SQL/Translator.pm line 20.
# Compilation failed in require at t/mysql-sqlite-translate.t line 5.
# BEGIN failed--compilation aborted at t/mysql-sqlite-translate.t line 5.

#   Failed test 'use SQL::Translator::Parser::MySQL;'
#   at t/mysql-sqlite-translate.t line 6.
#     Tried to use 'SQL::Translator::Parser::MySQL'.
#     Error:  Attempt to reload SQL/Translator/Utils.pm aborted.
# Compilation failed in require at /usr/home/cpan/pit/thr/conf/perl-5.14.4/.cpanplus/5.14.4/build/3mE8_lnq_2/SQL-Translator-1.64/blib/lib/SQL/Translator/Parser/MySQL.pm line 143.
# BEGIN failed--compilation aborted at /usr/home/cpan/pit/thr/conf/perl-5.14.4/.cpanplus/5.14.4/build/3mE8_lnq_2/SQL-Translator-1.64/blib/lib/SQL/Translator/Parser/MySQL.pm line 143.
# Compilation failed in require at t/mysql-sqlite-translate.t line 6.
# BEGIN failed--compilation aborted at t/mysql-sqlite-translate.t line 6.

#   Failed test 'use SQL::Translator::Producer::SQLite;'
#   at t/mysql-sqlite-translate.t line 7.
#     Tried to use 'SQL::Translator::Producer::SQLite'.
#     Error:  Attempt to reload SQL/Translator/Utils.pm aborted.
# Compilation failed in require at /usr/home/cpan/pit/thr/conf/perl-5.14.4/.cpanplus/5.14.4/build/3mE8_lnq_2/SQL-Translator-1.64/blib/lib/SQL/Translator/Producer/SQLite.pm line 24.
# BEGIN failed--compilation aborted at /usr/home/cpan/pit/thr/conf/perl-5.14.4/.cpanplus/5.14.4/build/3mE8_lnq_2/SQL-Translator-1.64/blib/lib/SQL/Translator/Producer/SQLite.pm line 24.
# Compilation failed in require at t/mysql-sqlite-translate.t line 7.
# BEGIN failed--compilation aborted at t/mysql-sqlite-translate.t line 7.
Can't locate object method "translate" via package "SQL::Translator" at t/mysql-sqlite-translate.t line 20, <DATA> line 1.
# Tests were run but no plan was declared and done_testing() was not seen.
# Looks like your test exited with 255 just after 3.
t/mysql-sqlite-translate.t .............. 
Dubious, test returned 255 (wstat 65280, 0xff00)
Failed 3/3 subtests 
"any" is not exported by the List::Util module
Can't continue after import errors at /usr/home/cpan/pit/thr/conf/perl-5.14.4/.cpanplus/5.14.4/build/3mE8_lnq_2/SQL-Translator-1.64/blib/lib/SQL/Translator/Utils.pm line 10.
BEGIN failed--compilation aborted at /usr/home/cpan/pit/thr/conf/perl-5.14.4/.cpanplus/5.14.4/build/3mE8_lnq_2/SQL-Translator-1.64/blib/lib/SQL/Translator/Utils.pm line 10.
Compilation failed in require at /usr/home/cpan/pit/thr/conf/perl-5.14.4/.cpanplus/5.14.4/build/3mE8_lnq_2/SQL-Translator-1.64/blib/lib/SQL/Translator/Schema/Procedure.pm line 31.
BEGIN failed--compilation aborted at /usr/home/cpan/pit/thr/conf/perl-5.14.4/.cpanplus/5.14.4/build/3mE8_lnq_2/SQL-Translator-1.64/blib/lib/SQL/Translator/Schema/Procedure.pm line 31.
Compilation failed in require at /usr/home/cpan/pit/thr/conf/perl-5.14.4/.cpanplus/5.14.4/build/3mE8_lnq_2/SQL-Translator-1.64/blib/lib/SQL/Translator/Schema.pm line 31.
BEGIN failed--compilation aborted at /usr/home/cpan/pit/thr/conf/perl-5.14.4/.cpanplus/5.14.4/build/3mE8_lnq_2/SQL-Translator-1.64/blib/lib/SQL/Translator/Schema.pm line 31.
Compilation failed in require at /usr/home/cpan/pit/thr/conf/perl-5.14.4/.cpanplus/5.14.4/build/3mE8_lnq_2/SQL-Translator-1.64/blib/lib/SQL/Translator.pm line 20.
BEGIN failed--compilation aborted at /usr/home/cpan/pit/thr/conf/perl-5.14.4/.cpanplus/5.14.4/build/3mE8_lnq_2/SQL-Translator-1.64/blib/lib/SQL/Translator.pm line 20.
Compilation failed in require at t/postgresql-rename-table-and-field.t line 9.
BEGIN failed--compilation aborted at t/postgresql-rename-table-and-field.t line 9.
t/postgresql-rename-table-and-field.t ... 
Dubious, test returned 255 (wstat 65280, 0xff00)
No subtests run 
"any" is not exported by the List::Util module
Can't continue after import errors at /usr/home/cpan/pit/thr/conf/perl-5.14.4/.cpanplus/5.14.4/build/3mE8_lnq_2/SQL-Translator-1.64/blib/lib/SQL/Translator/Utils.pm line 10.
BEGIN failed--compilation aborted at /usr/home/cpan/pit/thr/conf/perl-5.14.4/.cpanplus/5.14.4/build/3mE8_lnq_2/SQL-Translator-1.64/blib/lib/SQL/Translator/Utils.pm line 10.
Compilation failed in require at /usr/home/cpan/pit/thr/conf/perl-5.14.4/.cpanplus/5.14.4/build/3mE8_lnq_2/SQL-Translator-1.64/blib/lib/SQL/Translator/Schema/Procedure.pm line 31.
BEGIN failed--compilation aborted at /usr/home/cpan/pit/thr/conf/perl-5.14.4/.cpanplus/5.14.4/build/3mE8_lnq_2/SQL-Translator-1.64/blib/lib/SQL/Translator/Schema/Procedure.pm line 31.
Compilation failed in require at /usr/home/cpan/pit/thr/conf/perl-5.14.4/.cpanplus/5.14.4/build/3mE8_lnq_2/SQL-Translator-1.64/blib/lib/SQL/Translator/Schema.pm line 31.
BEGIN failed--compilation aborted at /usr/home/cpan/pit/thr/conf/perl-5.14.4/.cpanplus/5.14.4/build/3mE8_lnq_2/SQL-Translator-1.64/blib/lib/SQL/Translator/Schema.pm line 31.
Compilation failed in require at /usr/home/cpan/pit/thr/conf/perl-5.14.4/.cpanplus/5.14.4/build/3mE8_lnq_2/SQL-Translator-1.64/blib/lib/SQL/Translator.pm line 20.
BEGIN failed--compilation aborted at /usr/home/cpan/pit/thr/conf/perl-5.14.4/.cpanplus/5.14.4/build/3mE8_lnq_2/SQL-Translator-1.64/blib/lib/SQL/Translator.pm line 20.
Compilation failed in require at t/sqlite-rename-field.t line 9.
BEGIN failed--compilation aborted at t/sqlite-rename-field.t line 9.
t/sqlite-rename-field.t ................. 
Dubious, test returned 255 (wstat 65280, 0xff00)
No subtests run 

Test Summary Report
-------------------
t/02mysql-parser.t                    (Wstat: 65280 (exited 255) Tests: 0 Failed: 0)
  Non-zero exit status: 255
  Parse errors: No plan found in TAP output
t/03mysql-to-oracle.t                 (Wstat: 65280 (exited 255) Tests: 0 Failed: 0)
  Non-zero exit status: 255
  Parse errors: No plan found in TAP output
t/04file,fh,string.t                  (Wstat: 65280 (exited 255) Tests: 0 Failed: 0)
  Non-zero exit status: 255
  Parse errors: No plan found in TAP output
t/05bgep-re.t                         (Wstat: 65280 (exited 255) Tests: 0 Failed: 0)
  Non-zero exit status: 255
  Parse errors: No plan found in TAP output
t/06xsv.t                             (Wstat: 65280 (exited 255) Tests: 0 Failed: 0)
  Non-zero exit status: 255
  Parse errors: No plan found in TAP output
t/07p_args.t                          (Wstat: 65280 (exited 255) Tests: 0 Failed: 0)
  Non-zero exit status: 255
  Parse errors: No plan found in TAP output
t/08postgres-to-mysql.t               (Wstat: 65280 (exited 255) Tests: 0 Failed: 0)
  Non-zero exit status: 255
  Parse errors: No plan found in TAP output
t/10excel.t                           (Wstat: 65280 (exited 255) Tests: 0 Failed: 0)
  Non-zero exit status: 255
  Parse errors: No plan found in TAP output
t/11normalize.t                       (Wstat: 512 (exited 2) Tests: 0 Failed: 0)
  Non-zero exit status: 2
  Parse errors: No plan found in TAP output
t/12header_comment.t                  (Wstat: 512 (exited 2) Tests: 0 Failed: 0)
  Non-zero exit status: 2
  Parse errors: Bad plan.  You planned 5 tests but ran 0.
t/13schema.t                          (Wstat: 65280 (exited 255) Tests: 3 Failed: 2)
  Failed tests:  1-2
  Non-zero exit status: 255
  Parse errors: No plan found in TAP output
t/14postgres-parser.t                 (Wstat: 65280 (exited 255) Tests: 0 Failed: 0)
  Non-zero exit status: 255
  Parse errors: No plan found in TAP output
t/15oracle-parser.t                   (Wstat: 65280 (exited 255) Tests: 0 Failed: 0)
  Non-zero exit status: 255
  Parse errors: No plan found in TAP output
t/16xml-parser.t                      (Wstat: 65280 (exited 255) Tests: 0 Failed: 0)
  Non-zero exit status: 255
  Parse errors: No plan found in TAP output
t/19sybase-parser.t                   (Wstat: 65280 (exited 255) Tests: 0 Failed: 0)
  Non-zero exit status: 255
  Parse errors: No plan found in TAP output
t/20format_X_name.t                   (Wstat: 65280 (exited 255) Tests: 0 Failed: 0)
  Non-zero exit status: 255
  Parse errors: No plan found in TAP output
t/23json.t                            (Wstat: 65280 (exited 255) Tests: 0 Failed: 0)
  Non-zero exit status: 255
  Parse errors: No plan found in TAP output
t/24yaml.t                            (Wstat: 65280 (exited 255) Tests: 0 Failed: 0)
  Non-zero exit status: 255
  Parse errors: No plan found in TAP output
t/25storable.t                        (Wstat: 256 (exited 1) Tests: 2 Failed: 1)
  Failed test:  1
  Non-zero exit status: 1
t/27sqlite-parser.t                   (Wstat: 65280 (exited 255) Tests: 0 Failed: 0)
  Non-zero exit status: 255
  Parse errors: No plan found in TAP output
t/29html.t                            (Wstat: 65280 (exited 255) Tests: 0 Failed: 0)
  Non-zero exit status: 255
  Parse errors: No plan found in TAP output
t/30sqlt-new-diff-mysql.t             (Wstat: 65280 (exited 255) Tests: 0 Failed: 0)
  Non-zero exit status: 255
  Parse errors: No plan found in TAP output
t/30sqlt-new-diff-pgsql.t             (Wstat: 65280 (exited 255) Tests: 0 Failed: 0)
  Non-zero exit status: 255
  Parse errors: No plan found in TAP output
t/30sqlt-new-diff-sqlite.t            (Wstat: 65280 (exited 255) Tests: 0 Failed: 0)
  Non-zero exit status: 255
  Parse errors: No plan found in TAP output
t/30sqlt-new-diff.t                   (Wstat: 65280 (exited 255) Tests: 0 Failed: 0)
  Non-zero exit status: 255
  Parse errors: No plan found in TAP output
t/31dumper.t                          (Wstat: 65280 (exited 255) Tests: 0 Failed: 0)
  Non-zero exit status: 255
  Parse errors: No plan found in TAP output
t/32schema-lookups.t                  (Wstat: 65280 (exited 255) Tests: 0 Failed: 0)
  Non-zero exit status: 255
  Parse errors: No plan found in TAP output
t/35-access-parser.t                  (Wstat: 65280 (exited 255) Tests: 0 Failed: 0)
  Non-zero exit status: 255
t/38-filter-names.t                   (Wstat: 65280 (exited 255) Tests: 0 Failed: 0)
  Non-zero exit status: 255
  Parse errors: Bad plan.  You planned 4 tests but ran 0.
t/39-filter-globals.t                 (Wstat: 65280 (exited 255) Tests: 0 Failed: 0)
  Non-zero exit status: 255
  Parse errors: Bad plan.  You planned 3 tests but ran 0.
t/43xml-to-db2.t                      (Wstat: 65280 (exited 255) Tests: 0 Failed: 0)
  Non-zero exit status: 255
  Parse errors: No plan found in TAP output
t/44-xml-to-db2-array.t               (Wstat: 65280 (exited 255) Tests: 0 Failed: 0)
  Non-zero exit status: 255
  Parse errors: No plan found in TAP output
t/46xml-to-pg.t                       (Wstat: 65280 (exited 255) Tests: 0 Failed: 0)
  Non-zero exit status: 255
  Parse errors: No plan found in TAP output
t/48xml-to-sqlite.t                   (Wstat: 65280 (exited 255) Tests: 0 Failed: 0)
  Non-zero exit status: 255
  Parse errors: No plan found in TAP output
t/49xml-to-pg-samefield.t             (Wstat: 65280 (exited 255) Tests: 0 Failed: 0)
  Non-zero exit status: 255
  Parse errors: No plan found in TAP output
t/50-sqlserver-parser.t               (Wstat: 65280 (exited 255) Tests: 0 Failed: 0)
  Non-zero exit status: 255
  Parse errors: No plan found in TAP output
t/51-xml-to-oracle.t                  (Wstat: 65280 (exited 255) Tests: 0 Failed: 0)
  Non-zero exit status: 255
  Parse errors: No plan found in TAP output
t/51-xml-to-oracle_quoted.t           (Wstat: 65280 (exited 255) Tests: 0 Failed: 0)
  Non-zero exit status: 255
  Parse errors: No plan found in TAP output
t/52-oracle-options.t                 (Wstat: 65280 (exited 255) Tests: 0 Failed: 0)
  Non-zero exit status: 255
  Parse errors: No plan found in TAP output
t/53-oracle-delay-constraints.t       (Wstat: 65280 (exited 255) Tests: 0 Failed: 0)
  Non-zero exit status: 255
  Parse errors: No plan found in TAP output
t/53-oracle-delay-constraints_quoted.t (Wstat: 65280 (exited 255) Tests: 0 Failed: 0)
  Non-zero exit status: 255
  Parse errors: No plan found in TAP output
t/54-oracle-alter-constraint.t        (Wstat: 65280 (exited 255) Tests: 0 Failed: 0)
  Non-zero exit status: 255
  Parse errors: No plan found in TAP output
t/54-oracle-alter-field.t             (Wstat: 65280 (exited 255) Tests: 0 Failed: 0)
  Non-zero exit status: 255
  Parse errors: No plan found in TAP output
t/54-oracle-sql-diff.t                (Wstat: 65280 (exited 255) Tests: 0 Failed: 0)
  Non-zero exit status: 255
  Parse errors: No plan found in TAP output
t/55-oracle-add-drop-field.t          (Wstat: 65280 (exited 255) Tests: 0 Failed: 0)
  Non-zero exit status: 255
  Parse errors: No plan found in TAP output
t/55-oracle-producer.t                (Wstat: 65280 (exited 255) Tests: 0 Failed: 0)
  Non-zero exit status: 255
  Parse errors: No plan found in TAP output
t/56-sqlite-producer.t                (Wstat: 65280 (exited 255) Tests: 0 Failed: 0)
  Non-zero exit status: 255
  Parse errors: No plan found in TAP output
t/57-class-dbi.t                      (Wstat: 65280 (exited 255) Tests: 0 Failed: 0)
  Non-zero exit status: 255
  Parse errors: Bad plan.  You planned 2 tests but ran 0.
t/60roundtrip.t                       (Wstat: 65280 (exited 255) Tests: 0 Failed: 0)
  Non-zero exit status: 255
t/64xml-to-mysql.t                    (Wstat: 65280 (exited 255) Tests: 0 Failed: 0)
  Non-zero exit status: 255
  Parse errors: No plan found in TAP output
t/66-postgres-dbi-parser.t            (Wstat: 65280 (exited 255) Tests: 0 Failed: 0)
  Non-zero exit status: 255
  Parse errors: No plan found in TAP output
t/71-generator-sql_server.t           (Wstat: 65280 (exited 255) Tests: 0 Failed: 0)
  Non-zero exit status: 255
  Parse errors: No plan found in TAP output
t/72-sqlite-add-drop-fields.t         (Wstat: 65280 (exited 255) Tests: 0 Failed: 0)
  Non-zero exit status: 255
  Parse errors: Bad plan.  You planned 4 tests but ran 0.
t/73-sqlite-respects-quote.t          (Wstat: 65280 (exited 255) Tests: 0 Failed: 0)
  Non-zero exit status: 255
  Parse errors: Bad plan.  You planned 3 tests but ran 0.
t/74-filename-arrayref.t              (Wstat: 65280 (exited 255) Tests: 0 Failed: 0)
  Non-zero exit status: 255
  Parse errors: No plan found in TAP output
t/mysql-sqlite-translate.t            (Wstat: 65280 (exited 255) Tests: 3 Failed: 3)
  Failed tests:  1-3
  Non-zero exit status: 255
  Parse errors: No plan found in TAP output
t/postgresql-rename-table-and-field.t (Wstat: 65280 (exited 255) Tests: 0 Failed: 0)
  Non-zero exit status: 255
  Parse errors: No plan found in TAP output
t/sqlite-rename-field.t               (Wstat: 65280 (exited 255) Tests: 0 Failed: 0)
  Non-zero exit status: 255
  Parse errors: No plan found in TAP output
Files=75, Tests=8, 22 wallclock secs ( 0.34 usr  0.30 sys + 15.69 cusr  5.72 csys = 22.05 CPU)
Result: FAIL
Failed 58/75 test programs. 6/8 subtests failed.
*** Error code 255

Stop.
make: stopped in /usr/home/cpan/pit/thr/conf/perl-5.14.4/.cpanplus/5.14.4/build/3mE8_lnq_2/SQL-Translator-1.64


PREREQUISITES:

Here is a list of prerequisites you specified and versions we
managed to load:

	  Module Name                        Have     Want
	  Carp::Clan                         6.08        0
	  DBI                               1.643     1.54
	  Digest::SHA                        6.04        0
	  ExtUtils::MakeMaker                7.70        0
	  File::ShareDir                    1.118      1.0
	  JSON::MaybeXS                  1.004005 1.003003
	  Moo                            2.005005 1.000003
	  Package::Variant               1.003002 1.001001
	  Parse::RecDescent              1.967015 1.967009
	  Scalar::Util                       1.23        0
	  Sub::Quote                     2.006008        0
	  Test::Differences                  0.71        0
	  Test::Exception                    0.43     0.31
	  Test::More                     1.302198     0.88
	  Text::ParseWords                   3.27        0
	  Try::Tiny                          0.31     0.04
	  XML::Writer                       0.900    0.500
	  YAML                               1.31     0.66

Perl module toolchain versions installed:
	Module Name                        Have
	CPANPLUS                         0.9914
	CPANPLUS::Dist::Build              0.90
	Cwd                                3.75
	ExtUtils::CBuilder             0.280236
	ExtUtils::Command                  7.70
	ExtUtils::Install                  2.22
	ExtUtils::MakeMaker                7.70
	ExtUtils::Manifest                 1.75
	ExtUtils::ParseXS                  3.51
	File::Spec                         3.75
	Module::Build                    0.4234
	Pod::Parser                        1.37
	Pod::Simple                        3.16
	Test2                          1.302198
	Test::Harness                      3.48
	Test::More                     1.302198
	version                          0.9930

******************************** NOTE ********************************
The comments above are created mechanically, possibly without manual
checking by the sender.  As there are many people performing automatic
tests on each upload to CPAN, it is likely that you will receive
identical messages about the same problem.

If you believe that the message is mistaken, please reply to the first
one with correction and/or additional informations, and do not take
it personally.  We appreciate your patience. :)
**********************************************************************

Additional comments:


This report was machine-generated by CPANPLUS::Dist::YACSmoke 1.08.
Powered by minismokebox version 0.68

CPANPLUS is prefering Build.PL

------------------------------
ENVIRONMENT AND OTHER CONTEXT
------------------------------

Environment variables:

    AUTOMATED_TESTING = 1
    LANG = C.UTF-8
    NONINTERACTIVE_TESTING = 1
    PATH = /usr/home/cpan/pit/thr/conf/perl-5.14.4/.cpanplus/5.14.4/build/3mE8_lnq_2/SQL-Translator-1.64/blib/script:/sbin:/bin:/usr/sbin:/usr/bin:/usr/local/sbin:/usr/local/bin:/home/cpan/bin
    PERL5LIB = /usr/home/cpan/pit/jail/u0ZtMulb3v/lib/perl5:/usr/home/cpan/pit/thr/conf/perl-5.14.4/.cpanplus/5.14.4/build/3mE8_lnq_2/SQL-Translator-1.64/blib/lib:/usr/home/cpan/pit/thr/conf/perl-5.14.4/.cpanplus/5.14.4/build/3mE8_lnq_2/SQL-Translator-1.64/blib/arch
    PERL5_CPANPLUS_IS_RUNNING = 90378
    PERL5_CPANPLUS_IS_VERSION = 0.9914
    PERL5_MINISMOKEBOX = 0.68
    PERL5_YACSMOKE_BASE = /usr/home/cpan/pit/thr/conf/perl-5.14.4
    PERL_EXTUTILS_AUTOINSTALL = --defaultdeps
    PERL_LOCAL_LIB_ROOT = /usr/home/cpan/pit/jail/u0ZtMulb3v
    PERL_MB_OPT = --install_base "/usr/home/cpan/pit/jail/u0ZtMulb3v"
    PERL_MM_OPT = INSTALL_BASE=/usr/home/cpan/pit/jail/u0ZtMulb3v
    PERL_MM_USE_DEFAULT = 1
    PERL_USE_UNSAFE_INC = 1
    SHELL = /usr/local/bin/bash
    TERM = screen

Perl special variables (and OS-specific diagnostics, for MSWin32):

    Perl: $^X = /usr/home/cpan/pit/thr/perl-5.14.4/bin/perl
    UID:  $<  = 1002
    EUID: $>  = 1002
    GID:  $(  = 1002 1002
    EGID: $)  = 1002 1002


-------------------------------


--

Summary of my perl5 (revision 5 version 14 subversion 4) configuration:
   
  Platform:
    osname=freebsd, osvers=13.2-release-p8, archname=i386-freebsd-thread-multi
    uname='freebsd felstain 13.2-release-p8 freebsd 13.2-release-p8 generic i386 '
    config_args='-des -Dprefix=/usr/home/cpan/pit/thr/perl-5.14.4 -Dusethreads'
    hint=recommended, useposix=true, d_sigaction=define
    useithreads=define, usemultiplicity=define
    useperlio=define, d_sfio=undef, uselargefiles=define, usesocks=undef
    use64bitint=undef, use64bitall=undef, uselongdouble=undef
    usemymalloc=n, bincompat5005=undef
  Compiler:
    cc='cc', ccflags ='-DHAS_FPSETMASK -DHAS_FLOATINGPOINT_H -fno-strict-aliasing -pipe -fstack-protector -I/usr/local/include',
    optimize='-O2',
    cppflags='-DHAS_FPSETMASK -DHAS_FLOATINGPOINT_H -fno-strict-aliasing -pipe -fstack-protector -I/usr/local/include'
    ccversion='', gccversion='FreeBSD Clang 14.0.5 (https://github.com/llvm/llvm-project.git llvmorg-14.0.5-0-gc12386ae247c)', gccosandvers=''
    intsize=4, longsize=4, ptrsize=4, doublesize=8, byteorder=1234
    d_longlong=define, longlongsize=8, d_longdbl=define, longdblsize=12
    ivtype='long', ivsize=4, nvtype='double', nvsize=8, Off_t='off_t', lseeksize=8
    alignbytes=4, prototype=define
  Linker and Libraries:
    ld='cc', ldflags ='-pthread -Wl,-E  -fstack-protector -L/usr/local/lib'
    libpth=/usr/lib /usr/local/lib
    libs=-lgdbm -ldl -lm -lcrypt -lutil
    perllibs=-ldl -lm -lcrypt -lutil
    libc=, so=so, useshrplib=false, libperl=libperl.a
    gnulibc_version=''
  Dynamic Linking:
    dlsrc=dl_dlopen.xs, dlext=so, d_dlsymun=undef, ccdlflags=' '
    cccdlflags='-DPIC -fPIC', lddlflags='-shared  -L/usr/local/lib -fstack-protector'


Characteristics of this binary (from libperl): 
  Compile-time options: MULTIPLICITY PERL_DONT_CREATE_GVSV
                        PERL_IMPLICIT_CONTEXT PERL_MALLOC_WRAP
                        PERL_PRESERVE_IVUV USE_ITHREADS USE_LARGE_FILES
                        USE_PERLIO USE_PERL_ATOF USE_REENTRANT_API
  Locally applied patches:
	Devel::PatchPerl 2.08
  Built under freebsd
  Compiled at Dec 23 2023 08:00:25
  %ENV:
    PERL5LIB="/usr/home/cpan/pit/jail/u0ZtMulb3v/lib/perl5:/usr/home/cpan/pit/thr/conf/perl-5.14.4/.cpanplus/5.14.4/build/3mE8_lnq_2/SQL-Translator-1.64/blib/lib:/usr/home/cpan/pit/thr/conf/perl-5.14.4/.cpanplus/5.14.4/build/3mE8_lnq_2/SQL-Translator-1.64/blib/arch"
    PERL5_CPANPLUS_IS_RUNNING="90378"
    PERL5_CPANPLUS_IS_VERSION="0.9914"
    PERL5_MINISMOKEBOX="0.68"
    PERL5_YACSMOKE_BASE="/usr/home/cpan/pit/thr/conf/perl-5.14.4"
    PERL_EXTUTILS_AUTOINSTALL="--defaultdeps"
    PERL_LOCAL_LIB_ROOT="/usr/home/cpan/pit/jail/u0ZtMulb3v"
    PERL_MB_OPT="--install_base "/usr/home/cpan/pit/jail/u0ZtMulb3v""
    PERL_MM_OPT="INSTALL_BASE=/usr/home/cpan/pit/jail/u0ZtMulb3v"
    PERL_MM_USE_DEFAULT="1"
    PERL_USE_UNSAFE_INC="1"
  @INC:
    /usr/home/cpan/pit/jail/u0ZtMulb3v/lib/perl5/5.14.4/i386-freebsd-thread-multi
    /usr/home/cpan/pit/jail/u0ZtMulb3v/lib/perl5/5.14.4
    /usr/home/cpan/pit/jail/u0ZtMulb3v/lib/perl5/i386-freebsd-thread-multi
    /usr/home/cpan/pit/jail/u0ZtMulb3v/lib/perl5
    /usr/home/cpan/pit/thr/conf/perl-5.14.4/.cpanplus/5.14.4/build/3mE8_lnq_2/SQL-Translator-1.64/blib/lib
    /usr/home/cpan/pit/thr/conf/perl-5.14.4/.cpanplus/5.14.4/build/3mE8_lnq_2/SQL-Translator-1.64/blib/arch
    /usr/home/cpan/pit/thr/perl-5.14.4/lib/site_perl/5.14.4/i386-freebsd-thread-multi
    /usr/home/cpan/pit/thr/perl-5.14.4/lib/site_perl/5.14.4
    /usr/home/cpan/pit/thr/perl-5.14.4/lib/5.14.4/i386-freebsd-thread-multi
    /usr/home/cpan/pit/thr/perl-5.14.4/lib/5.14.4
    .