Mojo-UserAgent-Mockable v1.59 Perl 5 v5.35.11 x86_64-linux-ld

Status
Fail
From
Andreas J. König (ANDK)
Dist
Mojo-UserAgent-Mockable v1.59
Platform
Perl 5 v5.35.11 x86_64-linux-ld
Date
2022-05-09 07:58:17
ID
c8e47d9a-cf6d-11ec-b8b9-24e1e9ac2382
This distribution has been tested as part of the CPAN Testers
project, supporting the Perl programming language.  See
http://wiki.cpantesters.org/ for more information or email
questions to cpan-testers-discuss@perl.org


--
Dear Kit Peters,

This is a computer-generated report for Mojo-UserAgent-Mockable-1.59
on perl 5.35.11, created by CPAN-Reporter-1.2018.

Thank you for uploading your work to CPAN.  However, there was a problem
testing your distribution.

If you think this report is invalid, please consult the CPAN Testers Wiki
for suggestions on how to avoid getting FAIL reports for missing library
or binary dependencies, unsupported operating systems, and so on:

http://wiki.cpantesters.org/wiki/CPANAuthorNotes

Sections of this report:

    * Tester comments
    * Program output
    * Prerequisites
    * Environment and other context

------------------------------
TESTER COMMENTS
------------------------------

Additional comments from tester:

this report is from an automated smoke testing program
and was not reviewed by a human for accuracy

------------------------------
PROGRAM OUTPUT
------------------------------

Output from '/usr/bin/make test':

PERL_DL_NONLAZY=1 "/tmp/basesmoker-reloperl-d0Dr/bin/perl" "-MExtUtils::Command::MM" "-MTest::Harness" "-e" "undef *Test::Harness::Switches; test_harness(0, 'blib/lib', 'blib/arch')" t/*.t t/request_compare/*.t t/serializer/*.t
t/00-use.t ................................ ok
t/author-critic.t ......................... skipped: these tests are for testing by the author
t/author-pod-coverage.t ................... skipped: these tests are for testing by the author
t/author-pod-syntax.t ..................... skipped: these tests are for testing by the author
t/authorization_basic.t ................... ok
t/basic.t ................................. ok
Devel::Hide hides JSON/XS.pm
t/canonicalize_portably_Cpanel-JSON-XS.t .. ok
Devel::Hide hides Cpanel/JSON/XS.pm, JSON/XS.pm
t/canonicalize_portably_JSON-PP.t ......... ok
Devel::Hide hides Cpanel/JSON/XS.pm
t/canonicalize_portably_JSON-XS.t ......... ok
t/mojo_url.t .............................. ok
t/mojolicious_lite.t ...................... ok
t/normalized_req.t ........................ ok
[2022-05-09 07:56:42.26018] [2025833] [trace] [ONF2VGA_kY4K] GET "/thingy"
[2022-05-09 07:56:42.26050] [2025833] [trace] [ONF2VGA_kY4K] Routing to a callback
[2022-05-09 07:56:42.26069] [2025833] [trace] [ONF2VGA_kY4K] 200 OK (0.00051s, 1960.784/s)
[2022-05-09 07:56:42.26387] [2025833] [trace] [DzYAo3CRow7N] GET "/thingy"
[2022-05-09 07:56:42.26404] [2025833] [trace] [DzYAo3CRow7N] Routing to a callback
[2022-05-09 07:56:42.26426] [2025833] [trace] [DzYAo3CRow7N] 200 OK (0.000377s, 2652.520/s)
t/passthrough.t ........................... ok
t/passthrough_nonblocking.t ............... skipped: Museum API not responding properly
t/record.t ................................ skipped: Museum API not responding properly
t/record_nonblocking.t .................... skipped: Museum API not responing properly
t/record_playback.t ....................... ok
[2022-05-09 07:57:33.54680] [2025843] [trace] [oDumwJD8Y9zF] GET "/integers/"
[2022-05-09 07:57:33.54721] [2025843] [trace] [oDumwJD8Y9zF] Routing to a callback
[2022-05-09 07:57:33.54759] [2025843] [trace] [oDumwJD8Y9zF] 200 OK (0.000783s, 1277.139/s)
[2022-05-09 07:57:33.55114] [2025843] [trace] [efSbN9kVHkRY] GET "/integers/"
[2022-05-09 07:57:33.55135] [2025843] [trace] [efSbN9kVHkRY] Routing to a callback
[2022-05-09 07:57:33.55148] [2025843] [trace] [efSbN9kVHkRY] 200 OK (0.00033s, 3030.303/s)
[2022-05-09 07:57:33.55462] [2025843] [trace] [Q_B2dtaMza3o] GET "/integers/"
[2022-05-09 07:57:33.55483] [2025843] [trace] [Q_B2dtaMza3o] Routing to a callback
[2022-05-09 07:57:33.55496] [2025843] [trace] [Q_B2dtaMza3o] 200 OK (0.000332s, 3012.048/s)
[2022-05-09 07:57:33.55810] [2025843] [trace] [PW0TfFhGtZ-B] GET "/integers/"
[2022-05-09 07:57:33.55834] [2025843] [trace] [PW0TfFhGtZ-B] Routing to a callback
[2022-05-09 07:57:33.55846] [2025843] [trace] [PW0TfFhGtZ-B] 200 OK (0.000356s, 2808.989/s)
[2022-05-09 07:57:33.56153] [2025843] [trace] [kggKyurifiXU] GET "/integers/"
[2022-05-09 07:57:33.56172] [2025843] [trace] [kggKyurifiXU] Routing to a callback
[2022-05-09 07:57:33.56185] [2025843] [trace] [kggKyurifiXU] 200 OK (0.000316s, 3164.557/s)
[2022-05-09 07:57:33.56490] [2025843] [trace] [5FcsIfeoNM6x] GET "/integers/"
[2022-05-09 07:57:33.56510] [2025843] [trace] [5FcsIfeoNM6x] Routing to a callback
[2022-05-09 07:57:33.56524] [2025843] [trace] [5FcsIfeoNM6x] 200 OK (0.000326s, 3067.485/s)
[2022-05-09 07:57:33.56824] [2025843] [trace] [sjvcD6hPLOMc] GET "/integers/"
[2022-05-09 07:57:33.56844] [2025843] [trace] [sjvcD6hPLOMc] Routing to a callback
[2022-05-09 07:57:33.56857] [2025843] [trace] [sjvcD6hPLOMc] 200 OK (0.000329s, 3039.514/s)
[2022-05-09 07:57:33.57168] [2025843] [trace] [njWXxURnGPLO] GET "/integers/"
[2022-05-09 07:57:33.57189] [2025843] [trace] [njWXxURnGPLO] Routing to a callback
[2022-05-09 07:57:33.57201] [2025843] [trace] [njWXxURnGPLO] 200 OK (0.000327s, 3058.104/s)
[2022-05-09 07:57:33.57516] [2025843] [trace] [YQQCbmpLc5hj] GET "/integers/"
[2022-05-09 07:57:33.57537] [2025843] [trace] [YQQCbmpLc5hj] Routing to a callback
[2022-05-09 07:57:33.57551] [2025843] [trace] [YQQCbmpLc5hj] 200 OK (0.00034s, 2941.176/s)
[2022-05-09 07:57:33.58764] [2025843] [trace] [jx_1v5nCnYHE] GET "/integers/"
[2022-05-09 07:57:33.58802] [2025843] [trace] [jx_1v5nCnYHE] Routing to a callback
[2022-05-09 07:57:33.58831] [2025843] [trace] [jx_1v5nCnYHE] 200 OK (0.00067s, 1492.537/s)
[2022-05-09 07:57:33.59096] [2025843] [trace] [9YDwWM8OlmWL] GET "/integers/"
[2022-05-09 07:57:33.59119] [2025843] [trace] [9YDwWM8OlmWL] Routing to a callback
[2022-05-09 07:57:33.59139] [2025843] [trace] [9YDwWM8OlmWL] 200 OK (0.00043s, 2325.581/s)
[2022-05-09 07:57:33.59391] [2025843] [trace] [BxUQDUxZKGvs] GET "/integers/"
[2022-05-09 07:57:33.59413] [2025843] [trace] [BxUQDUxZKGvs] Routing to a callback
[2022-05-09 07:57:33.59436] [2025843] [trace] [BxUQDUxZKGvs] 200 OK (0.000439s, 2277.904/s)
[2022-05-09 07:57:33.59691] [2025843] [trace] [QBHvtUx4ZvM8] GET "/integers/"
[2022-05-09 07:57:33.59713] [2025843] [trace] [QBHvtUx4ZvM8] Routing to a callback
[2022-05-09 07:57:33.59736] [2025843] [trace] [QBHvtUx4ZvM8] 200 OK (0.000434s, 2304.147/s)
[2022-05-09 07:57:33.59998] [2025843] [trace] [vdZGzuJJVEYS] GET "/integers/"
[2022-05-09 07:57:33.60019] [2025843] [trace] [vdZGzuJJVEYS] Routing to a callback
[2022-05-09 07:57:33.60040] [2025843] [trace] [vdZGzuJJVEYS] 200 OK (0.000415s, 2409.639/s)
[2022-05-09 07:57:33.60281] [2025843] [trace] [jZe9eqsNU6Rw] GET "/integers/"
[2022-05-09 07:57:33.60302] [2025843] [trace] [jZe9eqsNU6Rw] Routing to a callback
[2022-05-09 07:57:33.60323] [2025843] [trace] [jZe9eqsNU6Rw] 200 OK (0.000405s, 2469.136/s)
[2022-05-09 07:57:33.60541] [2025843] [trace] [11jETQjryG0b] GET "/integers/"
[2022-05-09 07:57:33.60561] [2025843] [trace] [11jETQjryG0b] Routing to a callback
[2022-05-09 07:57:33.60581] [2025843] [trace] [11jETQjryG0b] 200 OK (0.000392s, 2551.020/s)
[2022-05-09 07:57:33.60831] [2025843] [trace] [gYdXY7vJAdY_] GET "/integers/"
[2022-05-09 07:57:33.60852] [2025843] [trace] [gYdXY7vJAdY_] Routing to a callback
[2022-05-09 07:57:33.60873] [2025843] [trace] [gYdXY7vJAdY_] 200 OK (0.000414s, 2415.459/s)
[2022-05-09 07:57:33.61117] [2025843] [trace] [kzLtorRdtDUV] GET "/integers/"
[2022-05-09 07:57:33.61136] [2025843] [trace] [kzLtorRdtDUV] Routing to a callback
[2022-05-09 07:57:33.61157] [2025843] [trace] [kzLtorRdtDUV] 200 OK (0.000392s, 2551.020/s)
t/record_playback_nonblocking.t ........... ok
t/record_playback_normalized.t ............ ok

#   Failed test 'Got a number'
#   at t/record_playback_proxy.t line 44.
# Looks like you failed 1 test of 4.
t/record_playback_proxy.t ................. 
Dubious, test returned 1 (wstat 256, 0x100)
Failed 1/4 subtests 
t/release-cpan-changes.t .................. skipped: these tests are for release candidate testing
t/request_compare/basic.t ................. ok
t/request_compare/ignore_body.t ........... ok
t/request_compare/ignore_headers.t ........ ok
t/request_compare/url.t ................... ok
t/request_compare/usage.t ................. ok
t/scope.t ................................. ok
t/serializer/basic.t ...................... ok
[2022-05-09 07:57:43.25619] [2025855] [trace] [kezXl-Adc4nV] GET "/download"
[2022-05-09 07:57:43.25657] [2025855] [trace] [kezXl-Adc4nV] Routing to a callback
[2022-05-09 07:57:43.25700] [2025855] [trace] [kezXl-Adc4nV] 200 OK (0.000807s, 1239.157/s)
t/serializer/binary.t ..................... ok
[2022-05-09 07:57:43.89879] [2025861] [trace] [fsn6CW5D5dxP] GET "/foo"
[2022-05-09 07:57:43.89914] [2025861] [trace] [fsn6CW5D5dxP] Routing to a callback
[2022-05-09 07:57:43.89935] [2025861] [trace] [fsn6CW5D5dxP] 200 OK (0.000562s, 1779.359/s)
t/serializer/events.t ..................... ok
[2022-05-09 07:57:44.55305] [2025862] [trace] [K429xVmQuC_f] POST "/target"
[2022-05-09 07:57:44.55341] [2025862] [trace] [K429xVmQuC_f] Routing to a callback
[2022-05-09 07:57:44.55365] [2025862] [trace] [K429xVmQuC_f] 200 OK (0.000599s, 1669.449/s)
t/serializer/multipart.t .................. ok
[2022-05-09 07:57:45.66076] [2025863] [trace] [aHSVYzaGerAY] GET "/records"
[2022-05-09 07:57:45.66108] [2025863] [trace] [aHSVYzaGerAY] Routing to a callback
[2022-05-09 07:57:45.66130] [2025863] [trace] [aHSVYzaGerAY] 200 OK (0.000537s, 1862.197/s)
[2022-05-09 07:57:45.66307] [2025863] [trace] [bpxYBr91wCCe] GET "/record/8675309"
[2022-05-09 07:57:45.66333] [2025863] [trace] [bpxYBr91wCCe] Routing to a callback
[2022-05-09 07:57:45.66351] [2025863] [trace] [bpxYBr91wCCe] 200 OK (0.000426s, 2347.418/s)
t/serializer/simple.t ..................... ok
[2022-05-09 07:57:46.70105] [2025864] [trace] [-p4VoENymqFl] GET "/records"
[2022-05-09 07:57:46.70140] [2025864] [trace] [-p4VoENymqFl] Routing to a callback
[2022-05-09 07:57:46.70162] [2025864] [trace] [-p4VoENymqFl] 200 OK (0.000571s, 1751.313/s)
[2022-05-09 07:57:46.70349] [2025864] [trace] [4OMe3yYf81IB] GET "/record/8675309"
[2022-05-09 07:57:46.70379] [2025864] [trace] [4OMe3yYf81IB] Routing to a callback
[2022-05-09 07:57:46.70396] [2025864] [trace] [4OMe3yYf81IB] 200 OK (0.000462s, 2164.502/s)
t/serializer/store_retrieve.t ............. ok
[2022-05-09 07:57:48.89591] [2025865] [trace] [w-Dt_sqU5rjw] GET "/random"
[2022-05-09 07:57:48.89627] [2025865] [trace] [w-Dt_sqU5rjw] Routing to a callback
[2022-05-09 07:57:48.89659] [2025865] [trace] [w-Dt_sqU5rjw] 200 OK (0.000675s, 1481.481/s)
[2022-05-09 07:57:48.89944] [2025865] [trace] [4Dh62R-6Y2bV] GET "/random"
[2022-05-09 07:57:48.89962] [2025865] [trace] [4Dh62R-6Y2bV] Routing to a callback
[2022-05-09 07:57:48.89990] [2025865] [trace] [4Dh62R-6Y2bV] 200 OK (0.000457s, 2188.184/s)
[2022-05-09 07:57:48.90248] [2025865] [trace] [sJubO-dMVMmZ] GET "/random"
[2022-05-09 07:57:48.90265] [2025865] [trace] [sJubO-dMVMmZ] Routing to a callback
[2022-05-09 07:57:48.90291] [2025865] [trace] [sJubO-dMVMmZ] 200 OK (0.000424s, 2358.491/s)
[2022-05-09 07:57:48.90550] [2025865] [trace] [KjabWoJmUfvw] GET "/random"
[2022-05-09 07:57:48.90569] [2025865] [trace] [KjabWoJmUfvw] Routing to a callback
[2022-05-09 07:57:48.90596] [2025865] [trace] [KjabWoJmUfvw] 200 OK (0.00045s, 2222.222/s)
[2022-05-09 07:57:48.90869] [2025865] [trace] [2CRM0oEzWzwm] GET "/random"
[2022-05-09 07:57:48.90888] [2025865] [trace] [2CRM0oEzWzwm] Routing to a callback
[2022-05-09 07:57:48.90914] [2025865] [trace] [2CRM0oEzWzwm] 200 OK (0.000444s, 2252.252/s)
[2022-05-09 07:57:48.91193] [2025865] [trace] [NNaDe7n5ywgx] GET "/random"
[2022-05-09 07:57:48.91212] [2025865] [trace] [NNaDe7n5ywgx] Routing to a callback
[2022-05-09 07:57:48.91240] [2025865] [trace] [NNaDe7n5ywgx] 200 OK (0.00046s, 2173.913/s)
[2022-05-09 07:57:48.91503] [2025865] [trace] [Qg6oEvzQzOMx] GET "/random"
[2022-05-09 07:57:48.91522] [2025865] [trace] [Qg6oEvzQzOMx] Routing to a callback
[2022-05-09 07:57:48.91548] [2025865] [trace] [Qg6oEvzQzOMx] 200 OK (0.000445s, 2247.191/s)
[2022-05-09 07:57:48.91825] [2025865] [trace] [3x_3DyrlwZMf] GET "/random"
[2022-05-09 07:57:48.91848] [2025865] [trace] [3x_3DyrlwZMf] Routing to a callback
[2022-05-09 07:57:48.91876] [2025865] [trace] [3x_3DyrlwZMf] 200 OK (0.000498s, 2008.032/s)
[2022-05-09 07:57:48.92148] [2025865] [trace] [IJM-ar97U51i] GET "/random"
[2022-05-09 07:57:48.92167] [2025865] [trace] [IJM-ar97U51i] Routing to a callback
[2022-05-09 07:57:48.92193] [2025865] [trace] [IJM-ar97U51i] 200 OK (0.000448s, 2232.143/s)
[2022-05-09 07:57:48.92446] [2025865] [trace] [VX8FQ4nDgZ2m] GET "/random"
[2022-05-09 07:57:48.92465] [2025865] [trace] [VX8FQ4nDgZ2m] Routing to a callback
[2022-05-09 07:57:48.92491] [2025865] [trace] [VX8FQ4nDgZ2m] 200 OK (0.000435s, 2298.851/s)
[2022-05-09 07:57:48.92754] [2025865] [trace] [VZO5HeKbdMO5] GET "/history"
[2022-05-09 07:57:48.92780] [2025865] [trace] [VZO5HeKbdMO5] Routing to a callback
[2022-05-09 07:57:48.92809] [2025865] [trace] [VZO5HeKbdMO5] 200 OK (0.000547s, 1828.154/s)
t/session.t ............................... ok

Test Summary Report
-------------------
t/record_playback_proxy.t               (Wstat: 256 (exited 1) Tests: 4 Failed: 1)
  Failed test:  1
  Non-zero exit status: 1
Files=34, Tests=312, 88 wallclock secs ( 0.17 usr  0.22 sys + 12.43 cusr  2.84 csys = 15.66 CPU)
Result: FAIL
Failed 1/34 test programs. 1/312 subtests failed.
make: *** [Makefile:953: test_dynamic] Error 255

------------------------------
PREREQUISITES
------------------------------

Prerequisite modules loaded:

requires:

    Module                             Need  Have    
    ---------------------------------- ----- --------
    Carp                               0     1.52    
    Class::Load                        0     0.25    
    English                            0     1.11    
    JSON::MaybeXS                      0     1.004003
    Mojo::Base                         0     0       
    Mojo::JSON                         0     0       
    Mojo::URL                          0     0       
    Mojo::Util                         0     0       
    Mojolicious                        7.22  9.25    
    Path::Tiny                         0     0.122   
    perl                               5.014 5.035011
    Safe::Isa                          0     1.000010
    Scalar::Util                       0     1.62    
    Try::Tiny                          0     0.31    
    warnings                           0     1.58    
    warnings::register                 0     1.04    

build_requires:

    Module                             Need  Have    
    ---------------------------------- ----- --------
    Array::Compare                     0     3.0.8   
    base                               0     2.27    
    Devel::Hide                        0     0.0015  
    Exporter                           0     5.77    
    ExtUtils::MakeMaker                0     7.64    
    File::Compare                      0     1.1007  
    File::Spec                         0     3.84    
    File::stat                         0     1.12    
    File::Temp                         0     0.2311  
    FindBin                            0     1.53    
    IO::Socket::SSL                    2.009 2.074   
    lib                                0     0.65    
    Module::Util                       0     1.09    
    Mojo::IOLoop                       0     0       
    Mojo::Message::Request             0     0       
    Mojo::Message::Response            0     0       
    Mojo::Parameters                   0     0       
    Mojo::Server::Daemon               0     0       
    Mojo::Transaction::HTTP            0     0       
    Mojo::UserAgent                    0     0       
    Mojolicious::Lite                  0     0       
    Mojolicious::Plugin::BasicAuthPlus 0     0.11.3  
    Pod::Coverage::TrustPod            0     0.100005
    Test::Exception                    0     0.43    
    Test::JSON                         0     0.11    
    Test::Mojo                         0     0       
    Test::Moose                        0     2.2201  
    Test::More                         0     1.302190
    Test::Most                         0     0.37    
    Test::Pod                          0     1.52    
    Test::Pod::Coverage                0     1.10    
    Time::HiRes                        0     1.9770  

configure_requires:

    Module                             Need  Have    
    ---------------------------------- ----- --------
    ExtUtils::MakeMaker                0     7.64    


------------------------------
ENVIRONMENT AND OTHER CONTEXT
------------------------------

Environment variables:

    AUTOMATED_TESTING = 1
    LANG = en_US.utf8
    PATH = /home/sand/bin:/usr/local/bin:/usr/local/sbin:/usr/sbin:/usr/bin:/sbin:/bin:/usr/games:/usr/local/games:/snap/bin:/usr/local/perl/bin:/usr/X11/bin
    PERL = /tmp/basesmoker-reloperl-d0Dr/bin/perl
    PERL5LIB = /tmp/loop_over_bdir-111204-6eYGuI/Captive-Portal-4.10-0/blib/arch:/tmp/loop_over_bdir-111204-6eYGuI/Captive-Portal-4.10-0/blib/lib:/tmp/loop_over_bdir-111204-6eYGuI/Sysync-0.35-0/blib/arch:/tmp/loop_over_bdir-111204-6eYGuI/Sysync-0.35-0/blib/lib:/tmp/loop_over_bdir-111204-6eYGuI/LCFG-Build-Tools-0.9.30-0/blib/arch:/tmp/loop_over_bdir-111204-6eYGuI/LCFG-Build-Tools-0.9.30-0/blib/lib:/tmp/loop_over_bdir-111204-6eYGuI/Dpkg-1.21.5-0/blib/arch:/tmp/loop_over_bdir-111204-6eYGuI/Dpkg-1.21.5-0/blib/lib:/tmp/loop_over_bdir-111204-6eYGuI/dta-tokwrap-0.98-0/blib/arch:/tmp/loop_over_bdir-111204-6eYGuI/dta-tokwrap-0.98-0/blib/lib
    PERL5OPT = 
    PERL5_CPANPLUS_IS_RUNNING = 111212
    PERL5_CPAN_IS_RUNNING = 111212
    PERL_CANARY_STABILITY_NOPROMPT = 1
    PERL_MM_USE_DEFAULT = 1
    PERL_USE_UNSAFE_INC = 1
    SHELL = /usr/bin/zsh
    TERM = screen

Perl special variables (and OS-specific diagnostics, for MSWin32):

    $^X = /tmp/basesmoker-reloperl-d0Dr/bin/perl
    $UID/$EUID = 1005 / 1005
    $GID = 1005 1005
    $EGID = 1005 1005

Perl module toolchain versions installed:

    Module              Have    
    ------------------- --------
    CPAN                2.34    
    CPAN::Meta          2.150010
    Cwd                 3.84    
    ExtUtils::CBuilder  0.280236
    ExtUtils::Command   7.64    
    ExtUtils::Install   2.20    
    ExtUtils::MakeMaker 7.64    
    ExtUtils::Manifest  1.73    
    ExtUtils::ParseXS   3.45    
    File::Spec          3.84    
    JSON                4.05    
    JSON::PP            4.08    
    Module::Build       0.4231  
    Module::Signature   0.88    
    Parse::CPAN::Meta   2.150010
    Test::Harness       3.44    
    Test::More          1.302190
    YAML                1.30    
    YAML::Syck          1.34    
    version             0.9929  


--

Summary of my perl5 (revision 5 version 35 subversion 11) configuration:
  Commit id: 6309b8c0e379d2ae5a9d50fe46b4c1f52ec1b012
  Platform:
    osname=linux
    osvers=5.4.0-107-generic
    archname=x86_64-linux-ld
    uname='linux k93focal 5.4.0-107-generic #121-ubuntu smp thu mar 24 16:04:27 utc 2022 x86_64 x86_64 x86_64 gnulinux '
    config_args='-Dprefix=/home/sand/src/perl/repoperls/installed-perls/host/k93focal/v5.35.11/d3e4 -Dmyhostname=k93focal -Dinstallusrbinperl=n -Uversiononly -Dusedevel -des -Ui_db -Dlibswanted=cl pthread socket inet nsl gdbm dbm malloc dl ld sun m crypt sec util c cposix posix ucb BSD gdbm_compat -Uuseithreads -Duselongdouble -DEBUGGING=both'
    hint=recommended
    useposix=true
    d_sigaction=define
    useithreads=undef
    usemultiplicity=undef
    use64bitint=define
    use64bitall=define
    uselongdouble=define
    usemymalloc=n
    default_inc_excludes_dot=define
  Compiler:
    cc='cc'
    ccflags ='-fwrapv -DDEBUGGING -fno-strict-aliasing -pipe -fstack-protector-strong -I/usr/local/include -D_LARGEFILE_SOURCE -D_FILE_OFFSET_BITS=64'
    optimize='-O2 -g'
    cppflags='-fwrapv -DDEBUGGING -fno-strict-aliasing -pipe -fstack-protector-strong -I/usr/local/include'
    ccversion=''
    gccversion='9.4.0'
    gccosandvers=''
    intsize=4
    longsize=8
    ptrsize=8
    doublesize=8
    byteorder=12345678
    doublekind=3
    d_longlong=define
    longlongsize=8
    d_longdbl=define
    longdblsize=16
    longdblkind=3
    ivtype='long'
    ivsize=8
    nvtype='long double'
    nvsize=16
    Off_t='off_t'
    lseeksize=8
    alignbytes=16
    prototype=define
  Linker and Libraries:
    ld='cc'
    ldflags =' -fstack-protector-strong -L/usr/local/lib'
    libpth=/usr/local/lib /usr/lib/x86_64-linux-gnu /usr/lib /usr/lib64
    libs=-lpthread -lnsl -ldl -lm -lcrypt -lutil -lc
    perllibs=-lpthread -lnsl -ldl -lm -lcrypt -lutil -lc
    libc=libc-2.31.so
    so=so
    useshrplib=false
    libperl=libperl.a
    gnulibc_version='2.31'
  Dynamic Linking:
    dlsrc=dl_dlopen.xs
    dlext=so
    d_dlsymun=undef
    ccdlflags='-Wl,-E'
    cccdlflags='-fPIC'
    lddlflags='-shared -O2 -g -L/usr/local/lib -fstack-protector-strong'


Characteristics of this binary (from libperl): 
  Compile-time options:
    DEBUGGING
    HAS_TIMES
    PERLIO_LAYERS
    PERL_COPY_ON_WRITE
    PERL_DONT_CREATE_GVSV
    PERL_MALLOC_WRAP
    PERL_OP_PARENT
    PERL_PRESERVE_IVUV
    PERL_USE_DEVEL
    USE_64_BIT_ALL
    USE_64_BIT_INT
    USE_LARGE_FILES
    USE_LOCALE
    USE_LOCALE_COLLATE
    USE_LOCALE_CTYPE
    USE_LOCALE_NUMERIC
    USE_LOCALE_TIME
    USE_LONG_DOUBLE
    USE_PERLIO
    USE_PERL_ATOF
  Built under linux
  Compiled at May  6 2022 19:52:54
  %ENV:
    PERL="/tmp/basesmoker-reloperl-d0Dr/bin/perl"
    PERL5LIB="/tmp/loop_over_bdir-111204-6eYGuI/Captive-Portal-4.10-0/blib/arch:/tmp/loop_over_bdir-111204-6eYGuI/Captive-Portal-4.10-0/blib/lib:/tmp/loop_over_bdir-111204-6eYGuI/Sysync-0.35-0/blib/arch:/tmp/loop_over_bdir-111204-6eYGuI/Sysync-0.35-0/blib/lib:/tmp/loop_over_bdir-111204-6eYGuI/LCFG-Build-Tools-0.9.30-0/blib/arch:/tmp/loop_over_bdir-111204-6eYGuI/LCFG-Build-Tools-0.9.30-0/blib/lib:/tmp/loop_over_bdir-111204-6eYGuI/Dpkg-1.21.5-0/blib/arch:/tmp/loop_over_bdir-111204-6eYGuI/Dpkg-1.21.5-0/blib/lib:/tmp/loop_over_bdir-111204-6eYGuI/dta-tokwrap-0.98-0/blib/arch:/tmp/loop_over_bdir-111204-6eYGuI/dta-tokwrap-0.98-0/blib/lib"
    PERL5OPT=""
    PERL5_CPANPLUS_IS_RUNNING="111212"
    PERL5_CPAN_IS_RUNNING="111212"
    PERL_CANARY_STABILITY_NOPROMPT="1"
    PERL_MM_USE_DEFAULT="1"
    PERL_USE_UNSAFE_INC="1"
  @INC:
    /tmp/loop_over_bdir-111204-6eYGuI/Captive-Portal-4.10-0/blib/arch
    /tmp/loop_over_bdir-111204-6eYGuI/Captive-Portal-4.10-0/blib/lib
    /tmp/loop_over_bdir-111204-6eYGuI/Sysync-0.35-0/blib/arch
    /tmp/loop_over_bdir-111204-6eYGuI/Sysync-0.35-0/blib/lib
    /tmp/loop_over_bdir-111204-6eYGuI/LCFG-Build-Tools-0.9.30-0/blib/arch
    /tmp/loop_over_bdir-111204-6eYGuI/LCFG-Build-Tools-0.9.30-0/blib/lib
    /tmp/loop_over_bdir-111204-6eYGuI/Dpkg-1.21.5-0/blib/arch
    /tmp/loop_over_bdir-111204-6eYGuI/Dpkg-1.21.5-0/blib/lib
    /tmp/loop_over_bdir-111204-6eYGuI/dta-tokwrap-0.98-0/blib/arch
    /tmp/loop_over_bdir-111204-6eYGuI/dta-tokwrap-0.98-0/blib/lib
    /home/sand/src/perl/repoperls/installed-perls/host/k93focal/v5.35.11/d3e4/lib/site_perl/5.35.11/x86_64-linux-ld
    /home/sand/src/perl/repoperls/installed-perls/host/k93focal/v5.35.11/d3e4/lib/site_perl/5.35.11
    /home/sand/src/perl/repoperls/installed-perls/host/k93focal/v5.35.11/d3e4/lib/5.35.11/x86_64-linux-ld
    /home/sand/src/perl/repoperls/installed-perls/host/k93focal/v5.35.11/d3e4/lib/5.35.11
    .