Back
From: metabase:user:315f03b2-2aae-11df-837a-5e0a49663a4f
Subject: FAIL DBIx-Table-TestDataGenerator-0.003 v5.14.2 NetBSD
Date: 2013-04-20T00:03:52Z
This distribution has been tested as part of the CPAN Testers
project, supporting the Perl programming language. See
http://wiki.cpantesters.org/ for more information or email
questions to cpan-testers-discuss@perl.org
--
Dear Jose Diaz Seng,
This is a computer-generated report for DBIx-Table-TestDataGenerator-0.003
on perl 5.14.2, created by CPAN-Reporter-1.2010.
Thank you for uploading your work to CPAN. However, there was a problem
testing your distribution.
If you think this report is invalid, please consult the CPAN Testers Wiki
for suggestions on how to avoid getting FAIL reports for missing library
or binary dependencies, unsupported operating systems, and so on:
http://wiki.cpantesters.org/wiki/CPANAuthorNotes
Sections of this report:
* Tester comments
* Program output
* Prerequisites
* Environment and other context
------------------------------
TESTER COMMENTS
------------------------------
Additional comments from tester:
this report is from an automated smoke testing program
and was not reviewed by a human for accuracy
------------------------------
PROGRAM OUTPUT
------------------------------
Output from './Build test':
# Testing DBIx::Table::TestDataGenerator 0.003, Perl 5.014002, /home/smoke/perl5/perlbrew/perls/perl-5.14.2/bin/perl
t/00-load.t .................... ok
Cannot import Moo::Role into a Moo class at /home/smoke/perl5/perlbrew/perls/perl-5.14.2/lib/site_perl/5.14.2/Moo/Role.pm line 24.
BEGIN failed--compilation aborted at /home/smoke/.cpan/build/DBIx-Table-TestDataGenerator-0.003-XmVRc4/blib/lib/DBIx/Table/TestDataGenerator/TableProbe/SQLite.pm line 3.
Compilation failed in require at t/01_Test_TestDataGenerator.t line 48.
DBD::SQLite::db do failed: no such table: test_testdatagenerator at t/01_Test_TestDataGenerator.t line 586.
DBD::SQLite::db do failed: no such table: test_testdatagenerator_ref at t/01_Test_TestDataGenerator.t line 587.
# Looks like your test exited with 255 before it could output anything.
t/01_Test_TestDataGenerator.t ..
Dubious, test returned 255 (wstat 65280, 0xff00)
Failed 20/20 subtests
Cannot import Moo::Role into a Moo class at /home/smoke/perl5/perlbrew/perls/perl-5.14.2/lib/site_perl/5.14.2/Moo/Role.pm line 24.
BEGIN failed--compilation aborted at /home/smoke/.cpan/build/DBIx-Table-TestDataGenerator-0.003-XmVRc4/blib/lib/DBIx/Table/TestDataGenerator/TableProbe/SQLite.pm line 3.
Compilation failed in require at t/02_Test_TestDataGenerator.t line 44.
DBD::SQLite::db do failed: no such table: test_testdatagenerator_nn_pkey at t/02_Test_TestDataGenerator.t line 152.
# Looks like your test exited with 255 before it could output anything.
t/02_Test_TestDataGenerator.t ..
Dubious, test returned 255 (wstat 65280, 0xff00)
Failed 1/1 subtests
Cannot import Moo::Role into a Moo class at /home/smoke/perl5/perlbrew/perls/perl-5.14.2/lib/site_perl/5.14.2/Moo/Role.pm line 24.
BEGIN failed--compilation aborted at /home/smoke/.cpan/build/DBIx-Table-TestDataGenerator-0.003-XmVRc4/blib/lib/DBIx/Table/TestDataGenerator/TableProbe/SQLite.pm line 3.
Compilation failed in require at t/03_Test_TestDataGenerator.t line 49.
DBD::SQLite::db do failed: no such table: tdg_target at t/03_Test_TestDataGenerator.t line 259.
DBD::SQLite::db do failed: no such table: tdg_ref1 at t/03_Test_TestDataGenerator.t line 260.
DBD::SQLite::db do failed: no such table: tdg_ref2 at t/03_Test_TestDataGenerator.t line 261.
# Looks like your test exited with 255 before it could output anything.
t/03_Test_TestDataGenerator.t ..
Dubious, test returned 255 (wstat 65280, 0xff00)
Failed 1/1 subtests
Cannot import Moo::Role into a Moo class at /home/smoke/perl5/perlbrew/perls/perl-5.14.2/lib/site_perl/5.14.2/Moo/Role.pm line 24.
BEGIN failed--compilation aborted at /home/smoke/.cpan/build/DBIx-Table-TestDataGenerator-0.003-XmVRc4/blib/lib/DBIx/Table/TestDataGenerator/TableProbe/SQLite.pm line 3.
Compilation failed in require at t/04_Test_TableProbe.t line 39.
DBD::SQLite::db do failed: no such table: test_helperqueries at t/04_Test_TableProbe.t line 294.
# Looks like your test exited with 255 before it could output anything.
t/04_Test_TableProbe.t .........
Dubious, test returned 255 (wstat 65280, 0xff00)
Failed 10/10 subtests
t/05_Test_TreeUtils.t .......... ok
t/06_Test_TreeUtils2.t ......... ok
t/boilerplate.t ................ ok
Test Summary Report
-------------------
t/01_Test_TestDataGenerator.t (Wstat: 65280 Tests: 0 Failed: 0)
Non-zero exit status: 255
Parse errors: Bad plan. You planned 20 tests but ran 0.
t/02_Test_TestDataGenerator.t (Wstat: 65280 Tests: 0 Failed: 0)
Non-zero exit status: 255
Parse errors: Bad plan. You planned 1 tests but ran 0.
t/03_Test_TestDataGenerator.t (Wstat: 65280 Tests: 0 Failed: 0)
Non-zero exit status: 255
Parse errors: Bad plan. You planned 1 tests but ran 0.
t/04_Test_TableProbe.t (Wstat: 65280 Tests: 0 Failed: 0)
Non-zero exit status: 255
Parse errors: Bad plan. You planned 10 tests but ran 0.
t/boilerplate.t (Wstat: 0 Tests: 5 Failed: 0)
TODO passed: 1-5
Files=8, Tests=47, 2 wallclock secs ( 0.07 usr 0.04 sys + 1.20 cusr 0.20 csys = 1.51 CPU)
Result: FAIL
Failed 4/8 test programs. 0/47 subtests failed.
------------------------------
PREREQUISITES
------------------------------
Prerequisite modules loaded:
requires:
Module Need Have
----------------------- ----- --------
Carp 0 1.26
Class::Load 0 0.20
DBD::SQLite 0 1.38_02
DBI 0 1.625
DBI::Const::GetInfoType 0 2.008696
DBIx::Admin::TableInfo 0 2.09
List::MoreUtils 0 0.33_007
List::Util 0 1.27
Moo 0 1.001000
Moo::Role 0 0
perl 5.006 5.014002
Readonly 0 1.03
Test::Exception 0 0.31
build_requires:
Module Need Have
----------------------- ----- --------
Test::More 0 0.98_04
configure_requires:
Module Need Have
----------------------- ----- --------
Module::Build 0.4 0.4004
------------------------------
ENVIRONMENT AND OTHER CONTEXT
------------------------------
Environment variables:
AUTOMATED_TESTING = 1
MANPATH_WITHOUT_PERLBREW =
PATH = /home/smoke/perl5/perlbrew/bin:/home/smoke/perl5/perlbrew/perls/perl-5.14.2/bin:/home/smoke/bin:/usr/pkg/sbin:/usr/pkg/bin:/bin:/sbin:/usr/bin:/usr/sbin:/usr/local/bin:/usr/local/sbin:/usr/X11R7/bin:/usr/X11R6/bin:/usr/games
PATH_WITHOUT_PERLBREW = /home/smoke/bin:/usr/pkg/sbin:/usr/pkg/bin:/bin:/sbin:/usr/bin:/usr/sbin:/usr/local/bin:/usr/local/sbin:/usr/X11R7/bin:/usr/X11R6/bin:/usr/games
PERL5LIB =
PERL5OPT =
PERL5_CPANPLUS_IS_RUNNING = 17681
PERL5_CPAN_IS_RUNNING = 17681
PERL5_CPAN_IS_RUNNING_IN_RECURSION = 12970,17681
PERLBREW_BASHRC_VERSION = 0.41
PERLBREW_HOME = /home/smoke/.perlbrew
PERLBREW_MANPATH = /home/smoke/perl5/perlbrew/perls/perl-5.14.2/man
PERLBREW_PATH = /home/smoke/perl5/perlbrew/bin:/home/smoke/perl5/perlbrew/perls/perl-5.14.2/bin
PERLBREW_PERL = perl-5.14.2
PERLBREW_ROOT = /home/smoke/perl5/perlbrew
PERLBREW_VERSION = 0.41
PERL_CR_SMOKER_CURRENT = DBIx-Table-TestDataGenerator-0.003
PERL_EXTUTILS_AUTOINSTALL = --defaultdeps
PERL_MM_USE_DEFAULT = 1
SHELL = /usr/pkg/bin/bash
TERM = xterm-color
Perl special variables (and OS-specific diagnostics, for MSWin32):
$^X = /home/smoke/perl5/perlbrew/perls/perl-5.14.2/bin/perl
$UID/$EUID = 1002 / 1002
$GID = 100 100
$EGID = 100 100
Perl module toolchain versions installed:
Module Have
------------------- --------
CPAN 2.00
CPAN::Meta 2.130880
Cwd 3.40
ExtUtils::CBuilder 0.280205
ExtUtils::Command 1.17
ExtUtils::Install 1.56
ExtUtils::MakeMaker 6.64
ExtUtils::Manifest 1.60
ExtUtils::ParseXS 3.18_02
File::Spec 3.40
JSON 2.57
JSON::PP 2.27202
Module::Build 0.4004
Module::Signature n/a
Parse::CPAN::Meta 1.4404
Test::Harness 3.26
Test::More 0.98_04
YAML 0.84
YAML::Syck 1.25
version 0.9902
--
Summary of my perl5 (revision 5 version 14 subversion 2) configuration:
Platform:
osname=netbsd, osvers=6.0.1_patch, archname=i386-netbsd
uname='netbsd prickle.zeroclue.com 6.0.1_patch netbsd 6.0.1_patch (generic) i386 '
config_args='-de -Dprefix=/home/smoke/perl5/perlbrew/perls/perl-5.14.2'
hint=recommended, useposix=true, d_sigaction=define
useithreads=undef, usemultiplicity=undef
useperlio=define, d_sfio=undef, uselargefiles=define, usesocks=undef
use64bitint=undef, use64bitall=undef, uselongdouble=undef
usemymalloc=n, bincompat5005=undef
Compiler:
cc='cc', ccflags ='-fno-strict-aliasing -pipe -fstack-protector -I/usr/pkg/include',
optimize='-O',
cppflags='-fno-strict-aliasing -pipe -fstack-protector -I/usr/pkg/include'
ccversion='', gccversion='4.5.3', gccosandvers=''
intsize=4, longsize=4, ptrsize=4, doublesize=8, byteorder=1234
d_longlong=define, longlongsize=8, d_longdbl=define, longdblsize=12
ivtype='long', ivsize=4, nvtype='double', nvsize=8, Off_t='off_t', lseeksize=8
alignbytes=4, prototype=define
Linker and Libraries:
ld='cc', ldflags =' -Wl,-rpath,/usr/pkg/lib -Wl,-rpath,/usr/local/lib -fstack-protector -L/usr/pkg/lib'
libpth=/usr/pkg/lib /lib /usr/lib
libs=-lm -lcrypt -lutil -lc -lposix
perllibs=-lm -lcrypt -lutil -lc -lposix
libc=/lib/libc.so, so=so, useshrplib=false, libperl=libperl.a
gnulibc_version=''
Dynamic Linking:
dlsrc=dl_dlopen.xs, dlext=so, d_dlsymun=undef, ccdlflags='-Wl,-E '
cccdlflags='-DPIC -fPIC ', lddlflags='--whole-archive -shared -L/usr/pkg/lib -fstack-protector'
Characteristics of this binary (from libperl):
Compile-time options: PERL_DONT_CREATE_GVSV PERL_MALLOC_WRAP
PERL_PRESERVE_IVUV USE_LARGE_FILES USE_PERLIO
USE_PERL_ATOF
Built under netbsd
Compiled at Apr 12 2013 16:41:18
%ENV:
PERL5LIB=""
PERL5OPT=""
PERL5_CPANPLUS_IS_RUNNING="17681"
PERL5_CPAN_IS_RUNNING="17681"
PERL5_CPAN_IS_RUNNING_IN_RECURSION="12970,17681"
PERLBREW_BASHRC_VERSION="0.41"
PERLBREW_HOME="/home/smoke/.perlbrew"
PERLBREW_MANPATH="/home/smoke/perl5/perlbrew/perls/perl-5.14.2/man"
PERLBREW_PATH="/home/smoke/perl5/perlbrew/bin:/home/smoke/perl5/perlbrew/perls/perl-5.14.2/bin"
PERLBREW_PERL="perl-5.14.2"
PERLBREW_ROOT="/home/smoke/perl5/perlbrew"
PERLBREW_VERSION="0.41"
PERL_CR_SMOKER_CURRENT="DBIx-Table-TestDataGenerator-0.003"
PERL_EXTUTILS_AUTOINSTALL="--defaultdeps"
PERL_MM_USE_DEFAULT="1"
@INC:
/home/smoke/perl5/perlbrew/perls/perl-5.14.2/lib/site_perl/5.14.2/i386-netbsd
/home/smoke/perl5/perlbrew/perls/perl-5.14.2/lib/site_perl/5.14.2
/home/smoke/perl5/perlbrew/perls/perl-5.14.2/lib/5.14.2/i386-netbsd
/home/smoke/perl5/perlbrew/perls/perl-5.14.2/lib/5.14.2
.