TestML v0.08 Perl 5 v5.13.3 i386-netbsd
- Status
- Fail
- From
- Jeff Workman
- Dist
-
TestML v0.08
- Platform
- Perl 5 v5.13.3 i386-netbsd
- Date
- 2010-08-29 20:48:32
- ID
- c93d135c-b3ae-11df-bfc1-a67a6c9e8be4
This distribution has been tested as part of the CPAN Testers
project, supporting the Perl programming language. See
http://wiki.cpantesters.org/ for more information or email
questions to cpan-testers-discuss@perl.org
--
Dear Ingy dot Net,
This is a computer-generated report for TestML-0.08
on perl 5.13.3, created by CPAN-Reporter-1.18.
Thank you for uploading your work to CPAN. However, there was a problem
testing your distribution.
If you think this report is invalid, please consult the CPAN Testers Wiki
for suggestions on how to avoid getting FAIL reports for missing library
or binary dependencies, unsupported operating systems, and so on:
http://wiki.cpantesters.org/wiki/CPANAuthorNotes
Sections of this report:
* Tester comments
* Program output
* Prerequisites
* Environment and other context
------------------------------
TESTER COMMENTS
------------------------------
Additional comments from tester:
this report is from an automated smoke testing program
and was not reviewed by a human for accuracy
------------------------------
PROGRAM OUTPUT
------------------------------
Output from '/usr/bin/make test':
PERL_DL_NONLAZY=1 /usr/bin/perl "-MExtUtils::Command::MM" "-e" "test_harness(0, 'inc', 'blib/lib', 'blib/arch')" t/*.t
Can't locate XXX.pm in @INC (@INC contains: /var/spool/cpan/build/TestML-0.08-4Pti4l/inc /var/spool/cpan/build/TestML-0.08-4Pti4l/blib/lib /var/spool/cpan/build/TestML-0.08-4Pti4l/blib/arch /var/spool/cpan/build/Pegex-0.05-6nIPEK/blib/arch /var/spool/cpan/build/Pegex-0.05-6nIPEK/blib/lib /var/spool/cpan/build/Pegex-0.05-6nIPEK/blib/arch /var/spool/cpan/build/Pegex-0.05-6nIPEK/blib/lib /usr/local/lib/perl5/site_perl/5.13.3/i386-netbsd /usr/local/lib/perl5/site_perl/5.13.3 /usr/local/lib/perl5/5.13.3/i386-netbsd /usr/local/lib/perl5/5.13.3 /usr/local/lib/perl5/site_perl .) at /var/spool/cpan/build/TestML-0.08-4Pti4l/blib/lib/TestML/Runner.pm line 18, <DATA> line 1.
BEGIN failed--compilation aborted at /var/spool/cpan/build/TestML-0.08-4Pti4l/blib/lib/TestML/Runner.pm line 18, <DATA> line 1.
Compilation failed in require at /var/spool/cpan/build/TestML-0.08-4Pti4l/blib/lib/TestML/Runner/TAP.pm line 5, <DATA> line 1.
BEGIN failed--compilation aborted at /var/spool/cpan/build/TestML-0.08-4Pti4l/blib/lib/TestML/Runner/TAP.pm line 5, <DATA> line 1.
Compilation failed in require at (eval 1) line 1, <DATA> line 1.
END failed--call queue aborted, <DATA> line 1.
t/arguments.t ..............
Dubious, test returned 2 (wstat 512, 0x200)
No subtests run
Can't locate XXX.pm in @INC (@INC contains: /var/spool/cpan/build/TestML-0.08-4Pti4l/inc /var/spool/cpan/build/TestML-0.08-4Pti4l/blib/lib /var/spool/cpan/build/TestML-0.08-4Pti4l/blib/arch /var/spool/cpan/build/Pegex-0.05-6nIPEK/blib/arch /var/spool/cpan/build/Pegex-0.05-6nIPEK/blib/lib /var/spool/cpan/build/Pegex-0.05-6nIPEK/blib/arch /var/spool/cpan/build/Pegex-0.05-6nIPEK/blib/lib /usr/local/lib/perl5/site_perl/5.13.3/i386-netbsd /usr/local/lib/perl5/site_perl/5.13.3 /usr/local/lib/perl5/5.13.3/i386-netbsd /usr/local/lib/perl5/5.13.3 /usr/local/lib/perl5/site_perl .) at /var/spool/cpan/build/TestML-0.08-4Pti4l/blib/lib/TestML/Runner.pm line 18, <DATA> line 1.
BEGIN failed--compilation aborted at /var/spool/cpan/build/TestML-0.08-4Pti4l/blib/lib/TestML/Runner.pm line 18, <DATA> line 1.
Compilation failed in require at /var/spool/cpan/build/TestML-0.08-4Pti4l/blib/lib/TestML/Runner/TAP.pm line 5, <DATA> line 1.
BEGIN failed--compilation aborted at /var/spool/cpan/build/TestML-0.08-4Pti4l/blib/lib/TestML/Runner/TAP.pm line 5, <DATA> line 1.
Compilation failed in require at (eval 1) line 1, <DATA> line 1.
END failed--call queue aborted, <DATA> line 1.
t/assertions.t .............
Dubious, test returned 2 (wstat 512, 0x200)
No subtests run
Can't locate XXX.pm in @INC (@INC contains: /var/spool/cpan/build/TestML-0.08-4Pti4l/inc /var/spool/cpan/build/TestML-0.08-4Pti4l/blib/lib /var/spool/cpan/build/TestML-0.08-4Pti4l/blib/arch /var/spool/cpan/build/Pegex-0.05-6nIPEK/blib/arch /var/spool/cpan/build/Pegex-0.05-6nIPEK/blib/lib /var/spool/cpan/build/Pegex-0.05-6nIPEK/blib/arch /var/spool/cpan/build/Pegex-0.05-6nIPEK/blib/lib /usr/local/lib/perl5/site_perl/5.13.3/i386-netbsd /usr/local/lib/perl5/site_perl/5.13.3 /usr/local/lib/perl5/5.13.3/i386-netbsd /usr/local/lib/perl5/5.13.3 /usr/local/lib/perl5/site_perl .) at /var/spool/cpan/build/TestML-0.08-4Pti4l/blib/lib/TestML/Runner.pm line 18, <DATA> line 1.
BEGIN failed--compilation aborted at /var/spool/cpan/build/TestML-0.08-4Pti4l/blib/lib/TestML/Runner.pm line 18, <DATA> line 1.
Compilation failed in require at /var/spool/cpan/build/TestML-0.08-4Pti4l/blib/lib/TestML/Runner/TAP.pm line 5, <DATA> line 1.
BEGIN failed--compilation aborted at /var/spool/cpan/build/TestML-0.08-4Pti4l/blib/lib/TestML/Runner/TAP.pm line 5, <DATA> line 1.
Compilation failed in require at t/basic.t line 1, <DATA> line 1.
BEGIN failed--compilation aborted at t/basic.t line 1, <DATA> line 1.
t/basic.t ..................
Dubious, test returned 2 (wstat 512, 0x200)
No subtests run
Can't locate XXX.pm in @INC (@INC contains: /var/spool/cpan/build/TestML-0.08-4Pti4l/inc /var/spool/cpan/build/TestML-0.08-4Pti4l/blib/lib /var/spool/cpan/build/TestML-0.08-4Pti4l/blib/arch /var/spool/cpan/build/Pegex-0.05-6nIPEK/blib/arch /var/spool/cpan/build/Pegex-0.05-6nIPEK/blib/lib /var/spool/cpan/build/Pegex-0.05-6nIPEK/blib/arch /var/spool/cpan/build/Pegex-0.05-6nIPEK/blib/lib /usr/local/lib/perl5/site_perl/5.13.3/i386-netbsd /usr/local/lib/perl5/site_perl/5.13.3 /usr/local/lib/perl5/5.13.3/i386-netbsd /usr/local/lib/perl5/5.13.3 /usr/local/lib/perl5/site_perl .) at /var/spool/cpan/build/TestML-0.08-4Pti4l/blib/lib/TestML/Runner.pm line 18, <DATA> line 1.
BEGIN failed--compilation aborted at /var/spool/cpan/build/TestML-0.08-4Pti4l/blib/lib/TestML/Runner.pm line 18, <DATA> line 1.
Compilation failed in require at /var/spool/cpan/build/TestML-0.08-4Pti4l/blib/lib/TestML/Runner/TAP.pm line 5, <DATA> line 1.
BEGIN failed--compilation aborted at /var/spool/cpan/build/TestML-0.08-4Pti4l/blib/lib/TestML/Runner/TAP.pm line 5, <DATA> line 1.
Compilation failed in require at (eval 1) line 1, <DATA> line 1.
END failed--call queue aborted, <DATA> line 1.
t/dataless.t ...............
Dubious, test returned 2 (wstat 512, 0x200)
No subtests run
Can't locate XXX.pm in @INC (@INC contains: /var/spool/cpan/build/TestML-0.08-4Pti4l/inc /var/spool/cpan/build/TestML-0.08-4Pti4l/blib/lib /var/spool/cpan/build/TestML-0.08-4Pti4l/blib/arch /var/spool/cpan/build/Pegex-0.05-6nIPEK/blib/arch /var/spool/cpan/build/Pegex-0.05-6nIPEK/blib/lib /var/spool/cpan/build/Pegex-0.05-6nIPEK/blib/arch /var/spool/cpan/build/Pegex-0.05-6nIPEK/blib/lib /usr/local/lib/perl5/site_perl/5.13.3/i386-netbsd /usr/local/lib/perl5/site_perl/5.13.3 /usr/local/lib/perl5/5.13.3/i386-netbsd /usr/local/lib/perl5/5.13.3 /usr/local/lib/perl5/site_perl .) at /var/spool/cpan/build/TestML-0.08-4Pti4l/blib/lib/TestML/Runner.pm line 18, <DATA> line 1.
BEGIN failed--compilation aborted at /var/spool/cpan/build/TestML-0.08-4Pti4l/blib/lib/TestML/Runner.pm line 18, <DATA> line 1.
Compilation failed in require at /var/spool/cpan/build/TestML-0.08-4Pti4l/blib/lib/TestML/Runner/TAP.pm line 5, <DATA> line 1.
BEGIN failed--compilation aborted at /var/spool/cpan/build/TestML-0.08-4Pti4l/blib/lib/TestML/Runner/TAP.pm line 5, <DATA> line 1.
Compilation failed in require at (eval 1) line 1, <DATA> line 1.
END failed--call queue aborted, <DATA> line 1.
t/exceptions.t .............
Dubious, test returned 2 (wstat 512, 0x200)
No subtests run
Can't locate XXX.pm in @INC (@INC contains: /var/spool/cpan/build/TestML-0.08-4Pti4l/inc /var/spool/cpan/build/TestML-0.08-4Pti4l/blib/lib /var/spool/cpan/build/TestML-0.08-4Pti4l/blib/arch /var/spool/cpan/build/Pegex-0.05-6nIPEK/blib/arch /var/spool/cpan/build/Pegex-0.05-6nIPEK/blib/lib /var/spool/cpan/build/Pegex-0.05-6nIPEK/blib/arch /var/spool/cpan/build/Pegex-0.05-6nIPEK/blib/lib /usr/local/lib/perl5/site_perl/5.13.3/i386-netbsd /usr/local/lib/perl5/site_perl/5.13.3 /usr/local/lib/perl5/5.13.3/i386-netbsd /usr/local/lib/perl5/5.13.3 /usr/local/lib/perl5/site_perl .) at /var/spool/cpan/build/TestML-0.08-4Pti4l/blib/lib/TestML/Runner.pm line 18, <DATA> line 1.
BEGIN failed--compilation aborted at /var/spool/cpan/build/TestML-0.08-4Pti4l/blib/lib/TestML/Runner.pm line 18, <DATA> line 1.
Compilation failed in require at /var/spool/cpan/build/TestML-0.08-4Pti4l/blib/lib/TestML/Runner/TAP.pm line 5, <DATA> line 1.
BEGIN failed--compilation aborted at /var/spool/cpan/build/TestML-0.08-4Pti4l/blib/lib/TestML/Runner/TAP.pm line 5, <DATA> line 1.
Compilation failed in require at (eval 1) line 1, <DATA> line 1.
END failed--call queue aborted, <DATA> line 1.
t/external.t ...............
Dubious, test returned 2 (wstat 512, 0x200)
No subtests run
Can't locate XXX.pm in @INC (@INC contains: /var/spool/cpan/build/TestML-0.08-4Pti4l/inc /var/spool/cpan/build/TestML-0.08-4Pti4l/blib/lib /var/spool/cpan/build/TestML-0.08-4Pti4l/blib/arch /var/spool/cpan/build/Pegex-0.05-6nIPEK/blib/arch /var/spool/cpan/build/Pegex-0.05-6nIPEK/blib/lib /var/spool/cpan/build/Pegex-0.05-6nIPEK/blib/arch /var/spool/cpan/build/Pegex-0.05-6nIPEK/blib/lib /usr/local/lib/perl5/site_perl/5.13.3/i386-netbsd /usr/local/lib/perl5/site_perl/5.13.3 /usr/local/lib/perl5/5.13.3/i386-netbsd /usr/local/lib/perl5/5.13.3 /usr/local/lib/perl5/site_perl .) at /var/spool/cpan/build/TestML-0.08-4Pti4l/blib/lib/TestML/Runner.pm line 18, <DATA> line 1.
BEGIN failed--compilation aborted at /var/spool/cpan/build/TestML-0.08-4Pti4l/blib/lib/TestML/Runner.pm line 18, <DATA> line 1.
Compilation failed in require at /var/spool/cpan/build/TestML-0.08-4Pti4l/blib/lib/TestML/Runner/TAP.pm line 5, <DATA> line 1.
BEGIN failed--compilation aborted at /var/spool/cpan/build/TestML-0.08-4Pti4l/blib/lib/TestML/Runner/TAP.pm line 5, <DATA> line 1.
Compilation failed in require at (eval 1) line 1, <DATA> line 1.
END failed--call queue aborted, <DATA> line 1.
t/inline-bridge.t ..........
Dubious, test returned 2 (wstat 512, 0x200)
No subtests run
Can't locate XXX.pm in @INC (@INC contains: /var/spool/cpan/build/TestML-0.08-4Pti4l/inc /var/spool/cpan/build/TestML-0.08-4Pti4l/blib/lib /var/spool/cpan/build/TestML-0.08-4Pti4l/blib/arch /var/spool/cpan/build/Pegex-0.05-6nIPEK/blib/arch /var/spool/cpan/build/Pegex-0.05-6nIPEK/blib/lib /var/spool/cpan/build/Pegex-0.05-6nIPEK/blib/arch /var/spool/cpan/build/Pegex-0.05-6nIPEK/blib/lib /usr/local/lib/perl5/site_perl/5.13.3/i386-netbsd /usr/local/lib/perl5/site_perl/5.13.3 /usr/local/lib/perl5/5.13.3/i386-netbsd /usr/local/lib/perl5/5.13.3 /usr/local/lib/perl5/site_perl .) at /var/spool/cpan/build/TestML-0.08-4Pti4l/blib/lib/TestML/Runner.pm line 18, <DATA> line 1.
BEGIN failed--compilation aborted at /var/spool/cpan/build/TestML-0.08-4Pti4l/blib/lib/TestML/Runner.pm line 18, <DATA> line 1.
Compilation failed in require at /var/spool/cpan/build/TestML-0.08-4Pti4l/blib/lib/TestML/Runner/TAP.pm line 5, <DATA> line 1.
BEGIN failed--compilation aborted at /var/spool/cpan/build/TestML-0.08-4Pti4l/blib/lib/TestML/Runner/TAP.pm line 5, <DATA> line 1.
Compilation failed in require at (eval 1) line 1, <DATA> line 1.
END failed--call queue aborted, <DATA> line 1.
t/inline.t .................
Dubious, test returned 2 (wstat 512, 0x200)
No subtests run
Can't locate XXX.pm in @INC (@INC contains: /var/spool/cpan/build/TestML-0.08-4Pti4l/inc /var/spool/cpan/build/TestML-0.08-4Pti4l/blib/lib /var/spool/cpan/build/TestML-0.08-4Pti4l/blib/arch /var/spool/cpan/build/Pegex-0.05-6nIPEK/blib/arch /var/spool/cpan/build/Pegex-0.05-6nIPEK/blib/lib /var/spool/cpan/build/Pegex-0.05-6nIPEK/blib/arch /var/spool/cpan/build/Pegex-0.05-6nIPEK/blib/lib /usr/local/lib/perl5/site_perl/5.13.3/i386-netbsd /usr/local/lib/perl5/site_perl/5.13.3 /usr/local/lib/perl5/5.13.3/i386-netbsd /usr/local/lib/perl5/5.13.3 /usr/local/lib/perl5/site_perl .) at /var/spool/cpan/build/TestML-0.08-4Pti4l/blib/lib/TestML/Runner.pm line 18, <DATA> line 1.
BEGIN failed--compilation aborted at /var/spool/cpan/build/TestML-0.08-4Pti4l/blib/lib/TestML/Runner.pm line 18, <DATA> line 1.
Compilation failed in require at /var/spool/cpan/build/TestML-0.08-4Pti4l/blib/lib/TestML/Runner/TAP.pm line 5, <DATA> line 1.
BEGIN failed--compilation aborted at /var/spool/cpan/build/TestML-0.08-4Pti4l/blib/lib/TestML/Runner/TAP.pm line 5, <DATA> line 1.
Compilation failed in require at t/markers.t line 1, <DATA> line 1.
BEGIN failed--compilation aborted at t/markers.t line 1, <DATA> line 1.
t/markers.t ................
Dubious, test returned 2 (wstat 512, 0x200)
No subtests run
Can't locate XXX.pm in @INC (@INC contains: /var/spool/cpan/build/TestML-0.08-4Pti4l/inc /var/spool/cpan/build/TestML-0.08-4Pti4l/blib/lib /var/spool/cpan/build/TestML-0.08-4Pti4l/blib/arch /var/spool/cpan/build/Pegex-0.05-6nIPEK/blib/arch /var/spool/cpan/build/Pegex-0.05-6nIPEK/blib/lib /var/spool/cpan/build/Pegex-0.05-6nIPEK/blib/arch /var/spool/cpan/build/Pegex-0.05-6nIPEK/blib/lib /usr/local/lib/perl5/site_perl/5.13.3/i386-netbsd /usr/local/lib/perl5/site_perl/5.13.3 /usr/local/lib/perl5/5.13.3/i386-netbsd /usr/local/lib/perl5/5.13.3 /usr/local/lib/perl5/site_perl .) at t/parse-testml-document.t line 22, <DATA> line 1.
BEGIN failed--compilation aborted at t/parse-testml-document.t line 22, <DATA> line 1.
# Looks like your test exited with 2 before it could output anything.
t/parse-testml-document.t ..
Dubious, test returned 2 (wstat 512, 0x200)
Failed 23/23 subtests
Can't locate XXX.pm in @INC (@INC contains: /var/spool/cpan/build/TestML-0.08-4Pti4l/inc /var/spool/cpan/build/TestML-0.08-4Pti4l/blib/lib /var/spool/cpan/build/TestML-0.08-4Pti4l/blib/arch /var/spool/cpan/build/Pegex-0.05-6nIPEK/blib/arch /var/spool/cpan/build/Pegex-0.05-6nIPEK/blib/lib /var/spool/cpan/build/Pegex-0.05-6nIPEK/blib/arch /var/spool/cpan/build/Pegex-0.05-6nIPEK/blib/lib /usr/local/lib/perl5/site_perl/5.13.3/i386-netbsd /usr/local/lib/perl5/site_perl/5.13.3 /usr/local/lib/perl5/5.13.3/i386-netbsd /usr/local/lib/perl5/5.13.3 /usr/local/lib/perl5/site_perl .) at /var/spool/cpan/build/TestML-0.08-4Pti4l/blib/lib/TestML/Runner.pm line 18, <DATA> line 1.
BEGIN failed--compilation aborted at /var/spool/cpan/build/TestML-0.08-4Pti4l/blib/lib/TestML/Runner.pm line 18, <DATA> line 1.
Compilation failed in require at /var/spool/cpan/build/TestML-0.08-4Pti4l/blib/lib/TestML/Runner/TAP.pm line 5, <DATA> line 1.
BEGIN failed--compilation aborted at /var/spool/cpan/build/TestML-0.08-4Pti4l/blib/lib/TestML/Runner/TAP.pm line 5, <DATA> line 1.
Compilation failed in require at (eval 1) line 1, <DATA> line 1.
END failed--call queue aborted, <DATA> line 1.
t/simple-use.t .............
Dubious, test returned 2 (wstat 512, 0x200)
No subtests run
Can't locate XXX.pm in @INC (@INC contains: /var/spool/cpan/build/TestML-0.08-4Pti4l/inc /var/spool/cpan/build/TestML-0.08-4Pti4l/blib/lib /var/spool/cpan/build/TestML-0.08-4Pti4l/blib/arch /var/spool/cpan/build/Pegex-0.05-6nIPEK/blib/arch /var/spool/cpan/build/Pegex-0.05-6nIPEK/blib/lib /var/spool/cpan/build/Pegex-0.05-6nIPEK/blib/arch /var/spool/cpan/build/Pegex-0.05-6nIPEK/blib/lib /usr/local/lib/perl5/site_perl/5.13.3/i386-netbsd /usr/local/lib/perl5/site_perl/5.13.3 /usr/local/lib/perl5/5.13.3/i386-netbsd /usr/local/lib/perl5/5.13.3 /usr/local/lib/perl5/site_perl .) at /var/spool/cpan/build/TestML-0.08-4Pti4l/blib/lib/TestML/Runner.pm line 18, <DATA> line 1.
BEGIN failed--compilation aborted at /var/spool/cpan/build/TestML-0.08-4Pti4l/blib/lib/TestML/Runner.pm line 18, <DATA> line 1.
Compilation failed in require at /var/spool/cpan/build/TestML-0.08-4Pti4l/blib/lib/TestML/Runner/TAP.pm line 5, <DATA> line 1.
BEGIN failed--compilation aborted at /var/spool/cpan/build/TestML-0.08-4Pti4l/blib/lib/TestML/Runner/TAP.pm line 5, <DATA> line 1.
Compilation failed in require at (eval 1) line 1, <DATA> line 1.
END failed--call queue aborted, <DATA> line 1.
t/standard.t ...............
Dubious, test returned 2 (wstat 512, 0x200)
No subtests run
Can't locate XXX.pm in @INC (@INC contains: /var/spool/cpan/build/TestML-0.08-4Pti4l/inc /var/spool/cpan/build/TestML-0.08-4Pti4l/blib/lib /var/spool/cpan/build/TestML-0.08-4Pti4l/blib/arch /var/spool/cpan/build/Pegex-0.05-6nIPEK/blib/arch /var/spool/cpan/build/Pegex-0.05-6nIPEK/blib/lib /var/spool/cpan/build/Pegex-0.05-6nIPEK/blib/arch /var/spool/cpan/build/Pegex-0.05-6nIPEK/blib/lib /usr/local/lib/perl5/site_perl/5.13.3/i386-netbsd /usr/local/lib/perl5/site_perl/5.13.3 /usr/local/lib/perl5/5.13.3/i386-netbsd /usr/local/lib/perl5/5.13.3 /usr/local/lib/perl5/site_perl .) at /var/spool/cpan/build/TestML-0.08-4Pti4l/blib/lib/TestML/Runner.pm line 18, <DATA> line 1.
BEGIN failed--compilation aborted at /var/spool/cpan/build/TestML-0.08-4Pti4l/blib/lib/TestML/Runner.pm line 18, <DATA> line 1.
Compilation failed in require at /var/spool/cpan/build/TestML-0.08-4Pti4l/blib/lib/TestML/Runner/TAP.pm line 5, <DATA> line 1.
BEGIN failed--compilation aborted at /var/spool/cpan/build/TestML-0.08-4Pti4l/blib/lib/TestML/Runner/TAP.pm line 5, <DATA> line 1.
Compilation failed in require at (eval 1) line 1, <DATA> line 1.
END failed--call queue aborted, <DATA> line 1.
t/strings.t ................
Dubious, test returned 2 (wstat 512, 0x200)
No subtests run
Can't locate XXX.pm in @INC (@INC contains: /var/spool/cpan/build/TestML-0.08-4Pti4l/inc /var/spool/cpan/build/TestML-0.08-4Pti4l/blib/lib /var/spool/cpan/build/TestML-0.08-4Pti4l/blib/arch /var/spool/cpan/build/Pegex-0.05-6nIPEK/blib/arch /var/spool/cpan/build/Pegex-0.05-6nIPEK/blib/lib /var/spool/cpan/build/Pegex-0.05-6nIPEK/blib/arch /var/spool/cpan/build/Pegex-0.05-6nIPEK/blib/lib /usr/local/lib/perl5/site_perl/5.13.3/i386-netbsd /usr/local/lib/perl5/site_perl/5.13.3 /usr/local/lib/perl5/5.13.3/i386-netbsd /usr/local/lib/perl5/5.13.3 /usr/local/lib/perl5/site_perl .) at /var/spool/cpan/build/TestML-0.08-4Pti4l/blib/lib/TestML/Runner.pm line 18, <DATA> line 1.
BEGIN failed--compilation aborted at /var/spool/cpan/build/TestML-0.08-4Pti4l/blib/lib/TestML/Runner.pm line 18, <DATA> line 1.
Compilation failed in require at /var/spool/cpan/build/TestML-0.08-4Pti4l/blib/lib/TestML/Runner/TAP.pm line 5, <DATA> line 1.
BEGIN failed--compilation aborted at /var/spool/cpan/build/TestML-0.08-4Pti4l/blib/lib/TestML/Runner/TAP.pm line 5, <DATA> line 1.
Compilation failed in require at (eval 1) line 1, <DATA> line 1.
END failed--call queue aborted, <DATA> line 1.
t/truth.t ..................
Dubious, test returned 2 (wstat 512, 0x200)
No subtests run
Can't locate XXX.pm in @INC (@INC contains: /var/spool/cpan/build/TestML-0.08-4Pti4l/inc /var/spool/cpan/build/TestML-0.08-4Pti4l/blib/lib /var/spool/cpan/build/TestML-0.08-4Pti4l/blib/arch /var/spool/cpan/build/Pegex-0.05-6nIPEK/blib/arch /var/spool/cpan/build/Pegex-0.05-6nIPEK/blib/lib /var/spool/cpan/build/Pegex-0.05-6nIPEK/blib/arch /var/spool/cpan/build/Pegex-0.05-6nIPEK/blib/lib /usr/local/lib/perl5/site_perl/5.13.3/i386-netbsd /usr/local/lib/perl5/site_perl/5.13.3 /usr/local/lib/perl5/5.13.3/i386-netbsd /usr/local/lib/perl5/5.13.3 /usr/local/lib/perl5/site_perl .) at /var/spool/cpan/build/TestML-0.08-4Pti4l/blib/lib/TestML/Runner.pm line 18, <DATA> line 1.
BEGIN failed--compilation aborted at /var/spool/cpan/build/TestML-0.08-4Pti4l/blib/lib/TestML/Runner.pm line 18, <DATA> line 1.
Compilation failed in require at /var/spool/cpan/build/TestML-0.08-4Pti4l/blib/lib/TestML/Runner/TAP.pm line 5, <DATA> line 1.
BEGIN failed--compilation aborted at /var/spool/cpan/build/TestML-0.08-4Pti4l/blib/lib/TestML/Runner/TAP.pm line 5, <DATA> line 1.
Compilation failed in require at (eval 1) line 1, <DATA> line 1.
END failed--call queue aborted, <DATA> line 1.
t/yaml-tests.t .............
Dubious, test returned 2 (wstat 512, 0x200)
No subtests run
Test Summary Report
-------------------
t/arguments.t (Wstat: 512 Tests: 0 Failed: 0)
Non-zero exit status: 2
Parse errors: No plan found in TAP output
t/assertions.t (Wstat: 512 Tests: 0 Failed: 0)
Non-zero exit status: 2
Parse errors: No plan found in TAP output
t/basic.t (Wstat: 512 Tests: 0 Failed: 0)
Non-zero exit status: 2
Parse errors: No plan found in TAP output
t/dataless.t (Wstat: 512 Tests: 0 Failed: 0)
Non-zero exit status: 2
Parse errors: No plan found in TAP output
t/exceptions.t (Wstat: 512 Tests: 0 Failed: 0)
Non-zero exit status: 2
Parse errors: No plan found in TAP output
t/external.t (Wstat: 512 Tests: 0 Failed: 0)
Non-zero exit status: 2
Parse errors: No plan found in TAP output
t/inline-bridge.t (Wstat: 512 Tests: 0 Failed: 0)
Non-zero exit status: 2
Parse errors: No plan found in TAP output
t/inline.t (Wstat: 512 Tests: 0 Failed: 0)
Non-zero exit status: 2
Parse errors: No plan found in TAP output
t/markers.t (Wstat: 512 Tests: 0 Failed: 0)
Non-zero exit status: 2
Parse errors: No plan found in TAP output
t/parse-testml-document.t (Wstat: 512 Tests: 0 Failed: 0)
Non-zero exit status: 2
Parse errors: Bad plan. You planned 23 tests but ran 0.
t/simple-use.t (Wstat: 512 Tests: 0 Failed: 0)
Non-zero exit status: 2
Parse errors: No plan found in TAP output
t/standard.t (Wstat: 512 Tests: 0 Failed: 0)
Non-zero exit status: 2
Parse errors: No plan found in TAP output
t/strings.t (Wstat: 512 Tests: 0 Failed: 0)
Non-zero exit status: 2
Parse errors: No plan found in TAP output
t/truth.t (Wstat: 512 Tests: 0 Failed: 0)
Non-zero exit status: 2
Parse errors: No plan found in TAP output
t/yaml-tests.t (Wstat: 512 Tests: 0 Failed: 0)
Non-zero exit status: 2
Parse errors: No plan found in TAP output
Files=15, Tests=0, 1 wallclock secs ( 0.04 usr 0.18 sys + 0.18 cusr 1.08 csys = 1.48 CPU)
Result: FAIL
Failed 15/15 test programs. 0/0 subtests failed.
*** Error code 2
Stop.
make: stopped in /var/spool/cpan/build/TestML-0.08-4Pti4l
------------------------------
PREREQUISITES
------------------------------
Prerequisite modules loaded:
requires:
Module Need Have
------------------- ---- ------
ExtUtils::MakeMaker 6.42 6.5601
Pegex 0 0.05
configure_requires:
Module Need Have
------------------- ---- ------
ExtUtils::MakeMaker 6.42 6.5601
------------------------------
ENVIRONMENT AND OTHER CONTEXT
------------------------------
Environment variables:
AUTOMATED_TESTING = 1
PATH = /usr/bin:/bin:/usr/pkg/bin:/usr/local/bin:/usr/gnu/bin:/home/cpansmoke/bin
PERL5LIB = /var/spool/cpan/build/Pegex-0.05-6nIPEK/blib/arch:/var/spool/cpan/build/Pegex-0.05-6nIPEK/blib/lib
PERL5OPT =
PERL5_CPANPLUS_IS_RUNNING = 20246
PERL5_CPAN_IS_RUNNING = 20246
PERL5_CPAN_IS_RUNNING_IN_RECURSION = 722,20246
PERL_CR_SMOKER_CURRENT = TestML-0.08
PERL_EXTUTILS_AUTOINSTALL = --defaultdeps
PERL_MM_USE_DEFAULT = 1
SHELL = /bin/bash
TERM = screen
Perl special variables (and OS-specific diagnostics, for MSWin32):
$^X = /usr/bin/perl
$UID/$EUID = 519 / 519
$GID = 519 519
$EGID = 519 519
Perl module toolchain versions installed:
Module Have
------------------- -------
CPAN 1.94_57
Cwd 3.31
ExtUtils::CBuilder 0.2703
ExtUtils::Command 1.16
ExtUtils::Install 1.55
ExtUtils::MakeMaker 6.5601
ExtUtils::Manifest 1.58
ExtUtils::ParseXS 2.2206
File::Spec 3.31
Module::Build 0.3607
Module::Signature n/a
Test::Harness 3.22
Test::More 0.96
YAML 0.71
YAML::Syck n/a
version 0.82
--
Summary of my perl5 (revision 5 version 13 subversion 3) configuration:
Platform:
osname=netbsd, osvers=5.0.2, archname=i386-netbsd
uname='netbsd dhcp-207.acw.pimpworks.org 5.0.2 netbsd 5.0.2 (generic) #0: sat feb 6 17:53:27 utc 2010 builds@b7.netbsd.org:homebuildsabnetbsd-5-0-2-releasei386201002061851z-objhomebuildsabnetbsd-5-0-2-releasesrcsysarchi386compilegeneric i386 '
config_args='-d -Dusedevel'
hint=recommended, useposix=true, d_sigaction=define
useithreads=undef, usemultiplicity=undef
useperlio=define, d_sfio=undef, uselargefiles=define, usesocks=undef
use64bitint=undef, use64bitall=undef, uselongdouble=undef
usemymalloc=y, bincompat5005=undef
Compiler:
cc='cc', ccflags ='-fno-strict-aliasing -pipe -fstack-protector -I/usr/pkg/include -I/usr/local/include',
optimize='-O',
cppflags='-fno-strict-aliasing -pipe -fstack-protector -I/usr/pkg/include -I/usr/local/include'
ccversion='', gccversion='4.1.3 20080704 prerelease (NetBSD nb2 20081120)', gccosandvers=''
intsize=4, longsize=4, ptrsize=4, doublesize=8, byteorder=1234
d_longlong=define, longlongsize=8, d_longdbl=define, longdblsize=12
ivtype='long', ivsize=4, nvtype='double', nvsize=8, Off_t='off_t', lseeksize=8
alignbytes=4, prototype=define
Linker and Libraries:
ld='cc', ldflags =' -Wl,-rpath,/usr/pkg/lib -Wl,-rpath,/usr/local/lib -fstack-protector -L/usr/pkg/lib -L/usr/local/lib'
libpth=/usr/pkg/lib /usr/local/lib /lib /usr/lib
libs=-lgdbm -lm -lcrypt -lutil -lc -lposix
perllibs=-lm -lcrypt -lutil -lc -lposix
libc=/lib/libc.so, so=so, useshrplib=false, libperl=libperl.a
gnulibc_version=''
Dynamic Linking:
dlsrc=dl_dlopen.xs, dlext=so, d_dlsymun=undef, ccdlflags='-Wl,-E '
cccdlflags='-DPIC -fPIC ', lddlflags='--whole-archive -shared -L/usr/pkg/lib -L/usr/local/lib -fstack-protector'
Characteristics of this binary (from libperl):
Compile-time options: MYMALLOC PERL_DONT_CREATE_GVSV PERL_MALLOC_WRAP
PERL_USE_DEVEL USE_LARGE_FILES USE_PERLIO
USE_PERL_ATOF
Built under netbsd
Compiled at Jul 31 2010 16:56:49
%ENV:
PERL5LIB="/var/spool/cpan/build/Pegex-0.05-6nIPEK/blib/arch:/var/spool/cpan/build/Pegex-0.05-6nIPEK/blib/lib"
PERL5OPT=""
PERL5_CPANPLUS_IS_RUNNING="20246"
PERL5_CPAN_IS_RUNNING="20246"
PERL5_CPAN_IS_RUNNING_IN_RECURSION="722,20246"
PERL_CR_SMOKER_CURRENT="TestML-0.08"
PERL_EXTUTILS_AUTOINSTALL="--defaultdeps"
PERL_MM_USE_DEFAULT="1"
@INC:
/var/spool/cpan/build/Pegex-0.05-6nIPEK/blib/arch
/var/spool/cpan/build/Pegex-0.05-6nIPEK/blib/lib
/usr/local/lib/perl5/site_perl/5.13.3/i386-netbsd
/usr/local/lib/perl5/site_perl/5.13.3
/usr/local/lib/perl5/5.13.3/i386-netbsd
/usr/local/lib/perl5/5.13.3
/usr/local/lib/perl5/site_perl
.