Back
From: metabase:user:320bfe00-2aae-11df-837a-5e0a49663a4f
Subject: FAIL PerlIO-via-Skip-0.06 v5.24.1 GNU/Linux
Date: 2017-03-25T21:19:52Z
This distribution has been tested as part of the CPAN Testers
project, supporting the Perl programming language. See
http://wiki.cpantesters.org/ for more information or email
questions to cpan-testers-discuss@perl.org
--
Dear Ioannis Tambouras,
This is a computer-generated report for PerlIO-via-Skip-0.06
on perl 5.24.1, created by CPAN-Reporter-1.2018.
Thank you for uploading your work to CPAN. However, there was a problem
testing your distribution.
If you think this report is invalid, please consult the CPAN Testers Wiki
for suggestions on how to avoid getting FAIL reports for missing library
or binary dependencies, unsupported operating systems, and so on:
http://wiki.cpantesters.org/wiki/CPANAuthorNotes
Sections of this report:
* Tester comments
* Program output
* Prerequisites
* Environment and other context
------------------------------
TESTER COMMENTS
------------------------------
Additional comments from tester:
this report is from an automated smoke testing program
and was not reviewed by a human for accuracy
------------------------------
PROGRAM OUTPUT
------------------------------
Output from './Build test':
"my" variable $obj masks earlier declaration in same scope at /tmp/loop_over_bdir-1244-EhKpvS/PerlIO-via-Skip-0.06-0/blib/lib/PerlIO/via/Skip.pm line 90.
"state" variable @_ masks earlier declaration in same scope at /tmp/loop_over_bdir-1244-EhKpvS/PerlIO-via-Skip-0.06-0/blib/lib/PerlIO/via/Skip.pm line 90.
# Failed test 'use PerlIO::via::Skip;'
# at t/00_load.t line 2.
# Tried to use 'PerlIO::via::Skip'.
# Error: syntax error at /tmp/loop_over_bdir-1244-EhKpvS/PerlIO-via-Skip-0.06-0/blib/lib/PerlIO/via/Skip.pm line 66, near "scalar (?"
# Global symbol "$obj" requires explicit package name (did you forget to declare "my $obj"?) at /tmp/loop_over_bdir-1244-EhKpvS/PerlIO-via-Skip-0.06-0/blib/lib/PerlIO/via/Skip.pm line 73.
# syntax error at /tmp/loop_over_bdir-1244-EhKpvS/PerlIO-via-Skip-0.06-0/blib/lib/PerlIO/via/Skip.pm line 75, near "}"
# Can't use global @_ in "my" at /tmp/loop_over_bdir-1244-EhKpvS/PerlIO-via-Skip-0.06-0/blib/lib/PerlIO/via/Skip.pm line 80, near "= @_ "
# Global symbol "$obj" requires explicit package name (did you forget to declare "my $obj"?) at /tmp/loop_over_bdir-1244-EhKpvS/PerlIO-via-Skip-0.06-0/blib/lib/PerlIO/via/Skip.pm line 81.
# syntax error at /tmp/loop_over_bdir-1244-EhKpvS/PerlIO-via-Skip-0.06-0/blib/lib/PerlIO/via/Skip.pm line 86, near "}"
# Can't use global @_ in "my" at /tmp/loop_over_bdir-1244-EhKpvS/PerlIO-via-Skip-0.06-0/blib/lib/PerlIO/via/Skip.pm line 90, near "= @_ "
# Global symbol "$buf" requires explicit package name (did you forget to declare "my $buf"?) at /tmp/loop_over_bdir-1244-EhKpvS/PerlIO-via-Skip-0.06-0/blib/lib/PerlIO/via/Skip.pm line 91.
# syntax error at /tmp/loop_over_bdir-1244-EhKpvS/PerlIO-via-Skip-0.06-0/blib/lib/PerlIO/via/Skip.pm line 96, near "= ?"
# syntax error at /tmp/loop_over_bdir-1244-EhKpvS/PerlIO-via-Skip-0.06-0/blib/lib/PerlIO/via/Skip.pm line 103, near "}"
# /tmp/loop_over_bdir-1244-EhKpvS/PerlIO-via-Skip-0.06-0/blib/lib/PerlIO/via/Skip.pm has too many errors.
# Compilation failed in require at t/00_load.t line 2.
# BEGIN failed--compilation aborted at t/00_load.t line 2.
# Looks like you failed 1 test of 1.
t/00_load.t ............
Dubious, test returned 1 (wstat 256, 0x100)
Failed 1/1 subtests
t/01b_pod.t ............ ok
"my" variable $obj masks earlier declaration in same scope at /tmp/loop_over_bdir-1244-EhKpvS/PerlIO-via-Skip-0.06-0/blib/lib/PerlIO/via/Skip.pm line 90.
"state" variable @_ masks earlier declaration in same scope at /tmp/loop_over_bdir-1244-EhKpvS/PerlIO-via-Skip-0.06-0/blib/lib/PerlIO/via/Skip.pm line 90.
# Failed test 'Pod coverage on PerlIO::via::Skip'
# at t/01c_coverage.t line 15.
# PerlIO::via::Skip: requiring 'PerlIO::via::Skip' failed
# Looks like you failed 1 test of 1.
t/01c_coverage.t .......
Dubious, test returned 1 (wstat 256, 0x100)
Failed 1/1 subtests
Can't use global $_ in "my" at t/01s_spelling.t line 6, near "my $_ "
BEGIN not safe after errors--compilation aborted at t/01s_spelling.t line 10.
t/01s_spelling.t .......
Dubious, test returned 255 (wstat 65280, 0xff00)
No subtests run
t/02_hasversion.t ...... ok
# Failed test '../PerlIO-via-Skip-0.06-0.yml contains valid YAML'
# at t/03_meta.t line 9.
# Failed test '../PerlIO-via-Skip-0.06-0.yml meets the designated specification'
# at t/03_meta.t line 9.
# ERR: CPAN::Meta::YAML does not support a feature in line '!!perl/hash:CPAN::Distribution' at /home/sand/src/perl/repoperls/installed-perls/host/k93msid/v5.24.1/5ea4/lib/site_perl/5.24.1/Parse/CPAN/Meta.pm line 153.
# at /home/sand/src/perl/repoperls/installed-perls/host/k93msid/v5.24.1/5ea4/lib/site_perl/5.24.1/Test/CPAN/Meta.pm line 128.
# Looks like you failed 2 tests of 2.
t/03_meta.t ............
Dubious, test returned 2 (wstat 512, 0x200)
Failed 2/2 subtests
t/05_minimumversion.t .. ok
t/07_strict.t .......... ok
"my" variable $obj masks earlier declaration in same scope at /tmp/loop_over_bdir-1244-EhKpvS/PerlIO-via-Skip-0.06-0/blib/lib/PerlIO/via/Skip.pm line 90.
"state" variable @_ masks earlier declaration in same scope at /tmp/loop_over_bdir-1244-EhKpvS/PerlIO-via-Skip-0.06-0/blib/lib/PerlIO/via/Skip.pm line 90.
syntax error at /tmp/loop_over_bdir-1244-EhKpvS/PerlIO-via-Skip-0.06-0/blib/lib/PerlIO/via/Skip.pm line 66, near "scalar (?"
Global symbol "$obj" requires explicit package name (did you forget to declare "my $obj"?) at /tmp/loop_over_bdir-1244-EhKpvS/PerlIO-via-Skip-0.06-0/blib/lib/PerlIO/via/Skip.pm line 73.
syntax error at /tmp/loop_over_bdir-1244-EhKpvS/PerlIO-via-Skip-0.06-0/blib/lib/PerlIO/via/Skip.pm line 75, near "}"
Can't use global @_ in "my" at /tmp/loop_over_bdir-1244-EhKpvS/PerlIO-via-Skip-0.06-0/blib/lib/PerlIO/via/Skip.pm line 80, near "= @_ "
Global symbol "$obj" requires explicit package name (did you forget to declare "my $obj"?) at /tmp/loop_over_bdir-1244-EhKpvS/PerlIO-via-Skip-0.06-0/blib/lib/PerlIO/via/Skip.pm line 81.
syntax error at /tmp/loop_over_bdir-1244-EhKpvS/PerlIO-via-Skip-0.06-0/blib/lib/PerlIO/via/Skip.pm line 86, near "}"
Can't use global @_ in "my" at /tmp/loop_over_bdir-1244-EhKpvS/PerlIO-via-Skip-0.06-0/blib/lib/PerlIO/via/Skip.pm line 90, near "= @_ "
Global symbol "$buf" requires explicit package name (did you forget to declare "my $buf"?) at /tmp/loop_over_bdir-1244-EhKpvS/PerlIO-via-Skip-0.06-0/blib/lib/PerlIO/via/Skip.pm line 91.
syntax error at /tmp/loop_over_bdir-1244-EhKpvS/PerlIO-via-Skip-0.06-0/blib/lib/PerlIO/via/Skip.pm line 96, near "= ?"
syntax error at /tmp/loop_over_bdir-1244-EhKpvS/PerlIO-via-Skip-0.06-0/blib/lib/PerlIO/via/Skip.pm line 103, near "}"
/tmp/loop_over_bdir-1244-EhKpvS/PerlIO-via-Skip-0.06-0/blib/lib/PerlIO/via/Skip.pm has too many errors.
Compilation failed in require at t/binmode.t line 2.
BEGIN failed--compilation aborted at t/binmode.t line 2.
t/binmode.t ............ skipped: (no reason given)
"my" variable $obj masks earlier declaration in same scope at /tmp/loop_over_bdir-1244-EhKpvS/PerlIO-via-Skip-0.06-0/blib/lib/PerlIO/via/Skip.pm line 90.
"state" variable @_ masks earlier declaration in same scope at /tmp/loop_over_bdir-1244-EhKpvS/PerlIO-via-Skip-0.06-0/blib/lib/PerlIO/via/Skip.pm line 90.
syntax error at /tmp/loop_over_bdir-1244-EhKpvS/PerlIO-via-Skip-0.06-0/blib/lib/PerlIO/via/Skip.pm line 66, near "scalar (?"
Global symbol "$obj" requires explicit package name (did you forget to declare "my $obj"?) at /tmp/loop_over_bdir-1244-EhKpvS/PerlIO-via-Skip-0.06-0/blib/lib/PerlIO/via/Skip.pm line 73.
syntax error at /tmp/loop_over_bdir-1244-EhKpvS/PerlIO-via-Skip-0.06-0/blib/lib/PerlIO/via/Skip.pm line 75, near "}"
Can't use global @_ in "my" at /tmp/loop_over_bdir-1244-EhKpvS/PerlIO-via-Skip-0.06-0/blib/lib/PerlIO/via/Skip.pm line 80, near "= @_ "
Global symbol "$obj" requires explicit package name (did you forget to declare "my $obj"?) at /tmp/loop_over_bdir-1244-EhKpvS/PerlIO-via-Skip-0.06-0/blib/lib/PerlIO/via/Skip.pm line 81.
syntax error at /tmp/loop_over_bdir-1244-EhKpvS/PerlIO-via-Skip-0.06-0/blib/lib/PerlIO/via/Skip.pm line 86, near "}"
Can't use global @_ in "my" at /tmp/loop_over_bdir-1244-EhKpvS/PerlIO-via-Skip-0.06-0/blib/lib/PerlIO/via/Skip.pm line 90, near "= @_ "
Global symbol "$buf" requires explicit package name (did you forget to declare "my $buf"?) at /tmp/loop_over_bdir-1244-EhKpvS/PerlIO-via-Skip-0.06-0/blib/lib/PerlIO/via/Skip.pm line 91.
syntax error at /tmp/loop_over_bdir-1244-EhKpvS/PerlIO-via-Skip-0.06-0/blib/lib/PerlIO/via/Skip.pm line 96, near "= ?"
syntax error at /tmp/loop_over_bdir-1244-EhKpvS/PerlIO-via-Skip-0.06-0/blib/lib/PerlIO/via/Skip.pm line 103, near "}"
/tmp/loop_over_bdir-1244-EhKpvS/PerlIO-via-Skip-0.06-0/blib/lib/PerlIO/via/Skip.pm has too many errors.
Compilation failed in require at t/config.t line 2.
BEGIN failed--compilation aborted at t/config.t line 2.
t/config.t ............. skipped: (no reason given)
"my" variable $obj masks earlier declaration in same scope at /tmp/loop_over_bdir-1244-EhKpvS/PerlIO-via-Skip-0.06-0/blib/lib/PerlIO/via/Skip.pm line 90.
"state" variable @_ masks earlier declaration in same scope at /tmp/loop_over_bdir-1244-EhKpvS/PerlIO-via-Skip-0.06-0/blib/lib/PerlIO/via/Skip.pm line 90.
syntax error at /tmp/loop_over_bdir-1244-EhKpvS/PerlIO-via-Skip-0.06-0/blib/lib/PerlIO/via/Skip.pm line 66, near "scalar (?"
Global symbol "$obj" requires explicit package name (did you forget to declare "my $obj"?) at /tmp/loop_over_bdir-1244-EhKpvS/PerlIO-via-Skip-0.06-0/blib/lib/PerlIO/via/Skip.pm line 73.
syntax error at /tmp/loop_over_bdir-1244-EhKpvS/PerlIO-via-Skip-0.06-0/blib/lib/PerlIO/via/Skip.pm line 75, near "}"
Can't use global @_ in "my" at /tmp/loop_over_bdir-1244-EhKpvS/PerlIO-via-Skip-0.06-0/blib/lib/PerlIO/via/Skip.pm line 80, near "= @_ "
Global symbol "$obj" requires explicit package name (did you forget to declare "my $obj"?) at /tmp/loop_over_bdir-1244-EhKpvS/PerlIO-via-Skip-0.06-0/blib/lib/PerlIO/via/Skip.pm line 81.
syntax error at /tmp/loop_over_bdir-1244-EhKpvS/PerlIO-via-Skip-0.06-0/blib/lib/PerlIO/via/Skip.pm line 86, near "}"
Can't use global @_ in "my" at /tmp/loop_over_bdir-1244-EhKpvS/PerlIO-via-Skip-0.06-0/blib/lib/PerlIO/via/Skip.pm line 90, near "= @_ "
Global symbol "$buf" requires explicit package name (did you forget to declare "my $buf"?) at /tmp/loop_over_bdir-1244-EhKpvS/PerlIO-via-Skip-0.06-0/blib/lib/PerlIO/via/Skip.pm line 91.
syntax error at /tmp/loop_over_bdir-1244-EhKpvS/PerlIO-via-Skip-0.06-0/blib/lib/PerlIO/via/Skip.pm line 96, near "= ?"
syntax error at /tmp/loop_over_bdir-1244-EhKpvS/PerlIO-via-Skip-0.06-0/blib/lib/PerlIO/via/Skip.pm line 103, near "}"
/tmp/loop_over_bdir-1244-EhKpvS/PerlIO-via-Skip-0.06-0/blib/lib/PerlIO/via/Skip.pm has too many errors.
Compilation failed in require at t/dot.t line 2.
BEGIN failed--compilation aborted at t/dot.t line 2.
t/dot.t ................ skipped: (no reason given)
"my" variable $obj masks earlier declaration in same scope at /tmp/loop_over_bdir-1244-EhKpvS/PerlIO-via-Skip-0.06-0/blib/lib/PerlIO/via/Skip.pm line 90.
"state" variable @_ masks earlier declaration in same scope at /tmp/loop_over_bdir-1244-EhKpvS/PerlIO-via-Skip-0.06-0/blib/lib/PerlIO/via/Skip.pm line 90.
# Failed test 'use PerlIO::via::Skip;'
# at t/main.t line 2.
# Tried to use 'PerlIO::via::Skip'.
# Error: syntax error at /tmp/loop_over_bdir-1244-EhKpvS/PerlIO-via-Skip-0.06-0/blib/lib/PerlIO/via/Skip.pm line 66, near "scalar (?"
# Global symbol "$obj" requires explicit package name (did you forget to declare "my $obj"?) at /tmp/loop_over_bdir-1244-EhKpvS/PerlIO-via-Skip-0.06-0/blib/lib/PerlIO/via/Skip.pm line 73.
# syntax error at /tmp/loop_over_bdir-1244-EhKpvS/PerlIO-via-Skip-0.06-0/blib/lib/PerlIO/via/Skip.pm line 75, near "}"
# Can't use global @_ in "my" at /tmp/loop_over_bdir-1244-EhKpvS/PerlIO-via-Skip-0.06-0/blib/lib/PerlIO/via/Skip.pm line 80, near "= @_ "
# Global symbol "$obj" requires explicit package name (did you forget to declare "my $obj"?) at /tmp/loop_over_bdir-1244-EhKpvS/PerlIO-via-Skip-0.06-0/blib/lib/PerlIO/via/Skip.pm line 81.
# syntax error at /tmp/loop_over_bdir-1244-EhKpvS/PerlIO-via-Skip-0.06-0/blib/lib/PerlIO/via/Skip.pm line 86, near "}"
# Can't use global @_ in "my" at /tmp/loop_over_bdir-1244-EhKpvS/PerlIO-via-Skip-0.06-0/blib/lib/PerlIO/via/Skip.pm line 90, near "= @_ "
# Global symbol "$buf" requires explicit package name (did you forget to declare "my $buf"?) at /tmp/loop_over_bdir-1244-EhKpvS/PerlIO-via-Skip-0.06-0/blib/lib/PerlIO/via/Skip.pm line 91.
# syntax error at /tmp/loop_over_bdir-1244-EhKpvS/PerlIO-via-Skip-0.06-0/blib/lib/PerlIO/via/Skip.pm line 96, near "= ?"
# syntax error at /tmp/loop_over_bdir-1244-EhKpvS/PerlIO-via-Skip-0.06-0/blib/lib/PerlIO/via/Skip.pm line 103, near "}"
# /tmp/loop_over_bdir-1244-EhKpvS/PerlIO-via-Skip-0.06-0/blib/lib/PerlIO/via/Skip.pm has too many errors.
# Compilation failed in require at t/main.t line 2.
# BEGIN failed--compilation aborted at t/main.t line 2.
# Looks like you failed 1 test of 1.
t/main.t ...............
Dubious, test returned 1 (wstat 256, 0x100)
Failed 1/1 subtests
"my" variable $obj masks earlier declaration in same scope at /tmp/loop_over_bdir-1244-EhKpvS/PerlIO-via-Skip-0.06-0/blib/lib/PerlIO/via/Skip.pm line 90.
"state" variable @_ masks earlier declaration in same scope at /tmp/loop_over_bdir-1244-EhKpvS/PerlIO-via-Skip-0.06-0/blib/lib/PerlIO/via/Skip.pm line 90.
syntax error at /tmp/loop_over_bdir-1244-EhKpvS/PerlIO-via-Skip-0.06-0/blib/lib/PerlIO/via/Skip.pm line 66, near "scalar (?"
Global symbol "$obj" requires explicit package name (did you forget to declare "my $obj"?) at /tmp/loop_over_bdir-1244-EhKpvS/PerlIO-via-Skip-0.06-0/blib/lib/PerlIO/via/Skip.pm line 73.
syntax error at /tmp/loop_over_bdir-1244-EhKpvS/PerlIO-via-Skip-0.06-0/blib/lib/PerlIO/via/Skip.pm line 75, near "}"
Can't use global @_ in "my" at /tmp/loop_over_bdir-1244-EhKpvS/PerlIO-via-Skip-0.06-0/blib/lib/PerlIO/via/Skip.pm line 80, near "= @_ "
Global symbol "$obj" requires explicit package name (did you forget to declare "my $obj"?) at /tmp/loop_over_bdir-1244-EhKpvS/PerlIO-via-Skip-0.06-0/blib/lib/PerlIO/via/Skip.pm line 81.
syntax error at /tmp/loop_over_bdir-1244-EhKpvS/PerlIO-via-Skip-0.06-0/blib/lib/PerlIO/via/Skip.pm line 86, near "}"
Can't use global @_ in "my" at /tmp/loop_over_bdir-1244-EhKpvS/PerlIO-via-Skip-0.06-0/blib/lib/PerlIO/via/Skip.pm line 90, near "= @_ "
Global symbol "$buf" requires explicit package name (did you forget to declare "my $buf"?) at /tmp/loop_over_bdir-1244-EhKpvS/PerlIO-via-Skip-0.06-0/blib/lib/PerlIO/via/Skip.pm line 91.
syntax error at /tmp/loop_over_bdir-1244-EhKpvS/PerlIO-via-Skip-0.06-0/blib/lib/PerlIO/via/Skip.pm line 96, near "= ?"
syntax error at /tmp/loop_over_bdir-1244-EhKpvS/PerlIO-via-Skip-0.06-0/blib/lib/PerlIO/via/Skip.pm line 103, near "}"
/tmp/loop_over_bdir-1244-EhKpvS/PerlIO-via-Skip-0.06-0/blib/lib/PerlIO/via/Skip.pm has too many errors.
Compilation failed in require at t/mode.t line 3.
BEGIN failed--compilation aborted at t/mode.t line 3.
t/mode.t ............... skipped: (no reason given)
"my" variable $obj masks earlier declaration in same scope at /tmp/loop_over_bdir-1244-EhKpvS/PerlIO-via-Skip-0.06-0/blib/lib/PerlIO/via/Skip.pm line 90.
"state" variable @_ masks earlier declaration in same scope at /tmp/loop_over_bdir-1244-EhKpvS/PerlIO-via-Skip-0.06-0/blib/lib/PerlIO/via/Skip.pm line 90.
syntax error at /tmp/loop_over_bdir-1244-EhKpvS/PerlIO-via-Skip-0.06-0/blib/lib/PerlIO/via/Skip.pm line 66, near "scalar (?"
Global symbol "$obj" requires explicit package name (did you forget to declare "my $obj"?) at /tmp/loop_over_bdir-1244-EhKpvS/PerlIO-via-Skip-0.06-0/blib/lib/PerlIO/via/Skip.pm line 73.
syntax error at /tmp/loop_over_bdir-1244-EhKpvS/PerlIO-via-Skip-0.06-0/blib/lib/PerlIO/via/Skip.pm line 75, near "}"
Can't use global @_ in "my" at /tmp/loop_over_bdir-1244-EhKpvS/PerlIO-via-Skip-0.06-0/blib/lib/PerlIO/via/Skip.pm line 80, near "= @_ "
Global symbol "$obj" requires explicit package name (did you forget to declare "my $obj"?) at /tmp/loop_over_bdir-1244-EhKpvS/PerlIO-via-Skip-0.06-0/blib/lib/PerlIO/via/Skip.pm line 81.
syntax error at /tmp/loop_over_bdir-1244-EhKpvS/PerlIO-via-Skip-0.06-0/blib/lib/PerlIO/via/Skip.pm line 86, near "}"
Can't use global @_ in "my" at /tmp/loop_over_bdir-1244-EhKpvS/PerlIO-via-Skip-0.06-0/blib/lib/PerlIO/via/Skip.pm line 90, near "= @_ "
Global symbol "$buf" requires explicit package name (did you forget to declare "my $buf"?) at /tmp/loop_over_bdir-1244-EhKpvS/PerlIO-via-Skip-0.06-0/blib/lib/PerlIO/via/Skip.pm line 91.
syntax error at /tmp/loop_over_bdir-1244-EhKpvS/PerlIO-via-Skip-0.06-0/blib/lib/PerlIO/via/Skip.pm line 96, near "= ?"
syntax error at /tmp/loop_over_bdir-1244-EhKpvS/PerlIO-via-Skip-0.06-0/blib/lib/PerlIO/via/Skip.pm line 103, near "}"
/tmp/loop_over_bdir-1244-EhKpvS/PerlIO-via-Skip-0.06-0/blib/lib/PerlIO/via/Skip.pm has too many errors.
Compilation failed in require at t/r01_general.t line 2.
BEGIN failed--compilation aborted at t/r01_general.t line 2.
t/r01_general.t ........ skipped: (no reason given)
"my" variable $obj masks earlier declaration in same scope at /tmp/loop_over_bdir-1244-EhKpvS/PerlIO-via-Skip-0.06-0/blib/lib/PerlIO/via/Skip.pm line 90.
"state" variable @_ masks earlier declaration in same scope at /tmp/loop_over_bdir-1244-EhKpvS/PerlIO-via-Skip-0.06-0/blib/lib/PerlIO/via/Skip.pm line 90.
syntax error at /tmp/loop_over_bdir-1244-EhKpvS/PerlIO-via-Skip-0.06-0/blib/lib/PerlIO/via/Skip.pm line 66, near "scalar (?"
Global symbol "$obj" requires explicit package name (did you forget to declare "my $obj"?) at /tmp/loop_over_bdir-1244-EhKpvS/PerlIO-via-Skip-0.06-0/blib/lib/PerlIO/via/Skip.pm line 73.
syntax error at /tmp/loop_over_bdir-1244-EhKpvS/PerlIO-via-Skip-0.06-0/blib/lib/PerlIO/via/Skip.pm line 75, near "}"
Can't use global @_ in "my" at /tmp/loop_over_bdir-1244-EhKpvS/PerlIO-via-Skip-0.06-0/blib/lib/PerlIO/via/Skip.pm line 80, near "= @_ "
Global symbol "$obj" requires explicit package name (did you forget to declare "my $obj"?) at /tmp/loop_over_bdir-1244-EhKpvS/PerlIO-via-Skip-0.06-0/blib/lib/PerlIO/via/Skip.pm line 81.
syntax error at /tmp/loop_over_bdir-1244-EhKpvS/PerlIO-via-Skip-0.06-0/blib/lib/PerlIO/via/Skip.pm line 86, near "}"
Can't use global @_ in "my" at /tmp/loop_over_bdir-1244-EhKpvS/PerlIO-via-Skip-0.06-0/blib/lib/PerlIO/via/Skip.pm line 90, near "= @_ "
Global symbol "$buf" requires explicit package name (did you forget to declare "my $buf"?) at /tmp/loop_over_bdir-1244-EhKpvS/PerlIO-via-Skip-0.06-0/blib/lib/PerlIO/via/Skip.pm line 91.
syntax error at /tmp/loop_over_bdir-1244-EhKpvS/PerlIO-via-Skip-0.06-0/blib/lib/PerlIO/via/Skip.pm line 96, near "= ?"
syntax error at /tmp/loop_over_bdir-1244-EhKpvS/PerlIO-via-Skip-0.06-0/blib/lib/PerlIO/via/Skip.pm line 103, near "}"
/tmp/loop_over_bdir-1244-EhKpvS/PerlIO-via-Skip-0.06-0/blib/lib/PerlIO/via/Skip.pm has too many errors.
Compilation failed in require at t/r02_eol.t line 2.
BEGIN failed--compilation aborted at t/r02_eol.t line 2.
t/r02_eol.t ............ skipped: (no reason given)
"my" variable $obj masks earlier declaration in same scope at /tmp/loop_over_bdir-1244-EhKpvS/PerlIO-via-Skip-0.06-0/blib/lib/PerlIO/via/Skip.pm line 90.
"state" variable @_ masks earlier declaration in same scope at /tmp/loop_over_bdir-1244-EhKpvS/PerlIO-via-Skip-0.06-0/blib/lib/PerlIO/via/Skip.pm line 90.
syntax error at /tmp/loop_over_bdir-1244-EhKpvS/PerlIO-via-Skip-0.06-0/blib/lib/PerlIO/via/Skip.pm line 66, near "scalar (?"
Global symbol "$obj" requires explicit package name (did you forget to declare "my $obj"?) at /tmp/loop_over_bdir-1244-EhKpvS/PerlIO-via-Skip-0.06-0/blib/lib/PerlIO/via/Skip.pm line 73.
syntax error at /tmp/loop_over_bdir-1244-EhKpvS/PerlIO-via-Skip-0.06-0/blib/lib/PerlIO/via/Skip.pm line 75, near "}"
Can't use global @_ in "my" at /tmp/loop_over_bdir-1244-EhKpvS/PerlIO-via-Skip-0.06-0/blib/lib/PerlIO/via/Skip.pm line 80, near "= @_ "
Global symbol "$obj" requires explicit package name (did you forget to declare "my $obj"?) at /tmp/loop_over_bdir-1244-EhKpvS/PerlIO-via-Skip-0.06-0/blib/lib/PerlIO/via/Skip.pm line 81.
syntax error at /tmp/loop_over_bdir-1244-EhKpvS/PerlIO-via-Skip-0.06-0/blib/lib/PerlIO/via/Skip.pm line 86, near "}"
Can't use global @_ in "my" at /tmp/loop_over_bdir-1244-EhKpvS/PerlIO-via-Skip-0.06-0/blib/lib/PerlIO/via/Skip.pm line 90, near "= @_ "
Global symbol "$buf" requires explicit package name (did you forget to declare "my $buf"?) at /tmp/loop_over_bdir-1244-EhKpvS/PerlIO-via-Skip-0.06-0/blib/lib/PerlIO/via/Skip.pm line 91.
syntax error at /tmp/loop_over_bdir-1244-EhKpvS/PerlIO-via-Skip-0.06-0/blib/lib/PerlIO/via/Skip.pm line 96, near "= ?"
syntax error at /tmp/loop_over_bdir-1244-EhKpvS/PerlIO-via-Skip-0.06-0/blib/lib/PerlIO/via/Skip.pm line 103, near "}"
/tmp/loop_over_bdir-1244-EhKpvS/PerlIO-via-Skip-0.06-0/blib/lib/PerlIO/via/Skip.pm has too many errors.
Compilation failed in require at t/r03_after.t line 2.
BEGIN failed--compilation aborted at t/r03_after.t line 2.
t/r03_after.t .......... skipped: (no reason given)
"my" variable $obj masks earlier declaration in same scope at /tmp/loop_over_bdir-1244-EhKpvS/PerlIO-via-Skip-0.06-0/blib/lib/PerlIO/via/Skip.pm line 90.
"state" variable @_ masks earlier declaration in same scope at /tmp/loop_over_bdir-1244-EhKpvS/PerlIO-via-Skip-0.06-0/blib/lib/PerlIO/via/Skip.pm line 90.
syntax error at /tmp/loop_over_bdir-1244-EhKpvS/PerlIO-via-Skip-0.06-0/blib/lib/PerlIO/via/Skip.pm line 66, near "scalar (?"
Global symbol "$obj" requires explicit package name (did you forget to declare "my $obj"?) at /tmp/loop_over_bdir-1244-EhKpvS/PerlIO-via-Skip-0.06-0/blib/lib/PerlIO/via/Skip.pm line 73.
syntax error at /tmp/loop_over_bdir-1244-EhKpvS/PerlIO-via-Skip-0.06-0/blib/lib/PerlIO/via/Skip.pm line 75, near "}"
Can't use global @_ in "my" at /tmp/loop_over_bdir-1244-EhKpvS/PerlIO-via-Skip-0.06-0/blib/lib/PerlIO/via/Skip.pm line 80, near "= @_ "
Global symbol "$obj" requires explicit package name (did you forget to declare "my $obj"?) at /tmp/loop_over_bdir-1244-EhKpvS/PerlIO-via-Skip-0.06-0/blib/lib/PerlIO/via/Skip.pm line 81.
syntax error at /tmp/loop_over_bdir-1244-EhKpvS/PerlIO-via-Skip-0.06-0/blib/lib/PerlIO/via/Skip.pm line 86, near "}"
Can't use global @_ in "my" at /tmp/loop_over_bdir-1244-EhKpvS/PerlIO-via-Skip-0.06-0/blib/lib/PerlIO/via/Skip.pm line 90, near "= @_ "
Global symbol "$buf" requires explicit package name (did you forget to declare "my $buf"?) at /tmp/loop_over_bdir-1244-EhKpvS/PerlIO-via-Skip-0.06-0/blib/lib/PerlIO/via/Skip.pm line 91.
syntax error at /tmp/loop_over_bdir-1244-EhKpvS/PerlIO-via-Skip-0.06-0/blib/lib/PerlIO/via/Skip.pm line 96, near "= ?"
syntax error at /tmp/loop_over_bdir-1244-EhKpvS/PerlIO-via-Skip-0.06-0/blib/lib/PerlIO/via/Skip.pm line 103, near "}"
/tmp/loop_over_bdir-1244-EhKpvS/PerlIO-via-Skip-0.06-0/blib/lib/PerlIO/via/Skip.pm has too many errors.
Compilation failed in require at t/r04_maxlines.t line 2.
BEGIN failed--compilation aborted at t/r04_maxlines.t line 2.
t/r04_maxlines.t ....... skipped: (no reason given)
"my" variable $obj masks earlier declaration in same scope at /tmp/loop_over_bdir-1244-EhKpvS/PerlIO-via-Skip-0.06-0/blib/lib/PerlIO/via/Skip.pm line 90.
"state" variable @_ masks earlier declaration in same scope at /tmp/loop_over_bdir-1244-EhKpvS/PerlIO-via-Skip-0.06-0/blib/lib/PerlIO/via/Skip.pm line 90.
syntax error at /tmp/loop_over_bdir-1244-EhKpvS/PerlIO-via-Skip-0.06-0/blib/lib/PerlIO/via/Skip.pm line 66, near "scalar (?"
Global symbol "$obj" requires explicit package name (did you forget to declare "my $obj"?) at /tmp/loop_over_bdir-1244-EhKpvS/PerlIO-via-Skip-0.06-0/blib/lib/PerlIO/via/Skip.pm line 73.
syntax error at /tmp/loop_over_bdir-1244-EhKpvS/PerlIO-via-Skip-0.06-0/blib/lib/PerlIO/via/Skip.pm line 75, near "}"
Can't use global @_ in "my" at /tmp/loop_over_bdir-1244-EhKpvS/PerlIO-via-Skip-0.06-0/blib/lib/PerlIO/via/Skip.pm line 80, near "= @_ "
Global symbol "$obj" requires explicit package name (did you forget to declare "my $obj"?) at /tmp/loop_over_bdir-1244-EhKpvS/PerlIO-via-Skip-0.06-0/blib/lib/PerlIO/via/Skip.pm line 81.
syntax error at /tmp/loop_over_bdir-1244-EhKpvS/PerlIO-via-Skip-0.06-0/blib/lib/PerlIO/via/Skip.pm line 86, near "}"
Can't use global @_ in "my" at /tmp/loop_over_bdir-1244-EhKpvS/PerlIO-via-Skip-0.06-0/blib/lib/PerlIO/via/Skip.pm line 90, near "= @_ "
Global symbol "$buf" requires explicit package name (did you forget to declare "my $buf"?) at /tmp/loop_over_bdir-1244-EhKpvS/PerlIO-via-Skip-0.06-0/blib/lib/PerlIO/via/Skip.pm line 91.
syntax error at /tmp/loop_over_bdir-1244-EhKpvS/PerlIO-via-Skip-0.06-0/blib/lib/PerlIO/via/Skip.pm line 96, near "= ?"
syntax error at /tmp/loop_over_bdir-1244-EhKpvS/PerlIO-via-Skip-0.06-0/blib/lib/PerlIO/via/Skip.pm line 103, near "}"
/tmp/loop_over_bdir-1244-EhKpvS/PerlIO-via-Skip-0.06-0/blib/lib/PerlIO/via/Skip.pm has too many errors.
Compilation failed in require at t/r05_patterns.t line 2.
BEGIN failed--compilation aborted at t/r05_patterns.t line 2.
t/r05_patterns.t ....... skipped: (no reason given)
"my" variable $obj masks earlier declaration in same scope at /tmp/loop_over_bdir-1244-EhKpvS/PerlIO-via-Skip-0.06-0/blib/lib/PerlIO/via/Skip.pm line 90.
"state" variable @_ masks earlier declaration in same scope at /tmp/loop_over_bdir-1244-EhKpvS/PerlIO-via-Skip-0.06-0/blib/lib/PerlIO/via/Skip.pm line 90.
syntax error at /tmp/loop_over_bdir-1244-EhKpvS/PerlIO-via-Skip-0.06-0/blib/lib/PerlIO/via/Skip.pm line 66, near "scalar (?"
Global symbol "$obj" requires explicit package name (did you forget to declare "my $obj"?) at /tmp/loop_over_bdir-1244-EhKpvS/PerlIO-via-Skip-0.06-0/blib/lib/PerlIO/via/Skip.pm line 73.
syntax error at /tmp/loop_over_bdir-1244-EhKpvS/PerlIO-via-Skip-0.06-0/blib/lib/PerlIO/via/Skip.pm line 75, near "}"
Can't use global @_ in "my" at /tmp/loop_over_bdir-1244-EhKpvS/PerlIO-via-Skip-0.06-0/blib/lib/PerlIO/via/Skip.pm line 80, near "= @_ "
Global symbol "$obj" requires explicit package name (did you forget to declare "my $obj"?) at /tmp/loop_over_bdir-1244-EhKpvS/PerlIO-via-Skip-0.06-0/blib/lib/PerlIO/via/Skip.pm line 81.
syntax error at /tmp/loop_over_bdir-1244-EhKpvS/PerlIO-via-Skip-0.06-0/blib/lib/PerlIO/via/Skip.pm line 86, near "}"
Can't use global @_ in "my" at /tmp/loop_over_bdir-1244-EhKpvS/PerlIO-via-Skip-0.06-0/blib/lib/PerlIO/via/Skip.pm line 90, near "= @_ "
Global symbol "$buf" requires explicit package name (did you forget to declare "my $buf"?) at /tmp/loop_over_bdir-1244-EhKpvS/PerlIO-via-Skip-0.06-0/blib/lib/PerlIO/via/Skip.pm line 91.
syntax error at /tmp/loop_over_bdir-1244-EhKpvS/PerlIO-via-Skip-0.06-0/blib/lib/PerlIO/via/Skip.pm line 96, near "= ?"
syntax error at /tmp/loop_over_bdir-1244-EhKpvS/PerlIO-via-Skip-0.06-0/blib/lib/PerlIO/via/Skip.pm line 103, near "}"
/tmp/loop_over_bdir-1244-EhKpvS/PerlIO-via-Skip-0.06-0/blib/lib/PerlIO/via/Skip.pm has too many errors.
Compilation failed in require at t/r06_blanklines.t line 2.
BEGIN failed--compilation aborted at t/r06_blanklines.t line 2.
t/r06_blanklines.t ..... skipped: (no reason given)
"my" variable $obj masks earlier declaration in same scope at /tmp/loop_over_bdir-1244-EhKpvS/PerlIO-via-Skip-0.06-0/blib/lib/PerlIO/via/Skip.pm line 90.
"state" variable @_ masks earlier declaration in same scope at /tmp/loop_over_bdir-1244-EhKpvS/PerlIO-via-Skip-0.06-0/blib/lib/PerlIO/via/Skip.pm line 90.
syntax error at /tmp/loop_over_bdir-1244-EhKpvS/PerlIO-via-Skip-0.06-0/blib/lib/PerlIO/via/Skip.pm line 66, near "scalar (?"
Global symbol "$obj" requires explicit package name (did you forget to declare "my $obj"?) at /tmp/loop_over_bdir-1244-EhKpvS/PerlIO-via-Skip-0.06-0/blib/lib/PerlIO/via/Skip.pm line 73.
syntax error at /tmp/loop_over_bdir-1244-EhKpvS/PerlIO-via-Skip-0.06-0/blib/lib/PerlIO/via/Skip.pm line 75, near "}"
Can't use global @_ in "my" at /tmp/loop_over_bdir-1244-EhKpvS/PerlIO-via-Skip-0.06-0/blib/lib/PerlIO/via/Skip.pm line 80, near "= @_ "
Global symbol "$obj" requires explicit package name (did you forget to declare "my $obj"?) at /tmp/loop_over_bdir-1244-EhKpvS/PerlIO-via-Skip-0.06-0/blib/lib/PerlIO/via/Skip.pm line 81.
syntax error at /tmp/loop_over_bdir-1244-EhKpvS/PerlIO-via-Skip-0.06-0/blib/lib/PerlIO/via/Skip.pm line 86, near "}"
Can't use global @_ in "my" at /tmp/loop_over_bdir-1244-EhKpvS/PerlIO-via-Skip-0.06-0/blib/lib/PerlIO/via/Skip.pm line 90, near "= @_ "
Global symbol "$buf" requires explicit package name (did you forget to declare "my $buf"?) at /tmp/loop_over_bdir-1244-EhKpvS/PerlIO-via-Skip-0.06-0/blib/lib/PerlIO/via/Skip.pm line 91.
syntax error at /tmp/loop_over_bdir-1244-EhKpvS/PerlIO-via-Skip-0.06-0/blib/lib/PerlIO/via/Skip.pm line 96, near "= ?"
syntax error at /tmp/loop_over_bdir-1244-EhKpvS/PerlIO-via-Skip-0.06-0/blib/lib/PerlIO/via/Skip.pm line 103, near "}"
/tmp/loop_over_bdir-1244-EhKpvS/PerlIO-via-Skip-0.06-0/blib/lib/PerlIO/via/Skip.pm has too many errors.
Compilation failed in require at t/r07_comments.t line 2.
BEGIN failed--compilation aborted at t/r07_comments.t line 2.
t/r07_comments.t ....... skipped: (no reason given)
"my" variable $obj masks earlier declaration in same scope at /tmp/loop_over_bdir-1244-EhKpvS/PerlIO-via-Skip-0.06-0/blib/lib/PerlIO/via/Skip.pm line 90.
"state" variable @_ masks earlier declaration in same scope at /tmp/loop_over_bdir-1244-EhKpvS/PerlIO-via-Skip-0.06-0/blib/lib/PerlIO/via/Skip.pm line 90.
syntax error at /tmp/loop_over_bdir-1244-EhKpvS/PerlIO-via-Skip-0.06-0/blib/lib/PerlIO/via/Skip.pm line 66, near "scalar (?"
Global symbol "$obj" requires explicit package name (did you forget to declare "my $obj"?) at /tmp/loop_over_bdir-1244-EhKpvS/PerlIO-via-Skip-0.06-0/blib/lib/PerlIO/via/Skip.pm line 73.
syntax error at /tmp/loop_over_bdir-1244-EhKpvS/PerlIO-via-Skip-0.06-0/blib/lib/PerlIO/via/Skip.pm line 75, near "}"
Can't use global @_ in "my" at /tmp/loop_over_bdir-1244-EhKpvS/PerlIO-via-Skip-0.06-0/blib/lib/PerlIO/via/Skip.pm line 80, near "= @_ "
Global symbol "$obj" requires explicit package name (did you forget to declare "my $obj"?) at /tmp/loop_over_bdir-1244-EhKpvS/PerlIO-via-Skip-0.06-0/blib/lib/PerlIO/via/Skip.pm line 81.
syntax error at /tmp/loop_over_bdir-1244-EhKpvS/PerlIO-via-Skip-0.06-0/blib/lib/PerlIO/via/Skip.pm line 86, near "}"
Can't use global @_ in "my" at /tmp/loop_over_bdir-1244-EhKpvS/PerlIO-via-Skip-0.06-0/blib/lib/PerlIO/via/Skip.pm line 90, near "= @_ "
Global symbol "$buf" requires explicit package name (did you forget to declare "my $buf"?) at /tmp/loop_over_bdir-1244-EhKpvS/PerlIO-via-Skip-0.06-0/blib/lib/PerlIO/via/Skip.pm line 91.
syntax error at /tmp/loop_over_bdir-1244-EhKpvS/PerlIO-via-Skip-0.06-0/blib/lib/PerlIO/via/Skip.pm line 96, near "= ?"
syntax error at /tmp/loop_over_bdir-1244-EhKpvS/PerlIO-via-Skip-0.06-0/blib/lib/PerlIO/via/Skip.pm line 103, near "}"
/tmp/loop_over_bdir-1244-EhKpvS/PerlIO-via-Skip-0.06-0/blib/lib/PerlIO/via/Skip.pm has too many errors.
Compilation failed in require at t/rr01_general.t line 2.
BEGIN failed--compilation aborted at t/rr01_general.t line 2.
t/rr01_general.t ....... skipped: (no reason given)
"my" variable $obj masks earlier declaration in same scope at /tmp/loop_over_bdir-1244-EhKpvS/PerlIO-via-Skip-0.06-0/blib/lib/PerlIO/via/Skip.pm line 90.
"state" variable @_ masks earlier declaration in same scope at /tmp/loop_over_bdir-1244-EhKpvS/PerlIO-via-Skip-0.06-0/blib/lib/PerlIO/via/Skip.pm line 90.
syntax error at /tmp/loop_over_bdir-1244-EhKpvS/PerlIO-via-Skip-0.06-0/blib/lib/PerlIO/via/Skip.pm line 66, near "scalar (?"
Global symbol "$obj" requires explicit package name (did you forget to declare "my $obj"?) at /tmp/loop_over_bdir-1244-EhKpvS/PerlIO-via-Skip-0.06-0/blib/lib/PerlIO/via/Skip.pm line 73.
syntax error at /tmp/loop_over_bdir-1244-EhKpvS/PerlIO-via-Skip-0.06-0/blib/lib/PerlIO/via/Skip.pm line 75, near "}"
Can't use global @_ in "my" at /tmp/loop_over_bdir-1244-EhKpvS/PerlIO-via-Skip-0.06-0/blib/lib/PerlIO/via/Skip.pm line 80, near "= @_ "
Global symbol "$obj" requires explicit package name (did you forget to declare "my $obj"?) at /tmp/loop_over_bdir-1244-EhKpvS/PerlIO-via-Skip-0.06-0/blib/lib/PerlIO/via/Skip.pm line 81.
syntax error at /tmp/loop_over_bdir-1244-EhKpvS/PerlIO-via-Skip-0.06-0/blib/lib/PerlIO/via/Skip.pm line 86, near "}"
Can't use global @_ in "my" at /tmp/loop_over_bdir-1244-EhKpvS/PerlIO-via-Skip-0.06-0/blib/lib/PerlIO/via/Skip.pm line 90, near "= @_ "
Global symbol "$buf" requires explicit package name (did you forget to declare "my $buf"?) at /tmp/loop_over_bdir-1244-EhKpvS/PerlIO-via-Skip-0.06-0/blib/lib/PerlIO/via/Skip.pm line 91.
syntax error at /tmp/loop_over_bdir-1244-EhKpvS/PerlIO-via-Skip-0.06-0/blib/lib/PerlIO/via/Skip.pm line 96, near "= ?"
syntax error at /tmp/loop_over_bdir-1244-EhKpvS/PerlIO-via-Skip-0.06-0/blib/lib/PerlIO/via/Skip.pm line 103, near "}"
/tmp/loop_over_bdir-1244-EhKpvS/PerlIO-via-Skip-0.06-0/blib/lib/PerlIO/via/Skip.pm has too many errors.
Compilation failed in require at t/rw01_general.t line 2.
BEGIN failed--compilation aborted at t/rw01_general.t line 2.
t/rw01_general.t ....... skipped: (no reason given)
"my" variable $obj masks earlier declaration in same scope at /tmp/loop_over_bdir-1244-EhKpvS/PerlIO-via-Skip-0.06-0/blib/lib/PerlIO/via/Skip.pm line 90.
"state" variable @_ masks earlier declaration in same scope at /tmp/loop_over_bdir-1244-EhKpvS/PerlIO-via-Skip-0.06-0/blib/lib/PerlIO/via/Skip.pm line 90.
syntax error at /tmp/loop_over_bdir-1244-EhKpvS/PerlIO-via-Skip-0.06-0/blib/lib/PerlIO/via/Skip.pm line 66, near "scalar (?"
Global symbol "$obj" requires explicit package name (did you forget to declare "my $obj"?) at /tmp/loop_over_bdir-1244-EhKpvS/PerlIO-via-Skip-0.06-0/blib/lib/PerlIO/via/Skip.pm line 73.
syntax error at /tmp/loop_over_bdir-1244-EhKpvS/PerlIO-via-Skip-0.06-0/blib/lib/PerlIO/via/Skip.pm line 75, near "}"
Can't use global @_ in "my" at /tmp/loop_over_bdir-1244-EhKpvS/PerlIO-via-Skip-0.06-0/blib/lib/PerlIO/via/Skip.pm line 80, near "= @_ "
Global symbol "$obj" requires explicit package name (did you forget to declare "my $obj"?) at /tmp/loop_over_bdir-1244-EhKpvS/PerlIO-via-Skip-0.06-0/blib/lib/PerlIO/via/Skip.pm line 81.
syntax error at /tmp/loop_over_bdir-1244-EhKpvS/PerlIO-via-Skip-0.06-0/blib/lib/PerlIO/via/Skip.pm line 86, near "}"
Can't use global @_ in "my" at /tmp/loop_over_bdir-1244-EhKpvS/PerlIO-via-Skip-0.06-0/blib/lib/PerlIO/via/Skip.pm line 90, near "= @_ "
Global symbol "$buf" requires explicit package name (did you forget to declare "my $buf"?) at /tmp/loop_over_bdir-1244-EhKpvS/PerlIO-via-Skip-0.06-0/blib/lib/PerlIO/via/Skip.pm line 91.
syntax error at /tmp/loop_over_bdir-1244-EhKpvS/PerlIO-via-Skip-0.06-0/blib/lib/PerlIO/via/Skip.pm line 96, near "= ?"
syntax error at /tmp/loop_over_bdir-1244-EhKpvS/PerlIO-via-Skip-0.06-0/blib/lib/PerlIO/via/Skip.pm line 103, near "}"
/tmp/loop_over_bdir-1244-EhKpvS/PerlIO-via-Skip-0.06-0/blib/lib/PerlIO/via/Skip.pm has too many errors.
Compilation failed in require at t/w01_general.t line 2.
BEGIN failed--compilation aborted at t/w01_general.t line 2.
t/w01_general.t ........ skipped: (no reason given)
"my" variable $obj masks earlier declaration in same scope at /tmp/loop_over_bdir-1244-EhKpvS/PerlIO-via-Skip-0.06-0/blib/lib/PerlIO/via/Skip.pm line 90.
"state" variable @_ masks earlier declaration in same scope at /tmp/loop_over_bdir-1244-EhKpvS/PerlIO-via-Skip-0.06-0/blib/lib/PerlIO/via/Skip.pm line 90.
syntax error at /tmp/loop_over_bdir-1244-EhKpvS/PerlIO-via-Skip-0.06-0/blib/lib/PerlIO/via/Skip.pm line 66, near "scalar (?"
Global symbol "$obj" requires explicit package name (did you forget to declare "my $obj"?) at /tmp/loop_over_bdir-1244-EhKpvS/PerlIO-via-Skip-0.06-0/blib/lib/PerlIO/via/Skip.pm line 73.
syntax error at /tmp/loop_over_bdir-1244-EhKpvS/PerlIO-via-Skip-0.06-0/blib/lib/PerlIO/via/Skip.pm line 75, near "}"
Can't use global @_ in "my" at /tmp/loop_over_bdir-1244-EhKpvS/PerlIO-via-Skip-0.06-0/blib/lib/PerlIO/via/Skip.pm line 80, near "= @_ "
Global symbol "$obj" requires explicit package name (did you forget to declare "my $obj"?) at /tmp/loop_over_bdir-1244-EhKpvS/PerlIO-via-Skip-0.06-0/blib/lib/PerlIO/via/Skip.pm line 81.
syntax error at /tmp/loop_over_bdir-1244-EhKpvS/PerlIO-via-Skip-0.06-0/blib/lib/PerlIO/via/Skip.pm line 86, near "}"
Can't use global @_ in "my" at /tmp/loop_over_bdir-1244-EhKpvS/PerlIO-via-Skip-0.06-0/blib/lib/PerlIO/via/Skip.pm line 90, near "= @_ "
Global symbol "$buf" requires explicit package name (did you forget to declare "my $buf"?) at /tmp/loop_over_bdir-1244-EhKpvS/PerlIO-via-Skip-0.06-0/blib/lib/PerlIO/via/Skip.pm line 91.
syntax error at /tmp/loop_over_bdir-1244-EhKpvS/PerlIO-via-Skip-0.06-0/blib/lib/PerlIO/via/Skip.pm line 96, near "= ?"
syntax error at /tmp/loop_over_bdir-1244-EhKpvS/PerlIO-via-Skip-0.06-0/blib/lib/PerlIO/via/Skip.pm line 103, near "}"
/tmp/loop_over_bdir-1244-EhKpvS/PerlIO-via-Skip-0.06-0/blib/lib/PerlIO/via/Skip.pm has too many errors.
Compilation failed in require at t/w02a_eol.t line 2.
BEGIN failed--compilation aborted at t/w02a_eol.t line 2.
t/w02a_eol.t ........... skipped: (no reason given)
"my" variable $obj masks earlier declaration in same scope at /tmp/loop_over_bdir-1244-EhKpvS/PerlIO-via-Skip-0.06-0/blib/lib/PerlIO/via/Skip.pm line 90.
"state" variable @_ masks earlier declaration in same scope at /tmp/loop_over_bdir-1244-EhKpvS/PerlIO-via-Skip-0.06-0/blib/lib/PerlIO/via/Skip.pm line 90.
syntax error at /tmp/loop_over_bdir-1244-EhKpvS/PerlIO-via-Skip-0.06-0/blib/lib/PerlIO/via/Skip.pm line 66, near "scalar (?"
Global symbol "$obj" requires explicit package name (did you forget to declare "my $obj"?) at /tmp/loop_over_bdir-1244-EhKpvS/PerlIO-via-Skip-0.06-0/blib/lib/PerlIO/via/Skip.pm line 73.
syntax error at /tmp/loop_over_bdir-1244-EhKpvS/PerlIO-via-Skip-0.06-0/blib/lib/PerlIO/via/Skip.pm line 75, near "}"
Can't use global @_ in "my" at /tmp/loop_over_bdir-1244-EhKpvS/PerlIO-via-Skip-0.06-0/blib/lib/PerlIO/via/Skip.pm line 80, near "= @_ "
Global symbol "$obj" requires explicit package name (did you forget to declare "my $obj"?) at /tmp/loop_over_bdir-1244-EhKpvS/PerlIO-via-Skip-0.06-0/blib/lib/PerlIO/via/Skip.pm line 81.
syntax error at /tmp/loop_over_bdir-1244-EhKpvS/PerlIO-via-Skip-0.06-0/blib/lib/PerlIO/via/Skip.pm line 86, near "}"
Can't use global @_ in "my" at /tmp/loop_over_bdir-1244-EhKpvS/PerlIO-via-Skip-0.06-0/blib/lib/PerlIO/via/Skip.pm line 90, near "= @_ "
Global symbol "$buf" requires explicit package name (did you forget to declare "my $buf"?) at /tmp/loop_over_bdir-1244-EhKpvS/PerlIO-via-Skip-0.06-0/blib/lib/PerlIO/via/Skip.pm line 91.
syntax error at /tmp/loop_over_bdir-1244-EhKpvS/PerlIO-via-Skip-0.06-0/blib/lib/PerlIO/via/Skip.pm line 96, near "= ?"
syntax error at /tmp/loop_over_bdir-1244-EhKpvS/PerlIO-via-Skip-0.06-0/blib/lib/PerlIO/via/Skip.pm line 103, near "}"
/tmp/loop_over_bdir-1244-EhKpvS/PerlIO-via-Skip-0.06-0/blib/lib/PerlIO/via/Skip.pm has too many errors.
Compilation failed in require at t/w02b_eol.t line 2.
BEGIN failed--compilation aborted at t/w02b_eol.t line 2.
t/w02b_eol.t ........... skipped: (no reason given)
"my" variable $obj masks earlier declaration in same scope at /tmp/loop_over_bdir-1244-EhKpvS/PerlIO-via-Skip-0.06-0/blib/lib/PerlIO/via/Skip.pm line 90.
"state" variable @_ masks earlier declaration in same scope at /tmp/loop_over_bdir-1244-EhKpvS/PerlIO-via-Skip-0.06-0/blib/lib/PerlIO/via/Skip.pm line 90.
syntax error at /tmp/loop_over_bdir-1244-EhKpvS/PerlIO-via-Skip-0.06-0/blib/lib/PerlIO/via/Skip.pm line 66, near "scalar (?"
Global symbol "$obj" requires explicit package name (did you forget to declare "my $obj"?) at /tmp/loop_over_bdir-1244-EhKpvS/PerlIO-via-Skip-0.06-0/blib/lib/PerlIO/via/Skip.pm line 73.
syntax error at /tmp/loop_over_bdir-1244-EhKpvS/PerlIO-via-Skip-0.06-0/blib/lib/PerlIO/via/Skip.pm line 75, near "}"
Can't use global @_ in "my" at /tmp/loop_over_bdir-1244-EhKpvS/PerlIO-via-Skip-0.06-0/blib/lib/PerlIO/via/Skip.pm line 80, near "= @_ "
Global symbol "$obj" requires explicit package name (did you forget to declare "my $obj"?) at /tmp/loop_over_bdir-1244-EhKpvS/PerlIO-via-Skip-0.06-0/blib/lib/PerlIO/via/Skip.pm line 81.
syntax error at /tmp/loop_over_bdir-1244-EhKpvS/PerlIO-via-Skip-0.06-0/blib/lib/PerlIO/via/Skip.pm line 86, near "}"
Can't use global @_ in "my" at /tmp/loop_over_bdir-1244-EhKpvS/PerlIO-via-Skip-0.06-0/blib/lib/PerlIO/via/Skip.pm line 90, near "= @_ "
Global symbol "$buf" requires explicit package name (did you forget to declare "my $buf"?) at /tmp/loop_over_bdir-1244-EhKpvS/PerlIO-via-Skip-0.06-0/blib/lib/PerlIO/via/Skip.pm line 91.
syntax error at /tmp/loop_over_bdir-1244-EhKpvS/PerlIO-via-Skip-0.06-0/blib/lib/PerlIO/via/Skip.pm line 96, near "= ?"
syntax error at /tmp/loop_over_bdir-1244-EhKpvS/PerlIO-via-Skip-0.06-0/blib/lib/PerlIO/via/Skip.pm line 103, near "}"
/tmp/loop_over_bdir-1244-EhKpvS/PerlIO-via-Skip-0.06-0/blib/lib/PerlIO/via/Skip.pm has too many errors.
Compilation failed in require at t/w03_after.t line 2.
BEGIN failed--compilation aborted at t/w03_after.t line 2.
t/w03_after.t .......... skipped: (no reason given)
"my" variable $obj masks earlier declaration in same scope at /tmp/loop_over_bdir-1244-EhKpvS/PerlIO-via-Skip-0.06-0/blib/lib/PerlIO/via/Skip.pm line 90.
"state" variable @_ masks earlier declaration in same scope at /tmp/loop_over_bdir-1244-EhKpvS/PerlIO-via-Skip-0.06-0/blib/lib/PerlIO/via/Skip.pm line 90.
syntax error at /tmp/loop_over_bdir-1244-EhKpvS/PerlIO-via-Skip-0.06-0/blib/lib/PerlIO/via/Skip.pm line 66, near "scalar (?"
Global symbol "$obj" requires explicit package name (did you forget to declare "my $obj"?) at /tmp/loop_over_bdir-1244-EhKpvS/PerlIO-via-Skip-0.06-0/blib/lib/PerlIO/via/Skip.pm line 73.
syntax error at /tmp/loop_over_bdir-1244-EhKpvS/PerlIO-via-Skip-0.06-0/blib/lib/PerlIO/via/Skip.pm line 75, near "}"
Can't use global @_ in "my" at /tmp/loop_over_bdir-1244-EhKpvS/PerlIO-via-Skip-0.06-0/blib/lib/PerlIO/via/Skip.pm line 80, near "= @_ "
Global symbol "$obj" requires explicit package name (did you forget to declare "my $obj"?) at /tmp/loop_over_bdir-1244-EhKpvS/PerlIO-via-Skip-0.06-0/blib/lib/PerlIO/via/Skip.pm line 81.
syntax error at /tmp/loop_over_bdir-1244-EhKpvS/PerlIO-via-Skip-0.06-0/blib/lib/PerlIO/via/Skip.pm line 86, near "}"
Can't use global @_ in "my" at /tmp/loop_over_bdir-1244-EhKpvS/PerlIO-via-Skip-0.06-0/blib/lib/PerlIO/via/Skip.pm line 90, near "= @_ "
Global symbol "$buf" requires explicit package name (did you forget to declare "my $buf"?) at /tmp/loop_over_bdir-1244-EhKpvS/PerlIO-via-Skip-0.06-0/blib/lib/PerlIO/via/Skip.pm line 91.
syntax error at /tmp/loop_over_bdir-1244-EhKpvS/PerlIO-via-Skip-0.06-0/blib/lib/PerlIO/via/Skip.pm line 96, near "= ?"
syntax error at /tmp/loop_over_bdir-1244-EhKpvS/PerlIO-via-Skip-0.06-0/blib/lib/PerlIO/via/Skip.pm line 103, near "}"
/tmp/loop_over_bdir-1244-EhKpvS/PerlIO-via-Skip-0.06-0/blib/lib/PerlIO/via/Skip.pm has too many errors.
Compilation failed in require at t/w04_maxlines.t line 2.
BEGIN failed--compilation aborted at t/w04_maxlines.t line 2.
t/w04_maxlines.t ....... skipped: (no reason given)
"my" variable $obj masks earlier declaration in same scope at /tmp/loop_over_bdir-1244-EhKpvS/PerlIO-via-Skip-0.06-0/blib/lib/PerlIO/via/Skip.pm line 90.
"state" variable @_ masks earlier declaration in same scope at /tmp/loop_over_bdir-1244-EhKpvS/PerlIO-via-Skip-0.06-0/blib/lib/PerlIO/via/Skip.pm line 90.
syntax error at /tmp/loop_over_bdir-1244-EhKpvS/PerlIO-via-Skip-0.06-0/blib/lib/PerlIO/via/Skip.pm line 66, near "scalar (?"
Global symbol "$obj" requires explicit package name (did you forget to declare "my $obj"?) at /tmp/loop_over_bdir-1244-EhKpvS/PerlIO-via-Skip-0.06-0/blib/lib/PerlIO/via/Skip.pm line 73.
syntax error at /tmp/loop_over_bdir-1244-EhKpvS/PerlIO-via-Skip-0.06-0/blib/lib/PerlIO/via/Skip.pm line 75, near "}"
Can't use global @_ in "my" at /tmp/loop_over_bdir-1244-EhKpvS/PerlIO-via-Skip-0.06-0/blib/lib/PerlIO/via/Skip.pm line 80, near "= @_ "
Global symbol "$obj" requires explicit package name (did you forget to declare "my $obj"?) at /tmp/loop_over_bdir-1244-EhKpvS/PerlIO-via-Skip-0.06-0/blib/lib/PerlIO/via/Skip.pm line 81.
syntax error at /tmp/loop_over_bdir-1244-EhKpvS/PerlIO-via-Skip-0.06-0/blib/lib/PerlIO/via/Skip.pm line 86, near "}"
Can't use global @_ in "my" at /tmp/loop_over_bdir-1244-EhKpvS/PerlIO-via-Skip-0.06-0/blib/lib/PerlIO/via/Skip.pm line 90, near "= @_ "
Global symbol "$buf" requires explicit package name (did you forget to declare "my $buf"?) at /tmp/loop_over_bdir-1244-EhKpvS/PerlIO-via-Skip-0.06-0/blib/lib/PerlIO/via/Skip.pm line 91.
syntax error at /tmp/loop_over_bdir-1244-EhKpvS/PerlIO-via-Skip-0.06-0/blib/lib/PerlIO/via/Skip.pm line 96, near "= ?"
syntax error at /tmp/loop_over_bdir-1244-EhKpvS/PerlIO-via-Skip-0.06-0/blib/lib/PerlIO/via/Skip.pm line 103, near "}"
/tmp/loop_over_bdir-1244-EhKpvS/PerlIO-via-Skip-0.06-0/blib/lib/PerlIO/via/Skip.pm has too many errors.
Compilation failed in require at t/w05_patterns.t line 2.
BEGIN failed--compilation aborted at t/w05_patterns.t line 2.
t/w05_patterns.t ....... skipped: (no reason given)
"my" variable $obj masks earlier declaration in same scope at /tmp/loop_over_bdir-1244-EhKpvS/PerlIO-via-Skip-0.06-0/blib/lib/PerlIO/via/Skip.pm line 90.
"state" variable @_ masks earlier declaration in same scope at /tmp/loop_over_bdir-1244-EhKpvS/PerlIO-via-Skip-0.06-0/blib/lib/PerlIO/via/Skip.pm line 90.
syntax error at /tmp/loop_over_bdir-1244-EhKpvS/PerlIO-via-Skip-0.06-0/blib/lib/PerlIO/via/Skip.pm line 66, near "scalar (?"
Global symbol "$obj" requires explicit package name (did you forget to declare "my $obj"?) at /tmp/loop_over_bdir-1244-EhKpvS/PerlIO-via-Skip-0.06-0/blib/lib/PerlIO/via/Skip.pm line 73.
syntax error at /tmp/loop_over_bdir-1244-EhKpvS/PerlIO-via-Skip-0.06-0/blib/lib/PerlIO/via/Skip.pm line 75, near "}"
Can't use global @_ in "my" at /tmp/loop_over_bdir-1244-EhKpvS/PerlIO-via-Skip-0.06-0/blib/lib/PerlIO/via/Skip.pm line 80, near "= @_ "
Global symbol "$obj" requires explicit package name (did you forget to declare "my $obj"?) at /tmp/loop_over_bdir-1244-EhKpvS/PerlIO-via-Skip-0.06-0/blib/lib/PerlIO/via/Skip.pm line 81.
syntax error at /tmp/loop_over_bdir-1244-EhKpvS/PerlIO-via-Skip-0.06-0/blib/lib/PerlIO/via/Skip.pm line 86, near "}"
Can't use global @_ in "my" at /tmp/loop_over_bdir-1244-EhKpvS/PerlIO-via-Skip-0.06-0/blib/lib/PerlIO/via/Skip.pm line 90, near "= @_ "
Global symbol "$buf" requires explicit package name (did you forget to declare "my $buf"?) at /tmp/loop_over_bdir-1244-EhKpvS/PerlIO-via-Skip-0.06-0/blib/lib/PerlIO/via/Skip.pm line 91.
syntax error at /tmp/loop_over_bdir-1244-EhKpvS/PerlIO-via-Skip-0.06-0/blib/lib/PerlIO/via/Skip.pm line 96, near "= ?"
syntax error at /tmp/loop_over_bdir-1244-EhKpvS/PerlIO-via-Skip-0.06-0/blib/lib/PerlIO/via/Skip.pm line 103, near "}"
/tmp/loop_over_bdir-1244-EhKpvS/PerlIO-via-Skip-0.06-0/blib/lib/PerlIO/via/Skip.pm has too many errors.
Compilation failed in require at t/w06_blanklines.t line 2.
BEGIN failed--compilation aborted at t/w06_blanklines.t line 2.
t/w06_blanklines.t ..... skipped: (no reason given)
"my" variable $obj masks earlier declaration in same scope at /tmp/loop_over_bdir-1244-EhKpvS/PerlIO-via-Skip-0.06-0/blib/lib/PerlIO/via/Skip.pm line 90.
"state" variable @_ masks earlier declaration in same scope at /tmp/loop_over_bdir-1244-EhKpvS/PerlIO-via-Skip-0.06-0/blib/lib/PerlIO/via/Skip.pm line 90.
syntax error at /tmp/loop_over_bdir-1244-EhKpvS/PerlIO-via-Skip-0.06-0/blib/lib/PerlIO/via/Skip.pm line 66, near "scalar (?"
Global symbol "$obj" requires explicit package name (did you forget to declare "my $obj"?) at /tmp/loop_over_bdir-1244-EhKpvS/PerlIO-via-Skip-0.06-0/blib/lib/PerlIO/via/Skip.pm line 73.
syntax error at /tmp/loop_over_bdir-1244-EhKpvS/PerlIO-via-Skip-0.06-0/blib/lib/PerlIO/via/Skip.pm line 75, near "}"
Can't use global @_ in "my" at /tmp/loop_over_bdir-1244-EhKpvS/PerlIO-via-Skip-0.06-0/blib/lib/PerlIO/via/Skip.pm line 80, near "= @_ "
Global symbol "$obj" requires explicit package name (did you forget to declare "my $obj"?) at /tmp/loop_over_bdir-1244-EhKpvS/PerlIO-via-Skip-0.06-0/blib/lib/PerlIO/via/Skip.pm line 81.
syntax error at /tmp/loop_over_bdir-1244-EhKpvS/PerlIO-via-Skip-0.06-0/blib/lib/PerlIO/via/Skip.pm line 86, near "}"
Can't use global @_ in "my" at /tmp/loop_over_bdir-1244-EhKpvS/PerlIO-via-Skip-0.06-0/blib/lib/PerlIO/via/Skip.pm line 90, near "= @_ "
Global symbol "$buf" requires explicit package name (did you forget to declare "my $buf"?) at /tmp/loop_over_bdir-1244-EhKpvS/PerlIO-via-Skip-0.06-0/blib/lib/PerlIO/via/Skip.pm line 91.
syntax error at /tmp/loop_over_bdir-1244-EhKpvS/PerlIO-via-Skip-0.06-0/blib/lib/PerlIO/via/Skip.pm line 96, near "= ?"
syntax error at /tmp/loop_over_bdir-1244-EhKpvS/PerlIO-via-Skip-0.06-0/blib/lib/PerlIO/via/Skip.pm line 103, near "}"
/tmp/loop_over_bdir-1244-EhKpvS/PerlIO-via-Skip-0.06-0/blib/lib/PerlIO/via/Skip.pm has too many errors.
Compilation failed in require at t/w07_comments.t line 2.
BEGIN failed--compilation aborted at t/w07_comments.t line 2.
t/w07_comments.t ....... skipped: (no reason given)
Test Summary Report
-------------------
t/00_load.t (Wstat: 256 Tests: 1 Failed: 1)
Failed test: 1
Non-zero exit status: 1
t/01c_coverage.t (Wstat: 256 Tests: 1 Failed: 1)
Failed test: 1
Non-zero exit status: 1
t/01s_spelling.t (Wstat: 65280 Tests: 0 Failed: 0)
Non-zero exit status: 255
Parse errors: No plan found in TAP output
t/03_meta.t (Wstat: 512 Tests: 2 Failed: 2)
Failed tests: 1-2
Non-zero exit status: 2
t/binmode.t (Wstat: 65280 Tests: 0 Failed: 0)
Non-zero exit status: 255
t/config.t (Wstat: 65280 Tests: 0 Failed: 0)
Non-zero exit status: 255
t/dot.t (Wstat: 65280 Tests: 0 Failed: 0)
Non-zero exit status: 255
t/main.t (Wstat: 256 Tests: 1 Failed: 1)
Failed test: 1
Non-zero exit status: 1
t/mode.t (Wstat: 65280 Tests: 0 Failed: 0)
Non-zero exit status: 255
t/r01_general.t (Wstat: 65280 Tests: 0 Failed: 0)
Non-zero exit status: 255
t/r02_eol.t (Wstat: 65280 Tests: 0 Failed: 0)
Non-zero exit status: 255
t/r03_after.t (Wstat: 65280 Tests: 0 Failed: 0)
Non-zero exit status: 255
t/r04_maxlines.t (Wstat: 65280 Tests: 0 Failed: 0)
Non-zero exit status: 255
t/r05_patterns.t (Wstat: 65280 Tests: 0 Failed: 0)
Non-zero exit status: 255
t/r06_blanklines.t (Wstat: 65280 Tests: 0 Failed: 0)
Non-zero exit status: 255
t/r07_comments.t (Wstat: 65280 Tests: 0 Failed: 0)
Non-zero exit status: 255
t/rr01_general.t (Wstat: 65280 Tests: 0 Failed: 0)
Non-zero exit status: 255
t/rw01_general.t (Wstat: 65280 Tests: 0 Failed: 0)
Non-zero exit status: 255
t/w01_general.t (Wstat: 65280 Tests: 0 Failed: 0)
Non-zero exit status: 255
t/w02a_eol.t (Wstat: 65280 Tests: 0 Failed: 0)
Non-zero exit status: 255
t/w02b_eol.t (Wstat: 65280 Tests: 0 Failed: 0)
Non-zero exit status: 255
t/w03_after.t (Wstat: 65280 Tests: 0 Failed: 0)
Non-zero exit status: 255
t/w04_maxlines.t (Wstat: 65280 Tests: 0 Failed: 0)
Non-zero exit status: 255
t/w05_patterns.t (Wstat: 65280 Tests: 0 Failed: 0)
Non-zero exit status: 255
t/w06_blanklines.t (Wstat: 65280 Tests: 0 Failed: 0)
Non-zero exit status: 255
t/w07_comments.t (Wstat: 65280 Tests: 0 Failed: 0)
Non-zero exit status: 255
Files=30, Tests=39, 14 wallclock secs ( 0.09 usr 0.27 sys + 3.79 cusr 0.56 csys = 4.71 CPU)
Result: FAIL
Failed 26/30 test programs. 5/39 subtests failed.
------------------------------
PREREQUISITES
------------------------------
Prerequisite modules loaded:
requires:
Module Need Have
------ ----- --------
perl 5.006 5.024001
------------------------------
ENVIRONMENT AND OTHER CONTEXT
------------------------------
Environment variables:
AUTOMATED_TESTING = 1
LANG = en_US.UTF-8
PATH = /home/sand/bin:/usr/local/bin:/usr/bin:/bin:/usr/games:/usr/local/perl/bin:/usr/X11/bin:/sbin:/usr/sbin
PERL5LIB =
PERL5OPT =
PERL5_CPANPLUS_IS_RUNNING = 1249
PERL5_CPAN_IS_RUNNING = 1249
PERL_CANARY_STABILITY_NOPROMPT = 1
PERL_MM_USE_DEFAULT = 1
PERL_USE_UNSAFE_INC = 1
SHELL = /usr/bin/zsh
TERM = screen
Perl special variables (and OS-specific diagnostics, for MSWin32):
$^X = /home/sand/src/perl/repoperls/installed-perls/host/k93msid/v5.24.1/5ea4/bin/perl
$UID/$EUID = 1005 / 1005
$GID = 1005 1005
$EGID = 1005 1005
Perl module toolchain versions installed:
Module Have
------------------- ----------
CPAN 2.17
CPAN::Meta 2.150010
Cwd 3.63_01
ExtUtils::CBuilder 0.280225
ExtUtils::Command 7.24
ExtUtils::Install 2.04
ExtUtils::MakeMaker 7.24
ExtUtils::Manifest 1.70
ExtUtils::ParseXS 3.31
File::Spec 3.63_01
JSON 2.90
JSON::PP 2.27300_01
Module::Build 0.4220
Module::Signature 0.81
Parse::CPAN::Meta 2.150010
Test::Harness 3.38
Test::More 1.302078
YAML 1.23
YAML::Syck 1.29
version 0.9916
--
Summary of my perl5 (revision 5 version 24 subversion 1) configuration:
Derived from: 443bd156a6baaf7a8fe6b6b05fcf6c4178140ed2
Platform:
osname=linux, osvers=4.9.0-2-amd64, archname=x86_64-linux-thread-multi-ld
uname='linux k93msid 4.9.0-2-amd64 #1 smp debian 4.9.13-1 (2017-02-27) x86_64 gnulinux '
config_args='-Dprefix=/home/sand/src/perl/repoperls/installed-perls/host/k93msid/v5.24.1/5ea4 -Dmyhostname=k93msid -Dinstallusrbinperl=n -Uversiononly -Dusedevel -des -Ui_db -Dlibswanted=cl pthread socket inet nsl gdbm dbm malloc dl ld sun m crypt sec util c cposix posix ucb BSD gdbm_compat -Duseithreads -Duselongdouble -DDEBUGGING=-g'
hint=recommended, useposix=true, d_sigaction=define
useithreads=define, usemultiplicity=define
use64bitint=define, use64bitall=define, uselongdouble=define
usemymalloc=n, bincompat5005=undef
Compiler:
cc='cc', ccflags ='-D_REENTRANT -D_GNU_SOURCE -fwrapv -fno-strict-aliasing -pipe -fstack-protector-strong -I/usr/local/include -D_LARGEFILE_SOURCE -D_FILE_OFFSET_BITS=64',
optimize='-O2 -g',
cppflags='-D_REENTRANT -D_GNU_SOURCE -fwrapv -fno-strict-aliasing -pipe -fstack-protector-strong -I/usr/local/include'
ccversion='', gccversion='6.3.0 20170316', gccosandvers=''
intsize=4, longsize=8, ptrsize=8, doublesize=8, byteorder=12345678, doublekind=3
d_longlong=define, longlongsize=8, d_longdbl=define, longdblsize=16, longdblkind=3
ivtype='long', ivsize=8, nvtype='long double', nvsize=16, Off_t='off_t', lseeksize=8
alignbytes=16, prototype=define
Linker and Libraries:
ld='cc', ldflags =' -fstack-protector-strong -L/usr/local/lib'
libpth=/usr/local/lib /usr/lib/gcc/x86_64-linux-gnu/6/include-fixed /usr/include/x86_64-linux-gnu /usr/lib /lib/x86_64-linux-gnu /lib/../lib /usr/lib/x86_64-linux-gnu /usr/lib/../lib /lib
libs=-lpthread -lnsl -ldl -lm -lcrypt -lutil -lc
perllibs=-lpthread -lnsl -ldl -lm -lcrypt -lutil -lc
libc=libc-2.24.so, so=so, useshrplib=false, libperl=libperl.a
gnulibc_version='2.24'
Dynamic Linking:
dlsrc=dl_dlopen.xs, dlext=so, d_dlsymun=undef, ccdlflags='-Wl,-E'
cccdlflags='-fPIC', lddlflags='-shared -O2 -g -L/usr/local/lib -fstack-protector-strong'
Characteristics of this binary (from libperl):
Compile-time options: HAS_TIMES MULTIPLICITY PERLIO_LAYERS
PERL_COPY_ON_WRITE PERL_DONT_CREATE_GVSV
PERL_HASH_FUNC_ONE_AT_A_TIME_HARD
PERL_IMPLICIT_CONTEXT PERL_MALLOC_WRAP
PERL_PRESERVE_IVUV PERL_USE_DEVEL USE_64_BIT_ALL
USE_64_BIT_INT USE_ITHREADS USE_LARGE_FILES
USE_LOCALE USE_LOCALE_COLLATE USE_LOCALE_CTYPE
USE_LOCALE_NUMERIC USE_LOCALE_TIME USE_LONG_DOUBLE
USE_PERLIO USE_PERL_ATOF USE_REENTRANT_API
Locally applied patches:
uncommitted-changes
Built under linux
Compiled at Mar 18 2017 16:46:38
%ENV:
PERL5LIB=""
PERL5OPT=""
PERL5_CPANPLUS_IS_RUNNING="1249"
PERL5_CPAN_IS_RUNNING="1249"
PERL_CANARY_STABILITY_NOPROMPT="1"
PERL_MM_USE_DEFAULT="1"
PERL_USE_UNSAFE_INC="1"
@INC:
/home/sand/src/perl/repoperls/installed-perls/host/k93msid/v5.24.1/5ea4/lib/site_perl/5.24.1/x86_64-linux-thread-multi-ld
/home/sand/src/perl/repoperls/installed-perls/host/k93msid/v5.24.1/5ea4/lib/site_perl/5.24.1
/home/sand/src/perl/repoperls/installed-perls/host/k93msid/v5.24.1/5ea4/lib/5.24.1/x86_64-linux-thread-multi-ld
/home/sand/src/perl/repoperls/installed-perls/host/k93msid/v5.24.1/5ea4/lib/5.24.1
.